Report for Music-Tag-0.4103

Back
From: metabase:user:314402c4-2aae-11df-837a-5e0a49663a4f
Subject: FAIL Music-Tag-0.4103 v5.12.5 GNU/Linux
Date: 2017-05-15T06:52:11Z

This distribution has been tested as part of the CPAN Testers
project, supporting the Perl programming language.  See
http://wiki.cpantesters.org/ for more information or email
questions to cpan-testers-discuss@perl.org


--
Dear Edward J. Allen III,

This is a computer-generated report for Music-Tag-0.4103
on perl 5.12.5, created by CPAN-Reporter-1.2018.

Thank you for uploading your work to CPAN.  However, there was a problem
testing your distribution.

If you think this report is invalid, please consult the CPAN Testers Wiki
for suggestions on how to avoid getting FAIL reports for missing library
or binary dependencies, unsupported operating systems, and so on:

http://wiki.cpantesters.org/wiki/CPANAuthorNotes

Sections of this report:

    * Tester comments
    * Program output
    * Prerequisites
    * Environment and other context

------------------------------
TESTER COMMENTS
------------------------------

Additional comments from tester:

none provided

------------------------------
PROGRAM OUTPUT
------------------------------

Output from '/usr/bin/make test':

PERL_DL_NONLAZY=1 "/bbbike/perl-5.12.5/bin/perl" "-MExtUtils::Command::MM" "-MTest::Harness" "-e" "undef *Test::Harness::Switches; test_harness(0, 'blib/lib', 'blib/arch')" t/*.t
t/1-general.t ........ ok
t/2-options.t ........ ok
Music::Tag::Auto Sorry, I can't find a plugin for /tmpfs/.cpan-build-cpansand/2017051421/Music-Tag-0.4103-14/t/fake.music at /tmpfs/.cpan-build-cpansand/2017051421/Music-Tag-0.4103-14/blib/lib/Music/Tag.pm line 146.
t/3-auto.t ........... ok
t/5-generic.t ........ ok
t/6-unaccent.t ....... skipped: Text::Unaccent::PurePerl required for testing accent changes

#   Failed test 'POD test for blib/lib/Music/Tag.pm'
#   at /opt/perl-5.12.5/lib/site_perl/5.12.5/Test/Pod.pm line 187.
# blib/lib/Music/Tag.pm (2085): Non-ASCII character seen before =encoding in '©'. Assuming UTF-8

#   Failed test 'POD test for blib/lib/Music/Tag/Auto.pm'
#   at /opt/perl-5.12.5/lib/site_perl/5.12.5/Test/Pod.pm line 187.
# blib/lib/Music/Tag/Auto.pm (175): Non-ASCII character seen before =encoding in '©'. Assuming UTF-8

#   Failed test 'POD test for blib/lib/Music/Tag/Generic.pm'
#   at /opt/perl-5.12.5/lib/site_perl/5.12.5/Test/Pod.pm line 187.
# blib/lib/Music/Tag/Generic.pm (364): Non-ASCII character seen before =encoding in '©'. Assuming UTF-8

#   Failed test 'POD test for blib/lib/Music/Tag/Option.pm'
#   at /opt/perl-5.12.5/lib/site_perl/5.12.5/Test/Pod.pm line 187.
# blib/lib/Music/Tag/Option.pm (131): Non-ASCII character seen before =encoding in '©'. Assuming UTF-8

#   Failed test 'POD test for blib/lib/Music/Tag/Test.pm'
#   at /opt/perl-5.12.5/lib/site_perl/5.12.5/Test/Pod.pm line 187.
# blib/lib/Music/Tag/Test.pm (328): Non-ASCII character seen before =encoding in '©'. Assuming UTF-8
# Looks like you failed 5 tests of 6.
t/97-pod.t ........... 
Dubious, test returned 5 (wstat 1280, 0x500)
Failed 5/6 subtests 
t/98-pod-coverage.t .. ok

Test Summary Report
-------------------
t/97-pod.t         (Wstat: 1280 Tests: 6 Failed: 5)
  Failed tests:  2-6
  Non-zero exit status: 5
Files=7, Tests=249,  3 wallclock secs ( 0.02 usr  0.02 sys +  1.44 cusr  0.20 csys =  1.68 CPU)
Result: FAIL
Failed 1/7 test programs. 5/249 subtests failed.
Makefile:907: recipe for target 'test_dynamic' failed
make: *** [test_dynamic] Error 255

------------------------------
PREREQUISITES
------------------------------

Prerequisite modules loaded:

requires:

    Module              Need   Have    
    ------------------- ------ --------
    Config::Options     0.07   0.08    
    Data::Dumper        2      2.161   
    DateTimeX::Easy     0.088  0.089   
    Digest::SHA1        2.11   2.13    
    Encode              2.12   2.89    
    File::Copy          2      2.18    
    File::Slurp         1      9999.19 
    File::Spec          3.24   3.62    
    File::stat          1      1.02    
    IO::Dir             1      1.07    
    IO::File            1.13   1.14    
    Locale::Country     2.07   3.42    
    Readonly            1      2.04    
    Scalar::Util        1.21   1.47    
    Test::More          0.1    1.302085
    Time::Local         1.1901 1.25    

build_requires:

    Module              Need   Have    
    ------------------- ------ --------
    ExtUtils::MakeMaker 0      7.24    

configure_requires:

    Module              Need   Have    
    ------------------- ------ --------
    ExtUtils::MakeMaker 0      7.24    


------------------------------
ENVIRONMENT AND OTHER CONTEXT
------------------------------

Environment variables:

    LANG = C
    PATH = /usr/local/bin:/usr/bin:/bin:/usr/local/sbin:/usr/sbin:/sbin:/home/cpansand/bin/linux-gnu:/home/cpansand/bin/sh:/home/cpansand/bin:/usr/games:/home/cpansand/devel:/home/eserte/src/srezic-misc/scripts
    PERL5LIB = /home/cpansand/.cpan/build/2017051421/Config-Options-0.08-13/blib/arch:/home/cpansand/.cpan/build/2017051421/Config-Options-0.08-13/blib/lib
    PERL5OPT = 
    PERL5_CPANPLUS_IS_RUNNING = 22053
    PERL5_CPAN_IS_RUNNING = 22053
    PERL5_CPAN_IS_RUNNING_IN_RECURSION = 2972,22053
    PERLDOC = -MPod::Perldoc::ToTextOverstrike
    PERL_BATCH = yes
    PERL_CANARY_STABILITY_NOPROMPT = 1
    PERL_CPAN_REPORTER_CONFIG = /run/user/1023/cpansmoker/2017051421/cpanreporter_000_config.ini
    PERL_EXTUTILS_AUTOINSTALL = --defaultdeps
    PERL_USE_UNSAFE_INC = 1
    SHELL = /bin/zsh
    TERM = screen
    TMPDIR = /run/user/1023/cpansmoker/2017051421

Perl special variables (and OS-specific diagnostics, for MSWin32):

    $^X = /bbbike/perl-5.12.5/bin/perl
    $UID/$EUID = 1023 / 1023
    $GID = 1023 1023
    $EGID = 1023 1023

Perl module toolchain versions installed:

    Module              Have    
    ------------------- --------
    CPAN                2.16    
    CPAN::Meta          2.150010
    Cwd                 3.62    
    ExtUtils::CBuilder  0.280224
    ExtUtils::Command   7.24    
    ExtUtils::Install   2.08    
    ExtUtils::MakeMaker 7.24    
    ExtUtils::Manifest  1.70    
    ExtUtils::ParseXS   3.30    
    File::Spec          3.62    
    JSON                2.90    
    JSON::PP            2.27400 
    Module::Build       0.4220  
    Module::Signature   0.80    
    Parse::CPAN::Meta   2.150010
    Test::Harness       3.38    
    Test::More          1.302085
    YAML                1.20    
    YAML::Syck          1.29    
    version             0.9916  


--

Summary of my perl5 (revision 5 version 12 subversion 5) configuration:
   
  Platform:
    osname=linux, osvers=3.16.0-4-amd64, archname=x86_64-linux
    uname='linux eserte 3.16.0-4-amd64 #1 smp debian 3.16.7-ckt25-2 (2016-04-08) x86_64 gnulinux '
    config_args='-ds -e -Dprefix=/opt/perl-5.12.5 -Dcf_email=srezic@cpan.org'
    hint=recommended, useposix=true, d_sigaction=define
    useithreads=undef, usemultiplicity=undef
    useperlio=define, d_sfio=undef, uselargefiles=define, usesocks=undef
    use64bitint=define, use64bitall=define, uselongdouble=undef
    usemymalloc=n, bincompat5005=undef
  Compiler:
    cc='cc', ccflags ='-fno-strict-aliasing -pipe -fstack-protector -I/usr/local/include -D_LARGEFILE_SOURCE -D_FILE_OFFSET_BITS=64',
    optimize='-O2',
    cppflags='-fno-strict-aliasing -pipe -fstack-protector -I/usr/local/include'
    ccversion='', gccversion='4.9.2', gccosandvers=''
    intsize=4, longsize=8, ptrsize=8, doublesize=8, byteorder=12345678
    d_longlong=define, longlongsize=8, d_longdbl=define, longdblsize=16
    ivtype='long', ivsize=8, nvtype='double', nvsize=8, Off_t='off_t', lseeksize=8
    alignbytes=8, prototype=define
  Linker and Libraries:
    ld='cc', ldflags =' -fstack-protector -L/usr/local/lib'
    libpth=/usr/local/lib /lib/x86_64-linux-gnu /lib/../lib /usr/lib/x86_64-linux-gnu /usr/lib/../lib /lib /usr/lib
    libs=-lnsl -lgdbm -ldb -ldl -lm -lcrypt -lutil -lc -lgdbm_compat
    perllibs=-lnsl -ldl -lm -lcrypt -lutil -lc
    libc=libc-2.19.so, so=so, useshrplib=false, libperl=libperl.a
    gnulibc_version='2.19'
  Dynamic Linking:
    dlsrc=dl_dlopen.xs, dlext=so, d_dlsymun=undef, ccdlflags='-Wl,-E'
    cccdlflags='-fPIC', lddlflags='-shared -O2 -L/usr/local/lib -fstack-protector'


Characteristics of this binary (from libperl): 
  Compile-time options: PERL_DONT_CREATE_GVSV PERL_MALLOC_WRAP USE_64_BIT_ALL
                        USE_64_BIT_INT USE_LARGE_FILES USE_PERLIO
                        USE_PERL_ATOF
  Locally applied patches:
	Devel::PatchPerl 1.42
  Built under linux
  Compiled at May  7 2016 10:05:30
  %ENV:
    PERL5LIB="/home/cpansand/.cpan/build/2017051421/Config-Options-0.08-13/blib/arch:/home/cpansand/.cpan/build/2017051421/Config-Options-0.08-13/blib/lib"
    PERL5OPT=""
    PERL5_CPANPLUS_IS_RUNNING="22053"
    PERL5_CPAN_IS_RUNNING="22053"
    PERL5_CPAN_IS_RUNNING_IN_RECURSION="2972,22053"
    PERLDOC="-MPod::Perldoc::ToTextOverstrike"
    PERL_BATCH="yes"
    PERL_CANARY_STABILITY_NOPROMPT="1"
    PERL_CPAN_REPORTER_CONFIG="/run/user/1023/cpansmoker/2017051421/cpanreporter_000_config.ini"
    PERL_EXTUTILS_AUTOINSTALL="--defaultdeps"
    PERL_USE_UNSAFE_INC="1"
  @INC:
    /home/cpansand/.cpan/build/2017051421/Config-Options-0.08-13/blib/arch
    /home/cpansand/.cpan/build/2017051421/Config-Options-0.08-13/blib/lib
    /opt/perl-5.12.5/lib/site_perl/5.12.5/x86_64-linux
    /opt/perl-5.12.5/lib/site_perl/5.12.5
    /opt/perl-5.12.5/lib/5.12.5/x86_64-linux
    /opt/perl-5.12.5/lib/5.12.5
    .