Back
From: metabase:user:314402c4-2aae-11df-837a-5e0a49663a4f
Subject: FAIL Catalyst-View-Reproxy-0.05 v5.12.4 RC2 FreeBSD
Date: 2011-06-23T18:31:33Z
This distribution has been tested as part of the CPAN Testers
project, supporting the Perl programming language. See
http://wiki.cpantesters.org/ for more information or email
questions to cpan-testers-discuss@perl.org
--
Dear Toru Yamaguchi,
This is a computer-generated report for Catalyst-View-Reproxy-0.05
on perl 5.12.4, created by CPAN-Reporter-1.1902.
Thank you for uploading your work to CPAN. However, there was a problem
testing your distribution.
If you think this report is invalid, please consult the CPAN Testers Wiki
for suggestions on how to avoid getting FAIL reports for missing library
or binary dependencies, unsupported operating systems, and so on:
http://wiki.cpantesters.org/wiki/CPANAuthorNotes
Sections of this report:
* Tester comments
* Program output
* Prerequisites
* Environment and other context
------------------------------
TESTER COMMENTS
------------------------------
Additional comments from tester:
none provided
------------------------------
PROGRAM OUTPUT
------------------------------
Output from '/usr/bin/make test':
PERL_DL_NONLAZY=1 TEST_HTTPD_PORT="3500" /usr/home/cpansand/var/ctps/5124RC2/install/perl-v5.12.4-RC2/bin/perl "-MExtUtils::Command::MM" "-e" "test_harness(0, 'inc', 'blib/lib', 'blib/arch')" t/00-load.t t/01-http-server-static.t t/02-perlbal-stash.t t/03-perlbal-forward.t t/04-perlbal-view.t t/05-lighttpd-stash.t t/06-lighttpd-forward.t t/07-lighttpd-view.t t/08-debug-stash.t t/09-debug-forward.t t/10-debug-view.t t/boilerplate.t t/pod-coverage.t t/pod.t
t/00-load.t ................ ok
Insecure dependency in exec while running with -T switch at /home/cpansand/var/ctps/5124RC2/install/perl-v5.12.4-RC2/lib/site_perl/5.12.4/HTTP/Server/Simple.pm line 339.
t/01-http-server-static.t .. ok
Catalyst::Plugin::ConfigLoader uses NEXT, which is deprecated. Please see the Class::C3::Adopt::NEXT documentation for details. NEXT used at inc/Catalyst/Plugin/ConfigLoader.pm line 72
Catalyst::View::Reproxy uses NEXT, which is deprecated. Please see the Class::C3::Adopt::NEXT documentation for details. NEXT used at /var/tmp/CPAN-build/Catalyst-View-Reproxy-0.05-8IGxvB/blib/lib/Catalyst/View/Reproxy.pm line 104
[debug] TestApp::View::ReproxyFile config parameters
t/02-perlbal-stash.t ....... ok
Catalyst::Plugin::ConfigLoader uses NEXT, which is deprecated. Please see the Class::C3::Adopt::NEXT documentation for details. NEXT used at inc/Catalyst/Plugin/ConfigLoader.pm line 72
Catalyst::View::Reproxy uses NEXT, which is deprecated. Please see the Class::C3::Adopt::NEXT documentation for details. NEXT used at /var/tmp/CPAN-build/Catalyst-View-Reproxy-0.05-8IGxvB/blib/lib/Catalyst/View/Reproxy.pm line 104
[debug] TestApp::View::ReproxyFile config parameters
t/03-perlbal-forward.t ..... ok
Catalyst::Plugin::ConfigLoader uses NEXT, which is deprecated. Please see the Class::C3::Adopt::NEXT documentation for details. NEXT used at inc/Catalyst/Plugin/ConfigLoader.pm line 72
Catalyst::View::Reproxy uses NEXT, which is deprecated. Please see the Class::C3::Adopt::NEXT documentation for details. NEXT used at /var/tmp/CPAN-build/Catalyst-View-Reproxy-0.05-8IGxvB/blib/lib/Catalyst/View/Reproxy.pm line 104
[debug] TestApp::View::ReproxyFile config parameters
t/04-perlbal-view.t ........ ok
Catalyst::Plugin::ConfigLoader uses NEXT, which is deprecated. Please see the Class::C3::Adopt::NEXT documentation for details. NEXT used at inc/Catalyst/Plugin/ConfigLoader.pm line 72
Catalyst::View::Reproxy uses NEXT, which is deprecated. Please see the Class::C3::Adopt::NEXT documentation for details. NEXT used at /var/tmp/CPAN-build/Catalyst-View-Reproxy-0.05-8IGxvB/blib/lib/Catalyst/View/Reproxy.pm line 104
[debug] TestApp::View::ReproxyFile config parameters
Insecure $ENV{PATH} while running with -T switch at /home/cpansand/var/ctps/5124RC2/install/perl-v5.12.4-RC2/lib/site_perl/5.12.4/HTTP/Server/Simple.pm line 339.
t/05-lighttpd-stash.t ...... ok
Catalyst::Plugin::ConfigLoader uses NEXT, which is deprecated. Please see the Class::C3::Adopt::NEXT documentation for details. NEXT used at inc/Catalyst/Plugin/ConfigLoader.pm line 72
Catalyst::View::Reproxy uses NEXT, which is deprecated. Please see the Class::C3::Adopt::NEXT documentation for details. NEXT used at /var/tmp/CPAN-build/Catalyst-View-Reproxy-0.05-8IGxvB/blib/lib/Catalyst/View/Reproxy.pm line 104
[debug] TestApp::View::ReproxyFile config parameters
Insecure dependency in exec while running with -T switch at /home/cpansand/var/ctps/5124RC2/install/perl-v5.12.4-RC2/lib/site_perl/5.12.4/HTTP/Server/Simple.pm line 339.
t/06-lighttpd-forward.t .... ok
Catalyst::Plugin::ConfigLoader uses NEXT, which is deprecated. Please see the Class::C3::Adopt::NEXT documentation for details. NEXT used at inc/Catalyst/Plugin/ConfigLoader.pm line 72
Catalyst::View::Reproxy uses NEXT, which is deprecated. Please see the Class::C3::Adopt::NEXT documentation for details. NEXT used at /var/tmp/CPAN-build/Catalyst-View-Reproxy-0.05-8IGxvB/blib/lib/Catalyst/View/Reproxy.pm line 104
[debug] TestApp::View::ReproxyFile config parameters
Insecure dependency in exec while running with -T switch at /home/cpansand/var/ctps/5124RC2/install/perl-v5.12.4-RC2/lib/site_perl/5.12.4/HTTP/Server/Simple.pm line 339.
t/07-lighttpd-view.t ....... ok
Catalyst::Plugin::ConfigLoader uses NEXT, which is deprecated. Please see the Class::C3::Adopt::NEXT documentation for details. NEXT used at inc/Catalyst/Plugin/ConfigLoader.pm line 72
Catalyst::View::Reproxy uses NEXT, which is deprecated. Please see the Class::C3::Adopt::NEXT documentation for details. NEXT used at /var/tmp/CPAN-build/Catalyst-View-Reproxy-0.05-8IGxvB/blib/lib/Catalyst/View/Reproxy.pm line 104
[debug] TestApp::View::ReproxyFile config parameters
binmode() on closed filehandle FILE at /home/cpansand/var/ctps/5124RC2/install/perl-v5.12.4-RC2/lib/site_perl/5.12.4/File/MimeInfo.pm line 109.
read() on closed filehandle FILE at /home/cpansand/var/ctps/5124RC2/install/perl-v5.12.4-RC2/lib/site_perl/5.12.4/File/MimeInfo.pm line 110.
binmode() on closed filehandle FILE at /home/cpansand/var/ctps/5124RC2/install/perl-v5.12.4-RC2/lib/site_perl/5.12.4/File/MimeInfo.pm line 109.
read() on closed filehandle FILE at /home/cpansand/var/ctps/5124RC2/install/perl-v5.12.4-RC2/lib/site_perl/5.12.4/File/MimeInfo.pm line 110.
Insecure dependency in exec while running with -T switch at /home/cpansand/var/ctps/5124RC2/install/perl-v5.12.4-RC2/lib/site_perl/5.12.4/HTTP/Server/Simple.pm line 339.
t/08-debug-stash.t ......... ok
Catalyst::Plugin::ConfigLoader uses NEXT, which is deprecated. Please see the Class::C3::Adopt::NEXT documentation for details. NEXT used at inc/Catalyst/Plugin/ConfigLoader.pm line 72
Catalyst::View::Reproxy uses NEXT, which is deprecated. Please see the Class::C3::Adopt::NEXT documentation for details. NEXT used at /var/tmp/CPAN-build/Catalyst-View-Reproxy-0.05-8IGxvB/blib/lib/Catalyst/View/Reproxy.pm line 104
[debug] TestApp::View::ReproxyFile config parameters
binmode() on closed filehandle FILE at /home/cpansand/var/ctps/5124RC2/install/perl-v5.12.4-RC2/lib/site_perl/5.12.4/File/MimeInfo.pm line 109.
read() on closed filehandle FILE at /home/cpansand/var/ctps/5124RC2/install/perl-v5.12.4-RC2/lib/site_perl/5.12.4/File/MimeInfo.pm line 110.
binmode() on closed filehandle FILE at /home/cpansand/var/ctps/5124RC2/install/perl-v5.12.4-RC2/lib/site_perl/5.12.4/File/MimeInfo.pm line 109.
read() on closed filehandle FILE at /home/cpansand/var/ctps/5124RC2/install/perl-v5.12.4-RC2/lib/site_perl/5.12.4/File/MimeInfo.pm line 110.
Insecure dependency in exec while running with -T switch at /home/cpansand/var/ctps/5124RC2/install/perl-v5.12.4-RC2/lib/site_perl/5.12.4/HTTP/Server/Simple.pm line 339.
t/09-debug-forward.t ....... ok
Catalyst::Plugin::ConfigLoader uses NEXT, which is deprecated. Please see the Class::C3::Adopt::NEXT documentation for details. NEXT used at inc/Catalyst/Plugin/ConfigLoader.pm line 72
Catalyst::View::Reproxy uses NEXT, which is deprecated. Please see the Class::C3::Adopt::NEXT documentation for details. NEXT used at /var/tmp/CPAN-build/Catalyst-View-Reproxy-0.05-8IGxvB/blib/lib/Catalyst/View/Reproxy.pm line 104
[debug] TestApp::View::ReproxyFile config parameters
binmode() on closed filehandle FILE at /home/cpansand/var/ctps/5124RC2/install/perl-v5.12.4-RC2/lib/site_perl/5.12.4/File/MimeInfo.pm line 109.
read() on closed filehandle FILE at /home/cpansand/var/ctps/5124RC2/install/perl-v5.12.4-RC2/lib/site_perl/5.12.4/File/MimeInfo.pm line 110.
binmode() on closed filehandle FILE at /home/cpansand/var/ctps/5124RC2/install/perl-v5.12.4-RC2/lib/site_perl/5.12.4/File/MimeInfo.pm line 109.
read() on closed filehandle FILE at /home/cpansand/var/ctps/5124RC2/install/perl-v5.12.4-RC2/lib/site_perl/5.12.4/File/MimeInfo.pm line 110.
Insecure dependency in exec while running with -T switch at /home/cpansand/var/ctps/5124RC2/install/perl-v5.12.4-RC2/lib/site_perl/5.12.4/HTTP/Server/Simple.pm line 339.
t/10-debug-view.t .......... ok
t/boilerplate.t ............ ok
# Failed test (inc/Test/Pod/Coverage.pm at line 125)
# Coverage for Catalyst::View::Reproxy is 85.7%, with 1 naked subroutine:
# O_RDONLY
# Looks like you failed 1 test of 2.
t/pod-coverage.t ...........
Dubious, test returned 1 (wstat 256, 0x100)
Failed 1/2 subtests
t/pod.t .................... ok
Test Summary Report
-------------------
t/pod-coverage.t (Wstat: 256 Tests: 2 Failed: 1)
Failed test: 1
Non-zero exit status: 1
Files=14, Tests=80, 24 wallclock secs ( 0.07 usr 0.05 sys + 12.95 cusr 1.34 csys = 14.41 CPU)
Result: FAIL
Failed 1/14 test programs. 1/80 subtests failed.
*** Error code 255
Stop in /var/tmp/CPAN-build/Catalyst-View-Reproxy-0.05-8IGxvB.
------------------------------
PREREQUISITES
------------------------------
Prerequisite modules loaded:
requires:
Module Need Have
------------------------------ ---- -------
Catalyst 0 5.80032
Catalyst::Plugin::ConfigLoader 0 0.30
Catalyst::View 0 0
Class::Accessor::Fast 0 0.34
Fcntl 0 1.06
File::MimeInfo 0 0.15
File::MMagic 0 1.27
FindBin 0 1.50
HTTP::Request 0 6.00
HTTP::Response 0 6.01
HTTP::Server::Simple::CGI 0 0
HTTP::Server::Simple::Static 0 0.07
LWP::Simple 0 6.00
LWP::UserAgent 0 6.02
NEXT 0 0.65
Test::Pod 0 1.45
Test::Pod::Coverage 0 1.08
Test::WWW::Mechanize::Catalyst 0 0.53
------------------------------
ENVIRONMENT AND OTHER CONTEXT
------------------------------
Environment variables:
DBIC_NO_WARN_BAD_PERL = 1
PATH = /usr/local/bin:/usr/X11R6/bin:/usr/X11/bin:/usr/perl5.8.0/bin:/usr/bin:/bin:/usr/local/sbin:/usr/sbin:/sbin:/usr/local/pilot/bin:/home/cpansand/bin/freebsd8.0:/home/cpansand/bin/sh:/home/cpansand/bin:/usr/X386/bin:/usr/games:/home/cpansand/devel:/usr/home/e/eserte/src/perl/CPAN-Testers-ParallelSmoker/utils
PERL5LIB =
PERL5OPT =
PERL5_CPANPLUS_IS_RUNNING = 86462
PERL5_CPAN_IS_RUNNING = 86462
PERL5_CPAN_IS_RUNNING_IN_RECURSION = 37849,86462
PERL_BATCH = yes
PERL_CPAN_REPORTER_DIR = /home/cpansand/var/ctps/5124RC2/config/perl-v5.12.4-RC2/cpanreporter
PERL_EXTUTILS_AUTOINSTALL = --defaultdeps
PERL_HTML_DISPLAY_CLASS = HTML::Display::Mozilla
PERL_PARALLEL_SMOKER = yes
SHELL = /usr/local/bin/zsh
TERM = xterm
TMPDIR = /var/tmp/cpansmoker-1023
Perl special variables (and OS-specific diagnostics, for MSWin32):
$^X = /usr/home/cpansand/var/ctps/5124RC2/install/perl-v5.12.4-RC2/bin/perl
$UID/$EUID = 1023 / 1023
$GID = 1023 1023
$EGID = 1023 1023
Perl module toolchain versions installed:
Module Have
------------------- --------
CPAN 1.9600
Cwd 3.33
ExtUtils::CBuilder 0.280202
ExtUtils::Command 1.17
ExtUtils::Install 1.55
ExtUtils::MakeMaker 6.56
ExtUtils::Manifest 1.58
ExtUtils::ParseXS 2.2206
File::Spec 3.33
Module::Build 0.3800
Module::Signature 0.68
Test::Harness 3.23
Test::More 0.98
YAML 0.73
YAML::Syck 1.17
version 0.91
--
Summary of my perl5 (revision 5 version 12 subversion 4) configuration:
Commit id: 5c26f8f6953ad4f9517732ac321914c726d7ec9d
Platform:
osname=freebsd, osvers=8.0-release-p4, archname=i386-freebsd
uname='freebsd biokovo.herceg.de 8.0-release-p4 freebsd 8.0-release-p4 #0: mon jul 12 20:22:27 utc 2010 root@i386-builder.daemonology.net:usrobjusrsrcsysgeneric i386 '
config_args='-ds -e -Uversiononly -Dinstallusrbinperl=n -Dusedevel -Dprefix=/home/cpansand/var/ctps/5124RC2/install/perl-v5.12.4-RC2'
hint=recommended, useposix=true, d_sigaction=define
useithreads=undef, usemultiplicity=undef
useperlio=define, d_sfio=undef, uselargefiles=define, usesocks=undef
use64bitint=undef, use64bitall=undef, uselongdouble=undef
usemymalloc=n, bincompat5005=undef
Compiler:
cc='cc', ccflags ='-DHAS_FPSETMASK -DHAS_FLOATINGPOINT_H -fno-strict-aliasing -pipe -fstack-protector -I/usr/local/include',
optimize='-O',
cppflags='-DHAS_FPSETMASK -DHAS_FLOATINGPOINT_H -fno-strict-aliasing -pipe -fstack-protector -I/usr/local/include'
ccversion='', gccversion='4.2.1 20070719 [FreeBSD]', gccosandvers=''
intsize=4, longsize=4, ptrsize=4, doublesize=8, byteorder=1234
d_longlong=define, longlongsize=8, d_longdbl=define, longdblsize=12
ivtype='long', ivsize=4, nvtype='double', nvsize=8, Off_t='off_t', lseeksize=8
alignbytes=4, prototype=define
Linker and Libraries:
ld='cc', ldflags ='-Wl,-E -fstack-protector -L/usr/local/lib'
libpth=/usr/lib /usr/local/lib
libs=-lgdbm -lm -lcrypt -lutil -lc
perllibs=-lm -lcrypt -lutil -lc
libc=, so=so, useshrplib=false, libperl=libperl.a
gnulibc_version=''
Dynamic Linking:
dlsrc=dl_dlopen.xs, dlext=so, d_dlsymun=undef, ccdlflags=' '
cccdlflags='-DPIC -fPIC', lddlflags='-shared -L/usr/local/lib -fstack-protector'
Characteristics of this binary (from libperl):
Compile-time options: PERL_DONT_CREATE_GVSV PERL_MALLOC_WRAP PERL_USE_DEVEL
USE_LARGE_FILES USE_PERLIO USE_PERL_ATOF
Locally applied patches:
RC2
Built under freebsd
Compiled at Jun 18 2011 12:17:44
%ENV:
PERL5LIB=""
PERL5OPT=""
PERL5_CPANPLUS_IS_RUNNING="86462"
PERL5_CPAN_IS_RUNNING="86462"
PERL5_CPAN_IS_RUNNING_IN_RECURSION="37849,86462"
PERL_BATCH="yes"
PERL_CPAN_REPORTER_DIR="/home/cpansand/var/ctps/5124RC2/config/perl-v5.12.4-RC2/cpanreporter"
PERL_EXTUTILS_AUTOINSTALL="--defaultdeps"
PERL_HTML_DISPLAY_CLASS="HTML::Display::Mozilla"
PERL_PARALLEL_SMOKER="yes"
@INC:
/home/cpansand/var/ctps/5124RC2/install/perl-v5.12.4-RC2/lib/site_perl/5.12.4/i386-freebsd
/home/cpansand/var/ctps/5124RC2/install/perl-v5.12.4-RC2/lib/site_perl/5.12.4
/home/cpansand/var/ctps/5124RC2/install/perl-v5.12.4-RC2/lib/5.12.4/i386-freebsd
/home/cpansand/var/ctps/5124RC2/install/perl-v5.12.4-RC2/lib/5.12.4
.