Report for Tapper-PRC-5.0.2

Back
From: metabase:user:320bfe00-2aae-11df-837a-5e0a49663a4f
Subject: FAIL Tapper-PRC-5.0.2 v5.22.3 GNU/Linux
Date: 2017-04-01T08:48:47Z

This distribution has been tested as part of the CPAN Testers
project, supporting the Perl programming language.  See
http://wiki.cpantesters.org/ for more information or email
questions to cpan-testers-discuss@perl.org


--
Dear Tapper Team,

This is a computer-generated report for Tapper-PRC-5.0.2
on perl 5.22.3, created by CPAN-Reporter-1.2018.

Thank you for uploading your work to CPAN.  However, there was a problem
testing your distribution.

If you think this report is invalid, please consult the CPAN Testers Wiki
for suggestions on how to avoid getting FAIL reports for missing library
or binary dependencies, unsupported operating systems, and so on:

http://wiki.cpantesters.org/wiki/CPANAuthorNotes

Sections of this report:

    * Tester comments
    * Program output
    * Prerequisites
    * Environment and other context

------------------------------
TESTER COMMENTS
------------------------------

Additional comments from tester:

this report is from an automated smoke testing program
and was not reviewed by a human for accuracy

------------------------------
PROGRAM OUTPUT
------------------------------

Output from '/usr/bin/make test':

PERL_DL_NONLAZY=1 "/home/sand/src/perl/repoperls/installed-perls/host/k93msid/v5.22.3/89ad/bin/perl" "-MExtUtils::Command::MM" "-MTest::Harness" "-e" "undef *Test::Harness::Switches; test_harness(0, 'blib/lib', 'blib/arch')" t/*.t
t/00-load.t ............................ ok
t/01-tapper-prc.t ...................... ok
# Sleep a bit to prevent timout race conditions...

#   Failed test 'create socket'
#   at t/02-tapper-prc-testcontrol.t line 60.

#   Failed test 'Get state messages in time'
#   at t/02-tapper-prc-testcontrol.t line 82.
#          got: 'Can't call method "accept" on an undefined value at t/02-tapper-prc-testcontrol.t line 64.
# '
#     expected: ''
# Sleep a bit to prevent timout race conditions...

#   Failed test 'Get state messages in time'
#   at t/02-tapper-prc-testcontrol.t line 149.
#          got: 'Can't call method "accept" on an undefined value at t/02-tapper-prc-testcontrol.t line 125.
# '
#     expected: ''
# Looks like you failed 3 tests of 5.
t/02-tapper-prc-testcontrol.t .......... 
Dubious, test returned 3 (wstat 768, 0x300)
Failed 3/5 subtests 
t/author-eol.t ......................... skipped: these tests are for testing by the author
t/author-pod-syntax.t .................. skipped: these tests are for testing by the author
# Sleep a bit to prevent timout race conditions...
# Sleep a bit to prevent timout race conditions...
t/tapper-prc-sendtap.t ................. ok
t/tapper-prc-testcontrol-env.t ......... ok
t/tapper-prc-testcontrol-filenames.t ... ok
t/tapper-prc-testcontrol-gueststart.t .. ok
t/tapper-prc-testcontrol-sync.t ........ ok

#   Failed test 'create socket'
#   at t/tapper-prc-testcontrol-timeouts.t line 69.

#   Failed test 'Getting data from file upload'
#   at t/tapper-prc-testcontrol-timeouts.t line 92.
#          got: 'Can't call method "accept" on an undefined value at t/tapper-prc-testcontrol-timeouts.t line 78.
# '
#     expected: ''

#   Failed test 'Continue testing after timeout in first testprogram'
#   at t/tapper-prc-testcontrol-timeouts.t line 94.
#          got: undef
#     expected: 'end-testprogram'
# Looks like you failed 3 tests of 4.
t/tapper-prc-testcontrol-timeouts.t .... 
Dubious, test returned 3 (wstat 768, 0x300)
Failed 3/4 subtests 
t/tapper-prc-testcontrol-upload.t ...... ok

Test Summary Report
-------------------
t/02-tapper-prc-testcontrol.t        (Wstat: 768 Tests: 5 Failed: 3)
  Failed tests:  2-3, 5
  Non-zero exit status: 3
t/tapper-prc-testcontrol-timeouts.t  (Wstat: 768 Tests: 4 Failed: 3)
  Failed tests:  2-4
  Non-zero exit status: 3
Files=12, Tests=48, 60 wallclock secs ( 0.04 usr  0.07 sys +  3.53 cusr  1.35 csys =  4.99 CPU)
Result: FAIL
Failed 2/12 test programs. 6/48 subtests failed.
Makefile:949: recipe for target 'test_dynamic' failed
make: *** [test_dynamic] Error 255

------------------------------
PREREQUISITES
------------------------------

Prerequisite modules loaded:

requires:

    Module                  Need  Have    
    ----------------------- ----- --------
    English                 0     1.09    
    File::Basename          0     2.85    
    File::Copy              0     2.30    
    File::Temp              0     0.2304  
    IO::Handle              0     1.35    
    IO::Socket::INET        0     1.35    
    IPC::Open3              0     1.18    
    Log::Log4perl           0     1.49    
    Moose                   0     2.2004  
    MooseX::Log::Log4perl   0     0.47    
    perl                    5.010 5.022003
    Proc::Killfam           0     1.0     
    Proc::ProcessTable      0.53  0.53    
    strict                  0     1.09    
    Sys::Hostname           0     1.20    
    Tapper::Base            0     5.0.0   
    Tapper::Installer::Base 0     5.0.0   
    Tapper::Remote::Config  0     5.0.0   
    Tapper::Remote::Net     0     5.0.0   
    URI::Escape             0     3.31    
    warnings                0     1.34    
    YAML                    0     1.23    
    YAML::Syck              0     1.29    

build_requires:

    Module                  Need  Have    
    ----------------------- ----- --------
    Cwd                     0     3.62    
    Data::Dumper            0     2.161   
    ExtUtils::MakeMaker     0     7.24    
    Tapper::Config          0     5.0.3   
    Test::Deep              0     1.126   
    Test::MockModule        0     0.11    
    Test::More              0     1.302078
    Try::Tiny               0     0.28    

configure_requires:

    Module                  Need  Have    
    ----------------------- ----- --------
    ExtUtils::MakeMaker     0     7.24    


------------------------------
ENVIRONMENT AND OTHER CONTEXT
------------------------------

Environment variables:

    AUTOMATED_TESTING = 1
    LANG = en_US.UTF-8
    PATH = /home/sand/bin:/usr/local/bin:/usr/bin:/bin:/usr/games:/usr/local/perl/bin:/usr/X11/bin:/sbin:/usr/sbin
    PERL5LIB = 
    PERL5OPT = 
    PERL5_CPANPLUS_IS_RUNNING = 3641
    PERL5_CPAN_IS_RUNNING = 3641
    PERL_CANARY_STABILITY_NOPROMPT = 1
    PERL_MM_USE_DEFAULT = 1
    PERL_USE_UNSAFE_INC = 1
    SHELL = /usr/bin/zsh
    TERM = screen

Perl special variables (and OS-specific diagnostics, for MSWin32):

    $^X = /home/sand/src/perl/repoperls/installed-perls/host/k93msid/v5.22.3/89ad/bin/perl
    $UID/$EUID = 1005 / 1005
    $GID = 1005 1005
    $EGID = 1005 1005

Perl module toolchain versions installed:

    Module              Have    
    ------------------- --------
    CPAN                2.17    
    CPAN::Meta          2.150010
    Cwd                 3.62    
    ExtUtils::CBuilder  0.280224
    ExtUtils::Command   7.24    
    ExtUtils::Install   2.04    
    ExtUtils::MakeMaker 7.24    
    ExtUtils::Manifest  1.70    
    ExtUtils::ParseXS   3.28    
    File::Spec          3.62    
    JSON                2.90    
    JSON::PP            2.27400 
    Module::Build       0.42_21 
    Module::Signature   0.81    
    Parse::CPAN::Meta   2.150010
    Test::Harness       3.38    
    Test::More          1.302078
    YAML                1.23    
    YAML::Syck          1.29    
    version             0.9909  


--

Summary of my perl5 (revision 5 version 22 subversion 3) configuration:
  Derived from: 16b638b0a20de774856b3a21a75a5e373af5262c
  Platform:
    osname=linux, osvers=4.9.0-2-amd64, archname=x86_64-linux
    uname='linux k93msid 4.9.0-2-amd64 #1 smp debian 4.9.13-1 (2017-02-27) x86_64 gnulinux '
    config_args='-Dprefix=/home/sand/src/perl/repoperls/installed-perls/host/k93msid/v5.22.3/89ad -Dmyhostname=k93msid -Dinstallusrbinperl=n -Uversiononly -Dusedevel -des -Ui_db -Dlibswanted=cl pthread socket inet nsl gdbm dbm malloc dl ld sun m crypt sec util c cposix posix ucb BSD gdbm_compat -Uuseithreads -Uuselongdouble -DDEBUGGING=-g'
    hint=recommended, useposix=true, d_sigaction=define
    useithreads=undef, usemultiplicity=undef
    use64bitint=define, use64bitall=define, uselongdouble=undef
    usemymalloc=n, bincompat5005=undef
  Compiler:
    cc='cc', ccflags ='-fwrapv -fno-strict-aliasing -pipe -fstack-protector-strong -I/usr/local/include -D_LARGEFILE_SOURCE -D_FILE_OFFSET_BITS=64',
    optimize='-O2 -g',
    cppflags='-fwrapv -fno-strict-aliasing -pipe -fstack-protector-strong -I/usr/local/include'
    ccversion='', gccversion='6.3.0 20170316', gccosandvers=''
    intsize=4, longsize=8, ptrsize=8, doublesize=8, byteorder=12345678, doublekind=3
    d_longlong=define, longlongsize=8, d_longdbl=define, longdblsize=16, longdblkind=3
    ivtype='long', ivsize=8, nvtype='double', nvsize=8, Off_t='off_t', lseeksize=8
    alignbytes=8, prototype=define
  Linker and Libraries:
    ld='cc', ldflags =' -fstack-protector-strong -L/usr/local/lib'
    libpth=/usr/local/lib /usr/lib/gcc/x86_64-linux-gnu/6/include-fixed /usr/include/x86_64-linux-gnu /usr/lib /lib/x86_64-linux-gnu /lib/../lib /usr/lib/x86_64-linux-gnu /usr/lib/../lib /lib
    libs=-lpthread -lnsl -ldl -lm -lcrypt -lutil -lc
    perllibs=-lpthread -lnsl -ldl -lm -lcrypt -lutil -lc
    libc=libc-2.24.so, so=so, useshrplib=false, libperl=libperl.a
    gnulibc_version='2.24'
  Dynamic Linking:
    dlsrc=dl_dlopen.xs, dlext=so, d_dlsymun=undef, ccdlflags='-Wl,-E'
    cccdlflags='-fPIC', lddlflags='-shared -O2 -g -L/usr/local/lib -fstack-protector-strong'


Characteristics of this binary (from libperl): 
  Compile-time options: HAS_TIMES PERLIO_LAYERS PERL_DONT_CREATE_GVSV
                        PERL_HASH_FUNC_ONE_AT_A_TIME_HARD PERL_MALLOC_WRAP
                        PERL_NEW_COPY_ON_WRITE PERL_PRESERVE_IVUV
                        PERL_USE_DEVEL USE_64_BIT_ALL USE_64_BIT_INT
                        USE_LARGE_FILES USE_LOCALE USE_LOCALE_COLLATE
                        USE_LOCALE_CTYPE USE_LOCALE_NUMERIC USE_LOCALE_TIME
                        USE_PERLIO USE_PERL_ATOF
  Locally applied patches:
	uncommitted-changes
  Built under linux
  Compiled at Mar 18 2017 19:35:40
  %ENV:
    PERL5LIB=""
    PERL5OPT=""
    PERL5_CPANPLUS_IS_RUNNING="3641"
    PERL5_CPAN_IS_RUNNING="3641"
    PERL_CANARY_STABILITY_NOPROMPT="1"
    PERL_MM_USE_DEFAULT="1"
    PERL_USE_UNSAFE_INC="1"
  @INC:
    /home/sand/src/perl/repoperls/installed-perls/host/k93msid/v5.22.3/89ad/lib/site_perl/5.22.3/x86_64-linux
    /home/sand/src/perl/repoperls/installed-perls/host/k93msid/v5.22.3/89ad/lib/site_perl/5.22.3
    /home/sand/src/perl/repoperls/installed-perls/host/k93msid/v5.22.3/89ad/lib/5.22.3/x86_64-linux
    /home/sand/src/perl/repoperls/installed-perls/host/k93msid/v5.22.3/89ad/lib/5.22.3
    .