Report for GOBO-0.03

Back
From: metabase:user:3198cbe2-2aae-11df-837a-5e0a49663a4f
Subject: FAIL GOBO-0.03 v5.18.1 GNU/Linux
Date: 2013-10-23T14:40:10Z

This distribution has been tested as part of the CPAN Testers
project, supporting the Perl programming language.  See
http://wiki.cpantesters.org/ for more information or email
questions to cpan-testers-discuss@perl.org


--
Dear Chris Mungall,

This is a computer-generated report for GOBO-0.03
on perl 5.18.1, created by CPAN-Reporter-1.2010.

Thank you for uploading your work to CPAN.  However, there was a problem
testing your distribution.

If you think this report is invalid, please consult the CPAN Testers Wiki
for suggestions on how to avoid getting FAIL reports for missing library
or binary dependencies, unsupported operating systems, and so on:

http://wiki.cpantesters.org/wiki/CPANAuthorNotes

Sections of this report:

    * Tester comments
    * Program output
    * Prerequisites
    * Environment and other context

------------------------------
TESTER COMMENTS
------------------------------

Additional comments from tester:

this report is from an automated smoke testing program
and was not reviewed by a human for accuracy

------------------------------
PROGRAM OUTPUT
------------------------------

Output from '/usr/bin/make test':

PERL_DL_NONLAZY=1 /home/graham/perls/perl-5.18.1/bin/perl "-MExtUtils::Command::MM" "-MTest::Harness" "-e" "undef *Test::Harness::Switches; test_harness(0, 'blib/lib', 'blib/arch')" t/*.t
You cannot coerce an attribute (provenance) unless its type (GOBO::Node) has a coercion at /home/graham/perls/perl-5.18.1/lib/site_perl/5.18.1/x86_64-linux/Moose/Exception.pm line 38
	Moose::Exception::_build_trace('Moose::Exception::CannotCoerceAttributeWhichHasNoCoercion=HASH(0x3a454f8)') called at reader Moose::Exception::trace (defined at /home/graham/perls/perl-5.18.1/lib/site_perl/5.18.1/x86_64-linux/Moose/Exception.pm line 12) line 7
	Moose::Exception::trace('Moose::Exception::CannotCoerceAttributeWhichHasNoCoercion=HASH(0x3a454f8)') called at /home/graham/perls/perl-5.18.1/lib/site_perl/5.18.1/x86_64-linux/Moose/Exception.pm line 50
	Moose::Exception::BUILD('Moose::Exception::CannotCoerceAttributeWhichHasNoCoercion=HASH(0x3a454f8)', 'HASH(0x3a42288)') called at /home/graham/perls/perl-5.18.1/lib/site_perl/5.18.1/x86_64-linux/Class/MOP/Method.pm line 131
	Class::MOP::Method::execute('Moose::Meta::Method=HASH(0x3af3b30)', 'Moose::Exception::CannotCoerceAttributeWhichHasNoCoercion=HASH(0x3a454f8)', 'HASH(0x3a42288)') called at /home/graham/perls/perl-5.18.1/lib/site_perl/5.18.1/x86_64-linux/Moose/Object.pm line 59
	Moose::Object::BUILDALL('Moose::Exception::CannotCoerceAttributeWhichHasNoCoercion=HASH(0x3a454f8)', 'HASH(0x3a42288)') called at /home/graham/perls/perl-5.18.1/lib/site_perl/5.18.1/x86_64-linux/Moose/Meta/Class.pm line 293
	Moose::Meta::Class::new_object('Moose::Meta::Class=HASH(0x3a3fbf8)', 'HASH(0x3a42288)') called at /home/graham/perls/perl-5.18.1/lib/site_perl/5.18.1/x86_64-linux/Moose/Object.pm line 30
	Moose::Object::new('Moose::Exception::CannotCoerceAttributeWhichHasNoCoercion', 'attribute_name', 'provenance', 'type_name', 'GOBO::Node', 'params', 'HASH(0x2f83010)') called at /home/graham/perls/perl-5.18.1/lib/site_perl/5.18.1/x86_64-linux/Moose/Util.pm line 50
	Moose::Util::throw_exception('CannotCoerceAttributeWhichHasNoCoercion', 'attribute_name', 'provenance', 'type_name', 'GOBO::Node', 'params', 'HASH(0x2f83010)') called at /home/graham/perls/perl-5.18.1/lib/site_perl/5.18.1/x86_64-linux/Moose/Meta/Attribute.pm line 398
	Moose::Meta::Attribute::_process_coerce_option('Moose::Meta::Attribute', 'provenance', 'HASH(0x2f83010)') called at /home/graham/perls/perl-5.18.1/lib/site_perl/5.18.1/x86_64-linux/Moose/Meta/Attribute.pm line 267
	Moose::Meta::Attribute::_process_options('Moose::Meta::Attribute', 'provenance', 'HASH(0x2f83010)') called at /home/graham/perls/perl-5.18.1/lib/site_perl/5.18.1/x86_64-linux/Moose/Meta/Attribute.pm line 58
	Moose::Meta::Attribute::new('Moose::Meta::Attribute', 'provenance', 'coerce', 1, 'definition_context', 'HASH(0x3973288)', 'isa', 'GOBO::Node', 'is', 'rw') called at /home/graham/perls/perl-5.18.1/lib/site_perl/5.18.1/x86_64-linux/Moose/Meta/Attribute.pm line 106
	Moose::Meta::Attribute::interpolate_class_and_new('Moose::Meta::Attribute', 'provenance', 'isa', 'GOBO::Node', 'is', 'rw', 'coerce', 1, 'definition_context', 'HASH(0x3973288)') called at /home/graham/perls/perl-5.18.1/lib/site_perl/5.18.1/x86_64-linux/Moose/Meta/Role/Attribute.pm line 95
	Moose::Meta::Role::Attribute::attribute_for_class('Moose::Meta::Role::Attribute=HASH(0x33e70a0)') called at /home/graham/perls/perl-5.18.1/lib/site_perl/5.18.1/x86_64-linux/Moose/Meta/Role/Application/ToClass.pm line 133
	Moose::Meta::Role::Application::ToClass::apply_attributes('Moose::Meta::Role::Application::ToClass=HASH(0x3a193d0)', 'Moose::Meta::Role=HASH(0x3a200a8)', 'Moose::Meta::Class=HASH(0x33cdec8)') called at /home/graham/perls/perl-5.18.1/lib/site_perl/5.18.1/x86_64-linux/Moose/Meta/Role/Application.pm line 60
	Moose::Meta::Role::Application::apply('Moose::Meta::Role::Application::ToClass=HASH(0x3a193d0)', 'Moose::Meta::Role=HASH(0x3a200a8)', 'Moose::Meta::Class=HASH(0x33cdec8)') called at /home/graham/perls/perl-5.18.1/lib/site_perl/5.18.1/x86_64-linux/Moose/Meta/Role/Application/ToClass.pm line 38
	Moose::Meta::Role::Application::ToClass::apply('Moose::Meta::Role::Application::ToClass=HASH(0x3a193d0)', 'Moose::Meta::Role=HASH(0x3a200a8)', 'Moose::Meta::Class=HASH(0x33cdec8)', 'HASH(0x33606f8)') called at /home/graham/perls/perl-5.18.1/lib/site_perl/5.18.1/x86_64-linux/Moose/Meta/Role.pm line 477
	Moose::Meta::Role::apply('Moose::Meta::Role=HASH(0x3a200a8)', 'Moose::Meta::Class=HASH(0x33cdec8)') called at /home/graham/perls/perl-5.18.1/lib/site_perl/5.18.1/x86_64-linux/Moose/Util.pm line 165
	Moose::Util::_apply_all_roles('Moose::Meta::Class=HASH(0x33cdec8)', undef, 'GOBO::Attributed') called at /home/graham/perls/perl-5.18.1/lib/site_perl/5.18.1/x86_64-linux/Moose/Util.pm line 107
	Moose::Util::apply_all_roles('Moose::Meta::Class=HASH(0x33cdec8)', 'GOBO::Attributed') called at /home/graham/perls/perl-5.18.1/lib/site_perl/5.18.1/x86_64-linux/Moose.pm line 63
	Moose::with('Moose::Meta::Class=HASH(0x33cdec8)', 'GOBO::Attributed') called at /home/graham/perls/perl-5.18.1/lib/site_perl/5.18.1/x86_64-linux/Moose/Exporter.pm line 408
	Moose::with('GOBO::Attributed') called at /home/graham/perls/caches/perl-5.18.1/build/GOBO-0.03-Oe0DCD/blib/lib/GOBO/Synonym.pm line 17
	require GOBO/Synonym.pm at /home/graham/perls/caches/perl-5.18.1/build/GOBO-0.03-Oe0DCD/blib/lib/GOBO/Labeled.pm line 23
	GOBO::Labeled::BEGIN at /home/graham/perls/caches/perl-5.18.1/build/GOBO-0.03-Oe0DCD/blib/lib/GOBO/Synonym.pm line 0
	eval {...} at /home/graham/perls/caches/perl-5.18.1/build/GOBO-0.03-Oe0DCD/blib/lib/GOBO/Synonym.pm line 0
	require GOBO/Labeled.pm at /home/graham/perls/perl-5.18.1/lib/site_perl/5.18.1/Module/Runtime.pm line 317
	Module::Runtime::require_module('GOBO::Labeled') called at /home/graham/perls/perl-5.18.1/lib/site_perl/5.18.1/Module/Runtime.pm line 348
	Module::Runtime::use_module('GOBO::Labeled', undef) called at /home/graham/perls/perl-5.18.1/lib/site_perl/5.18.1/x86_64-linux/Moose/Util.pm line 140
	Moose::Util::_apply_all_roles('Moose::Meta::Class=HASH(0x333ad00)', undef, 'GOBO::Labeled') called at /home/graham/perls/perl-5.18.1/lib/site_perl/5.18.1/x86_64-linux/Moose/Util.pm line 107
	Moose::Util::apply_all_roles('Moose::Meta::Class=HASH(0x333ad00)', 'GOBO::Labeled') called at /home/graham/perls/perl-5.18.1/lib/site_perl/5.18.1/x86_64-linux/Moose.pm line 63
	Moose::with('Moose::Meta::Class=HASH(0x333ad00)', 'GOBO::Labeled') called at /home/graham/perls/perl-5.18.1/lib/site_perl/5.18.1/x86_64-linux/Moose/Exporter.pm line 408
	Moose::with('GOBO::Labeled') called at /home/graham/perls/caches/perl-5.18.1/build/GOBO-0.03-Oe0DCD/blib/lib/GOBO/Node.pm line 6
	require GOBO/Node.pm at /home/graham/perls/perl-5.18.1/lib/site_perl/5.18.1/Module/Runtime.pm line 317
	Module::Runtime::require_module('GOBO::Node') called at /home/graham/perls/perl-5.18.1/lib/site_perl/5.18.1/Module/Runtime.pm line 383
	eval {...} at /home/graham/perls/perl-5.18.1/lib/site_perl/5.18.1/Module/Runtime.pm line 383
	Module::Runtime::use_package_optimistically('GOBO::Node', undef) called at /home/graham/perls/perl-5.18.1/lib/site_perl/5.18.1/x86_64-linux/Moose/Util.pm line 342
	Moose::Util::_load_user_class('GOBO::Node', undef) called at /home/graham/perls/perl-5.18.1/lib/site_perl/5.18.1/x86_64-linux/Moose/Meta/Class.pm line 572
	Moose::Meta::Class::superclasses(undef, 'GOBO::Node') called at /home/graham/perls/perl-5.18.1/lib/site_perl/5.18.1/x86_64-linux/Moose.pm line 59
	Moose::extends('Moose::Meta::Class=HASH(0x3323908)', 'GOBO::Node') called at /home/graham/perls/perl-5.18.1/lib/site_perl/5.18.1/x86_64-linux/Moose/Exporter.pm line 408
	Moose::extends('GOBO::Node') called at /home/graham/perls/caches/perl-5.18.1/build/GOBO-0.03-Oe0DCD/blib/lib/GOBO/Evidence.pm line 4
	require GOBO/Evidence.pm at /home/graham/perls/caches/perl-5.18.1/build/GOBO-0.03-Oe0DCD/blib/lib/GOBO/Annotation.pm line 5
	GOBO::Annotation::BEGIN at /home/graham/perls/caches/perl-5.18.1/build/GOBO-0.03-Oe0DCD/blib/lib/GOBO/Synonym.pm line 0
	eval {...} at /home/graham/perls/caches/perl-5.18.1/build/GOBO-0.03-Oe0DCD/blib/lib/GOBO/Synonym.pm line 0
	require GOBO/Annotation.pm at /home/graham/perls/caches/perl-5.18.1/build/GOBO-0.03-Oe0DCD/blib/lib/GOBO/Graph.pm line 55
	GOBO::Graph::BEGIN at /home/graham/perls/caches/perl-5.18.1/build/GOBO-0.03-Oe0DCD/blib/lib/GOBO/Synonym.pm line 0
	eval {...} at /home/graham/perls/caches/perl-5.18.1/build/GOBO-0.03-Oe0DCD/blib/lib/GOBO/Synonym.pm line 0
	require GOBO/Graph.pm at t/analysis_test.t line 4
	main::BEGIN at /home/graham/perls/caches/perl-5.18.1/build/GOBO-0.03-Oe0DCD/blib/lib/GOBO/Synonym.pm line 0
	eval {...} at /home/graham/perls/caches/perl-5.18.1/build/GOBO-0.03-Oe0DCD/blib/lib/GOBO/Synonym.pm line 0
Compilation failed in require at /home/graham/perls/caches/perl-5.18.1/build/GOBO-0.03-Oe0DCD/blib/lib/GOBO/Labeled.pm line 23.
BEGIN failed--compilation aborted at /home/graham/perls/caches/perl-5.18.1/build/GOBO-0.03-Oe0DCD/blib/lib/GOBO/Labeled.pm line 23.
Compilation failed in require at /home/graham/perls/perl-5.18.1/lib/site_perl/5.18.1/Module/Runtime.pm line 317.
Compilation failed in require at /home/graham/perls/perl-5.18.1/lib/site_perl/5.18.1/Module/Runtime.pm line 317.
Compilation failed in require at /home/graham/perls/caches/perl-5.18.1/build/GOBO-0.03-Oe0DCD/blib/lib/GOBO/Annotation.pm line 5.
BEGIN failed--compilation aborted at /home/graham/perls/caches/perl-5.18.1/build/GOBO-0.03-Oe0DCD/blib/lib/GOBO/Annotation.pm line 5.
Compilation failed in require at /home/graham/perls/caches/perl-5.18.1/build/GOBO-0.03-Oe0DCD/blib/lib/GOBO/Graph.pm line 55.
BEGIN failed--compilation aborted at /home/graham/perls/caches/perl-5.18.1/build/GOBO-0.03-Oe0DCD/blib/lib/GOBO/Graph.pm line 55.
Compilation failed in require at t/analysis_test.t line 4.
BEGIN failed--compilation aborted at t/analysis_test.t line 4.
t/analysis_test.t ............ 
Dubious, test returned 255 (wstat 65280, 0xff00)
No subtests run 
You cannot coerce an attribute (source) unless its type (GOBO::Node) has a coercion at /home/graham/perls/perl-5.18.1/lib/site_perl/5.18.1/x86_64-linux/Moose/Exception.pm line 38
	Moose::Exception::_build_trace('Moose::Exception::CannotCoerceAttributeWhichHasNoCoercion=HASH(0x22f6ca8)') called at reader Moose::Exception::trace (defined at /home/graham/perls/perl-5.18.1/lib/site_perl/5.18.1/x86_64-linux/Moose/Exception.pm line 12) line 7
	Moose::Exception::trace('Moose::Exception::CannotCoerceAttributeWhichHasNoCoercion=HASH(0x22f6ca8)') called at /home/graham/perls/perl-5.18.1/lib/site_perl/5.18.1/x86_64-linux/Moose/Exception.pm line 50
	Moose::Exception::BUILD('Moose::Exception::CannotCoerceAttributeWhichHasNoCoercion=HASH(0x22f6ca8)', 'HASH(0x22f67e0)') called at /home/graham/perls/perl-5.18.1/lib/site_perl/5.18.1/x86_64-linux/Class/MOP/Method.pm line 131
	Class::MOP::Method::execute('Moose::Meta::Method=HASH(0x23ae660)', 'Moose::Exception::CannotCoerceAttributeWhichHasNoCoercion=HASH(0x22f6ca8)', 'HASH(0x22f67e0)') called at /home/graham/perls/perl-5.18.1/lib/site_perl/5.18.1/x86_64-linux/Moose/Object.pm line 59
	Moose::Object::BUILDALL('Moose::Exception::CannotCoerceAttributeWhichHasNoCoercion=HASH(0x22f6ca8)', 'HASH(0x22f67e0)') called at /home/graham/perls/perl-5.18.1/lib/site_perl/5.18.1/x86_64-linux/Moose/Meta/Class.pm line 293
	Moose::Meta::Class::new_object('Moose::Meta::Class=HASH(0x22f61c8)', 'HASH(0x22f67e0)') called at /home/graham/perls/perl-5.18.1/lib/site_perl/5.18.1/x86_64-linux/Moose/Object.pm line 30
	Moose::Object::new('Moose::Exception::CannotCoerceAttributeWhichHasNoCoercion', 'attribute_name', 'source', 'type_name', 'GOBO::Node', 'params', 'HASH(0x17f0180)') called at /home/graham/perls/perl-5.18.1/lib/site_perl/5.18.1/x86_64-linux/Moose/Util.pm line 50
	Moose::Util::throw_exception('CannotCoerceAttributeWhichHasNoCoercion', 'attribute_name', 'source', 'type_name', 'GOBO::Node', 'params', 'HASH(0x17f0180)') called at /home/graham/perls/perl-5.18.1/lib/site_perl/5.18.1/x86_64-linux/Moose/Meta/Attribute.pm line 398
	Moose::Meta::Attribute::_process_coerce_option('Moose::Meta::Attribute', 'source', 'HASH(0x17f0180)') called at /home/graham/perls/perl-5.18.1/lib/site_perl/5.18.1/x86_64-linux/Moose/Meta/Attribute.pm line 267
	Moose::Meta::Attribute::_process_options('Moose::Meta::Attribute', 'source', 'HASH(0x17f0180)') called at /home/graham/perls/perl-5.18.1/lib/site_perl/5.18.1/x86_64-linux/Moose/Meta/Attribute.pm line 58
	Moose::Meta::Attribute::new('Moose::Meta::Attribute', 'source', 'isa', 'GOBO::Node', 'is', 'rw', 'definition_context', 'HASH(0x2226f48)', 'coerce', 1) called at /home/graham/perls/perl-5.18.1/lib/site_perl/5.18.1/x86_64-linux/Moose/Meta/Attribute.pm line 106
	Moose::Meta::Attribute::interpolate_class_and_new('Moose::Meta::Attribute', 'source', 'is', 'rw', 'coerce', 1, 'definition_context', 'HASH(0x2226f48)', 'isa', 'GOBO::Node') called at /home/graham/perls/perl-5.18.1/lib/site_perl/5.18.1/x86_64-linux/Moose/Meta/Role/Attribute.pm line 95
	Moose::Meta::Role::Attribute::attribute_for_class('Moose::Meta::Role::Attribute=HASH(0x22f0a20)') called at /home/graham/perls/perl-5.18.1/lib/site_perl/5.18.1/x86_64-linux/Moose/Meta/Role/Application/ToClass.pm line 133
	Moose::Meta::Role::Application::ToClass::apply_attributes('Moose::Meta::Role::Application::ToClass=HASH(0x22d4c90)', 'Moose::Meta::Role=HASH(0x22d4a68)', 'Moose::Meta::Class=HASH(0x1c79648)') called at /home/graham/perls/perl-5.18.1/lib/site_perl/5.18.1/x86_64-linux/Moose/Meta/Role/Application.pm line 60
	Moose::Meta::Role::Application::apply('Moose::Meta::Role::Application::ToClass=HASH(0x22d4c90)', 'Moose::Meta::Role=HASH(0x22d4a68)', 'Moose::Meta::Class=HASH(0x1c79648)') called at /home/graham/perls/perl-5.18.1/lib/site_perl/5.18.1/x86_64-linux/Moose/Meta/Role/Application/ToClass.pm line 38
	Moose::Meta::Role::Application::ToClass::apply('Moose::Meta::Role::Application::ToClass=HASH(0x22d4c90)', 'Moose::Meta::Role=HASH(0x22d4a68)', 'Moose::Meta::Class=HASH(0x1c79648)', 'HASH(0x1c3b010)') called at /home/graham/perls/perl-5.18.1/lib/site_perl/5.18.1/x86_64-linux/Moose/Meta/Role.pm line 477
	Moose::Meta::Role::apply('Moose::Meta::Role=HASH(0x22d4a68)', 'Moose::Meta::Class=HASH(0x1c79648)') called at /home/graham/perls/perl-5.18.1/lib/site_perl/5.18.1/x86_64-linux/Moose/Util.pm line 165
	Moose::Util::_apply_all_roles('Moose::Meta::Class=HASH(0x1c79648)', undef, 'GOBO::Attributed') called at /home/graham/perls/perl-5.18.1/lib/site_perl/5.18.1/x86_64-linux/Moose/Util.pm line 107
	Moose::Util::apply_all_roles('Moose::Meta::Class=HASH(0x1c79648)', 'GOBO::Attributed') called at /home/graham/perls/perl-5.18.1/lib/site_perl/5.18.1/x86_64-linux/Moose.pm line 63
	Moose::with('Moose::Meta::Class=HASH(0x1c79648)', 'GOBO::Attributed') called at /home/graham/perls/perl-5.18.1/lib/site_perl/5.18.1/x86_64-linux/Moose/Exporter.pm line 408
	Moose::with('GOBO::Attributed') called at /home/graham/perls/caches/perl-5.18.1/build/GOBO-0.03-Oe0DCD/blib/lib/GOBO/Synonym.pm line 17
	require GOBO/Synonym.pm at /home/graham/perls/caches/perl-5.18.1/build/GOBO-0.03-Oe0DCD/blib/lib/GOBO/Labeled.pm line 23
	GOBO::Labeled::BEGIN at /home/graham/perls/caches/perl-5.18.1/build/GOBO-0.03-Oe0DCD/blib/lib/GOBO/Synonym.pm line 0
	eval {...} at /home/graham/perls/caches/perl-5.18.1/build/GOBO-0.03-Oe0DCD/blib/lib/GOBO/Synonym.pm line 0
	require GOBO/Labeled.pm at /home/graham/perls/perl-5.18.1/lib/site_perl/5.18.1/Module/Runtime.pm line 317
	Module::Runtime::require_module('GOBO::Labeled') called at /home/graham/perls/perl-5.18.1/lib/site_perl/5.18.1/Module/Runtime.pm line 348
	Module::Runtime::use_module('GOBO::Labeled', undef) called at /home/graham/perls/perl-5.18.1/lib/site_perl/5.18.1/x86_64-linux/Moose/Util.pm line 140
	Moose::Util::_apply_all_roles('Moose::Meta::Class=HASH(0x1be3d68)', undef, 'GOBO::Labeled') called at /home/graham/perls/perl-5.18.1/lib/site_perl/5.18.1/x86_64-linux/Moose/Util.pm line 107
	Moose::Util::apply_all_roles('Moose::Meta::Class=HASH(0x1be3d68)', 'GOBO::Labeled') called at /home/graham/perls/perl-5.18.1/lib/site_perl/5.18.1/x86_64-linux/Moose.pm line 63
	Moose::with('Moose::Meta::Class=HASH(0x1be3d68)', 'GOBO::Labeled') called at /home/graham/perls/perl-5.18.1/lib/site_perl/5.18.1/x86_64-linux/Moose/Exporter.pm line 408
	Moose::with('GOBO::Labeled') called at /home/graham/perls/caches/perl-5.18.1/build/GOBO-0.03-Oe0DCD/blib/lib/GOBO/Node.pm line 6
	require GOBO/Node.pm at /home/graham/perls/caches/perl-5.18.1/build/GOBO-0.03-Oe0DCD/blib/lib/GOBO/Statement.pm line 7
	GOBO::Statement::BEGIN at /home/graham/perls/caches/perl-5.18.1/build/GOBO-0.03-Oe0DCD/blib/lib/GOBO/Synonym.pm line 0
	eval {...} at /home/graham/perls/caches/perl-5.18.1/build/GOBO-0.03-Oe0DCD/blib/lib/GOBO/Synonym.pm line 0
	require GOBO/Statement.pm at /home/graham/perls/caches/perl-5.18.1/build/GOBO-0.03-Oe0DCD/blib/lib/GOBO/ClassExpression/RelationalExpression.pm line 5
	GOBO::ClassExpression::RelationalExpression::BEGIN at /home/graham/perls/caches/perl-5.18.1/build/GOBO-0.03-Oe0DCD/blib/lib/GOBO/Synonym.pm line 0
	eval {...} at /home/graham/perls/caches/perl-5.18.1/build/GOBO-0.03-Oe0DCD/blib/lib/GOBO/Synonym.pm line 0
	require GOBO/ClassExpression/RelationalExpression.pm at /home/graham/perls/caches/perl-5.18.1/build/GOBO-0.03-Oe0DCD/blib/lib/GOBO/ClassExpression.pm line 80
	GOBO::ClassExpression::BEGIN at /home/graham/perls/caches/perl-5.18.1/build/GOBO-0.03-Oe0DCD/blib/lib/GOBO/Synonym.pm line 0
	eval {...} at /home/graham/perls/caches/perl-5.18.1/build/GOBO-0.03-Oe0DCD/blib/lib/GOBO/Synonym.pm line 0
	require GOBO/ClassExpression.pm at t/classexpr.t line 3
	main::BEGIN at /home/graham/perls/caches/perl-5.18.1/build/GOBO-0.03-Oe0DCD/blib/lib/GOBO/Synonym.pm line 0
	eval {...} at /home/graham/perls/caches/perl-5.18.1/build/GOBO-0.03-Oe0DCD/blib/lib/GOBO/Synonym.pm line 0
Compilation failed in require at /home/graham/perls/caches/perl-5.18.1/build/GOBO-0.03-Oe0DCD/blib/lib/GOBO/Labeled.pm line 23.
BEGIN failed--compilation aborted at /home/graham/perls/caches/perl-5.18.1/build/GOBO-0.03-Oe0DCD/blib/lib/GOBO/Labeled.pm line 23.
Compilation failed in require at /home/graham/perls/perl-5.18.1/lib/site_perl/5.18.1/Module/Runtime.pm line 317.
Compilation failed in require at /home/graham/perls/caches/perl-5.18.1/build/GOBO-0.03-Oe0DCD/blib/lib/GOBO/Statement.pm line 7.
BEGIN failed--compilation aborted at /home/graham/perls/caches/perl-5.18.1/build/GOBO-0.03-Oe0DCD/blib/lib/GOBO/Statement.pm line 7.
Compilation failed in require at /home/graham/perls/caches/perl-5.18.1/build/GOBO-0.03-Oe0DCD/blib/lib/GOBO/ClassExpression/RelationalExpression.pm line 5.
BEGIN failed--compilation aborted at /home/graham/perls/caches/perl-5.18.1/build/GOBO-0.03-Oe0DCD/blib/lib/GOBO/ClassExpression/RelationalExpression.pm line 5.
Compilation failed in require at /home/graham/perls/caches/perl-5.18.1/build/GOBO-0.03-Oe0DCD/blib/lib/GOBO/ClassExpression.pm line 80.
BEGIN failed--compilation aborted at /home/graham/perls/caches/perl-5.18.1/build/GOBO-0.03-Oe0DCD/blib/lib/GOBO/ClassExpression.pm line 80.
Compilation failed in require at t/classexpr.t line 3.
BEGIN failed--compilation aborted at t/classexpr.t line 3.
t/classexpr.t ................ 
Dubious, test returned 255 (wstat 65280, 0xff00)
No subtests run 
You cannot coerce an attribute (provenance) unless its type (GOBO::Node) has a coercion at /home/graham/perls/perl-5.18.1/lib/site_perl/5.18.1/x86_64-linux/Moose/Exception.pm line 38
	Moose::Exception::_build_trace('Moose::Exception::CannotCoerceAttributeWhichHasNoCoercion=HASH(0x2214ea8)') called at reader Moose::Exception::trace (defined at /home/graham/perls/perl-5.18.1/lib/site_perl/5.18.1/x86_64-linux/Moose/Exception.pm line 12) line 7
	Moose::Exception::trace('Moose::Exception::CannotCoerceAttributeWhichHasNoCoercion=HASH(0x2214ea8)') called at /home/graham/perls/perl-5.18.1/lib/site_perl/5.18.1/x86_64-linux/Moose/Exception.pm line 50
	Moose::Exception::BUILD('Moose::Exception::CannotCoerceAttributeWhichHasNoCoercion=HASH(0x2214ea8)', 'HASH(0x2214488)') called at /home/graham/perls/perl-5.18.1/lib/site_perl/5.18.1/x86_64-linux/Class/MOP/Method.pm line 131
	Class::MOP::Method::execute('Moose::Meta::Method=HASH(0x22cfc80)', 'Moose::Exception::CannotCoerceAttributeWhichHasNoCoercion=HASH(0x2214ea8)', 'HASH(0x2214488)') called at /home/graham/perls/perl-5.18.1/lib/site_perl/5.18.1/x86_64-linux/Moose/Object.pm line 59
	Moose::Object::BUILDALL('Moose::Exception::CannotCoerceAttributeWhichHasNoCoercion=HASH(0x2214ea8)', 'HASH(0x2214488)') called at /home/graham/perls/perl-5.18.1/lib/site_perl/5.18.1/x86_64-linux/Moose/Meta/Class.pm line 293
	Moose::Meta::Class::new_object('Moose::Meta::Class=HASH(0x2212cc8)', 'HASH(0x2214488)') called at /home/graham/perls/perl-5.18.1/lib/site_perl/5.18.1/x86_64-linux/Moose/Object.pm line 30
	Moose::Object::new('Moose::Exception::CannotCoerceAttributeWhichHasNoCoercion', 'attribute_name', 'provenance', 'type_name', 'GOBO::Node', 'params', 'HASH(0x16f1238)') called at /home/graham/perls/perl-5.18.1/lib/site_perl/5.18.1/x86_64-linux/Moose/Util.pm line 50
	Moose::Util::throw_exception('CannotCoerceAttributeWhichHasNoCoercion', 'attribute_name', 'provenance', 'type_name', 'GOBO::Node', 'params', 'HASH(0x16f1238)') called at /home/graham/perls/perl-5.18.1/lib/site_perl/5.18.1/x86_64-linux/Moose/Meta/Attribute.pm line 398
	Moose::Meta::Attribute::_process_coerce_option('Moose::Meta::Attribute', 'provenance', 'HASH(0x16f1238)') called at /home/graham/perls/perl-5.18.1/lib/site_perl/5.18.1/x86_64-linux/Moose/Meta/Attribute.pm line 267
	Moose::Meta::Attribute::_process_options('Moose::Meta::Attribute', 'provenance', 'HASH(0x16f1238)') called at /home/graham/perls/perl-5.18.1/lib/site_perl/5.18.1/x86_64-linux/Moose/Meta/Attribute.pm line 58
	Moose::Meta::Attribute::new('Moose::Meta::Attribute', 'provenance', 'coerce', 1, 'definition_context', 'HASH(0x2208fe8)', 'isa', 'GOBO::Node', 'is', 'rw') called at /home/graham/perls/perl-5.18.1/lib/site_perl/5.18.1/x86_64-linux/Moose/Meta/Attribute.pm line 106
	Moose::Meta::Attribute::interpolate_class_and_new('Moose::Meta::Attribute', 'provenance', 'is', 'rw', 'definition_context', 'HASH(0x2208fe8)', 'isa', 'GOBO::Node', 'coerce', 1) called at /home/graham/perls/perl-5.18.1/lib/site_perl/5.18.1/x86_64-linux/Moose/Meta/Role/Attribute.pm line 95
	Moose::Meta::Role::Attribute::attribute_for_class('Moose::Meta::Role::Attribute=HASH(0x1bb9f50)') called at /home/graham/perls/perl-5.18.1/lib/site_perl/5.18.1/x86_64-linux/Moose/Meta/Role/Application/ToClass.pm line 133
	Moose::Meta::Role::Application::ToClass::apply_attributes('Moose::Meta::Role::Application::ToClass=HASH(0x21ec230)', 'Moose::Meta::Role=HASH(0x21f2ed8)', 'Moose::Meta::Class=HASH(0x1b917f8)') called at /home/graham/perls/perl-5.18.1/lib/site_perl/5.18.1/x86_64-linux/Moose/Meta/Role/Application.pm line 60
	Moose::Meta::Role::Application::apply('Moose::Meta::Role::Application::ToClass=HASH(0x21ec230)', 'Moose::Meta::Role=HASH(0x21f2ed8)', 'Moose::Meta::Class=HASH(0x1b917f8)') called at /home/graham/perls/perl-5.18.1/lib/site_perl/5.18.1/x86_64-linux/Moose/Meta/Role/Application/ToClass.pm line 38
	Moose::Meta::Role::Application::ToClass::apply('Moose::Meta::Role::Application::ToClass=HASH(0x21ec230)', 'Moose::Meta::Role=HASH(0x21f2ed8)', 'Moose::Meta::Class=HASH(0x1b917f8)', 'HASH(0x1b33568)') called at /home/graham/perls/perl-5.18.1/lib/site_perl/5.18.1/x86_64-linux/Moose/Meta/Role.pm line 477
	Moose::Meta::Role::apply('Moose::Meta::Role=HASH(0x21f2ed8)', 'Moose::Meta::Class=HASH(0x1b917f8)') called at /home/graham/perls/perl-5.18.1/lib/site_perl/5.18.1/x86_64-linux/Moose/Util.pm line 165
	Moose::Util::_apply_all_roles('Moose::Meta::Class=HASH(0x1b917f8)', undef, 'GOBO::Attributed') called at /home/graham/perls/perl-5.18.1/lib/site_perl/5.18.1/x86_64-linux/Moose/Util.pm line 107
	Moose::Util::apply_all_roles('Moose::Meta::Class=HASH(0x1b917f8)', 'GOBO::Attributed') called at /home/graham/perls/perl-5.18.1/lib/site_perl/5.18.1/x86_64-linux/Moose.pm line 63
	Moose::with('Moose::Meta::Class=HASH(0x1b917f8)', 'GOBO::Attributed') called at /home/graham/perls/perl-5.18.1/lib/site_perl/5.18.1/x86_64-linux/Moose/Exporter.pm line 408
	Moose::with('GOBO::Attributed') called at /home/graham/perls/caches/perl-5.18.1/build/GOBO-0.03-Oe0DCD/blib/lib/GOBO/Synonym.pm line 17
	require GOBO/Synonym.pm at /home/graham/perls/caches/perl-5.18.1/build/GOBO-0.03-Oe0DCD/blib/lib/GOBO/Labeled.pm line 23
	GOBO::Labeled::BEGIN at /home/graham/perls/caches/perl-5.18.1/build/GOBO-0.03-Oe0DCD/blib/lib/GOBO/Synonym.pm line 0
	eval {...} at /home/graham/perls/caches/perl-5.18.1/build/GOBO-0.03-Oe0DCD/blib/lib/GOBO/Synonym.pm line 0
	require GOBO/Labeled.pm at /home/graham/perls/perl-5.18.1/lib/site_perl/5.18.1/Module/Runtime.pm line 317
	Module::Runtime::require_module('GOBO::Labeled') called at /home/graham/perls/perl-5.18.1/lib/site_perl/5.18.1/Module/Runtime.pm line 348
	Module::Runtime::use_module('GOBO::Labeled', undef) called at /home/graham/perls/perl-5.18.1/lib/site_perl/5.18.1/x86_64-linux/Moose/Util.pm line 140
	Moose::Util::_apply_all_roles('Moose::Meta::Class=HASH(0x1b0db90)', undef, 'GOBO::Labeled') called at /home/graham/perls/perl-5.18.1/lib/site_perl/5.18.1/x86_64-linux/Moose/Util.pm line 107
	Moose::Util::apply_all_roles('Moose::Meta::Class=HASH(0x1b0db90)', 'GOBO::Labeled') called at /home/graham/perls/perl-5.18.1/lib/site_perl/5.18.1/x86_64-linux/Moose.pm line 63
	Moose::with('Moose::Meta::Class=HASH(0x1b0db90)', 'GOBO::Labeled') called at /home/graham/perls/perl-5.18.1/lib/site_perl/5.18.1/x86_64-linux/Moose/Exporter.pm line 408
	Moose::with('GOBO::Labeled') called at /home/graham/perls/caches/perl-5.18.1/build/GOBO-0.03-Oe0DCD/blib/lib/GOBO/Node.pm line 6
	require GOBO/Node.pm at /home/graham/perls/perl-5.18.1/lib/site_perl/5.18.1/Module/Runtime.pm line 317
	Module::Runtime::require_module('GOBO::Node') called at /home/graham/perls/perl-5.18.1/lib/site_perl/5.18.1/Module/Runtime.pm line 383
	eval {...} at /home/graham/perls/perl-5.18.1/lib/site_perl/5.18.1/Module/Runtime.pm line 383
	Module::Runtime::use_package_optimistically('GOBO::Node', undef) called at /home/graham/perls/perl-5.18.1/lib/site_perl/5.18.1/x86_64-linux/Moose/Util.pm line 342
	Moose::Util::_load_user_class('GOBO::Node', undef) called at /home/graham/perls/perl-5.18.1/lib/site_perl/5.18.1/x86_64-linux/Moose/Meta/Class.pm line 572
	Moose::Meta::Class::superclasses(undef, 'GOBO::Node') called at /home/graham/perls/perl-5.18.1/lib/site_perl/5.18.1/x86_64-linux/Moose.pm line 59
	Moose::extends('Moose::Meta::Class=HASH(0x1af2260)', 'GOBO::Node') called at /home/graham/perls/perl-5.18.1/lib/site_perl/5.18.1/x86_64-linux/Moose/Exporter.pm line 408
	Moose::extends('GOBO::Node') called at /home/graham/perls/caches/perl-5.18.1/build/GOBO-0.03-Oe0DCD/blib/lib/GOBO/Evidence.pm line 4
	require GOBO/Evidence.pm at /home/graham/perls/caches/perl-5.18.1/build/GOBO-0.03-Oe0DCD/blib/lib/GOBO/Annotation.pm line 5
	GOBO::Annotation::BEGIN at /home/graham/perls/caches/perl-5.18.1/build/GOBO-0.03-Oe0DCD/blib/lib/GOBO/Synonym.pm line 0
	eval {...} at /home/graham/perls/caches/perl-5.18.1/build/GOBO-0.03-Oe0DCD/blib/lib/GOBO/Synonym.pm line 0
	require GOBO/Annotation.pm at /home/graham/perls/caches/perl-5.18.1/build/GOBO-0.03-Oe0DCD/blib/lib/GOBO/Graph.pm line 55
	GOBO::Graph::BEGIN at /home/graham/perls/caches/perl-5.18.1/build/GOBO-0.03-Oe0DCD/blib/lib/GOBO/Synonym.pm line 0
	eval {...} at /home/graham/perls/caches/perl-5.18.1/build/GOBO-0.03-Oe0DCD/blib/lib/GOBO/Synonym.pm line 0
	require GOBO/Graph.pm at t/dbconnect.t line 4
	main::BEGIN at /home/graham/perls/caches/perl-5.18.1/build/GOBO-0.03-Oe0DCD/blib/lib/GOBO/Synonym.pm line 0
	eval {...} at /home/graham/perls/caches/perl-5.18.1/build/GOBO-0.03-Oe0DCD/blib/lib/GOBO/Synonym.pm line 0
Compilation failed in require at /home/graham/perls/caches/perl-5.18.1/build/GOBO-0.03-Oe0DCD/blib/lib/GOBO/Labeled.pm line 23.
BEGIN failed--compilation aborted at /home/graham/perls/caches/perl-5.18.1/build/GOBO-0.03-Oe0DCD/blib/lib/GOBO/Labeled.pm line 23.
Compilation failed in require at /home/graham/perls/perl-5.18.1/lib/site_perl/5.18.1/Module/Runtime.pm line 317.
Compilation failed in require at /home/graham/perls/perl-5.18.1/lib/site_perl/5.18.1/Module/Runtime.pm line 317.
Compilation failed in require at /home/graham/perls/caches/perl-5.18.1/build/GOBO-0.03-Oe0DCD/blib/lib/GOBO/Annotation.pm line 5.
BEGIN failed--compilation aborted at /home/graham/perls/caches/perl-5.18.1/build/GOBO-0.03-Oe0DCD/blib/lib/GOBO/Annotation.pm line 5.
Compilation failed in require at /home/graham/perls/caches/perl-5.18.1/build/GOBO-0.03-Oe0DCD/blib/lib/GOBO/Graph.pm line 55.
BEGIN failed--compilation aborted at /home/graham/perls/caches/perl-5.18.1/build/GOBO-0.03-Oe0DCD/blib/lib/GOBO/Graph.pm line 55.
Compilation failed in require at t/dbconnect.t line 4.
BEGIN failed--compilation aborted at t/dbconnect.t line 4.
t/dbconnect.t ................ 
Dubious, test returned 255 (wstat 65280, 0xff00)
No subtests run 
You cannot coerce an attribute (provenance) unless its type (GOBO::Node) has a coercion at /home/graham/perls/perl-5.18.1/lib/site_perl/5.18.1/x86_64-linux/Moose/Exception.pm line 38
	Moose::Exception::_build_trace('Moose::Exception::CannotCoerceAttributeWhichHasNoCoercion=HASH(0x2422de0)') called at reader Moose::Exception::trace (defined at /home/graham/perls/perl-5.18.1/lib/site_perl/5.18.1/x86_64-linux/Moose/Exception.pm line 12) line 7
	Moose::Exception::trace('Moose::Exception::CannotCoerceAttributeWhichHasNoCoercion=HASH(0x2422de0)') called at /home/graham/perls/perl-5.18.1/lib/site_perl/5.18.1/x86_64-linux/Moose/Exception.pm line 50
	Moose::Exception::BUILD('Moose::Exception::CannotCoerceAttributeWhichHasNoCoercion=HASH(0x2422de0)', 'HASH(0x1d7a850)') called at /home/graham/perls/perl-5.18.1/lib/site_perl/5.18.1/x86_64-linux/Class/MOP/Method.pm line 131
	Class::MOP::Method::execute('Moose::Meta::Method=HASH(0x24c99c0)', 'Moose::Exception::CannotCoerceAttributeWhichHasNoCoercion=HASH(0x2422de0)', 'HASH(0x1d7a850)') called at /home/graham/perls/perl-5.18.1/lib/site_perl/5.18.1/x86_64-linux/Moose/Object.pm line 59
	Moose::Object::BUILDALL('Moose::Exception::CannotCoerceAttributeWhichHasNoCoercion=HASH(0x2422de0)', 'HASH(0x1d7a850)') called at /home/graham/perls/perl-5.18.1/lib/site_perl/5.18.1/x86_64-linux/Moose/Meta/Class.pm line 293
	Moose::Meta::Class::new_object('Moose::Meta::Class=HASH(0x2422828)', 'HASH(0x1d7a850)') called at /home/graham/perls/perl-5.18.1/lib/site_perl/5.18.1/x86_64-linux/Moose/Object.pm line 30
	Moose::Object::new('Moose::Exception::CannotCoerceAttributeWhichHasNoCoercion', 'attribute_name', 'provenance', 'type_name', 'GOBO::Node', 'params', 'HASH(0x1911568)') called at /home/graham/perls/perl-5.18.1/lib/site_perl/5.18.1/x86_64-linux/Moose/Util.pm line 50
	Moose::Util::throw_exception('CannotCoerceAttributeWhichHasNoCoercion', 'attribute_name', 'provenance', 'type_name', 'GOBO::Node', 'params', 'HASH(0x1911568)') called at /home/graham/perls/perl-5.18.1/lib/site_perl/5.18.1/x86_64-linux/Moose/Meta/Attribute.pm line 398
	Moose::Meta::Attribute::_process_coerce_option('Moose::Meta::Attribute', 'provenance', 'HASH(0x1911568)') called at /home/graham/perls/perl-5.18.1/lib/site_perl/5.18.1/x86_64-linux/Moose/Meta/Attribute.pm line 267
	Moose::Meta::Attribute::_process_options('Moose::Meta::Attribute', 'provenance', 'HASH(0x1911568)') called at /home/graham/perls/perl-5.18.1/lib/site_perl/5.18.1/x86_64-linux/Moose/Meta/Attribute.pm line 58
	Moose::Meta::Attribute::new('Moose::Meta::Attribute', 'provenance', 'coerce', 1, 'isa', 'GOBO::Node', 'definition_context', 'HASH(0x2418938)', 'is', 'rw') called at /home/graham/perls/perl-5.18.1/lib/site_perl/5.18.1/x86_64-linux/Moose/Meta/Attribute.pm line 106
	Moose::Meta::Attribute::interpolate_class_and_new('Moose::Meta::Attribute', 'provenance', 'coerce', 1, 'isa', 'GOBO::Node', 'definition_context', 'HASH(0x2418938)', 'is', 'rw') called at /home/graham/perls/perl-5.18.1/lib/site_perl/5.18.1/x86_64-linux/Moose/Meta/Role/Attribute.pm line 95
	Moose::Meta::Role::Attribute::attribute_for_class('Moose::Meta::Role::Attribute=HASH(0x1dc9870)') called at /home/graham/perls/perl-5.18.1/lib/site_perl/5.18.1/x86_64-linux/Moose/Meta/Role/Application/ToClass.pm line 133
	Moose::Meta::Role::Application::ToClass::apply_attributes('Moose::Meta::Role::Application::ToClass=HASH(0x23fba30)', 'Moose::Meta::Role=HASH(0x2402810)', 'Moose::Meta::Class=HASH(0x1db0418)') called at /home/graham/perls/perl-5.18.1/lib/site_perl/5.18.1/x86_64-linux/Moose/Meta/Role/Application.pm line 60
	Moose::Meta::Role::Application::apply('Moose::Meta::Role::Application::ToClass=HASH(0x23fba30)', 'Moose::Meta::Role=HASH(0x2402810)', 'Moose::Meta::Class=HASH(0x1db0418)') called at /home/graham/perls/perl-5.18.1/lib/site_perl/5.18.1/x86_64-linux/Moose/Meta/Role/Application/ToClass.pm line 38
	Moose::Meta::Role::Application::ToClass::apply('Moose::Meta::Role::Application::ToClass=HASH(0x23fba30)', 'Moose::Meta::Role=HASH(0x2402810)', 'Moose::Meta::Class=HASH(0x1db0418)', 'HASH(0x1d42d68)') called at /home/graham/perls/perl-5.18.1/lib/site_perl/5.18.1/x86_64-linux/Moose/Meta/Role.pm line 477
	Moose::Meta::Role::apply('Moose::Meta::Role=HASH(0x2402810)', 'Moose::Meta::Class=HASH(0x1db0418)') called at /home/graham/perls/perl-5.18.1/lib/site_perl/5.18.1/x86_64-linux/Moose/Util.pm line 165
	Moose::Util::_apply_all_roles('Moose::Meta::Class=HASH(0x1db0418)', undef, 'GOBO::Attributed') called at /home/graham/perls/perl-5.18.1/lib/site_perl/5.18.1/x86_64-linux/Moose/Util.pm line 107
	Moose::Util::apply_all_roles('Moose::Meta::Class=HASH(0x1db0418)', 'GOBO::Attributed') called at /home/graham/perls/perl-5.18.1/lib/site_perl/5.18.1/x86_64-linux/Moose.pm line 63
	Moose::with('Moose::Meta::Class=HASH(0x1db0418)', 'GOBO::Attributed') called at /home/graham/perls/perl-5.18.1/lib/site_perl/5.18.1/x86_64-linux/Moose/Exporter.pm line 408
	Moose::with('GOBO::Attributed') called at /home/graham/perls/caches/perl-5.18.1/build/GOBO-0.03-Oe0DCD/blib/lib/GOBO/Synonym.pm line 17
	require GOBO/Synonym.pm at /home/graham/perls/caches/perl-5.18.1/build/GOBO-0.03-Oe0DCD/blib/lib/GOBO/Labeled.pm line 23
	GOBO::Labeled::BEGIN at /home/graham/perls/caches/perl-5.18.1/build/GOBO-0.03-Oe0DCD/blib/lib/GOBO/Synonym.pm line 0
	eval {...} at /home/graham/perls/caches/perl-5.18.1/build/GOBO-0.03-Oe0DCD/blib/lib/GOBO/Synonym.pm line 0
	require GOBO/Labeled.pm at /home/graham/perls/perl-5.18.1/lib/site_perl/5.18.1/Module/Runtime.pm line 317
	Module::Runtime::require_module('GOBO::Labeled') called at /home/graham/perls/perl-5.18.1/lib/site_perl/5.18.1/Module/Runtime.pm line 348
	Module::Runtime::use_module('GOBO::Labeled', undef) called at /home/graham/perls/perl-5.18.1/lib/site_perl/5.18.1/x86_64-linux/Moose/Util.pm line 140
	Moose::Util::_apply_all_roles('Moose::Meta::Class=HASH(0x1d1c890)', undef, 'GOBO::Labeled') called at /home/graham/perls/perl-5.18.1/lib/site_perl/5.18.1/x86_64-linux/Moose/Util.pm line 107
	Moose::Util::apply_all_roles('Moose::Meta::Class=HASH(0x1d1c890)', 'GOBO::Labeled') called at /home/graham/perls/perl-5.18.1/lib/site_perl/5.18.1/x86_64-linux/Moose.pm line 63
	Moose::with('Moose::Meta::Class=HASH(0x1d1c890)', 'GOBO::Labeled') called at /home/graham/perls/perl-5.18.1/lib/site_perl/5.18.1/x86_64-linux/Moose/Exporter.pm line 408
	Moose::with('GOBO::Labeled') called at /home/graham/perls/caches/perl-5.18.1/build/GOBO-0.03-Oe0DCD/blib/lib/GOBO/Node.pm line 6
	require GOBO/Node.pm at /home/graham/perls/perl-5.18.1/lib/site_perl/5.18.1/Module/Runtime.pm line 317
	Module::Runtime::require_module('GOBO::Node') called at /home/graham/perls/perl-5.18.1/lib/site_perl/5.18.1/Module/Runtime.pm line 383
	eval {...} at /home/graham/perls/perl-5.18.1/lib/site_perl/5.18.1/Module/Runtime.pm line 383
	Module::Runtime::use_package_optimistically('GOBO::Node', undef) called at /home/graham/perls/perl-5.18.1/lib/site_perl/5.18.1/x86_64-linux/Moose/Util.pm line 342
	Moose::Util::_load_user_class('GOBO::Node', undef) called at /home/graham/perls/perl-5.18.1/lib/site_perl/5.18.1/x86_64-linux/Moose/Meta/Class.pm line 572
	Moose::Meta::Class::superclasses(undef, 'GOBO::Node') called at /home/graham/perls/perl-5.18.1/lib/site_perl/5.18.1/x86_64-linux/Moose.pm line 59
	Moose::extends('Moose::Meta::Class=HASH(0x1d01138)', 'GOBO::Node') called at /home/graham/perls/perl-5.18.1/lib/site_perl/5.18.1/x86_64-linux/Moose/Exporter.pm line 408
	Moose::extends('GOBO::Node') called at /home/graham/perls/caches/perl-5.18.1/build/GOBO-0.03-Oe0DCD/blib/lib/GOBO/Evidence.pm line 4
	require GOBO/Evidence.pm at /home/graham/perls/caches/perl-5.18.1/build/GOBO-0.03-Oe0DCD/blib/lib/GOBO/Annotation.pm line 5
	GOBO::Annotation::BEGIN at /home/graham/perls/caches/perl-5.18.1/build/GOBO-0.03-Oe0DCD/blib/lib/GOBO/Synonym.pm line 0
	eval {...} at /home/graham/perls/caches/perl-5.18.1/build/GOBO-0.03-Oe0DCD/blib/lib/GOBO/Synonym.pm line 0
	require GOBO/Annotation.pm at /home/graham/perls/caches/perl-5.18.1/build/GOBO-0.03-Oe0DCD/blib/lib/GOBO/Graph.pm line 55
	GOBO::Graph::BEGIN at /home/graham/perls/caches/perl-5.18.1/build/GOBO-0.03-Oe0DCD/blib/lib/GOBO/Synonym.pm line 0
	eval {...} at /home/graham/perls/caches/perl-5.18.1/build/GOBO-0.03-Oe0DCD/blib/lib/GOBO/Synonym.pm line 0
	require GOBO/Graph.pm at t/gaf_inference_test.t line 4
	main::BEGIN at /home/graham/perls/caches/perl-5.18.1/build/GOBO-0.03-Oe0DCD/blib/lib/GOBO/Synonym.pm line 0
	eval {...} at /home/graham/perls/caches/perl-5.18.1/build/GOBO-0.03-Oe0DCD/blib/lib/GOBO/Synonym.pm line 0
Compilation failed in require at /home/graham/perls/caches/perl-5.18.1/build/GOBO-0.03-Oe0DCD/blib/lib/GOBO/Labeled.pm line 23.
BEGIN failed--compilation aborted at /home/graham/perls/caches/perl-5.18.1/build/GOBO-0.03-Oe0DCD/blib/lib/GOBO/Labeled.pm line 23.
Compilation failed in require at /home/graham/perls/perl-5.18.1/lib/site_perl/5.18.1/Module/Runtime.pm line 317.
Compilation failed in require at /home/graham/perls/perl-5.18.1/lib/site_perl/5.18.1/Module/Runtime.pm line 317.
Compilation failed in require at /home/graham/perls/caches/perl-5.18.1/build/GOBO-0.03-Oe0DCD/blib/lib/GOBO/Annotation.pm line 5.
BEGIN failed--compilation aborted at /home/graham/perls/caches/perl-5.18.1/build/GOBO-0.03-Oe0DCD/blib/lib/GOBO/Annotation.pm line 5.
Compilation failed in require at /home/graham/perls/caches/perl-5.18.1/build/GOBO-0.03-Oe0DCD/blib/lib/GOBO/Graph.pm line 55.
BEGIN failed--compilation aborted at /home/graham/perls/caches/perl-5.18.1/build/GOBO-0.03-Oe0DCD/blib/lib/GOBO/Graph.pm line 55.
Compilation failed in require at t/gaf_inference_test.t line 4.
BEGIN failed--compilation aborted at t/gaf_inference_test.t line 4.
t/gaf_inference_test.t ....... 
Dubious, test returned 255 (wstat 65280, 0xff00)
No subtests run 
You cannot coerce an attribute (source) unless its type (GOBO::Node) has a coercion at /home/graham/perls/perl-5.18.1/lib/site_perl/5.18.1/x86_64-linux/Moose/Exception.pm line 38
	Moose::Exception::_build_trace('Moose::Exception::CannotCoerceAttributeWhichHasNoCoercion=HASH(0x2804aa0)') called at reader Moose::Exception::trace (defined at /home/graham/perls/perl-5.18.1/lib/site_perl/5.18.1/x86_64-linux/Moose/Exception.pm line 12) line 7
	Moose::Exception::trace('Moose::Exception::CannotCoerceAttributeWhichHasNoCoercion=HASH(0x2804aa0)') called at /home/graham/perls/perl-5.18.1/lib/site_perl/5.18.1/x86_64-linux/Moose/Exception.pm line 50
	Moose::Exception::BUILD('Moose::Exception::CannotCoerceAttributeWhichHasNoCoercion=HASH(0x2804aa0)', 'HASH(0x28045f0)') called at /home/graham/perls/perl-5.18.1/lib/site_perl/5.18.1/x86_64-linux/Class/MOP/Method.pm line 131
	Class::MOP::Method::execute('Moose::Meta::Method=HASH(0x28b1a08)', 'Moose::Exception::CannotCoerceAttributeWhichHasNoCoercion=HASH(0x2804aa0)', 'HASH(0x28045f0)') called at /home/graham/perls/perl-5.18.1/lib/site_perl/5.18.1/x86_64-linux/Moose/Object.pm line 59
	Moose::Object::BUILDALL('Moose::Exception::CannotCoerceAttributeWhichHasNoCoercion=HASH(0x2804aa0)', 'HASH(0x28045f0)') called at /home/graham/perls/perl-5.18.1/lib/site_perl/5.18.1/x86_64-linux/Moose/Meta/Class.pm line 293
	Moose::Meta::Class::new_object('Moose::Meta::Class=HASH(0x28031d8)', 'HASH(0x28045f0)') called at /home/graham/perls/perl-5.18.1/lib/site_perl/5.18.1/x86_64-linux/Moose/Object.pm line 30
	Moose::Object::new('Moose::Exception::CannotCoerceAttributeWhichHasNoCoercion', 'attribute_name', 'source', 'type_name', 'GOBO::Node', 'params', 'HASH(0x1cfefa0)') called at /home/graham/perls/perl-5.18.1/lib/site_perl/5.18.1/x86_64-linux/Moose/Util.pm line 50
	Moose::Util::throw_exception('CannotCoerceAttributeWhichHasNoCoercion', 'attribute_name', 'source', 'type_name', 'GOBO::Node', 'params', 'HASH(0x1cfefa0)') called at /home/graham/perls/perl-5.18.1/lib/site_perl/5.18.1/x86_64-linux/Moose/Meta/Attribute.pm line 398
	Moose::Meta::Attribute::_process_coerce_option('Moose::Meta::Attribute', 'source', 'HASH(0x1cfefa0)') called at /home/graham/perls/perl-5.18.1/lib/site_perl/5.18.1/x86_64-linux/Moose/Meta/Attribute.pm line 267
	Moose::Meta::Attribute::_process_options('Moose::Meta::Attribute', 'source', 'HASH(0x1cfefa0)') called at /home/graham/perls/perl-5.18.1/lib/site_perl/5.18.1/x86_64-linux/Moose/Meta/Attribute.pm line 58
	Moose::Meta::Attribute::new('Moose::Meta::Attribute', 'source', 'isa', 'GOBO::Node', 'definition_context', 'HASH(0x2735ea0)', 'coerce', 1, 'is', 'rw') called at /home/graham/perls/perl-5.18.1/lib/site_perl/5.18.1/x86_64-linux/Moose/Meta/Attribute.pm line 106
	Moose::Meta::Attribute::interpolate_class_and_new('Moose::Meta::Attribute', 'source', 'is', 'rw', 'isa', 'GOBO::Node', 'definition_context', 'HASH(0x2735ea0)', 'coerce', 1) called at /home/graham/perls/perl-5.18.1/lib/site_perl/5.18.1/x86_64-linux/Moose/Meta/Role/Attribute.pm line 95
	Moose::Meta::Role::Attribute::attribute_for_class('Moose::Meta::Role::Attribute=HASH(0x21a9e28)') called at /home/graham/perls/perl-5.18.1/lib/site_perl/5.18.1/x86_64-linux/Moose/Meta/Role/Application/ToClass.pm line 133
	Moose::Meta::Role::Application::ToClass::apply_attributes('Moose::Meta::Role::Application::ToClass=HASH(0x27dc890)', 'Moose::Meta::Role=HASH(0x27e30f0)', 'Moose::Meta::Class=HASH(0x2190e68)') called at /home/graham/perls/perl-5.18.1/lib/site_perl/5.18.1/x86_64-linux/Moose/Meta/Role/Application.pm line 60
	Moose::Meta::Role::Application::apply('Moose::Meta::Role::Application::ToClass=HASH(0x27dc890)', 'Moose::Meta::Role=HASH(0x27e30f0)', 'Moose::Meta::Class=HASH(0x2190e68)') called at /home/graham/perls/perl-5.18.1/lib/site_perl/5.18.1/x86_64-linux/Moose/Meta/Role/Application/ToClass.pm line 38
	Moose::Meta::Role::Application::ToClass::apply('Moose::Meta::Role::Application::ToClass=HASH(0x27dc890)', 'Moose::Meta::Role=HASH(0x27e30f0)', 'Moose::Meta::Class=HASH(0x2190e68)', 'HASH(0x21236b8)') called at /home/graham/perls/perl-5.18.1/lib/site_perl/5.18.1/x86_64-linux/Moose/Meta/Role.pm line 477
	Moose::Meta::Role::apply('Moose::Meta::Role=HASH(0x27e30f0)', 'Moose::Meta::Class=HASH(0x2190e68)') called at /home/graham/perls/perl-5.18.1/lib/site_perl/5.18.1/x86_64-linux/Moose/Util.pm line 165
	Moose::Util::_apply_all_roles('Moose::Meta::Class=HASH(0x2190e68)', undef, 'GOBO::Attributed') called at /home/graham/perls/perl-5.18.1/lib/site_perl/5.18.1/x86_64-linux/Moose/Util.pm line 107
	Moose::Util::apply_all_roles('Moose::Meta::Class=HASH(0x2190e68)', 'GOBO::Attributed') called at /home/graham/perls/perl-5.18.1/lib/site_perl/5.18.1/x86_64-linux/Moose.pm line 63
	Moose::with('Moose::Meta::Class=HASH(0x2190e68)', 'GOBO::Attributed') called at /home/graham/perls/perl-5.18.1/lib/site_perl/5.18.1/x86_64-linux/Moose/Exporter.pm line 408
	Moose::with('GOBO::Attributed') called at /home/graham/perls/caches/perl-5.18.1/build/GOBO-0.03-Oe0DCD/blib/lib/GOBO/Synonym.pm line 17
	require GOBO/Synonym.pm at /home/graham/perls/caches/perl-5.18.1/build/GOBO-0.03-Oe0DCD/blib/lib/GOBO/Labeled.pm line 23
	GOBO::Labeled::BEGIN at /home/graham/perls/caches/perl-5.18.1/build/GOBO-0.03-Oe0DCD/blib/lib/GOBO/Synonym.pm line 0
	eval {...} at /home/graham/perls/caches/perl-5.18.1/build/GOBO-0.03-Oe0DCD/blib/lib/GOBO/Synonym.pm line 0
	require GOBO/Labeled.pm at /home/graham/perls/perl-5.18.1/lib/site_perl/5.18.1/Module/Runtime.pm line 317
	Module::Runtime::require_module('GOBO::Labeled') called at /home/graham/perls/perl-5.18.1/lib/site_perl/5.18.1/Module/Runtime.pm line 348
	Module::Runtime::use_module('GOBO::Labeled', undef) called at /home/graham/perls/perl-5.18.1/lib/site_perl/5.18.1/x86_64-linux/Moose/Util.pm line 140
	Moose::Util::_apply_all_roles('Moose::Meta::Class=HASH(0x20fdd10)', undef, 'GOBO::Labeled') called at /home/graham/perls/perl-5.18.1/lib/site_perl/5.18.1/x86_64-linux/Moose/Util.pm line 107
	Moose::Util::apply_all_roles('Moose::Meta::Class=HASH(0x20fdd10)', 'GOBO::Labeled') called at /home/graham/perls/perl-5.18.1/lib/site_perl/5.18.1/x86_64-linux/Moose.pm line 63
	Moose::with('Moose::Meta::Class=HASH(0x20fdd10)', 'GOBO::Labeled') called at /home/graham/perls/perl-5.18.1/lib/site_perl/5.18.1/x86_64-linux/Moose/Exporter.pm line 408
	Moose::with('GOBO::Labeled') called at /home/graham/perls/caches/perl-5.18.1/build/GOBO-0.03-Oe0DCD/blib/lib/GOBO/Node.pm line 6
	require GOBO/Node.pm at /home/graham/perls/perl-5.18.1/lib/site_perl/5.18.1/Module/Runtime.pm line 317
	Module::Runtime::require_module('GOBO::Node') called at /home/graham/perls/perl-5.18.1/lib/site_perl/5.18.1/Module/Runtime.pm line 383
	eval {...} at /home/graham/perls/perl-5.18.1/lib/site_perl/5.18.1/Module/Runtime.pm line 383
	Module::Runtime::use_package_optimistically('GOBO::Node', undef) called at /home/graham/perls/perl-5.18.1/lib/site_perl/5.18.1/x86_64-linux/Moose/Util.pm line 342
	Moose::Util::_load_user_class('GOBO::Node', undef) called at /home/graham/perls/perl-5.18.1/lib/site_perl/5.18.1/x86_64-linux/Moose/Meta/Class.pm line 572
	Moose::Meta::Class::superclasses(undef, 'GOBO::Node') called at /home/graham/perls/perl-5.18.1/lib/site_perl/5.18.1/x86_64-linux/Moose.pm line 59
	Moose::extends('Moose::Meta::Class=HASH(0x20e6770)', 'GOBO::Node') called at /home/graham/perls/perl-5.18.1/lib/site_perl/5.18.1/x86_64-linux/Moose/Exporter.pm line 408
	Moose::extends('GOBO::Node') called at /home/graham/perls/caches/perl-5.18.1/build/GOBO-0.03-Oe0DCD/blib/lib/GOBO/Evidence.pm line 4
	require GOBO/Evidence.pm at /home/graham/perls/caches/perl-5.18.1/build/GOBO-0.03-Oe0DCD/blib/lib/GOBO/Annotation.pm line 5
	GOBO::Annotation::BEGIN at /home/graham/perls/caches/perl-5.18.1/build/GOBO-0.03-Oe0DCD/blib/lib/GOBO/Synonym.pm line 0
	eval {...} at /home/graham/perls/caches/perl-5.18.1/build/GOBO-0.03-Oe0DCD/blib/lib/GOBO/Synonym.pm line 0
	require GOBO/Annotation.pm at /home/graham/perls/caches/perl-5.18.1/build/GOBO-0.03-Oe0DCD/blib/lib/GOBO/Graph.pm line 55
	GOBO::Graph::BEGIN at /home/graham/perls/caches/perl-5.18.1/build/GOBO-0.03-Oe0DCD/blib/lib/GOBO/Synonym.pm line 0
	eval {...} at /home/graham/perls/caches/perl-5.18.1/build/GOBO-0.03-Oe0DCD/blib/lib/GOBO/Synonym.pm line 0
	require GOBO/Graph.pm at t/gaftest.t line 3
	main::BEGIN at /home/graham/perls/caches/perl-5.18.1/build/GOBO-0.03-Oe0DCD/blib/lib/GOBO/Synonym.pm line 0
	eval {...} at /home/graham/perls/caches/perl-5.18.1/build/GOBO-0.03-Oe0DCD/blib/lib/GOBO/Synonym.pm line 0
Compilation failed in require at /home/graham/perls/caches/perl-5.18.1/build/GOBO-0.03-Oe0DCD/blib/lib/GOBO/Labeled.pm line 23.
BEGIN failed--compilation aborted at /home/graham/perls/caches/perl-5.18.1/build/GOBO-0.03-Oe0DCD/blib/lib/GOBO/Labeled.pm line 23.
Compilation failed in require at /home/graham/perls/perl-5.18.1/lib/site_perl/5.18.1/Module/Runtime.pm line 317.
Compilation failed in require at /home/graham/perls/perl-5.18.1/lib/site_perl/5.18.1/Module/Runtime.pm line 317.
Compilation failed in require at /home/graham/perls/caches/perl-5.18.1/build/GOBO-0.03-Oe0DCD/blib/lib/GOBO/Annotation.pm line 5.
BEGIN failed--compilation aborted at /home/graham/perls/caches/perl-5.18.1/build/GOBO-0.03-Oe0DCD/blib/lib/GOBO/Annotation.pm line 5.
Compilation failed in require at /home/graham/perls/caches/perl-5.18.1/build/GOBO-0.03-Oe0DCD/blib/lib/GOBO/Graph.pm line 55.
BEGIN failed--compilation aborted at /home/graham/perls/caches/perl-5.18.1/build/GOBO-0.03-Oe0DCD/blib/lib/GOBO/Graph.pm line 55.
Compilation failed in require at t/gaftest.t line 3.
BEGIN failed--compilation aborted at t/gaftest.t line 3.
t/gaftest.t .................. 
Dubious, test returned 255 (wstat 65280, 0xff00)
No subtests run 
You cannot coerce an attribute (source) unless its type (GOBO::Node) has a coercion at /home/graham/perls/perl-5.18.1/lib/site_perl/5.18.1/x86_64-linux/Moose/Exception.pm line 38
	Moose::Exception::_build_trace('Moose::Exception::CannotCoerceAttributeWhichHasNoCoercion=HASH(0x1db7280)') called at reader Moose::Exception::trace (defined at /home/graham/perls/perl-5.18.1/lib/site_perl/5.18.1/x86_64-linux/Moose/Exception.pm line 12) line 7
	Moose::Exception::trace('Moose::Exception::CannotCoerceAttributeWhichHasNoCoercion=HASH(0x1db7280)') called at /home/graham/perls/perl-5.18.1/lib/site_perl/5.18.1/x86_64-linux/Moose/Exception.pm line 50
	Moose::Exception::BUILD('Moose::Exception::CannotCoerceAttributeWhichHasNoCoercion=HASH(0x1db7280)', 'HASH(0x1db3b48)') called at /home/graham/perls/perl-5.18.1/lib/site_perl/5.18.1/x86_64-linux/Class/MOP/Method.pm line 131
	Class::MOP::Method::execute('Moose::Meta::Method=HASH(0x1e5feb0)', 'Moose::Exception::CannotCoerceAttributeWhichHasNoCoercion=HASH(0x1db7280)', 'HASH(0x1db3b48)') called at /home/graham/perls/perl-5.18.1/lib/site_perl/5.18.1/x86_64-linux/Moose/Object.pm line 59
	Moose::Object::BUILDALL('Moose::Exception::CannotCoerceAttributeWhichHasNoCoercion=HASH(0x1db7280)', 'HASH(0x1db3b48)') called at /home/graham/perls/perl-5.18.1/lib/site_perl/5.18.1/x86_64-linux/Moose/Meta/Class.pm line 293
	Moose::Meta::Class::new_object('Moose::Meta::Class=HASH(0x1db1d70)', 'HASH(0x1db3b48)') called at /home/graham/perls/perl-5.18.1/lib/site_perl/5.18.1/x86_64-linux/Moose/Object.pm line 30
	Moose::Object::new('Moose::Exception::CannotCoerceAttributeWhichHasNoCoercion', 'attribute_name', 'source', 'type_name', 'GOBO::Node', 'params', 'HASH(0x12f5190)') called at /home/graham/perls/perl-5.18.1/lib/site_perl/5.18.1/x86_64-linux/Moose/Util.pm line 50
	Moose::Util::throw_exception('CannotCoerceAttributeWhichHasNoCoercion', 'attribute_name', 'source', 'type_name', 'GOBO::Node', 'params', 'HASH(0x12f5190)') called at /home/graham/perls/perl-5.18.1/lib/site_perl/5.18.1/x86_64-linux/Moose/Meta/Attribute.pm line 398
	Moose::Meta::Attribute::_process_coerce_option('Moose::Meta::Attribute', 'source', 'HASH(0x12f5190)') called at /home/graham/perls/perl-5.18.1/lib/site_perl/5.18.1/x86_64-linux/Moose/Meta/Attribute.pm line 267
	Moose::Meta::Attribute::_process_options('Moose::Meta::Attribute', 'source', 'HASH(0x12f5190)') called at /home/graham/perls/perl-5.18.1/lib/site_perl/5.18.1/x86_64-linux/Moose/Meta/Attribute.pm line 58
	Moose::Meta::Attribute::new('Moose::Meta::Attribute', 'source', 'definition_context', 'HASH(0x1ce4ce8)', 'coerce', 1, 'is', 'rw', 'isa', 'GOBO::Node') called at /home/graham/perls/perl-5.18.1/lib/site_perl/5.18.1/x86_64-linux/Moose/Meta/Attribute.pm line 106
	Moose::Meta::Attribute::interpolate_class_and_new('Moose::Meta::Attribute', 'source', 'coerce', 1, 'definition_context', 'HASH(0x1ce4ce8)', 'is', 'rw', 'isa', 'GOBO::Node') called at /home/graham/perls/perl-5.18.1/lib/site_perl/5.18.1/x86_64-linux/Moose/Meta/Role/Attribute.pm line 95
	Moose::Meta::Role::Attribute::attribute_for_class('Moose::Meta::Role::Attribute=HASH(0x1758d58)') called at /home/graham/perls/perl-5.18.1/lib/site_perl/5.18.1/x86_64-linux/Moose/Meta/Role/Application/ToClass.pm line 133
	Moose::Meta::Role::Application::ToClass::apply_attributes('Moose::Meta::Role::Application::ToClass=HASH(0x1d8b400)', 'Moose::Meta::Role=HASH(0x1d92030)', 'Moose::Meta::Class=HASH(0x172fac8)') called at /home/graham/perls/perl-5.18.1/lib/site_perl/5.18.1/x86_64-linux/Moose/Meta/Role/Application.pm line 60
	Moose::Meta::Role::Application::apply('Moose::Meta::Role::Application::ToClass=HASH(0x1d8b400)', 'Moose::Meta::Role=HASH(0x1d92030)', 'Moose::Meta::Class=HASH(0x172fac8)') called at /home/graham/perls/perl-5.18.1/lib/site_perl/5.18.1/x86_64-linux/Moose/Meta/Role/Application/ToClass.pm line 38
	Moose::Meta::Role::Application::ToClass::apply('Moose::Meta::Role::Application::ToClass=HASH(0x1d8b400)', 'Moose::Meta::Role=HASH(0x1d92030)', 'Moose::Meta::Class=HASH(0x172fac8)', 'HASH(0x16d2568)') called at /home/graham/perls/perl-5.18.1/lib/site_perl/5.18.1/x86_64-linux/Moose/Meta/Role.pm line 477
	Moose::Meta::Role::apply('Moose::Meta::Role=HASH(0x1d92030)', 'Moose::Meta::Class=HASH(0x172fac8)') called at /home/graham/perls/perl-5.18.1/lib/site_perl/5.18.1/x86_64-linux/Moose/Util.pm line 165
	Moose::Util::_apply_all_roles('Moose::Meta::Class=HASH(0x172fac8)', undef, 'GOBO::Attributed') called at /home/graham/perls/perl-5.18.1/lib/site_perl/5.18.1/x86_64-linux/Moose/Util.pm line 107
	Moose::Util::apply_all_roles('Moose::Meta::Class=HASH(0x172fac8)', 'GOBO::Attributed') called at /home/graham/perls/perl-5.18.1/lib/site_perl/5.18.1/x86_64-linux/Moose.pm line 63
	Moose::with('Moose::Meta::Class=HASH(0x172fac8)', 'GOBO::Attributed') called at /home/graham/perls/perl-5.18.1/lib/site_perl/5.18.1/x86_64-linux/Moose/Exporter.pm line 408
	Moose::with('GOBO::Attributed') called at /home/graham/perls/caches/perl-5.18.1/build/GOBO-0.03-Oe0DCD/blib/lib/GOBO/Synonym.pm line 17
	require GOBO/Synonym.pm at /home/graham/perls/caches/perl-5.18.1/build/GOBO-0.03-Oe0DCD/blib/lib/GOBO/Labeled.pm line 23
	GOBO::Labeled::BEGIN at /home/graham/perls/caches/perl-5.18.1/build/GOBO-0.03-Oe0DCD/blib/lib/GOBO/Synonym.pm line 0
	eval {...} at /home/graham/perls/caches/perl-5.18.1/build/GOBO-0.03-Oe0DCD/blib/lib/GOBO/Synonym.pm line 0
	require GOBO/Labeled.pm at /home/graham/perls/perl-5.18.1/lib/site_perl/5.18.1/Module/Runtime.pm line 317
	Module::Runtime::require_module('GOBO::Labeled') called at /home/graham/perls/perl-5.18.1/lib/site_perl/5.18.1/Module/Runtime.pm line 348
	Module::Runtime::use_module('GOBO::Labeled', undef) called at /home/graham/perls/perl-5.18.1/lib/site_perl/5.18.1/x86_64-linux/Moose/Util.pm line 140
	Moose::Util::_apply_all_roles('Moose::Meta::Class=HASH(0x16acb98)', undef, 'GOBO::Labeled') called at /home/graham/perls/perl-5.18.1/lib/site_perl/5.18.1/x86_64-linux/Moose/Util.pm line 107
	Moose::Util::apply_all_roles('Moose::Meta::Class=HASH(0x16acb98)', 'GOBO::Labeled') called at /home/graham/perls/perl-5.18.1/lib/site_perl/5.18.1/x86_64-linux/Moose.pm line 63
	Moose::with('Moose::Meta::Class=HASH(0x16acb98)', 'GOBO::Labeled') called at /home/graham/perls/perl-5.18.1/lib/site_perl/5.18.1/x86_64-linux/Moose/Exporter.pm line 408
	Moose::with('GOBO::Labeled') called at /home/graham/perls/caches/perl-5.18.1/build/GOBO-0.03-Oe0DCD/blib/lib/GOBO/Node.pm line 6
	require GOBO/Node.pm at /home/graham/perls/perl-5.18.1/lib/site_perl/5.18.1/Module/Runtime.pm line 317
	Module::Runtime::require_module('GOBO::Node') called at /home/graham/perls/perl-5.18.1/lib/site_perl/5.18.1/Module/Runtime.pm line 383
	eval {...} at /home/graham/perls/perl-5.18.1/lib/site_perl/5.18.1/Module/Runtime.pm line 383
	Module::Runtime::use_package_optimistically('GOBO::Node', undef) called at /home/graham/perls/perl-5.18.1/lib/site_perl/5.18.1/x86_64-linux/Moose/Util.pm line 342
	Moose::Util::_load_user_class('GOBO::Node', undef) called at /home/graham/perls/perl-5.18.1/lib/site_perl/5.18.1/x86_64-linux/Moose/Meta/Class.pm line 572
	Moose::Meta::Class::superclasses(undef, 'GOBO::Node') called at /home/graham/perls/perl-5.18.1/lib/site_perl/5.18.1/x86_64-linux/Moose.pm line 59
	Moose::extends('Moose::Meta::Class=HASH(0x1695ba8)', 'GOBO::Node') called at /home/graham/perls/perl-5.18.1/lib/site_perl/5.18.1/x86_64-linux/Moose/Exporter.pm line 408
	Moose::extends('GOBO::Node') called at /home/graham/perls/caches/perl-5.18.1/build/GOBO-0.03-Oe0DCD/blib/lib/GOBO/Evidence.pm line 4
	require GOBO/Evidence.pm at /home/graham/perls/caches/perl-5.18.1/build/GOBO-0.03-Oe0DCD/blib/lib/GOBO/Annotation.pm line 5
	GOBO::Annotation::BEGIN at /home/graham/perls/caches/perl-5.18.1/build/GOBO-0.03-Oe0DCD/blib/lib/GOBO/Synonym.pm line 0
	eval {...} at /home/graham/perls/caches/perl-5.18.1/build/GOBO-0.03-Oe0DCD/blib/lib/GOBO/Synonym.pm line 0
	require GOBO/Annotation.pm at /home/graham/perls/caches/perl-5.18.1/build/GOBO-0.03-Oe0DCD/blib/lib/GOBO/Graph.pm line 55
	GOBO::Graph::BEGIN at /home/graham/perls/caches/perl-5.18.1/build/GOBO-0.03-Oe0DCD/blib/lib/GOBO/Synonym.pm line 0
	eval {...} at /home/graham/perls/caches/perl-5.18.1/build/GOBO-0.03-Oe0DCD/blib/lib/GOBO/Synonym.pm line 0
	require GOBO/Graph.pm at t/gaftest_chunked.t line 3
	main::BEGIN at /home/graham/perls/caches/perl-5.18.1/build/GOBO-0.03-Oe0DCD/blib/lib/GOBO/Synonym.pm line 0
	eval {...} at /home/graham/perls/caches/perl-5.18.1/build/GOBO-0.03-Oe0DCD/blib/lib/GOBO/Synonym.pm line 0
Compilation failed in require at /home/graham/perls/caches/perl-5.18.1/build/GOBO-0.03-Oe0DCD/blib/lib/GOBO/Labeled.pm line 23.
BEGIN failed--compilation aborted at /home/graham/perls/caches/perl-5.18.1/build/GOBO-0.03-Oe0DCD/blib/lib/GOBO/Labeled.pm line 23.
Compilation failed in require at /home/graham/perls/perl-5.18.1/lib/site_perl/5.18.1/Module/Runtime.pm line 317.
Compilation failed in require at /home/graham/perls/perl-5.18.1/lib/site_perl/5.18.1/Module/Runtime.pm line 317.
Compilation failed in require at /home/graham/perls/caches/perl-5.18.1/build/GOBO-0.03-Oe0DCD/blib/lib/GOBO/Annotation.pm line 5.
BEGIN failed--compilation aborted at /home/graham/perls/caches/perl-5.18.1/build/GOBO-0.03-Oe0DCD/blib/lib/GOBO/Annotation.pm line 5.
Compilation failed in require at /home/graham/perls/caches/perl-5.18.1/build/GOBO-0.03-Oe0DCD/blib/lib/GOBO/Graph.pm line 55.
BEGIN failed--compilation aborted at /home/graham/perls/caches/perl-5.18.1/build/GOBO-0.03-Oe0DCD/blib/lib/GOBO/Graph.pm line 55.
Compilation failed in require at t/gaftest_chunked.t line 3.
BEGIN failed--compilation aborted at t/gaftest_chunked.t line 3.
t/gaftest_chunked.t .......... 
Dubious, test returned 255 (wstat 65280, 0xff00)
No subtests run 
You cannot coerce an attribute (provenance) unless its type (GOBO::Node) has a coercion at /home/graham/perls/perl-5.18.1/lib/site_perl/5.18.1/x86_64-linux/Moose/Exception.pm line 38
	Moose::Exception::_build_trace('Moose::Exception::CannotCoerceAttributeWhichHasNoCoercion=HASH(0x2bfd740)') called at reader Moose::Exception::trace (defined at /home/graham/perls/perl-5.18.1/lib/site_perl/5.18.1/x86_64-linux/Moose/Exception.pm line 12) line 7
	Moose::Exception::trace('Moose::Exception::CannotCoerceAttributeWhichHasNoCoercion=HASH(0x2bfd740)') called at /home/graham/perls/perl-5.18.1/lib/site_perl/5.18.1/x86_64-linux/Moose/Exception.pm line 50
	Moose::Exception::BUILD('Moose::Exception::CannotCoerceAttributeWhichHasNoCoercion=HASH(0x2bfd740)', 'HASH(0x2bfc178)') called at /home/graham/perls/perl-5.18.1/lib/site_perl/5.18.1/x86_64-linux/Class/MOP/Method.pm line 131
	Class::MOP::Method::execute('Moose::Meta::Method=HASH(0x2cacad8)', 'Moose::Exception::CannotCoerceAttributeWhichHasNoCoercion=HASH(0x2bfd740)', 'HASH(0x2bfc178)') called at /home/graham/perls/perl-5.18.1/lib/site_perl/5.18.1/x86_64-linux/Moose/Object.pm line 59
	Moose::Object::BUILDALL('Moose::Exception::CannotCoerceAttributeWhichHasNoCoercion=HASH(0x2bfd740)', 'HASH(0x2bfc178)') called at /home/graham/perls/perl-5.18.1/lib/site_perl/5.18.1/x86_64-linux/Moose/Meta/Class.pm line 293
	Moose::Meta::Class::new_object('Moose::Meta::Class=HASH(0x2bfc010)', 'HASH(0x2bfc178)') called at /home/graham/perls/perl-5.18.1/lib/site_perl/5.18.1/x86_64-linux/Moose/Object.pm line 30
	Moose::Object::new('Moose::Exception::CannotCoerceAttributeWhichHasNoCoercion', 'attribute_name', 'provenance', 'type_name', 'GOBO::Node', 'params', 'HASH(0x213ed98)') called at /home/graham/perls/perl-5.18.1/lib/site_perl/5.18.1/x86_64-linux/Moose/Util.pm line 50
	Moose::Util::throw_exception('CannotCoerceAttributeWhichHasNoCoercion', 'attribute_name', 'provenance', 'type_name', 'GOBO::Node', 'params', 'HASH(0x213ed98)') called at /home/graham/perls/perl-5.18.1/lib/site_perl/5.18.1/x86_64-linux/Moose/Meta/Attribute.pm line 398
	Moose::Meta::Attribute::_process_coerce_option('Moose::Meta::Attribute', 'provenance', 'HASH(0x213ed98)') called at /home/graham/perls/perl-5.18.1/lib/site_perl/5.18.1/x86_64-linux/Moose/Meta/Attribute.pm line 267
	Moose::Meta::Attribute::_process_options('Moose::Meta::Attribute', 'provenance', 'HASH(0x213ed98)') called at /home/graham/perls/perl-5.18.1/lib/site_perl/5.18.1/x86_64-linux/Moose/Meta/Attribute.pm line 58
	Moose::Meta::Attribute::new('Moose::Meta::Attribute', 'provenance', 'is', 'rw', 'coerce', 1, 'definition_context', 'HASH(0x25a2a88)', 'isa', 'GOBO::Node') called at /home/graham/perls/perl-5.18.1/lib/site_perl/5.18.1/x86_64-linux/Moose/Meta/Attribute.pm line 106
	Moose::Meta::Attribute::interpolate_class_and_new('Moose::Meta::Attribute', 'provenance', 'definition_context', 'HASH(0x25a2a88)', 'isa', 'GOBO::Node', 'is', 'rw', 'coerce', 1) called at /home/graham/perls/perl-5.18.1/lib/site_perl/5.18.1/x86_64-linux/Moose/Meta/Role/Attribute.pm line 95
	Moose::Meta::Role::Attribute::attribute_for_class('Moose::Meta::Role::Attribute=HASH(0x25a2f80)') called at /home/graham/perls/perl-5.18.1/lib/site_perl/5.18.1/x86_64-linux/Moose/Meta/Role/Application/ToClass.pm line 133
	Moose::Meta::Role::Application::ToClass::apply_attributes('Moose::Meta::Role::Application::ToClass=HASH(0x2bd5650)', 'Moose::Meta::Role=HASH(0x2bdc018)', 'Moose::Meta::Class=HASH(0x2579330)') called at /home/graham/perls/perl-5.18.1/lib/site_perl/5.18.1/x86_64-linux/Moose/Meta/Role/Application.pm line 60
	Moose::Meta::Role::Application::apply('Moose::Meta::Role::Application::ToClass=HASH(0x2bd5650)', 'Moose::Meta::Role=HASH(0x2bdc018)', 'Moose::Meta::Class=HASH(0x2579330)') called at /home/graham/perls/perl-5.18.1/lib/site_perl/5.18.1/x86_64-linux/Moose/Meta/Role/Application/ToClass.pm line 38
	Moose::Meta::Role::Application::ToClass::apply('Moose::Meta::Role::Application::ToClass=HASH(0x2bd5650)', 'Moose::Meta::Role=HASH(0x2bdc018)', 'Moose::Meta::Class=HASH(0x2579330)', 'HASH(0x251c428)') called at /home/graham/perls/perl-5.18.1/lib/site_perl/5.18.1/x86_64-linux/Moose/Meta/Role.pm line 477
	Moose::Meta::Role::apply('Moose::Meta::Role=HASH(0x2bdc018)', 'Moose::Meta::Class=HASH(0x2579330)') called at /home/graham/perls/perl-5.18.1/lib/site_perl/5.18.1/x86_64-linux/Moose/Util.pm line 165
	Moose::Util::_apply_all_roles('Moose::Meta::Class=HASH(0x2579330)', undef, 'GOBO::Attributed') called at /home/graham/perls/perl-5.18.1/lib/site_perl/5.18.1/x86_64-linux/Moose/Util.pm line 107
	Moose::Util::apply_all_roles('Moose::Meta::Class=HASH(0x2579330)', 'GOBO::Attributed') called at /home/graham/perls/perl-5.18.1/lib/site_perl/5.18.1/x86_64-linux/Moose.pm line 63
	Moose::with('Moose::Meta::Class=HASH(0x2579330)', 'GOBO::Attributed') called at /home/graham/perls/perl-5.18.1/lib/site_perl/5.18.1/x86_64-linux/Moose/Exporter.pm line 408
	Moose::with('GOBO::Attributed') called at /home/graham/perls/caches/perl-5.18.1/build/GOBO-0.03-Oe0DCD/blib/lib/GOBO/Synonym.pm line 17
	require GOBO/Synonym.pm at /home/graham/perls/caches/perl-5.18.1/build/GOBO-0.03-Oe0DCD/blib/lib/GOBO/Labeled.pm line 23
	GOBO::Labeled::BEGIN at /home/graham/perls/caches/perl-5.18.1/build/GOBO-0.03-Oe0DCD/blib/lib/GOBO/Synonym.pm line 0
	eval {...} at /home/graham/perls/caches/perl-5.18.1/build/GOBO-0.03-Oe0DCD/blib/lib/GOBO/Synonym.pm line 0
	require GOBO/Labeled.pm at /home/graham/perls/perl-5.18.1/lib/site_perl/5.18.1/Module/Runtime.pm line 317
	Module::Runtime::require_module('GOBO::Labeled') called at /home/graham/perls/perl-5.18.1/lib/site_perl/5.18.1/Module/Runtime.pm line 348
	Module::Runtime::use_module('GOBO::Labeled', undef) called at /home/graham/perls/perl-5.18.1/lib/site_perl/5.18.1/x86_64-linux/Moose/Util.pm line 140
	Moose::Util::_apply_all_roles('Moose::Meta::Class=HASH(0x24f6a50)', undef, 'GOBO::Labeled') called at /home/graham/perls/perl-5.18.1/lib/site_perl/5.18.1/x86_64-linux/Moose/Util.pm line 107
	Moose::Util::apply_all_roles('Moose::Meta::Class=HASH(0x24f6a50)', 'GOBO::Labeled') called at /home/graham/perls/perl-5.18.1/lib/site_perl/5.18.1/x86_64-linux/Moose.pm line 63
	Moose::with('Moose::Meta::Class=HASH(0x24f6a50)', 'GOBO::Labeled') called at /home/graham/perls/perl-5.18.1/lib/site_perl/5.18.1/x86_64-linux/Moose/Exporter.pm line 408
	Moose::with('GOBO::Labeled') called at /home/graham/perls/caches/perl-5.18.1/build/GOBO-0.03-Oe0DCD/blib/lib/GOBO/Node.pm line 6
	require GOBO/Node.pm at /home/graham/perls/perl-5.18.1/lib/site_perl/5.18.1/Module/Runtime.pm line 317
	Module::Runtime::require_module('GOBO::Node') called at /home/graham/perls/perl-5.18.1/lib/site_perl/5.18.1/Module/Runtime.pm line 383
	eval {...} at /home/graham/perls/perl-5.18.1/lib/site_perl/5.18.1/Module/Runtime.pm line 383
	Module::Runtime::use_package_optimistically('GOBO::Node', undef) called at /home/graham/perls/perl-5.18.1/lib/site_perl/5.18.1/x86_64-linux/Moose/Util.pm line 342
	Moose::Util::_load_user_class('GOBO::Node', undef) called at /home/graham/perls/perl-5.18.1/lib/site_perl/5.18.1/x86_64-linux/Moose/Meta/Class.pm line 572
	Moose::Meta::Class::superclasses(undef, 'GOBO::Node') called at /home/graham/perls/perl-5.18.1/lib/site_perl/5.18.1/x86_64-linux/Moose.pm line 59
	Moose::extends('Moose::Meta::Class=HASH(0x24df6c0)', 'GOBO::Node') called at /home/graham/perls/perl-5.18.1/lib/site_perl/5.18.1/x86_64-linux/Moose/Exporter.pm line 408
	Moose::extends('GOBO::Node') called at /home/graham/perls/caches/perl-5.18.1/build/GOBO-0.03-Oe0DCD/blib/lib/GOBO/Evidence.pm line 4
	require GOBO/Evidence.pm at /home/graham/perls/caches/perl-5.18.1/build/GOBO-0.03-Oe0DCD/blib/lib/GOBO/Annotation.pm line 5
	GOBO::Annotation::BEGIN at /home/graham/perls/caches/perl-5.18.1/build/GOBO-0.03-Oe0DCD/blib/lib/GOBO/Synonym.pm line 0
	eval {...} at /home/graham/perls/caches/perl-5.18.1/build/GOBO-0.03-Oe0DCD/blib/lib/GOBO/Synonym.pm line 0
	require GOBO/Annotation.pm at /home/graham/perls/caches/perl-5.18.1/build/GOBO-0.03-Oe0DCD/blib/lib/GOBO/Graph.pm line 55
	GOBO::Graph::BEGIN at /home/graham/perls/caches/perl-5.18.1/build/GOBO-0.03-Oe0DCD/blib/lib/GOBO/Synonym.pm line 0
	eval {...} at /home/graham/perls/caches/perl-5.18.1/build/GOBO-0.03-Oe0DCD/blib/lib/GOBO/Synonym.pm line 0
	require GOBO/Graph.pm at t/gaftest_chunked_gzipped.t line 3
	main::BEGIN at /home/graham/perls/caches/perl-5.18.1/build/GOBO-0.03-Oe0DCD/blib/lib/GOBO/Synonym.pm line 0
	eval {...} at /home/graham/perls/caches/perl-5.18.1/build/GOBO-0.03-Oe0DCD/blib/lib/GOBO/Synonym.pm line 0
Compilation failed in require at /home/graham/perls/caches/perl-5.18.1/build/GOBO-0.03-Oe0DCD/blib/lib/GOBO/Labeled.pm line 23.
BEGIN failed--compilation aborted at /home/graham/perls/caches/perl-5.18.1/build/GOBO-0.03-Oe0DCD/blib/lib/GOBO/Labeled.pm line 23.
Compilation failed in require at /home/graham/perls/perl-5.18.1/lib/site_perl/5.18.1/Module/Runtime.pm line 317.
Compilation failed in require at /home/graham/perls/perl-5.18.1/lib/site_perl/5.18.1/Module/Runtime.pm line 317.
Compilation failed in require at /home/graham/perls/caches/perl-5.18.1/build/GOBO-0.03-Oe0DCD/blib/lib/GOBO/Annotation.pm line 5.
BEGIN failed--compilation aborted at /home/graham/perls/caches/perl-5.18.1/build/GOBO-0.03-Oe0DCD/blib/lib/GOBO/Annotation.pm line 5.
Compilation failed in require at /home/graham/perls/caches/perl-5.18.1/build/GOBO-0.03-Oe0DCD/blib/lib/GOBO/Graph.pm line 55.
BEGIN failed--compilation aborted at /home/graham/perls/caches/perl-5.18.1/build/GOBO-0.03-Oe0DCD/blib/lib/GOBO/Graph.pm line 55.
Compilation failed in require at t/gaftest_chunked_gzipped.t line 3.
BEGIN failed--compilation aborted at t/gaftest_chunked_gzipped.t line 3.
t/gaftest_chunked_gzipped.t .. 
Dubious, test returned 255 (wstat 65280, 0xff00)
No subtests run 
You cannot coerce an attribute (source) unless its type (GOBO::Node) has a coercion at /home/graham/perls/perl-5.18.1/lib/site_perl/5.18.1/x86_64-linux/Moose/Exception.pm line 38
	Moose::Exception::_build_trace('Moose::Exception::CannotCoerceAttributeWhichHasNoCoercion=HASH(0x2bcf3b8)') called at reader Moose::Exception::trace (defined at /home/graham/perls/perl-5.18.1/lib/site_perl/5.18.1/x86_64-linux/Moose/Exception.pm line 12) line 7
	Moose::Exception::trace('Moose::Exception::CannotCoerceAttributeWhichHasNoCoercion=HASH(0x2bcf3b8)') called at /home/graham/perls/perl-5.18.1/lib/site_perl/5.18.1/x86_64-linux/Moose/Exception.pm line 50
	Moose::Exception::BUILD('Moose::Exception::CannotCoerceAttributeWhichHasNoCoercion=HASH(0x2bcf3b8)', 'HASH(0x2bcebd8)') called at /home/graham/perls/perl-5.18.1/lib/site_perl/5.18.1/x86_64-linux/Class/MOP/Method.pm line 131
	Class::MOP::Method::execute('Moose::Meta::Method=HASH(0x2c859b0)', 'Moose::Exception::CannotCoerceAttributeWhichHasNoCoercion=HASH(0x2bcf3b8)', 'HASH(0x2bcebd8)') called at /home/graham/perls/perl-5.18.1/lib/site_perl/5.18.1/x86_64-linux/Moose/Object.pm line 59
	Moose::Object::BUILDALL('Moose::Exception::CannotCoerceAttributeWhichHasNoCoercion=HASH(0x2bcf3b8)', 'HASH(0x2bcebd8)') called at /home/graham/perls/perl-5.18.1/lib/site_perl/5.18.1/x86_64-linux/Moose/Meta/Class.pm line 293
	Moose::Meta::Class::new_object('Moose::Meta::Class=HASH(0x2bc9670)', 'HASH(0x2bcebd8)') called at /home/graham/perls/perl-5.18.1/lib/site_perl/5.18.1/x86_64-linux/Moose/Object.pm line 30
	Moose::Object::new('Moose::Exception::CannotCoerceAttributeWhichHasNoCoercion', 'attribute_name', 'source', 'type_name', 'GOBO::Node', 'params', 'HASH(0x2107348)') called at /home/graham/perls/perl-5.18.1/lib/site_perl/5.18.1/x86_64-linux/Moose/Util.pm line 50
	Moose::Util::throw_exception('CannotCoerceAttributeWhichHasNoCoercion', 'attribute_name', 'source', 'type_name', 'GOBO::Node', 'params', 'HASH(0x2107348)') called at /home/graham/perls/perl-5.18.1/lib/site_perl/5.18.1/x86_64-linux/Moose/Meta/Attribute.pm line 398
	Moose::Meta::Attribute::_process_coerce_option('Moose::Meta::Attribute', 'source', 'HASH(0x2107348)') called at /home/graham/perls/perl-5.18.1/lib/site_perl/5.18.1/x86_64-linux/Moose/Meta/Attribute.pm line 267
	Moose::Meta::Attribute::_process_options('Moose::Meta::Attribute', 'source', 'HASH(0x2107348)') called at /home/graham/perls/perl-5.18.1/lib/site_perl/5.18.1/x86_64-linux/Moose/Meta/Attribute.pm line 58
	Moose::Meta::Attribute::new('Moose::Meta::Attribute', 'source', 'coerce', 1, 'isa', 'GOBO::Node', 'definition_context', 'HASH(0x2b08d60)', 'is', 'rw') called at /home/graham/perls/perl-5.18.1/lib/site_perl/5.18.1/x86_64-linux/Moose/Meta/Attribute.pm line 106
	Moose::Meta::Attribute::interpolate_class_and_new('Moose::Meta::Attribute', 'source', 'coerce', 1, 'is', 'rw', 'definition_context', 'HASH(0x2b08d60)', 'isa', 'GOBO::Node') called at /home/graham/perls/perl-5.18.1/lib/site_perl/5.18.1/x86_64-linux/Moose/Meta/Role/Attribute.pm line 95
	Moose::Meta::Role::Attribute::attribute_for_class('Moose::Meta::Role::Attribute=HASH(0x2bc2e58)') called at /home/graham/perls/perl-5.18.1/lib/site_perl/5.18.1/x86_64-linux/Moose/Meta/Role/Application/ToClass.pm line 133
	Moose::Meta::Role::Application::ToClass::apply_attributes('Moose::Meta::Role::Application::ToClass=HASH(0x2ba2c78)', 'Moose::Meta::Role=HASH(0x2ba2f78)', 'Moose::Meta::Class=HASH(0x255ffb8)') called at /home/graham/perls/perl-5.18.1/lib/site_perl/5.18.1/x86_64-linux/Moose/Meta/Role/Application.pm line 60
	Moose::Meta::Role::Application::apply('Moose::Meta::Role::Application::ToClass=HASH(0x2ba2c78)', 'Moose::Meta::Role=HASH(0x2ba2f78)', 'Moose::Meta::Class=HASH(0x255ffb8)') called at /home/graham/perls/perl-5.18.1/lib/site_perl/5.18.1/x86_64-linux/Moose/Meta/Role/Application/ToClass.pm line 38
	Moose::Meta::Role::Application::ToClass::apply('Moose::Meta::Role::Application::ToClass=HASH(0x2ba2c78)', 'Moose::Meta::Role=HASH(0x2ba2f78)', 'Moose::Meta::Class=HASH(0x255ffb8)', 'HASH(0x2525348)') called at /home/graham/perls/perl-5.18.1/lib/site_perl/5.18.1/x86_64-linux/Moose/Meta/Role.pm line 477
	Moose::Meta::Role::apply('Moose::Meta::Role=HASH(0x2ba2f78)', 'Moose::Meta::Class=HASH(0x255ffb8)') called at /home/graham/perls/perl-5.18.1/lib/site_perl/5.18.1/x86_64-linux/Moose/Util.pm line 165
	Moose::Util::_apply_all_roles('Moose::Meta::Class=HASH(0x255ffb8)', undef, 'GOBO::Attributed') called at /home/graham/perls/perl-5.18.1/lib/site_perl/5.18.1/x86_64-linux/Moose/Util.pm line 107
	Moose::Util::apply_all_roles('Moose::Meta::Class=HASH(0x255ffb8)', 'GOBO::Attributed') called at /home/graham/perls/perl-5.18.1/lib/site_perl/5.18.1/x86_64-linux/Moose.pm line 63
	Moose::with('Moose::Meta::Class=HASH(0x255ffb8)', 'GOBO::Attributed') called at /home/graham/perls/perl-5.18.1/lib/site_perl/5.18.1/x86_64-linux/Moose/Exporter.pm line 408
	Moose::with('GOBO::Attributed') called at /home/graham/perls/caches/perl-5.18.1/build/GOBO-0.03-Oe0DCD/blib/lib/GOBO/Synonym.pm line 17
	require GOBO/Synonym.pm at /home/graham/perls/caches/perl-5.18.1/build/GOBO-0.03-Oe0DCD/blib/lib/GOBO/Labeled.pm line 23
	GOBO::Labeled::BEGIN at /home/graham/perls/caches/perl-5.18.1/build/GOBO-0.03-Oe0DCD/blib/lib/GOBO/Synonym.pm line 0
	eval {...} at /home/graham/perls/caches/perl-5.18.1/build/GOBO-0.03-Oe0DCD/blib/lib/GOBO/Synonym.pm line 0
	require GOBO/Labeled.pm at /home/graham/perls/perl-5.18.1/lib/site_perl/5.18.1/Module/Runtime.pm line 317
	Module::Runtime::require_module('GOBO::Labeled') called at /home/graham/perls/perl-5.18.1/lib/site_perl/5.18.1/Module/Runtime.pm line 348
	Module::Runtime::use_module('GOBO::Labeled', undef) called at /home/graham/perls/perl-5.18.1/lib/site_perl/5.18.1/x86_64-linux/Moose/Util.pm line 140
	Moose::Util::_apply_all_roles('Moose::Meta::Class=HASH(0x24cea70)', undef, 'GOBO::Labeled') called at /home/graham/perls/perl-5.18.1/lib/site_perl/5.18.1/x86_64-linux/Moose/Util.pm line 107
	Moose::Util::apply_all_roles('Moose::Meta::Class=HASH(0x24cea70)', 'GOBO::Labeled') called at /home/graham/perls/perl-5.18.1/lib/site_perl/5.18.1/x86_64-linux/Moose.pm line 63
	Moose::with('Moose::Meta::Class=HASH(0x24cea70)', 'GOBO::Labeled') called at /home/graham/perls/perl-5.18.1/lib/site_perl/5.18.1/x86_64-linux/Moose/Exporter.pm line 408
	Moose::with('GOBO::Labeled') called at /home/graham/perls/caches/perl-5.18.1/build/GOBO-0.03-Oe0DCD/blib/lib/GOBO/Node.pm line 6
	require GOBO/Node.pm at /home/graham/perls/perl-5.18.1/lib/site_perl/5.18.1/Module/Runtime.pm line 317
	Module::Runtime::require_module('GOBO::Node') called at /home/graham/perls/perl-5.18.1/lib/site_perl/5.18.1/Module/Runtime.pm line 383
	eval {...} at /home/graham/perls/perl-5.18.1/lib/site_perl/5.18.1/Module/Runtime.pm line 383
	Module::Runtime::use_package_optimistically('GOBO::Node', undef) called at /home/graham/perls/perl-5.18.1/lib/site_perl/5.18.1/x86_64-linux/Moose/Util.pm line 342
	Moose::Util::_load_user_class('GOBO::Node', undef) called at /home/graham/perls/perl-5.18.1/lib/site_perl/5.18.1/x86_64-linux/Moose/Meta/Class.pm line 572
	Moose::Meta::Class::superclasses(undef, 'GOBO::Node') called at /home/graham/perls/perl-5.18.1/lib/site_perl/5.18.1/x86_64-linux/Moose.pm line 59
	Moose::extends('Moose::Meta::Class=HASH(0x2369bd8)', 'GOBO::Node') called at /home/graham/perls/perl-5.18.1/lib/site_perl/5.18.1/x86_64-linux/Moose/Exporter.pm line 408
	Moose::extends('GOBO::Node') called at /home/graham/perls/caches/perl-5.18.1/build/GOBO-0.03-Oe0DCD/blib/lib/GOBO/Evidence.pm line 4
	require GOBO/Evidence.pm at /home/graham/perls/caches/perl-5.18.1/build/GOBO-0.03-Oe0DCD/blib/lib/GOBO/Annotation.pm line 5
	GOBO::Annotation::BEGIN at /home/graham/perls/caches/perl-5.18.1/build/GOBO-0.03-Oe0DCD/blib/lib/GOBO/Synonym.pm line 0
	eval {...} at /home/graham/perls/caches/perl-5.18.1/build/GOBO-0.03-Oe0DCD/blib/lib/GOBO/Synonym.pm line 0
	require GOBO/Annotation.pm at /home/graham/perls/caches/perl-5.18.1/build/GOBO-0.03-Oe0DCD/blib/lib/GOBO/Graph.pm line 55
	GOBO::Graph::BEGIN at /home/graham/perls/caches/perl-5.18.1/build/GOBO-0.03-Oe0DCD/blib/lib/GOBO/Synonym.pm line 0
	eval {...} at /home/graham/perls/caches/perl-5.18.1/build/GOBO-0.03-Oe0DCD/blib/lib/GOBO/Synonym.pm line 0
	require GOBO/Graph.pm at t/graph_creation.t line 11
	main::BEGIN at /home/graham/perls/caches/perl-5.18.1/build/GOBO-0.03-Oe0DCD/blib/lib/GOBO/Synonym.pm line 0
	eval {...} at /home/graham/perls/caches/perl-5.18.1/build/GOBO-0.03-Oe0DCD/blib/lib/GOBO/Synonym.pm line 0
Compilation failed in require at /home/graham/perls/caches/perl-5.18.1/build/GOBO-0.03-Oe0DCD/blib/lib/GOBO/Labeled.pm line 23.
BEGIN failed--compilation aborted at /home/graham/perls/caches/perl-5.18.1/build/GOBO-0.03-Oe0DCD/blib/lib/GOBO/Labeled.pm line 23.
Compilation failed in require at /home/graham/perls/perl-5.18.1/lib/site_perl/5.18.1/Module/Runtime.pm line 317.
Compilation failed in require at /home/graham/perls/perl-5.18.1/lib/site_perl/5.18.1/Module/Runtime.pm line 317.
Compilation failed in require at /home/graham/perls/caches/perl-5.18.1/build/GOBO-0.03-Oe0DCD/blib/lib/GOBO/Annotation.pm line 5.
BEGIN failed--compilation aborted at /home/graham/perls/caches/perl-5.18.1/build/GOBO-0.03-Oe0DCD/blib/lib/GOBO/Annotation.pm line 5.
Compilation failed in require at /home/graham/perls/caches/perl-5.18.1/build/GOBO-0.03-Oe0DCD/blib/lib/GOBO/Graph.pm line 55.
BEGIN failed--compilation aborted at /home/graham/perls/caches/perl-5.18.1/build/GOBO-0.03-Oe0DCD/blib/lib/GOBO/Graph.pm line 55.
Compilation failed in require at t/graph_creation.t line 11.
BEGIN failed--compilation aborted at t/graph_creation.t line 11.
t/graph_creation.t ........... 
Dubious, test returned 255 (wstat 65280, 0xff00)
No subtests run 
You cannot coerce an attribute (source) unless its type (GOBO::Node) has a coercion at /home/graham/perls/perl-5.18.1/lib/site_perl/5.18.1/x86_64-linux/Moose/Exception.pm line 38
	Moose::Exception::_build_trace('Moose::Exception::CannotCoerceAttributeWhichHasNoCoercion=HASH(0x2b33fd8)') called at reader Moose::Exception::trace (defined at /home/graham/perls/perl-5.18.1/lib/site_perl/5.18.1/x86_64-linux/Moose/Exception.pm line 12) line 7
	Moose::Exception::trace('Moose::Exception::CannotCoerceAttributeWhichHasNoCoercion=HASH(0x2b33fd8)') called at /home/graham/perls/perl-5.18.1/lib/site_perl/5.18.1/x86_64-linux/Moose/Exception.pm line 50
	Moose::Exception::BUILD('Moose::Exception::CannotCoerceAttributeWhichHasNoCoercion=HASH(0x2b33fd8)', 'HASH(0x2b33ba0)') called at /home/graham/perls/perl-5.18.1/lib/site_perl/5.18.1/x86_64-linux/Class/MOP/Method.pm line 131
	Class::MOP::Method::execute('Moose::Meta::Method=HASH(0x2be0f80)', 'Moose::Exception::CannotCoerceAttributeWhichHasNoCoercion=HASH(0x2b33fd8)', 'HASH(0x2b33ba0)') called at /home/graham/perls/perl-5.18.1/lib/site_perl/5.18.1/x86_64-linux/Moose/Object.pm line 59
	Moose::Object::BUILDALL('Moose::Exception::CannotCoerceAttributeWhichHasNoCoercion=HASH(0x2b33fd8)', 'HASH(0x2b33ba0)') called at /home/graham/perls/perl-5.18.1/lib/site_perl/5.18.1/x86_64-linux/Moose/Meta/Class.pm line 293
	Moose::Meta::Class::new_object('Moose::Meta::Class=HASH(0x2b325a8)', 'HASH(0x2b33ba0)') called at /home/graham/perls/perl-5.18.1/lib/site_perl/5.18.1/x86_64-linux/Moose/Object.pm line 30
	Moose::Object::new('Moose::Exception::CannotCoerceAttributeWhichHasNoCoercion', 'attribute_name', 'source', 'type_name', 'GOBO::Node', 'params', 'HASH(0x2075508)') called at /home/graham/perls/perl-5.18.1/lib/site_perl/5.18.1/x86_64-linux/Moose/Util.pm line 50
	Moose::Util::throw_exception('CannotCoerceAttributeWhichHasNoCoercion', 'attribute_name', 'source', 'type_name', 'GOBO::Node', 'params', 'HASH(0x2075508)') called at /home/graham/perls/perl-5.18.1/lib/site_perl/5.18.1/x86_64-linux/Moose/Meta/Attribute.pm line 398
	Moose::Meta::Attribute::_process_coerce_option('Moose::Meta::Attribute', 'source', 'HASH(0x2075508)') called at /home/graham/perls/perl-5.18.1/lib/site_perl/5.18.1/x86_64-linux/Moose/Meta/Attribute.pm line 267
	Moose::Meta::Attribute::_process_options('Moose::Meta::Attribute', 'source', 'HASH(0x2075508)') called at /home/graham/perls/perl-5.18.1/lib/site_perl/5.18.1/x86_64-linux/Moose/Meta/Attribute.pm line 58
	Moose::Meta::Attribute::new('Moose::Meta::Attribute', 'source', 'is', 'rw', 'coerce', 1, 'isa', 'GOBO::Node', 'definition_context', 'HASH(0x2a655c0)') called at /home/graham/perls/perl-5.18.1/lib/site_perl/5.18.1/x86_64-linux/Moose/Meta/Attribute.pm line 106
	Moose::Meta::Attribute::interpolate_class_and_new('Moose::Meta::Attribute', 'source', 'coerce', 1, 'is', 'rw', 'isa', 'GOBO::Node', 'definition_context', 'HASH(0x2a655c0)') called at /home/graham/perls/perl-5.18.1/lib/site_perl/5.18.1/x86_64-linux/Moose/Meta/Role/Attribute.pm line 95
	Moose::Meta::Role::Attribute::attribute_for_class('Moose::Meta::Role::Attribute=HASH(0x24d9438)') called at /home/graham/perls/perl-5.18.1/lib/site_perl/5.18.1/x86_64-linux/Moose/Meta/Role/Application/ToClass.pm line 133
	Moose::Meta::Role::Application::ToClass::apply_attributes('Moose::Meta::Role::Application::ToClass=HASH(0x2b0bfe0)', 'Moose::Meta::Role=HASH(0x2b12668)', 'Moose::Meta::Class=HASH(0x2456888)') called at /home/graham/perls/perl-5.18.1/lib/site_perl/5.18.1/x86_64-linux/Moose/Meta/Role/Application.pm line 60
	Moose::Meta::Role::Application::apply('Moose::Meta::Role::Application::ToClass=HASH(0x2b0bfe0)', 'Moose::Meta::Role=HASH(0x2b12668)', 'Moose::Meta::Class=HASH(0x2456888)') called at /home/graham/perls/perl-5.18.1/lib/site_perl/5.18.1/x86_64-linux/Moose/Meta/Role/Application/ToClass.pm line 38
	Moose::Meta::Role::Application::ToClass::apply('Moose::Meta::Role::Application::ToClass=HASH(0x2b0bfe0)', 'Moose::Meta::Role=HASH(0x2b12668)', 'Moose::Meta::Class=HASH(0x2456888)', 'HASH(0x2452c28)') called at /home/graham/perls/perl-5.18.1/lib/site_perl/5.18.1/x86_64-linux/Moose/Meta/Role.pm line 477
	Moose::Meta::Role::apply('Moose::Meta::Role=HASH(0x2b12668)', 'Moose::Meta::Class=HASH(0x2456888)') called at /home/graham/perls/perl-5.18.1/lib/site_perl/5.18.1/x86_64-linux/Moose/Util.pm line 165
	Moose::Util::_apply_all_roles('Moose::Meta::Class=HASH(0x2456888)', undef, 'GOBO::Attributed') called at /home/graham/perls/perl-5.18.1/lib/site_perl/5.18.1/x86_64-linux/Moose/Util.pm line 107
	Moose::Util::apply_all_roles('Moose::Meta::Class=HASH(0x2456888)', 'GOBO::Attributed') called at /home/graham/perls/perl-5.18.1/lib/site_perl/5.18.1/x86_64-linux/Moose.pm line 63
	Moose::with('Moose::Meta::Class=HASH(0x2456888)', 'GOBO::Attributed') called at /home/graham/perls/perl-5.18.1/lib/site_perl/5.18.1/x86_64-linux/Moose/Exporter.pm line 408
	Moose::with('GOBO::Attributed') called at /home/graham/perls/caches/perl-5.18.1/build/GOBO-0.03-Oe0DCD/blib/lib/GOBO/Synonym.pm line 17
	require GOBO/Synonym.pm at /home/graham/perls/caches/perl-5.18.1/build/GOBO-0.03-Oe0DCD/blib/lib/GOBO/Labeled.pm line 23
	GOBO::Labeled::BEGIN at /home/graham/perls/caches/perl-5.18.1/build/GOBO-0.03-Oe0DCD/blib/lib/GOBO/Synonym.pm line 0
	eval {...} at /home/graham/perls/caches/perl-5.18.1/build/GOBO-0.03-Oe0DCD/blib/lib/GOBO/Synonym.pm line 0
	require GOBO/Labeled.pm at /home/graham/perls/perl-5.18.1/lib/site_perl/5.18.1/Module/Runtime.pm line 317
	Module::Runtime::require_module('GOBO::Labeled') called at /home/graham/perls/perl-5.18.1/lib/site_perl/5.18.1/Module/Runtime.pm line 348
	Module::Runtime::use_module('GOBO::Labeled', undef) called at /home/graham/perls/perl-5.18.1/lib/site_perl/5.18.1/x86_64-linux/Moose/Util.pm line 140
	Moose::Util::_apply_all_roles('Moose::Meta::Class=HASH(0x242c700)', undef, 'GOBO::Labeled') called at /home/graham/perls/perl-5.18.1/lib/site_perl/5.18.1/x86_64-linux/Moose/Util.pm line 107
	Moose::Util::apply_all_roles('Moose::Meta::Class=HASH(0x242c700)', 'GOBO::Labeled') called at /home/graham/perls/perl-5.18.1/lib/site_perl/5.18.1/x86_64-linux/Moose.pm line 63
	Moose::with('Moose::Meta::Class=HASH(0x242c700)', 'GOBO::Labeled') called at /home/graham/perls/perl-5.18.1/lib/site_perl/5.18.1/x86_64-linux/Moose/Exporter.pm line 408
	Moose::with('GOBO::Labeled') called at /home/graham/perls/caches/perl-5.18.1/build/GOBO-0.03-Oe0DCD/blib/lib/GOBO/Node.pm line 6
	require GOBO/Node.pm at /home/graham/perls/perl-5.18.1/lib/site_perl/5.18.1/Module/Runtime.pm line 317
	Module::Runtime::require_module('GOBO::Node') called at /home/graham/perls/perl-5.18.1/lib/site_perl/5.18.1/Module/Runtime.pm line 383
	eval {...} at /home/graham/perls/perl-5.18.1/lib/site_perl/5.18.1/Module/Runtime.pm line 383
	Module::Runtime::use_package_optimistically('GOBO::Node', undef) called at /home/graham/perls/perl-5.18.1/lib/site_perl/5.18.1/x86_64-linux/Moose/Util.pm line 342
	Moose::Util::_load_user_class('GOBO::Node', undef) called at /home/graham/perls/perl-5.18.1/lib/site_perl/5.18.1/x86_64-linux/Moose/Meta/Class.pm line 572
	Moose::Meta::Class::superclasses(undef, 'GOBO::Node') called at /home/graham/perls/perl-5.18.1/lib/site_perl/5.18.1/x86_64-linux/Moose.pm line 59
	Moose::extends('Moose::Meta::Class=HASH(0x2410f40)', 'GOBO::Node') called at /home/graham/perls/perl-5.18.1/lib/site_perl/5.18.1/x86_64-linux/Moose/Exporter.pm line 408
	Moose::extends('GOBO::Node') called at /home/graham/perls/caches/perl-5.18.1/build/GOBO-0.03-Oe0DCD/blib/lib/GOBO/Evidence.pm line 4
	require GOBO/Evidence.pm at /home/graham/perls/caches/perl-5.18.1/build/GOBO-0.03-Oe0DCD/blib/lib/GOBO/Annotation.pm line 5
	GOBO::Annotation::BEGIN at /home/graham/perls/caches/perl-5.18.1/build/GOBO-0.03-Oe0DCD/blib/lib/GOBO/Synonym.pm line 0
	eval {...} at /home/graham/perls/caches/perl-5.18.1/build/GOBO-0.03-Oe0DCD/blib/lib/GOBO/Synonym.pm line 0
	require GOBO/Annotation.pm at /home/graham/perls/caches/perl-5.18.1/build/GOBO-0.03-Oe0DCD/blib/lib/GOBO/Graph.pm line 55
	GOBO::Graph::BEGIN at /home/graham/perls/caches/perl-5.18.1/build/GOBO-0.03-Oe0DCD/blib/lib/GOBO/Synonym.pm line 0
	eval {...} at /home/graham/perls/caches/perl-5.18.1/build/GOBO-0.03-Oe0DCD/blib/lib/GOBO/Synonym.pm line 0
	require GOBO/Graph.pm at t/inference_engine_test.t line 4
	main::BEGIN at /home/graham/perls/caches/perl-5.18.1/build/GOBO-0.03-Oe0DCD/blib/lib/GOBO/Synonym.pm line 0
	eval {...} at /home/graham/perls/caches/perl-5.18.1/build/GOBO-0.03-Oe0DCD/blib/lib/GOBO/Synonym.pm line 0
Compilation failed in require at /home/graham/perls/caches/perl-5.18.1/build/GOBO-0.03-Oe0DCD/blib/lib/GOBO/Labeled.pm line 23.
BEGIN failed--compilation aborted at /home/graham/perls/caches/perl-5.18.1/build/GOBO-0.03-Oe0DCD/blib/lib/GOBO/Labeled.pm line 23.
Compilation failed in require at /home/graham/perls/perl-5.18.1/lib/site_perl/5.18.1/Module/Runtime.pm line 317.
Compilation failed in require at /home/graham/perls/perl-5.18.1/lib/site_perl/5.18.1/Module/Runtime.pm line 317.
Compilation failed in require at /home/graham/perls/caches/perl-5.18.1/build/GOBO-0.03-Oe0DCD/blib/lib/GOBO/Annotation.pm line 5.
BEGIN failed--compilation aborted at /home/graham/perls/caches/perl-5.18.1/build/GOBO-0.03-Oe0DCD/blib/lib/GOBO/Annotation.pm line 5.
Compilation failed in require at /home/graham/perls/caches/perl-5.18.1/build/GOBO-0.03-Oe0DCD/blib/lib/GOBO/Graph.pm line 55.
BEGIN failed--compilation aborted at /home/graham/perls/caches/perl-5.18.1/build/GOBO-0.03-Oe0DCD/blib/lib/GOBO/Graph.pm line 55.
Compilation failed in require at t/inference_engine_test.t line 4.
BEGIN failed--compilation aborted at t/inference_engine_test.t line 4.
t/inference_engine_test.t .... 
Dubious, test returned 255 (wstat 65280, 0xff00)
No subtests run 
You cannot coerce an attribute (source) unless its type (GOBO::Node) has a coercion at /home/graham/perls/perl-5.18.1/lib/site_perl/5.18.1/x86_64-linux/Moose/Exception.pm line 38
	Moose::Exception::_build_trace('Moose::Exception::CannotCoerceAttributeWhichHasNoCoercion=HASH(0x216c2f8)') called at reader Moose::Exception::trace (defined at /home/graham/perls/perl-5.18.1/lib/site_perl/5.18.1/x86_64-linux/Moose/Exception.pm line 12) line 7
	Moose::Exception::trace('Moose::Exception::CannotCoerceAttributeWhichHasNoCoercion=HASH(0x216c2f8)') called at /home/graham/perls/perl-5.18.1/lib/site_perl/5.18.1/x86_64-linux/Moose/Exception.pm line 50
	Moose::Exception::BUILD('Moose::Exception::CannotCoerceAttributeWhichHasNoCoercion=HASH(0x216c2f8)', 'HASH(0x2169a40)') called at /home/graham/perls/perl-5.18.1/lib/site_perl/5.18.1/x86_64-linux/Class/MOP/Method.pm line 131
	Class::MOP::Method::execute('Moose::Meta::Method=HASH(0x2222ad0)', 'Moose::Exception::CannotCoerceAttributeWhichHasNoCoercion=HASH(0x216c2f8)', 'HASH(0x2169a40)') called at /home/graham/perls/perl-5.18.1/lib/site_perl/5.18.1/x86_64-linux/Moose/Object.pm line 59
	Moose::Object::BUILDALL('Moose::Exception::CannotCoerceAttributeWhichHasNoCoercion=HASH(0x216c2f8)', 'HASH(0x2169a40)') called at /home/graham/perls/perl-5.18.1/lib/site_perl/5.18.1/x86_64-linux/Moose/Meta/Class.pm line 293
	Moose::Meta::Class::new_object('Moose::Meta::Class=HASH(0x2166158)', 'HASH(0x2169a40)') called at /home/graham/perls/perl-5.18.1/lib/site_perl/5.18.1/x86_64-linux/Moose/Object.pm line 30
	Moose::Object::new('Moose::Exception::CannotCoerceAttributeWhichHasNoCoercion', 'attribute_name', 'source', 'type_name', 'GOBO::Node', 'params', 'HASH(0x1644df0)') called at /home/graham/perls/perl-5.18.1/lib/site_perl/5.18.1/x86_64-linux/Moose/Util.pm line 50
	Moose::Util::throw_exception('CannotCoerceAttributeWhichHasNoCoercion', 'attribute_name', 'source', 'type_name', 'GOBO::Node', 'params', 'HASH(0x1644df0)') called at /home/graham/perls/perl-5.18.1/lib/site_perl/5.18.1/x86_64-linux/Moose/Meta/Attribute.pm line 398
	Moose::Meta::Attribute::_process_coerce_option('Moose::Meta::Attribute', 'source', 'HASH(0x1644df0)') called at /home/graham/perls/perl-5.18.1/lib/site_perl/5.18.1/x86_64-linux/Moose/Meta/Attribute.pm line 267
	Moose::Meta::Attribute::_process_options('Moose::Meta::Attribute', 'source', 'HASH(0x1644df0)') called at /home/graham/perls/perl-5.18.1/lib/site_perl/5.18.1/x86_64-linux/Moose/Meta/Attribute.pm line 58
	Moose::Meta::Attribute::new('Moose::Meta::Attribute', 'source', 'definition_context', 'HASH(0x2097008)', 'coerce', 1, 'isa', 'GOBO::Node', 'is', 'rw') called at /home/graham/perls/perl-5.18.1/lib/site_perl/5.18.1/x86_64-linux/Moose/Meta/Attribute.pm line 106
	Moose::Meta::Attribute::interpolate_class_and_new('Moose::Meta::Attribute', 'source', 'coerce', 1, 'isa', 'GOBO::Node', 'is', 'rw', 'definition_context', 'HASH(0x2097008)') called at /home/graham/perls/perl-5.18.1/lib/site_perl/5.18.1/x86_64-linux/Moose/Meta/Role/Attribute.pm line 95
	Moose::Meta::Role::Attribute::attribute_for_class('Moose::Meta::Role::Attribute=HASH(0x1b0b0b8)') called at /home/graham/perls/perl-5.18.1/lib/site_perl/5.18.1/x86_64-linux/Moose/Meta/Role/Application/ToClass.pm line 133
	Moose::Meta::Role::Application::ToClass::apply_attributes('Moose::Meta::Role::Application::ToClass=HASH(0x213d8d0)', 'Moose::Meta::Role=HASH(0x21443f8)', 'Moose::Meta::Class=HASH(0x1ae2a58)') called at /home/graham/perls/perl-5.18.1/lib/site_perl/5.18.1/x86_64-linux/Moose/Meta/Role/Application.pm line 60
	Moose::Meta::Role::Application::apply('Moose::Meta::Role::Application::ToClass=HASH(0x213d8d0)', 'Moose::Meta::Role=HASH(0x21443f8)', 'Moose::Meta::Class=HASH(0x1ae2a58)') called at /home/graham/perls/perl-5.18.1/lib/site_perl/5.18.1/x86_64-linux/Moose/Meta/Role/Application/ToClass.pm line 38
	Moose::Meta::Role::Application::ToClass::apply('Moose::Meta::Role::Application::ToClass=HASH(0x213d8d0)', 'Moose::Meta::Role=HASH(0x21443f8)', 'Moose::Meta::Class=HASH(0x1ae2a58)', 'HASH(0x1a848f8)') called at /home/graham/perls/perl-5.18.1/lib/site_perl/5.18.1/x86_64-linux/Moose/Meta/Role.pm line 477
	Moose::Meta::Role::apply('Moose::Meta::Role=HASH(0x21443f8)', 'Moose::Meta::Class=HASH(0x1ae2a58)') called at /home/graham/perls/perl-5.18.1/lib/site_perl/5.18.1/x86_64-linux/Moose/Util.pm line 165
	Moose::Util::_apply_all_roles('Moose::Meta::Class=HASH(0x1ae2a58)', undef, 'GOBO::Attributed') called at /home/graham/perls/perl-5.18.1/lib/site_perl/5.18.1/x86_64-linux/Moose/Util.pm line 107
	Moose::Util::apply_all_roles('Moose::Meta::Class=HASH(0x1ae2a58)', 'GOBO::Attributed') called at /home/graham/perls/perl-5.18.1/lib/site_perl/5.18.1/x86_64-linux/Moose.pm line 63
	Moose::with('Moose::Meta::Class=HASH(0x1ae2a58)', 'GOBO::Attributed') called at /home/graham/perls/perl-5.18.1/lib/site_perl/5.18.1/x86_64-linux/Moose/Exporter.pm line 408
	Moose::with('GOBO::Attributed') called at /home/graham/perls/caches/perl-5.18.1/build/GOBO-0.03-Oe0DCD/blib/lib/GOBO/Synonym.pm line 17
	require GOBO/Synonym.pm at /home/graham/perls/caches/perl-5.18.1/build/GOBO-0.03-Oe0DCD/blib/lib/GOBO/Labeled.pm line 23
	GOBO::Labeled::BEGIN at /home/graham/perls/caches/perl-5.18.1/build/GOBO-0.03-Oe0DCD/blib/lib/GOBO/Synonym.pm line 0
	eval {...} at /home/graham/perls/caches/perl-5.18.1/build/GOBO-0.03-Oe0DCD/blib/lib/GOBO/Synonym.pm line 0
	require GOBO/Labeled.pm at /home/graham/perls/perl-5.18.1/lib/site_perl/5.18.1/Module/Runtime.pm line 317
	Module::Runtime::require_module('GOBO::Labeled') called at /home/graham/perls/perl-5.18.1/lib/site_perl/5.18.1/Module/Runtime.pm line 348
	Module::Runtime::use_module('GOBO::Labeled', undef) called at /home/graham/perls/perl-5.18.1/lib/site_perl/5.18.1/x86_64-linux/Moose/Util.pm line 140
	Moose::Util::_apply_all_roles('Moose::Meta::Class=HASH(0x1a5ef10)', undef, 'GOBO::Labeled') called at /home/graham/perls/perl-5.18.1/lib/site_perl/5.18.1/x86_64-linux/Moose/Util.pm line 107
	Moose::Util::apply_all_roles('Moose::Meta::Class=HASH(0x1a5ef10)', 'GOBO::Labeled') called at /home/graham/perls/perl-5.18.1/lib/site_perl/5.18.1/x86_64-linux/Moose.pm line 63
	Moose::with('Moose::Meta::Class=HASH(0x1a5ef10)', 'GOBO::Labeled') called at /home/graham/perls/perl-5.18.1/lib/site_perl/5.18.1/x86_64-linux/Moose/Exporter.pm line 408
	Moose::with('GOBO::Labeled') called at /home/graham/perls/caches/perl-5.18.1/build/GOBO-0.03-Oe0DCD/blib/lib/GOBO/Node.pm line 6
	require GOBO/Node.pm at /home/graham/perls/perl-5.18.1/lib/site_perl/5.18.1/Module/Runtime.pm line 317
	Module::Runtime::require_module('GOBO::Node') called at /home/graham/perls/perl-5.18.1/lib/site_perl/5.18.1/Module/Runtime.pm line 383
	eval {...} at /home/graham/perls/perl-5.18.1/lib/site_perl/5.18.1/Module/Runtime.pm line 383
	Module::Runtime::use_package_optimistically('GOBO::Node', undef) called at /home/graham/perls/perl-5.18.1/lib/site_perl/5.18.1/x86_64-linux/Moose/Util.pm line 342
	Moose::Util::_load_user_class('GOBO::Node', undef) called at /home/graham/perls/perl-5.18.1/lib/site_perl/5.18.1/x86_64-linux/Moose/Meta/Class.pm line 572
	Moose::Meta::Class::superclasses(undef, 'GOBO::Node') called at /home/graham/perls/perl-5.18.1/lib/site_perl/5.18.1/x86_64-linux/Moose.pm line 59
	Moose::extends('Moose::Meta::Class=HASH(0x1a424e0)', 'GOBO::Node') called at /home/graham/perls/perl-5.18.1/lib/site_perl/5.18.1/x86_64-linux/Moose/Exporter.pm line 408
	Moose::extends('GOBO::Node') called at /home/graham/perls/caches/perl-5.18.1/build/GOBO-0.03-Oe0DCD/blib/lib/GOBO/Evidence.pm line 4
	require GOBO/Evidence.pm at /home/graham/perls/caches/perl-5.18.1/build/GOBO-0.03-Oe0DCD/blib/lib/GOBO/Annotation.pm line 5
	GOBO::Annotation::BEGIN at /home/graham/perls/caches/perl-5.18.1/build/GOBO-0.03-Oe0DCD/blib/lib/GOBO/Synonym.pm line 0
	eval {...} at /home/graham/perls/caches/perl-5.18.1/build/GOBO-0.03-Oe0DCD/blib/lib/GOBO/Synonym.pm line 0
	require GOBO/Annotation.pm at /home/graham/perls/caches/perl-5.18.1/build/GOBO-0.03-Oe0DCD/blib/lib/GOBO/Graph.pm line 55
	GOBO::Graph::BEGIN at /home/graham/perls/caches/perl-5.18.1/build/GOBO-0.03-Oe0DCD/blib/lib/GOBO/Synonym.pm line 0
	eval {...} at /home/graham/perls/caches/perl-5.18.1/build/GOBO-0.03-Oe0DCD/blib/lib/GOBO/Synonym.pm line 0
	require GOBO/Graph.pm at t/logical_definition_test.t line 4
	main::BEGIN at /home/graham/perls/caches/perl-5.18.1/build/GOBO-0.03-Oe0DCD/blib/lib/GOBO/Synonym.pm line 0
	eval {...} at /home/graham/perls/caches/perl-5.18.1/build/GOBO-0.03-Oe0DCD/blib/lib/GOBO/Synonym.pm line 0
Compilation failed in require at /home/graham/perls/caches/perl-5.18.1/build/GOBO-0.03-Oe0DCD/blib/lib/GOBO/Labeled.pm line 23.
BEGIN failed--compilation aborted at /home/graham/perls/caches/perl-5.18.1/build/GOBO-0.03-Oe0DCD/blib/lib/GOBO/Labeled.pm line 23.
Compilation failed in require at /home/graham/perls/perl-5.18.1/lib/site_perl/5.18.1/Module/Runtime.pm line 317.
Compilation failed in require at /home/graham/perls/perl-5.18.1/lib/site_perl/5.18.1/Module/Runtime.pm line 317.
Compilation failed in require at /home/graham/perls/caches/perl-5.18.1/build/GOBO-0.03-Oe0DCD/blib/lib/GOBO/Annotation.pm line 5.
BEGIN failed--compilation aborted at /home/graham/perls/caches/perl-5.18.1/build/GOBO-0.03-Oe0DCD/blib/lib/GOBO/Annotation.pm line 5.
Compilation failed in require at /home/graham/perls/caches/perl-5.18.1/build/GOBO-0.03-Oe0DCD/blib/lib/GOBO/Graph.pm line 55.
BEGIN failed--compilation aborted at /home/graham/perls/caches/perl-5.18.1/build/GOBO-0.03-Oe0DCD/blib/lib/GOBO/Graph.pm line 55.
Compilation failed in require at t/logical_definition_test.t line 4.
BEGIN failed--compilation aborted at t/logical_definition_test.t line 4.
t/logical_definition_test.t .. 
Dubious, test returned 255 (wstat 65280, 0xff00)
No subtests run 
You cannot coerce an attribute (source) unless its type (GOBO::Node) has a coercion at /home/graham/perls/perl-5.18.1/lib/site_perl/5.18.1/x86_64-linux/Moose/Exception.pm line 38
	Moose::Exception::_build_trace('Moose::Exception::CannotCoerceAttributeWhichHasNoCoercion=HASH(0x1d3b1e8)') called at reader Moose::Exception::trace (defined at /home/graham/perls/perl-5.18.1/lib/site_perl/5.18.1/x86_64-linux/Moose/Exception.pm line 12) line 7
	Moose::Exception::trace('Moose::Exception::CannotCoerceAttributeWhichHasNoCoercion=HASH(0x1d3b1e8)') called at /home/graham/perls/perl-5.18.1/lib/site_perl/5.18.1/x86_64-linux/Moose/Exception.pm line 50
	Moose::Exception::BUILD('Moose::Exception::CannotCoerceAttributeWhichHasNoCoercion=HASH(0x1d3b1e8)', 'HASH(0x1d10700)') called at /home/graham/perls/perl-5.18.1/lib/site_perl/5.18.1/x86_64-linux/Class/MOP/Method.pm line 131
	Class::MOP::Method::execute('Moose::Meta::Method=HASH(0x17533b8)', 'Moose::Exception::CannotCoerceAttributeWhichHasNoCoercion=HASH(0x1d3b1e8)', 'HASH(0x1d10700)') called at /home/graham/perls/perl-5.18.1/lib/site_perl/5.18.1/x86_64-linux/Moose/Object.pm line 59
	Moose::Object::BUILDALL('Moose::Exception::CannotCoerceAttributeWhichHasNoCoercion=HASH(0x1d3b1e8)', 'HASH(0x1d10700)') called at /home/graham/perls/perl-5.18.1/lib/site_perl/5.18.1/x86_64-linux/Moose/Meta/Class.pm line 293
	Moose::Meta::Class::new_object('Moose::Meta::Class=HASH(0x1d3b950)', 'HASH(0x1d10700)') called at /home/graham/perls/perl-5.18.1/lib/site_perl/5.18.1/x86_64-linux/Moose/Object.pm line 30
	Moose::Object::new('Moose::Exception::CannotCoerceAttributeWhichHasNoCoercion', 'attribute_name', 'source', 'type_name', 'GOBO::Node', 'params', 'HASH(0x1234ae0)') called at /home/graham/perls/perl-5.18.1/lib/site_perl/5.18.1/x86_64-linux/Moose/Util.pm line 50
	Moose::Util::throw_exception('CannotCoerceAttributeWhichHasNoCoercion', 'attribute_name', 'source', 'type_name', 'GOBO::Node', 'params', 'HASH(0x1234ae0)') called at /home/graham/perls/perl-5.18.1/lib/site_perl/5.18.1/x86_64-linux/Moose/Meta/Attribute.pm line 398
	Moose::Meta::Attribute::_process_coerce_option('Moose::Meta::Attribute', 'source', 'HASH(0x1234ae0)') called at /home/graham/perls/perl-5.18.1/lib/site_perl/5.18.1/x86_64-linux/Moose/Meta/Attribute.pm line 267
	Moose::Meta::Attribute::_process_options('Moose::Meta::Attribute', 'source', 'HASH(0x1234ae0)') called at /home/graham/perls/perl-5.18.1/lib/site_perl/5.18.1/x86_64-linux/Moose/Meta/Attribute.pm line 58
	Moose::Meta::Attribute::new('Moose::Meta::Attribute', 'source', 'coerce', 1, 'is', 'rw', 'definition_context', 'HASH(0x1c63070)', 'isa', 'GOBO::Node') called at /home/graham/perls/perl-5.18.1/lib/site_perl/5.18.1/x86_64-linux/Moose/Meta/Attribute.pm line 106
	Moose::Meta::Attribute::interpolate_class_and_new('Moose::Meta::Attribute', 'source', 'is', 'rw', 'coerce', 1, 'isa', 'GOBO::Node', 'definition_context', 'HASH(0x1c63070)') called at /home/graham/perls/perl-5.18.1/lib/site_perl/5.18.1/x86_64-linux/Moose/Meta/Role/Attribute.pm line 95
	Moose::Meta::Role::Attribute::attribute_for_class('Moose::Meta::Role::Attribute=HASH(0x16db420)') called at /home/graham/perls/perl-5.18.1/lib/site_perl/5.18.1/x86_64-linux/Moose/Meta/Role/Application/ToClass.pm line 133
	Moose::Meta::Role::Application::ToClass::apply_attributes('Moose::Meta::Role::Application::ToClass=HASH(0x1d11228)', 'Moose::Meta::Role=HASH(0x1d17c18)', 'Moose::Meta::Class=HASH(0x16b4eb0)') called at /home/graham/perls/perl-5.18.1/lib/site_perl/5.18.1/x86_64-linux/Moose/Meta/Role/Application.pm line 60
	Moose::Meta::Role::Application::apply('Moose::Meta::Role::Application::ToClass=HASH(0x1d11228)', 'Moose::Meta::Role=HASH(0x1d17c18)', 'Moose::Meta::Class=HASH(0x16b4eb0)') called at /home/graham/perls/perl-5.18.1/lib/site_perl/5.18.1/x86_64-linux/Moose/Meta/Role/Application/ToClass.pm line 38
	Moose::Meta::Role::Application::ToClass::apply('Moose::Meta::Role::Application::ToClass=HASH(0x1d11228)', 'Moose::Meta::Role=HASH(0x1d17c18)', 'Moose::Meta::Class=HASH(0x16b4eb0)', 'HASH(0x1686680)') called at /home/graham/perls/perl-5.18.1/lib/site_perl/5.18.1/x86_64-linux/Moose/Meta/Role.pm line 477
	Moose::Meta::Role::apply('Moose::Meta::Role=HASH(0x1d17c18)', 'Moose::Meta::Class=HASH(0x16b4eb0)') called at /home/graham/perls/perl-5.18.1/lib/site_perl/5.18.1/x86_64-linux/Moose/Util.pm line 165
	Moose::Util::_apply_all_roles('Moose::Meta::Class=HASH(0x16b4eb0)', undef, 'GOBO::Attributed') called at /home/graham/perls/perl-5.18.1/lib/site_perl/5.18.1/x86_64-linux/Moose/Util.pm line 107
	Moose::Util::apply_all_roles('Moose::Meta::Class=HASH(0x16b4eb0)', 'GOBO::Attributed') called at /home/graham/perls/perl-5.18.1/lib/site_perl/5.18.1/x86_64-linux/Moose.pm line 63
	Moose::with('Moose::Meta::Class=HASH(0x16b4eb0)', 'GOBO::Attributed') called at /home/graham/perls/perl-5.18.1/lib/site_perl/5.18.1/x86_64-linux/Moose/Exporter.pm line 408
	Moose::with('GOBO::Attributed') called at /home/graham/perls/caches/perl-5.18.1/build/GOBO-0.03-Oe0DCD/blib/lib/GOBO/Synonym.pm line 17
	require GOBO/Synonym.pm at /home/graham/perls/caches/perl-5.18.1/build/GOBO-0.03-Oe0DCD/blib/lib/GOBO/Labeled.pm line 23
	GOBO::Labeled::BEGIN at /home/graham/perls/caches/perl-5.18.1/build/GOBO-0.03-Oe0DCD/blib/lib/GOBO/Synonym.pm line 0
	eval {...} at /home/graham/perls/caches/perl-5.18.1/build/GOBO-0.03-Oe0DCD/blib/lib/GOBO/Synonym.pm line 0
	require GOBO/Labeled.pm at /home/graham/perls/perl-5.18.1/lib/site_perl/5.18.1/Module/Runtime.pm line 317
	Module::Runtime::require_module('GOBO::Labeled') called at /home/graham/perls/perl-5.18.1/lib/site_perl/5.18.1/Module/Runtime.pm line 348
	Module::Runtime::use_module('GOBO::Labeled', undef) called at /home/graham/perls/perl-5.18.1/lib/site_perl/5.18.1/x86_64-linux/Moose/Util.pm line 140
	Moose::Util::_apply_all_roles('Moose::Meta::Class=HASH(0x162f510)', undef, 'GOBO::Labeled') called at /home/graham/perls/perl-5.18.1/lib/site_perl/5.18.1/x86_64-linux/Moose/Util.pm line 107
	Moose::Util::apply_all_roles('Moose::Meta::Class=HASH(0x162f510)', 'GOBO::Labeled') called at /home/graham/perls/perl-5.18.1/lib/site_perl/5.18.1/x86_64-linux/Moose.pm line 63
	Moose::with('Moose::Meta::Class=HASH(0x162f510)', 'GOBO::Labeled') called at /home/graham/perls/perl-5.18.1/lib/site_perl/5.18.1/x86_64-linux/Moose/Exporter.pm line 408
	Moose::with('GOBO::Labeled') called at /home/graham/perls/caches/perl-5.18.1/build/GOBO-0.03-Oe0DCD/blib/lib/GOBO/Node.pm line 6
	require GOBO/Node.pm at /home/graham/perls/perl-5.18.1/lib/site_perl/5.18.1/Module/Runtime.pm line 317
	Module::Runtime::require_module('GOBO::Node') called at /home/graham/perls/perl-5.18.1/lib/site_perl/5.18.1/Module/Runtime.pm line 383
	eval {...} at /home/graham/perls/perl-5.18.1/lib/site_perl/5.18.1/Module/Runtime.pm line 383
	Module::Runtime::use_package_optimistically('GOBO::Node', undef) called at /home/graham/perls/perl-5.18.1/lib/site_perl/5.18.1/x86_64-linux/Moose/Util.pm line 342
	Moose::Util::_load_user_class('GOBO::Node', undef) called at /home/graham/perls/perl-5.18.1/lib/site_perl/5.18.1/x86_64-linux/Moose/Meta/Class.pm line 572
	Moose::Meta::Class::superclasses(undef, 'GOBO::Node') called at /home/graham/perls/perl-5.18.1/lib/site_perl/5.18.1/x86_64-linux/Moose.pm line 59
	Moose::extends('Moose::Meta::Class=HASH(0x160f870)', 'GOBO::Node') called at /home/graham/perls/perl-5.18.1/lib/site_perl/5.18.1/x86_64-linux/Moose/Exporter.pm line 408
	Moose::extends('GOBO::Node') called at /home/graham/perls/caches/perl-5.18.1/build/GOBO-0.03-Oe0DCD/blib/lib/GOBO/Evidence.pm line 4
	require GOBO/Evidence.pm at /home/graham/perls/caches/perl-5.18.1/build/GOBO-0.03-Oe0DCD/blib/lib/GOBO/Annotation.pm line 5
	GOBO::Annotation::BEGIN at /home/graham/perls/caches/perl-5.18.1/build/GOBO-0.03-Oe0DCD/blib/lib/GOBO/Synonym.pm line 0
	eval {...} at /home/graham/perls/caches/perl-5.18.1/build/GOBO-0.03-Oe0DCD/blib/lib/GOBO/Synonym.pm line 0
	require GOBO/Annotation.pm at /home/graham/perls/caches/perl-5.18.1/build/GOBO-0.03-Oe0DCD/blib/lib/GOBO/Graph.pm line 55
	GOBO::Graph::BEGIN at /home/graham/perls/caches/perl-5.18.1/build/GOBO-0.03-Oe0DCD/blib/lib/GOBO/Synonym.pm line 0
	eval {...} at /home/graham/perls/caches/perl-5.18.1/build/GOBO-0.03-Oe0DCD/blib/lib/GOBO/Synonym.pm line 0
	require GOBO/Graph.pm at t/node_removal.t line 8
	main::BEGIN at /home/graham/perls/caches/perl-5.18.1/build/GOBO-0.03-Oe0DCD/blib/lib/GOBO/Synonym.pm line 0
	eval {...} at /home/graham/perls/caches/perl-5.18.1/build/GOBO-0.03-Oe0DCD/blib/lib/GOBO/Synonym.pm line 0
Compilation failed in require at /home/graham/perls/caches/perl-5.18.1/build/GOBO-0.03-Oe0DCD/blib/lib/GOBO/Labeled.pm line 23.
BEGIN failed--compilation aborted at /home/graham/perls/caches/perl-5.18.1/build/GOBO-0.03-Oe0DCD/blib/lib/GOBO/Labeled.pm line 23.
Compilation failed in require at /home/graham/perls/perl-5.18.1/lib/site_perl/5.18.1/Module/Runtime.pm line 317.
Compilation failed in require at /home/graham/perls/perl-5.18.1/lib/site_perl/5.18.1/Module/Runtime.pm line 317.
Compilation failed in require at /home/graham/perls/caches/perl-5.18.1/build/GOBO-0.03-Oe0DCD/blib/lib/GOBO/Annotation.pm line 5.
BEGIN failed--compilation aborted at /home/graham/perls/caches/perl-5.18.1/build/GOBO-0.03-Oe0DCD/blib/lib/GOBO/Annotation.pm line 5.
Compilation failed in require at /home/graham/perls/caches/perl-5.18.1/build/GOBO-0.03-Oe0DCD/blib/lib/GOBO/Graph.pm line 55.
BEGIN failed--compilation aborted at /home/graham/perls/caches/perl-5.18.1/build/GOBO-0.03-Oe0DCD/blib/lib/GOBO/Graph.pm line 55.
Compilation failed in require at t/node_removal.t line 8.
BEGIN failed--compilation aborted at t/node_removal.t line 8.
t/node_removal.t ............. 
Dubious, test returned 255 (wstat 65280, 0xff00)
No subtests run 
You cannot coerce an attribute (source) unless its type (GOBO::Node) has a coercion at /home/graham/perls/perl-5.18.1/lib/site_perl/5.18.1/x86_64-linux/Moose/Exception.pm line 38
	Moose::Exception::_build_trace('Moose::Exception::CannotCoerceAttributeWhichHasNoCoercion=HASH(0x3648e30)') called at reader Moose::Exception::trace (defined at /home/graham/perls/perl-5.18.1/lib/site_perl/5.18.1/x86_64-linux/Moose/Exception.pm line 12) line 7
	Moose::Exception::trace('Moose::Exception::CannotCoerceAttributeWhichHasNoCoercion=HASH(0x3648e30)') called at /home/graham/perls/perl-5.18.1/lib/site_perl/5.18.1/x86_64-linux/Moose/Exception.pm line 50
	Moose::Exception::BUILD('Moose::Exception::CannotCoerceAttributeWhichHasNoCoercion=HASH(0x3648e30)', 'HASH(0x3643218)') called at /home/graham/perls/perl-5.18.1/lib/site_perl/5.18.1/x86_64-linux/Class/MOP/Method.pm line 131
	Class::MOP::Method::execute('Moose::Meta::Method=HASH(0x370d6b0)', 'Moose::Exception::CannotCoerceAttributeWhichHasNoCoercion=HASH(0x3648e30)', 'HASH(0x3643218)') called at /home/graham/perls/perl-5.18.1/lib/site_perl/5.18.1/x86_64-linux/Moose/Object.pm line 59
	Moose::Object::BUILDALL('Moose::Exception::CannotCoerceAttributeWhichHasNoCoercion=HASH(0x3648e30)', 'HASH(0x3643218)') called at /home/graham/perls/perl-5.18.1/lib/site_perl/5.18.1/x86_64-linux/Moose/Meta/Class.pm line 293
	Moose::Meta::Class::new_object('Moose::Meta::Class=HASH(0x3651900)', 'HASH(0x3643218)') called at /home/graham/perls/perl-5.18.1/lib/site_perl/5.18.1/x86_64-linux/Moose/Object.pm line 30
	Moose::Object::new('Moose::Exception::CannotCoerceAttributeWhichHasNoCoercion', 'attribute_name', 'source', 'type_name', 'GOBO::Node', 'params', 'HASH(0x2b218e8)') called at /home/graham/perls/perl-5.18.1/lib/site_perl/5.18.1/x86_64-linux/Moose/Util.pm line 50
	Moose::Util::throw_exception('CannotCoerceAttributeWhichHasNoCoercion', 'attribute_name', 'source', 'type_name', 'GOBO::Node', 'params', 'HASH(0x2b218e8)') called at /home/graham/perls/perl-5.18.1/lib/site_perl/5.18.1/x86_64-linux/Moose/Meta/Attribute.pm line 398
	Moose::Meta::Attribute::_process_coerce_option('Moose::Meta::Attribute', 'source', 'HASH(0x2b218e8)') called at /home/graham/perls/perl-5.18.1/lib/site_perl/5.18.1/x86_64-linux/Moose/Meta/Attribute.pm line 267
	Moose::Meta::Attribute::_process_options('Moose::Meta::Attribute', 'source', 'HASH(0x2b218e8)') called at /home/graham/perls/perl-5.18.1/lib/site_perl/5.18.1/x86_64-linux/Moose/Meta/Attribute.pm line 58
	Moose::Meta::Attribute::new('Moose::Meta::Attribute', 'source', 'definition_context', 'HASH(0x3576318)', 'coerce', 1, 'isa', 'GOBO::Node', 'is', 'rw') called at /home/graham/perls/perl-5.18.1/lib/site_perl/5.18.1/x86_64-linux/Moose/Meta/Attribute.pm line 106
	Moose::Meta::Attribute::interpolate_class_and_new('Moose::Meta::Attribute', 'source', 'definition_context', 'HASH(0x3576318)', 'isa', 'GOBO::Node', 'coerce', 1, 'is', 'rw') called at /home/graham/perls/perl-5.18.1/lib/site_perl/5.18.1/x86_64-linux/Moose/Meta/Role/Attribute.pm line 95
	Moose::Meta::Role::Attribute::attribute_for_class('Moose::Meta::Role::Attribute=HASH(0x2fe9e68)') called at /home/graham/perls/perl-5.18.1/lib/site_perl/5.18.1/x86_64-linux/Moose/Meta/Role/Application/ToClass.pm line 133
	Moose::Meta::Role::Application::ToClass::apply_attributes('Moose::Meta::Role::Application::ToClass=HASH(0x361c600)', 'Moose::Meta::Role=HASH(0x3623068)', 'Moose::Meta::Class=HASH(0x2fc17f8)') called at /home/graham/perls/perl-5.18.1/lib/site_perl/5.18.1/x86_64-linux/Moose/Meta/Role/Application.pm line 60
	Moose::Meta::Role::Application::apply('Moose::Meta::Role::Application::ToClass=HASH(0x361c600)', 'Moose::Meta::Role=HASH(0x3623068)', 'Moose::Meta::Class=HASH(0x2fc17f8)') called at /home/graham/perls/perl-5.18.1/lib/site_perl/5.18.1/x86_64-linux/Moose/Meta/Role/Application/ToClass.pm line 38
	Moose::Meta::Role::Application::ToClass::apply('Moose::Meta::Role::Application::ToClass=HASH(0x361c600)', 'Moose::Meta::Role=HASH(0x3623068)', 'Moose::Meta::Class=HASH(0x2fc17f8)', 'HASH(0x2f63768)') called at /home/graham/perls/perl-5.18.1/lib/site_perl/5.18.1/x86_64-linux/Moose/Meta/Role.pm line 477
	Moose::Meta::Role::apply('Moose::Meta::Role=HASH(0x3623068)', 'Moose::Meta::Class=HASH(0x2fc17f8)') called at /home/graham/perls/perl-5.18.1/lib/site_perl/5.18.1/x86_64-linux/Moose/Util.pm line 165
	Moose::Util::_apply_all_roles('Moose::Meta::Class=HASH(0x2fc17f8)', undef, 'GOBO::Attributed') called at /home/graham/perls/perl-5.18.1/lib/site_perl/5.18.1/x86_64-linux/Moose/Util.pm line 107
	Moose::Util::apply_all_roles('Moose::Meta::Class=HASH(0x2fc17f8)', 'GOBO::Attributed') called at /home/graham/perls/perl-5.18.1/lib/site_perl/5.18.1/x86_64-linux/Moose.pm line 63
	Moose::with('Moose::Meta::Class=HASH(0x2fc17f8)', 'GOBO::Attributed') called at /home/graham/perls/perl-5.18.1/lib/site_perl/5.18.1/x86_64-linux/Moose/Exporter.pm line 408
	Moose::with('GOBO::Attributed') called at /home/graham/perls/caches/perl-5.18.1/build/GOBO-0.03-Oe0DCD/blib/lib/GOBO/Synonym.pm line 17
	require GOBO/Synonym.pm at /home/graham/perls/caches/perl-5.18.1/build/GOBO-0.03-Oe0DCD/blib/lib/GOBO/Labeled.pm line 23
	GOBO::Labeled::BEGIN at /home/graham/perls/caches/perl-5.18.1/build/GOBO-0.03-Oe0DCD/blib/lib/GOBO/Synonym.pm line 0
	eval {...} at /home/graham/perls/caches/perl-5.18.1/build/GOBO-0.03-Oe0DCD/blib/lib/GOBO/Synonym.pm line 0
	require GOBO/Labeled.pm at /home/graham/perls/perl-5.18.1/lib/site_perl/5.18.1/Module/Runtime.pm line 317
	Module::Runtime::require_module('GOBO::Labeled') called at /home/graham/perls/perl-5.18.1/lib/site_perl/5.18.1/Module/Runtime.pm line 348
	Module::Runtime::use_module('GOBO::Labeled', undef) called at /home/graham/perls/perl-5.18.1/lib/site_perl/5.18.1/x86_64-linux/Moose/Util.pm line 140
	Moose::Util::_apply_all_roles('Moose::Meta::Class=HASH(0x2f3dda0)', undef, 'GOBO::Labeled') called at /home/graham/perls/perl-5.18.1/lib/site_perl/5.18.1/x86_64-linux/Moose/Util.pm line 107
	Moose::Util::apply_all_roles('Moose::Meta::Class=HASH(0x2f3dda0)', 'GOBO::Labeled') called at /home/graham/perls/perl-5.18.1/lib/site_perl/5.18.1/x86_64-linux/Moose.pm line 63
	Moose::with('Moose::Meta::Class=HASH(0x2f3dda0)', 'GOBO::Labeled') called at /home/graham/perls/perl-5.18.1/lib/site_perl/5.18.1/x86_64-linux/Moose/Exporter.pm line 408
	Moose::with('GOBO::Labeled') called at /home/graham/perls/caches/perl-5.18.1/build/GOBO-0.03-Oe0DCD/blib/lib/GOBO/Node.pm line 6
	require GOBO/Node.pm at /home/graham/perls/perl-5.18.1/lib/site_perl/5.18.1/Module/Runtime.pm line 317
	Module::Runtime::require_module('GOBO::Node') called at /home/graham/perls/perl-5.18.1/lib/site_perl/5.18.1/Module/Runtime.pm line 383
	eval {...} at /home/graham/perls/perl-5.18.1/lib/site_perl/5.18.1/Module/Runtime.pm line 383
	Module::Runtime::use_package_optimistically('GOBO::Node', undef) called at /home/graham/perls/perl-5.18.1/lib/site_perl/5.18.1/x86_64-linux/Moose/Util.pm line 342
	Moose::Util::_load_user_class('GOBO::Node', undef) called at /home/graham/perls/perl-5.18.1/lib/site_perl/5.18.1/x86_64-linux/Moose/Meta/Class.pm line 572
	Moose::Meta::Class::superclasses(undef, 'GOBO::Node') called at /home/graham/perls/perl-5.18.1/lib/site_perl/5.18.1/x86_64-linux/Moose.pm line 59
	Moose::extends('Moose::Meta::Class=HASH(0x2f26cb8)', 'GOBO::Node') called at /home/graham/perls/perl-5.18.1/lib/site_perl/5.18.1/x86_64-linux/Moose/Exporter.pm line 408
	Moose::extends('GOBO::Node') called at /home/graham/perls/caches/perl-5.18.1/build/GOBO-0.03-Oe0DCD/blib/lib/GOBO/Evidence.pm line 4
	require GOBO/Evidence.pm at /home/graham/perls/caches/perl-5.18.1/build/GOBO-0.03-Oe0DCD/blib/lib/GOBO/Annotation.pm line 5
	GOBO::Annotation::BEGIN at /home/graham/perls/caches/perl-5.18.1/build/GOBO-0.03-Oe0DCD/blib/lib/GOBO/Synonym.pm line 0
	eval {...} at /home/graham/perls/caches/perl-5.18.1/build/GOBO-0.03-Oe0DCD/blib/lib/GOBO/Synonym.pm line 0
	require GOBO/Annotation.pm at /home/graham/perls/caches/perl-5.18.1/build/GOBO-0.03-Oe0DCD/blib/lib/GOBO/Graph.pm line 55
	GOBO::Graph::BEGIN at /home/graham/perls/caches/perl-5.18.1/build/GOBO-0.03-Oe0DCD/blib/lib/GOBO/Synonym.pm line 0
	eval {...} at /home/graham/perls/caches/perl-5.18.1/build/GOBO-0.03-Oe0DCD/blib/lib/GOBO/Synonym.pm line 0
	require GOBO/Graph.pm at t/oboparsertest.t line 6
	main::BEGIN at /home/graham/perls/caches/perl-5.18.1/build/GOBO-0.03-Oe0DCD/blib/lib/GOBO/Synonym.pm line 0
	eval {...} at /home/graham/perls/caches/perl-5.18.1/build/GOBO-0.03-Oe0DCD/blib/lib/GOBO/Synonym.pm line 0
Compilation failed in require at /home/graham/perls/caches/perl-5.18.1/build/GOBO-0.03-Oe0DCD/blib/lib/GOBO/Labeled.pm line 23.
BEGIN failed--compilation aborted at /home/graham/perls/caches/perl-5.18.1/build/GOBO-0.03-Oe0DCD/blib/lib/GOBO/Labeled.pm line 23.
Compilation failed in require at /home/graham/perls/perl-5.18.1/lib/site_perl/5.18.1/Module/Runtime.pm line 317.
Compilation failed in require at /home/graham/perls/perl-5.18.1/lib/site_perl/5.18.1/Module/Runtime.pm line 317.
Compilation failed in require at /home/graham/perls/caches/perl-5.18.1/build/GOBO-0.03-Oe0DCD/blib/lib/GOBO/Annotation.pm line 5.
BEGIN failed--compilation aborted at /home/graham/perls/caches/perl-5.18.1/build/GOBO-0.03-Oe0DCD/blib/lib/GOBO/Annotation.pm line 5.
Compilation failed in require at /home/graham/perls/caches/perl-5.18.1/build/GOBO-0.03-Oe0DCD/blib/lib/GOBO/Graph.pm line 55.
BEGIN failed--compilation aborted at /home/graham/perls/caches/perl-5.18.1/build/GOBO-0.03-Oe0DCD/blib/lib/GOBO/Graph.pm line 55.
Compilation failed in require at t/oboparsertest.t line 6.
BEGIN failed--compilation aborted at t/oboparsertest.t line 6.
t/oboparsertest.t ............ 
Dubious, test returned 255 (wstat 65280, 0xff00)
No subtests run 
Subroutine main::ok redefined at t/parsetest.t line 6.
Prototype mismatch: sub main::ok ($;$$) vs ($;$) at t/parsetest.t line 6.
Subroutine main::skip redefined at t/parsetest.t line 6.
Prototype mismatch: sub main::skip ($;$$$) vs none at t/parsetest.t line 6.
Subroutine main::plan redefined at t/parsetest.t line 6.
You cannot coerce an attribute (provenance) unless its type (GOBO::Node) has a coercion at /home/graham/perls/perl-5.18.1/lib/site_perl/5.18.1/x86_64-linux/Moose/Exception.pm line 38
	Moose::Exception::_build_trace('Moose::Exception::CannotCoerceAttributeWhichHasNoCoercion=HASH(0x20bb710)') called at reader Moose::Exception::trace (defined at /home/graham/perls/perl-5.18.1/lib/site_perl/5.18.1/x86_64-linux/Moose/Exception.pm line 12) line 7
	Moose::Exception::trace('Moose::Exception::CannotCoerceAttributeWhichHasNoCoercion=HASH(0x20bb710)') called at /home/graham/perls/perl-5.18.1/lib/site_perl/5.18.1/x86_64-linux/Moose/Exception.pm line 50
	Moose::Exception::BUILD('Moose::Exception::CannotCoerceAttributeWhichHasNoCoercion=HASH(0x20bb710)', 'HASH(0x20b95d0)') called at /home/graham/perls/perl-5.18.1/lib/site_perl/5.18.1/x86_64-linux/Class/MOP/Method.pm line 131
	Class::MOP::Method::execute('Moose::Meta::Method=HASH(0x21570d8)', 'Moose::Exception::CannotCoerceAttributeWhichHasNoCoercion=HASH(0x20bb710)', 'HASH(0x20b95d0)') called at /home/graham/perls/perl-5.18.1/lib/site_perl/5.18.1/x86_64-linux/Moose/Object.pm line 59
	Moose::Object::BUILDALL('Moose::Exception::CannotCoerceAttributeWhichHasNoCoercion=HASH(0x20bb710)', 'HASH(0x20b95d0)') called at /home/graham/perls/perl-5.18.1/lib/site_perl/5.18.1/x86_64-linux/Moose/Meta/Class.pm line 293
	Moose::Meta::Class::new_object('Moose::Meta::Class=HASH(0x20b73d8)', 'HASH(0x20b95d0)') called at /home/graham/perls/perl-5.18.1/lib/site_perl/5.18.1/x86_64-linux/Moose/Object.pm line 30
	Moose::Object::new('Moose::Exception::CannotCoerceAttributeWhichHasNoCoercion', 'attribute_name', 'provenance', 'type_name', 'GOBO::Node', 'params', 'HASH(0x15c2eb8)') called at /home/graham/perls/perl-5.18.1/lib/site_perl/5.18.1/x86_64-linux/Moose/Util.pm line 50
	Moose::Util::throw_exception('CannotCoerceAttributeWhichHasNoCoercion', 'attribute_name', 'provenance', 'type_name', 'GOBO::Node', 'params', 'HASH(0x15c2eb8)') called at /home/graham/perls/perl-5.18.1/lib/site_perl/5.18.1/x86_64-linux/Moose/Meta/Attribute.pm line 398
	Moose::Meta::Attribute::_process_coerce_option('Moose::Meta::Attribute', 'provenance', 'HASH(0x15c2eb8)') called at /home/graham/perls/perl-5.18.1/lib/site_perl/5.18.1/x86_64-linux/Moose/Meta/Attribute.pm line 267
	Moose::Meta::Attribute::_process_options('Moose::Meta::Attribute', 'provenance', 'HASH(0x15c2eb8)') called at /home/graham/perls/perl-5.18.1/lib/site_perl/5.18.1/x86_64-linux/Moose/Meta/Attribute.pm line 58
	Moose::Meta::Attribute::new('Moose::Meta::Attribute', 'provenance', 'definition_context', 'HASH(0x1a62690)', 'is', 'rw', 'isa', 'GOBO::Node', 'coerce', 1) called at /home/graham/perls/perl-5.18.1/lib/site_perl/5.18.1/x86_64-linux/Moose/Meta/Attribute.pm line 106
	Moose::Meta::Attribute::interpolate_class_and_new('Moose::Meta::Attribute', 'provenance', 'coerce', 1, 'definition_context', 'HASH(0x1a62690)', 'is', 'rw', 'isa', 'GOBO::Node') called at /home/graham/perls/perl-5.18.1/lib/site_perl/5.18.1/x86_64-linux/Moose/Meta/Role/Attribute.pm line 95
	Moose::Meta::Role::Attribute::attribute_for_class('Moose::Meta::Role::Attribute=HASH(0x1a62b88)') called at /home/graham/perls/perl-5.18.1/lib/site_perl/5.18.1/x86_64-linux/Moose/Meta/Role/Application/ToClass.pm line 133
	Moose::Meta::Role::Application::ToClass::apply_attributes('Moose::Meta::Role::Application::ToClass=HASH(0x2097890)', 'Moose::Meta::Role=HASH(0x2097518)', 'Moose::Meta::Class=HASH(0x1a31720)') called at /home/graham/perls/perl-5.18.1/lib/site_perl/5.18.1/x86_64-linux/Moose/Meta/Role/Application.pm line 60
	Moose::Meta::Role::Application::apply('Moose::Meta::Role::Application::ToClass=HASH(0x2097890)', 'Moose::Meta::Role=HASH(0x2097518)', 'Moose::Meta::Class=HASH(0x1a31720)') called at /home/graham/perls/perl-5.18.1/lib/site_perl/5.18.1/x86_64-linux/Moose/Meta/Role/Application/ToClass.pm line 38
	Moose::Meta::Role::Application::ToClass::apply('Moose::Meta::Role::Application::ToClass=HASH(0x2097890)', 'Moose::Meta::Role=HASH(0x2097518)', 'Moose::Meta::Class=HASH(0x1a31720)', 'HASH(0x19d4a58)') called at /home/graham/perls/perl-5.18.1/lib/site_perl/5.18.1/x86_64-linux/Moose/Meta/Role.pm line 477
	Moose::Meta::Role::apply('Moose::Meta::Role=HASH(0x2097518)', 'Moose::Meta::Class=HASH(0x1a31720)') called at /home/graham/perls/perl-5.18.1/lib/site_perl/5.18.1/x86_64-linux/Moose/Util.pm line 165
	Moose::Util::_apply_all_roles('Moose::Meta::Class=HASH(0x1a31720)', undef, 'GOBO::Attributed') called at /home/graham/perls/perl-5.18.1/lib/site_perl/5.18.1/x86_64-linux/Moose/Util.pm line 107
	Moose::Util::apply_all_roles('Moose::Meta::Class=HASH(0x1a31720)', 'GOBO::Attributed') called at /home/graham/perls/perl-5.18.1/lib/site_perl/5.18.1/x86_64-linux/Moose.pm line 63
	Moose::with('Moose::Meta::Class=HASH(0x1a31720)', 'GOBO::Attributed') called at /home/graham/perls/perl-5.18.1/lib/site_perl/5.18.1/x86_64-linux/Moose/Exporter.pm line 408
	Moose::with('GOBO::Attributed') called at /home/graham/perls/caches/perl-5.18.1/build/GOBO-0.03-Oe0DCD/blib/lib/GOBO/Synonym.pm line 17
	require GOBO/Synonym.pm at /home/graham/perls/caches/perl-5.18.1/build/GOBO-0.03-Oe0DCD/blib/lib/GOBO/Labeled.pm line 23
	GOBO::Labeled::BEGIN at /home/graham/perls/caches/perl-5.18.1/build/GOBO-0.03-Oe0DCD/blib/lib/GOBO/Synonym.pm line 0
	eval {...} at /home/graham/perls/caches/perl-5.18.1/build/GOBO-0.03-Oe0DCD/blib/lib/GOBO/Synonym.pm line 0
	require GOBO/Labeled.pm at /home/graham/perls/perl-5.18.1/lib/site_perl/5.18.1/Module/Runtime.pm line 317
	Module::Runtime::require_module('GOBO::Labeled') called at /home/graham/perls/perl-5.18.1/lib/site_perl/5.18.1/Module/Runtime.pm line 348
	Module::Runtime::use_module('GOBO::Labeled', undef) called at /home/graham/perls/perl-5.18.1/lib/site_perl/5.18.1/x86_64-linux/Moose/Util.pm line 140
	Moose::Util::_apply_all_roles('Moose::Meta::Class=HASH(0x19a6f40)', undef, 'GOBO::Labeled') called at /home/graham/perls/perl-5.18.1/lib/site_perl/5.18.1/x86_64-linux/Moose/Util.pm line 107
	Moose::Util::apply_all_roles('Moose::Meta::Class=HASH(0x19a6f40)', 'GOBO::Labeled') called at /home/graham/perls/perl-5.18.1/lib/site_perl/5.18.1/x86_64-linux/Moose.pm line 63
	Moose::with('Moose::Meta::Class=HASH(0x19a6f40)', 'GOBO::Labeled') called at /home/graham/perls/perl-5.18.1/lib/site_perl/5.18.1/x86_64-linux/Moose/Exporter.pm line 408
	Moose::with('GOBO::Labeled') called at /home/graham/perls/caches/perl-5.18.1/build/GOBO-0.03-Oe0DCD/blib/lib/GOBO/Node.pm line 6
	require GOBO/Node.pm at /home/graham/perls/caches/perl-5.18.1/build/GOBO-0.03-Oe0DCD/blib/lib/GOBO/Parsers/GAFParser.pm line 7
	GOBO::Parsers::GAFParser::BEGIN at /home/graham/perls/caches/perl-5.18.1/build/GOBO-0.03-Oe0DCD/blib/lib/GOBO/Synonym.pm line 0
	eval {...} at /home/graham/perls/caches/perl-5.18.1/build/GOBO-0.03-Oe0DCD/blib/lib/GOBO/Synonym.pm line 0
	require GOBO/Parsers/GAFParser.pm at t/parsetest.t line 10
	main::BEGIN at /home/graham/perls/caches/perl-5.18.1/build/GOBO-0.03-Oe0DCD/blib/lib/GOBO/Synonym.pm line 0
	eval {...} at /home/graham/perls/caches/perl-5.18.1/build/GOBO-0.03-Oe0DCD/blib/lib/GOBO/Synonym.pm line 0
Compilation failed in require at /home/graham/perls/caches/perl-5.18.1/build/GOBO-0.03-Oe0DCD/blib/lib/GOBO/Labeled.pm line 23.
BEGIN failed--compilation aborted at /home/graham/perls/caches/perl-5.18.1/build/GOBO-0.03-Oe0DCD/blib/lib/GOBO/Labeled.pm line 23.
Compilation failed in require at /home/graham/perls/perl-5.18.1/lib/site_perl/5.18.1/Module/Runtime.pm line 317.
Compilation failed in require at /home/graham/perls/caches/perl-5.18.1/build/GOBO-0.03-Oe0DCD/blib/lib/GOBO/Parsers/GAFParser.pm line 7.
BEGIN failed--compilation aborted at /home/graham/perls/caches/perl-5.18.1/build/GOBO-0.03-Oe0DCD/blib/lib/GOBO/Parsers/GAFParser.pm line 7.
Compilation failed in require at t/parsetest.t line 10.
BEGIN failed--compilation aborted at t/parsetest.t line 10.
# Looks like your test exited with 255 before it could output anything.
t/parsetest.t ................ 
Dubious, test returned 255 (wstat 65280, 0xff00)
No subtests run 
You cannot coerce an attribute (provenance) unless its type (GOBO::Node) has a coercion at /home/graham/perls/perl-5.18.1/lib/site_perl/5.18.1/x86_64-linux/Moose/Exception.pm line 38
	Moose::Exception::_build_trace('Moose::Exception::CannotCoerceAttributeWhichHasNoCoercion=HASH(0x2827180)') called at reader Moose::Exception::trace (defined at /home/graham/perls/perl-5.18.1/lib/site_perl/5.18.1/x86_64-linux/Moose/Exception.pm line 12) line 7
	Moose::Exception::trace('Moose::Exception::CannotCoerceAttributeWhichHasNoCoercion=HASH(0x2827180)') called at /home/graham/perls/perl-5.18.1/lib/site_perl/5.18.1/x86_64-linux/Moose/Exception.pm line 50
	Moose::Exception::BUILD('Moose::Exception::CannotCoerceAttributeWhichHasNoCoercion=HASH(0x2827180)', 'HASH(0x2194f00)') called at /home/graham/perls/perl-5.18.1/lib/site_perl/5.18.1/x86_64-linux/Class/MOP/Method.pm line 131
	Class::MOP::Method::execute('Moose::Meta::Method=HASH(0x28bdff8)', 'Moose::Exception::CannotCoerceAttributeWhichHasNoCoercion=HASH(0x2827180)', 'HASH(0x2194f00)') called at /home/graham/perls/perl-5.18.1/lib/site_perl/5.18.1/x86_64-linux/Moose/Object.pm line 59
	Moose::Object::BUILDALL('Moose::Exception::CannotCoerceAttributeWhichHasNoCoercion=HASH(0x2827180)', 'HASH(0x2194f00)') called at /home/graham/perls/perl-5.18.1/lib/site_perl/5.18.1/x86_64-linux/Moose/Meta/Class.pm line 293
	Moose::Meta::Class::new_object('Moose::Meta::Class=HASH(0x2827648)', 'HASH(0x2194f00)') called at /home/graham/perls/perl-5.18.1/lib/site_perl/5.18.1/x86_64-linux/Moose/Object.pm line 30
	Moose::Object::new('Moose::Exception::CannotCoerceAttributeWhichHasNoCoercion', 'attribute_name', 'provenance', 'type_name', 'GOBO::Node', 'params', 'HASH(0x1cfa668)') called at /home/graham/perls/perl-5.18.1/lib/site_perl/5.18.1/x86_64-linux/Moose/Util.pm line 50
	Moose::Util::throw_exception('CannotCoerceAttributeWhichHasNoCoercion', 'attribute_name', 'provenance', 'type_name', 'GOBO::Node', 'params', 'HASH(0x1cfa668)') called at /home/graham/perls/perl-5.18.1/lib/site_perl/5.18.1/x86_64-linux/Moose/Meta/Attribute.pm line 398
	Moose::Meta::Attribute::_process_coerce_option('Moose::Meta::Attribute', 'provenance', 'HASH(0x1cfa668)') called at /home/graham/perls/perl-5.18.1/lib/site_perl/5.18.1/x86_64-linux/Moose/Meta/Attribute.pm line 267
	Moose::Meta::Attribute::_process_options('Moose::Meta::Attribute', 'provenance', 'HASH(0x1cfa668)') called at /home/graham/perls/perl-5.18.1/lib/site_perl/5.18.1/x86_64-linux/Moose/Meta/Attribute.pm line 58
	Moose::Meta::Attribute::new('Moose::Meta::Attribute', 'provenance', 'definition_context', 'HASH(0x21cc7d8)', 'is', 'rw', 'coerce', 1, 'isa', 'GOBO::Node') called at /home/graham/perls/perl-5.18.1/lib/site_perl/5.18.1/x86_64-linux/Moose/Meta/Attribute.pm line 106
	Moose::Meta::Attribute::interpolate_class_and_new('Moose::Meta::Attribute', 'provenance', 'definition_context', 'HASH(0x21cc7d8)', 'is', 'rw', 'coerce', 1, 'isa', 'GOBO::Node') called at /home/graham/perls/perl-5.18.1/lib/site_perl/5.18.1/x86_64-linux/Moose/Meta/Role/Attribute.pm line 95
	Moose::Meta::Role::Attribute::attribute_for_class('Moose::Meta::Role::Attribute=HASH(0x21cccd0)') called at /home/graham/perls/perl-5.18.1/lib/site_perl/5.18.1/x86_64-linux/Moose/Meta/Role/Application/ToClass.pm line 133
	Moose::Meta::Role::Application::ToClass::apply_attributes('Moose::Meta::Role::Application::ToClass=HASH(0x2806d98)', 'Moose::Meta::Role=HASH(0x2806ff0)', 'Moose::Meta::Class=HASH(0x21b45a8)') called at /home/graham/perls/perl-5.18.1/lib/site_perl/5.18.1/x86_64-linux/Moose/Meta/Role/Application.pm line 60
	Moose::Meta::Role::Application::apply('Moose::Meta::Role::Application::ToClass=HASH(0x2806d98)', 'Moose::Meta::Role=HASH(0x2806ff0)', 'Moose::Meta::Class=HASH(0x21b45a8)') called at /home/graham/perls/perl-5.18.1/lib/site_perl/5.18.1/x86_64-linux/Moose/Meta/Role/Application/ToClass.pm line 38
	Moose::Meta::Role::Application::ToClass::apply('Moose::Meta::Role::Application::ToClass=HASH(0x2806d98)', 'Moose::Meta::Role=HASH(0x2806ff0)', 'Moose::Meta::Class=HASH(0x21b45a8)', 'HASH(0x2149ab8)') called at /home/graham/perls/perl-5.18.1/lib/site_perl/5.18.1/x86_64-linux/Moose/Meta/Role.pm line 477
	Moose::Meta::Role::apply('Moose::Meta::Role=HASH(0x2806ff0)', 'Moose::Meta::Class=HASH(0x21b45a8)') called at /home/graham/perls/perl-5.18.1/lib/site_perl/5.18.1/x86_64-linux/Moose/Util.pm line 165
	Moose::Util::_apply_all_roles('Moose::Meta::Class=HASH(0x21b45a8)', undef, 'GOBO::Attributed') called at /home/graham/perls/perl-5.18.1/lib/site_perl/5.18.1/x86_64-linux/Moose/Util.pm line 107
	Moose::Util::apply_all_roles('Moose::Meta::Class=HASH(0x21b45a8)', 'GOBO::Attributed') called at /home/graham/perls/perl-5.18.1/lib/site_perl/5.18.1/x86_64-linux/Moose.pm line 63
	Moose::with('Moose::Meta::Class=HASH(0x21b45a8)', 'GOBO::Attributed') called at /home/graham/perls/perl-5.18.1/lib/site_perl/5.18.1/x86_64-linux/Moose/Exporter.pm line 408
	Moose::with('GOBO::Attributed') called at /home/graham/perls/caches/perl-5.18.1/build/GOBO-0.03-Oe0DCD/blib/lib/GOBO/Synonym.pm line 17
	require GOBO/Synonym.pm at /home/graham/perls/caches/perl-5.18.1/build/GOBO-0.03-Oe0DCD/blib/lib/GOBO/Labeled.pm line 23
	GOBO::Labeled::BEGIN at /home/graham/perls/caches/perl-5.18.1/build/GOBO-0.03-Oe0DCD/blib/lib/GOBO/Synonym.pm line 0
	eval {...} at /home/graham/perls/caches/perl-5.18.1/build/GOBO-0.03-Oe0DCD/blib/lib/GOBO/Synonym.pm line 0
	require GOBO/Labeled.pm at /home/graham/perls/perl-5.18.1/lib/site_perl/5.18.1/Module/Runtime.pm line 317
	Module::Runtime::require_module('GOBO::Labeled') called at /home/graham/perls/perl-5.18.1/lib/site_perl/5.18.1/Module/Runtime.pm line 348
	Module::Runtime::use_module('GOBO::Labeled', undef) called at /home/graham/perls/perl-5.18.1/lib/site_perl/5.18.1/x86_64-linux/Moose/Util.pm line 140
	Moose::Util::_apply_all_roles('Moose::Meta::Class=HASH(0x211ce40)', undef, 'GOBO::Labeled') called at /home/graham/perls/perl-5.18.1/lib/site_perl/5.18.1/x86_64-linux/Moose/Util.pm line 107
	Moose::Util::apply_all_roles('Moose::Meta::Class=HASH(0x211ce40)', 'GOBO::Labeled') called at /home/graham/perls/perl-5.18.1/lib/site_perl/5.18.1/x86_64-linux/Moose.pm line 63
	Moose::with('Moose::Meta::Class=HASH(0x211ce40)', 'GOBO::Labeled') called at /home/graham/perls/perl-5.18.1/lib/site_perl/5.18.1/x86_64-linux/Moose/Exporter.pm line 408
	Moose::with('GOBO::Labeled') called at /home/graham/perls/caches/perl-5.18.1/build/GOBO-0.03-Oe0DCD/blib/lib/GOBO/Node.pm line 6
	require GOBO/Node.pm at /home/graham/perls/perl-5.18.1/lib/site_perl/5.18.1/Module/Runtime.pm line 317
	Module::Runtime::require_module('GOBO::Node') called at /home/graham/perls/perl-5.18.1/lib/site_perl/5.18.1/Module/Runtime.pm line 383
	eval {...} at /home/graham/perls/perl-5.18.1/lib/site_perl/5.18.1/Module/Runtime.pm line 383
	Module::Runtime::use_package_optimistically('GOBO::Node', undef) called at /home/graham/perls/perl-5.18.1/lib/site_perl/5.18.1/x86_64-linux/Moose/Util.pm line 342
	Moose::Util::_load_user_class('GOBO::Node', undef) called at /home/graham/perls/perl-5.18.1/lib/site_perl/5.18.1/x86_64-linux/Moose/Meta/Class.pm line 572
	Moose::Meta::Class::superclasses(undef, 'GOBO::Node') called at /home/graham/perls/perl-5.18.1/lib/site_perl/5.18.1/x86_64-linux/Moose.pm line 59
	Moose::extends('Moose::Meta::Class=HASH(0x2106410)', 'GOBO::Node') called at /home/graham/perls/perl-5.18.1/lib/site_perl/5.18.1/x86_64-linux/Moose/Exporter.pm line 408
	Moose::extends('GOBO::Node') called at /home/graham/perls/caches/perl-5.18.1/build/GOBO-0.03-Oe0DCD/blib/lib/GOBO/Evidence.pm line 4
	require GOBO/Evidence.pm at /home/graham/perls/caches/perl-5.18.1/build/GOBO-0.03-Oe0DCD/blib/lib/GOBO/Annotation.pm line 5
	GOBO::Annotation::BEGIN at /home/graham/perls/caches/perl-5.18.1/build/GOBO-0.03-Oe0DCD/blib/lib/GOBO/Synonym.pm line 0
	eval {...} at /home/graham/perls/caches/perl-5.18.1/build/GOBO-0.03-Oe0DCD/blib/lib/GOBO/Synonym.pm line 0
	require GOBO/Annotation.pm at /home/graham/perls/caches/perl-5.18.1/build/GOBO-0.03-Oe0DCD/blib/lib/GOBO/Graph.pm line 55
	GOBO::Graph::BEGIN at /home/graham/perls/caches/perl-5.18.1/build/GOBO-0.03-Oe0DCD/blib/lib/GOBO/Synonym.pm line 0
	eval {...} at /home/graham/perls/caches/perl-5.18.1/build/GOBO-0.03-Oe0DCD/blib/lib/GOBO/Synonym.pm line 0
	require GOBO/Graph.pm at t/relation_test.t line 3
	main::BEGIN at /home/graham/perls/caches/perl-5.18.1/build/GOBO-0.03-Oe0DCD/blib/lib/GOBO/Synonym.pm line 0
	eval {...} at /home/graham/perls/caches/perl-5.18.1/build/GOBO-0.03-Oe0DCD/blib/lib/GOBO/Synonym.pm line 0
Compilation failed in require at /home/graham/perls/caches/perl-5.18.1/build/GOBO-0.03-Oe0DCD/blib/lib/GOBO/Labeled.pm line 23.
BEGIN failed--compilation aborted at /home/graham/perls/caches/perl-5.18.1/build/GOBO-0.03-Oe0DCD/blib/lib/GOBO/Labeled.pm line 23.
Compilation failed in require at /home/graham/perls/perl-5.18.1/lib/site_perl/5.18.1/Module/Runtime.pm line 317.
Compilation failed in require at /home/graham/perls/perl-5.18.1/lib/site_perl/5.18.1/Module/Runtime.pm line 317.
Compilation failed in require at /home/graham/perls/caches/perl-5.18.1/build/GOBO-0.03-Oe0DCD/blib/lib/GOBO/Annotation.pm line 5.
BEGIN failed--compilation aborted at /home/graham/perls/caches/perl-5.18.1/build/GOBO-0.03-Oe0DCD/blib/lib/GOBO/Annotation.pm line 5.
Compilation failed in require at /home/graham/perls/caches/perl-5.18.1/build/GOBO-0.03-Oe0DCD/blib/lib/GOBO/Graph.pm line 55.
BEGIN failed--compilation aborted at /home/graham/perls/caches/perl-5.18.1/build/GOBO-0.03-Oe0DCD/blib/lib/GOBO/Graph.pm line 55.
Compilation failed in require at t/relation_test.t line 3.
BEGIN failed--compilation aborted at t/relation_test.t line 3.
# Looks like your test exited with 255 before it could output anything.
t/relation_test.t ............ 
Dubious, test returned 255 (wstat 65280, 0xff00)
Failed 29/29 subtests 
You cannot coerce an attribute (provenance) unless its type (GOBO::Node) has a coercion at /home/graham/perls/perl-5.18.1/lib/site_perl/5.18.1/x86_64-linux/Moose/Exception.pm line 38
	Moose::Exception::_build_trace('Moose::Exception::CannotCoerceAttributeWhichHasNoCoercion=HASH(0x2f2a568)') called at reader Moose::Exception::trace (defined at /home/graham/perls/perl-5.18.1/lib/site_perl/5.18.1/x86_64-linux/Moose/Exception.pm line 12) line 7
	Moose::Exception::trace('Moose::Exception::CannotCoerceAttributeWhichHasNoCoercion=HASH(0x2f2a568)') called at /home/graham/perls/perl-5.18.1/lib/site_perl/5.18.1/x86_64-linux/Moose/Exception.pm line 50
	Moose::Exception::BUILD('Moose::Exception::CannotCoerceAttributeWhichHasNoCoercion=HASH(0x2f2a568)', 'HASH(0x355e5a8)') called at /home/graham/perls/perl-5.18.1/lib/site_perl/5.18.1/x86_64-linux/Class/MOP/Method.pm line 131
	Class::MOP::Method::execute('Moose::Meta::Method=HASH(0x3604de0)', 'Moose::Exception::CannotCoerceAttributeWhichHasNoCoercion=HASH(0x2f2a568)', 'HASH(0x355e5a8)') called at /home/graham/perls/perl-5.18.1/lib/site_perl/5.18.1/x86_64-linux/Moose/Object.pm line 59
	Moose::Object::BUILDALL('Moose::Exception::CannotCoerceAttributeWhichHasNoCoercion=HASH(0x2f2a568)', 'HASH(0x355e5a8)') called at /home/graham/perls/perl-5.18.1/lib/site_perl/5.18.1/x86_64-linux/Moose/Meta/Class.pm line 293
	Moose::Meta::Class::new_object('Moose::Meta::Class=HASH(0x355d1a8)', 'HASH(0x355e5a8)') called at /home/graham/perls/perl-5.18.1/lib/site_perl/5.18.1/x86_64-linux/Moose/Object.pm line 30
	Moose::Object::new('Moose::Exception::CannotCoerceAttributeWhichHasNoCoercion', 'attribute_name', 'provenance', 'type_name', 'GOBO::Node', 'params', 'HASH(0x2a9fe68)') called at /home/graham/perls/perl-5.18.1/lib/site_perl/5.18.1/x86_64-linux/Moose/Util.pm line 50
	Moose::Util::throw_exception('CannotCoerceAttributeWhichHasNoCoercion', 'attribute_name', 'provenance', 'type_name', 'GOBO::Node', 'params', 'HASH(0x2a9fe68)') called at /home/graham/perls/perl-5.18.1/lib/site_perl/5.18.1/x86_64-linux/Moose/Meta/Attribute.pm line 398
	Moose::Meta::Attribute::_process_coerce_option('Moose::Meta::Attribute', 'provenance', 'HASH(0x2a9fe68)') called at /home/graham/perls/perl-5.18.1/lib/site_perl/5.18.1/x86_64-linux/Moose/Meta/Attribute.pm line 267
	Moose::Meta::Attribute::_process_options('Moose::Meta::Attribute', 'provenance', 'HASH(0x2a9fe68)') called at /home/graham/perls/perl-5.18.1/lib/site_perl/5.18.1/x86_64-linux/Moose/Meta/Attribute.pm line 58
	Moose::Meta::Attribute::new('Moose::Meta::Attribute', 'provenance', 'is', 'rw', 'definition_context', 'HASH(0x3553078)', 'isa', 'GOBO::Node', 'coerce', 1) called at /home/graham/perls/perl-5.18.1/lib/site_perl/5.18.1/x86_64-linux/Moose/Meta/Attribute.pm line 106
	Moose::Meta::Attribute::interpolate_class_and_new('Moose::Meta::Attribute', 'provenance', 'is', 'rw', 'definition_context', 'HASH(0x3553078)', 'isa', 'GOBO::Node', 'coerce', 1) called at /home/graham/perls/perl-5.18.1/lib/site_perl/5.18.1/x86_64-linux/Moose/Meta/Role/Attribute.pm line 95
	Moose::Meta::Role::Attribute::attribute_for_class('Moose::Meta::Role::Attribute=HASH(0x2f03fd0)') called at /home/graham/perls/perl-5.18.1/lib/site_perl/5.18.1/x86_64-linux/Moose/Meta/Role/Application/ToClass.pm line 133
	Moose::Meta::Role::Application::ToClass::apply_attributes('Moose::Meta::Role::Application::ToClass=HASH(0x3536530)', 'Moose::Meta::Role=HASH(0x353d068)', 'Moose::Meta::Class=HASH(0x2edae20)') called at /home/graham/perls/perl-5.18.1/lib/site_perl/5.18.1/x86_64-linux/Moose/Meta/Role/Application.pm line 60
	Moose::Meta::Role::Application::apply('Moose::Meta::Role::Application::ToClass=HASH(0x3536530)', 'Moose::Meta::Role=HASH(0x353d068)', 'Moose::Meta::Class=HASH(0x2edae20)') called at /home/graham/perls/perl-5.18.1/lib/site_perl/5.18.1/x86_64-linux/Moose/Meta/Role/Application/ToClass.pm line 38
	Moose::Meta::Role::Application::ToClass::apply('Moose::Meta::Role::Application::ToClass=HASH(0x3536530)', 'Moose::Meta::Role=HASH(0x353d068)', 'Moose::Meta::Class=HASH(0x2edae20)', 'HASH(0x2e7d568)') called at /home/graham/perls/perl-5.18.1/lib/site_perl/5.18.1/x86_64-linux/Moose/Meta/Role.pm line 477
	Moose::Meta::Role::apply('Moose::Meta::Role=HASH(0x353d068)', 'Moose::Meta::Class=HASH(0x2edae20)') called at /home/graham/perls/perl-5.18.1/lib/site_perl/5.18.1/x86_64-linux/Moose/Util.pm line 165
	Moose::Util::_apply_all_roles('Moose::Meta::Class=HASH(0x2edae20)', undef, 'GOBO::Attributed') called at /home/graham/perls/perl-5.18.1/lib/site_perl/5.18.1/x86_64-linux/Moose/Util.pm line 107
	Moose::Util::apply_all_roles('Moose::Meta::Class=HASH(0x2edae20)', 'GOBO::Attributed') called at /home/graham/perls/perl-5.18.1/lib/site_perl/5.18.1/x86_64-linux/Moose.pm line 63
	Moose::with('Moose::Meta::Class=HASH(0x2edae20)', 'GOBO::Attributed') called at /home/graham/perls/perl-5.18.1/lib/site_perl/5.18.1/x86_64-linux/Moose/Exporter.pm line 408
	Moose::with('GOBO::Attributed') called at /home/graham/perls/caches/perl-5.18.1/build/GOBO-0.03-Oe0DCD/blib/lib/GOBO/Synonym.pm line 17
	require GOBO/Synonym.pm at /home/graham/perls/caches/perl-5.18.1/build/GOBO-0.03-Oe0DCD/blib/lib/GOBO/Labeled.pm line 23
	GOBO::Labeled::BEGIN at /home/graham/perls/caches/perl-5.18.1/build/GOBO-0.03-Oe0DCD/blib/lib/GOBO/Synonym.pm line 0
	eval {...} at /home/graham/perls/caches/perl-5.18.1/build/GOBO-0.03-Oe0DCD/blib/lib/GOBO/Synonym.pm line 0
	require GOBO/Labeled.pm at /home/graham/perls/perl-5.18.1/lib/site_perl/5.18.1/Module/Runtime.pm line 317
	Module::Runtime::require_module('GOBO::Labeled') called at /home/graham/perls/perl-5.18.1/lib/site_perl/5.18.1/Module/Runtime.pm line 348
	Module::Runtime::use_module('GOBO::Labeled', undef) called at /home/graham/perls/perl-5.18.1/lib/site_perl/5.18.1/x86_64-linux/Moose/Util.pm line 140
	Moose::Util::_apply_all_roles('Moose::Meta::Class=HASH(0x2e57b50)', undef, 'GOBO::Labeled') called at /home/graham/perls/perl-5.18.1/lib/site_perl/5.18.1/x86_64-linux/Moose/Util.pm line 107
	Moose::Util::apply_all_roles('Moose::Meta::Class=HASH(0x2e57b50)', 'GOBO::Labeled') called at /home/graham/perls/perl-5.18.1/lib/site_perl/5.18.1/x86_64-linux/Moose.pm line 63
	Moose::with('Moose::Meta::Class=HASH(0x2e57b50)', 'GOBO::Labeled') called at /home/graham/perls/perl-5.18.1/lib/site_perl/5.18.1/x86_64-linux/Moose/Exporter.pm line 408
	Moose::with('GOBO::Labeled') called at /home/graham/perls/caches/perl-5.18.1/build/GOBO-0.03-Oe0DCD/blib/lib/GOBO/Node.pm line 6
	require GOBO/Node.pm at /home/graham/perls/perl-5.18.1/lib/site_perl/5.18.1/Module/Runtime.pm line 317
	Module::Runtime::require_module('GOBO::Node') called at /home/graham/perls/perl-5.18.1/lib/site_perl/5.18.1/Module/Runtime.pm line 383
	eval {...} at /home/graham/perls/perl-5.18.1/lib/site_perl/5.18.1/Module/Runtime.pm line 383
	Module::Runtime::use_package_optimistically('GOBO::Node', undef) called at /home/graham/perls/perl-5.18.1/lib/site_perl/5.18.1/x86_64-linux/Moose/Util.pm line 342
	Moose::Util::_load_user_class('GOBO::Node', undef) called at /home/graham/perls/perl-5.18.1/lib/site_perl/5.18.1/x86_64-linux/Moose/Meta/Class.pm line 572
	Moose::Meta::Class::superclasses(undef, 'GOBO::Node') called at /home/graham/perls/perl-5.18.1/lib/site_perl/5.18.1/x86_64-linux/Moose.pm line 59
	Moose::extends('Moose::Meta::Class=HASH(0x2e40c68)', 'GOBO::Node') called at /home/graham/perls/perl-5.18.1/lib/site_perl/5.18.1/x86_64-linux/Moose/Exporter.pm line 408
	Moose::extends('GOBO::Node') called at /home/graham/perls/caches/perl-5.18.1/build/GOBO-0.03-Oe0DCD/blib/lib/GOBO/Evidence.pm line 4
	require GOBO/Evidence.pm at /home/graham/perls/caches/perl-5.18.1/build/GOBO-0.03-Oe0DCD/blib/lib/GOBO/Annotation.pm line 5
	GOBO::Annotation::BEGIN at /home/graham/perls/caches/perl-5.18.1/build/GOBO-0.03-Oe0DCD/blib/lib/GOBO/Synonym.pm line 0
	eval {...} at /home/graham/perls/caches/perl-5.18.1/build/GOBO-0.03-Oe0DCD/blib/lib/GOBO/Synonym.pm line 0
	require GOBO/Annotation.pm at /home/graham/perls/caches/perl-5.18.1/build/GOBO-0.03-Oe0DCD/blib/lib/GOBO/Graph.pm line 55
	GOBO::Graph::BEGIN at /home/graham/perls/caches/perl-5.18.1/build/GOBO-0.03-Oe0DCD/blib/lib/GOBO/Synonym.pm line 0
	eval {...} at /home/graham/perls/caches/perl-5.18.1/build/GOBO-0.03-Oe0DCD/blib/lib/GOBO/Synonym.pm line 0
	require GOBO/Graph.pm at t/roundtrip.t line 6
	main::BEGIN at /home/graham/perls/caches/perl-5.18.1/build/GOBO-0.03-Oe0DCD/blib/lib/GOBO/Synonym.pm line 0
	eval {...} at /home/graham/perls/caches/perl-5.18.1/build/GOBO-0.03-Oe0DCD/blib/lib/GOBO/Synonym.pm line 0
Compilation failed in require at /home/graham/perls/caches/perl-5.18.1/build/GOBO-0.03-Oe0DCD/blib/lib/GOBO/Labeled.pm line 23.
BEGIN failed--compilation aborted at /home/graham/perls/caches/perl-5.18.1/build/GOBO-0.03-Oe0DCD/blib/lib/GOBO/Labeled.pm line 23.
Compilation failed in require at /home/graham/perls/perl-5.18.1/lib/site_perl/5.18.1/Module/Runtime.pm line 317.
Compilation failed in require at /home/graham/perls/perl-5.18.1/lib/site_perl/5.18.1/Module/Runtime.pm line 317.
Compilation failed in require at /home/graham/perls/caches/perl-5.18.1/build/GOBO-0.03-Oe0DCD/blib/lib/GOBO/Annotation.pm line 5.
BEGIN failed--compilation aborted at /home/graham/perls/caches/perl-5.18.1/build/GOBO-0.03-Oe0DCD/blib/lib/GOBO/Annotation.pm line 5.
Compilation failed in require at /home/graham/perls/caches/perl-5.18.1/build/GOBO-0.03-Oe0DCD/blib/lib/GOBO/Graph.pm line 55.
BEGIN failed--compilation aborted at /home/graham/perls/caches/perl-5.18.1/build/GOBO-0.03-Oe0DCD/blib/lib/GOBO/Graph.pm line 55.
Compilation failed in require at t/roundtrip.t line 6.
BEGIN failed--compilation aborted at t/roundtrip.t line 6.
t/roundtrip.t ................ 
Dubious, test returned 255 (wstat 65280, 0xff00)
No subtests run 
You cannot coerce an attribute (source) unless its type (GOBO::Node) has a coercion at /home/graham/perls/perl-5.18.1/lib/site_perl/5.18.1/x86_64-linux/Moose/Exception.pm line 38
	Moose::Exception::_build_trace('Moose::Exception::CannotCoerceAttributeWhichHasNoCoercion=HASH(0x3a8ee48)') called at reader Moose::Exception::trace (defined at /home/graham/perls/perl-5.18.1/lib/site_perl/5.18.1/x86_64-linux/Moose/Exception.pm line 12) line 7
	Moose::Exception::trace('Moose::Exception::CannotCoerceAttributeWhichHasNoCoercion=HASH(0x3a8ee48)') called at /home/graham/perls/perl-5.18.1/lib/site_perl/5.18.1/x86_64-linux/Moose/Exception.pm line 50
	Moose::Exception::BUILD('Moose::Exception::CannotCoerceAttributeWhichHasNoCoercion=HASH(0x3a8ee48)', 'HASH(0x3a8cd38)') called at /home/graham/perls/perl-5.18.1/lib/site_perl/5.18.1/x86_64-linux/Class/MOP/Method.pm line 131
	Class::MOP::Method::execute('Moose::Meta::Method=HASH(0x3363500)', 'Moose::Exception::CannotCoerceAttributeWhichHasNoCoercion=HASH(0x3a8ee48)', 'HASH(0x3a8cd38)') called at /home/graham/perls/perl-5.18.1/lib/site_perl/5.18.1/x86_64-linux/Moose/Object.pm line 59
	Moose::Object::BUILDALL('Moose::Exception::CannotCoerceAttributeWhichHasNoCoercion=HASH(0x3a8ee48)', 'HASH(0x3a8cd38)') called at /home/graham/perls/perl-5.18.1/lib/site_perl/5.18.1/x86_64-linux/Moose/Meta/Class.pm line 293
	Moose::Meta::Class::new_object('Moose::Meta::Class=HASH(0x3a8c7e0)', 'HASH(0x3a8cd38)') called at /home/graham/perls/perl-5.18.1/lib/site_perl/5.18.1/x86_64-linux/Moose/Object.pm line 30
	Moose::Object::new('Moose::Exception::CannotCoerceAttributeWhichHasNoCoercion', 'attribute_name', 'source', 'type_name', 'GOBO::Node', 'params', 'HASH(0x2fd45e8)') called at /home/graham/perls/perl-5.18.1/lib/site_perl/5.18.1/x86_64-linux/Moose/Util.pm line 50
	Moose::Util::throw_exception('CannotCoerceAttributeWhichHasNoCoercion', 'attribute_name', 'source', 'type_name', 'GOBO::Node', 'params', 'HASH(0x2fd45e8)') called at /home/graham/perls/perl-5.18.1/lib/site_perl/5.18.1/x86_64-linux/Moose/Meta/Attribute.pm line 398
	Moose::Meta::Attribute::_process_coerce_option('Moose::Meta::Attribute', 'source', 'HASH(0x2fd45e8)') called at /home/graham/perls/perl-5.18.1/lib/site_perl/5.18.1/x86_64-linux/Moose/Meta/Attribute.pm line 267
	Moose::Meta::Attribute::_process_options('Moose::Meta::Attribute', 'source', 'HASH(0x2fd45e8)') called at /home/graham/perls/perl-5.18.1/lib/site_perl/5.18.1/x86_64-linux/Moose/Meta/Attribute.pm line 58
	Moose::Meta::Attribute::new('Moose::Meta::Attribute', 'source', 'definition_context', 'HASH(0x39bba40)', 'is', 'rw', 'isa', 'GOBO::Node', 'coerce', 1) called at /home/graham/perls/perl-5.18.1/lib/site_perl/5.18.1/x86_64-linux/Moose/Meta/Attribute.pm line 106
	Moose::Meta::Attribute::interpolate_class_and_new('Moose::Meta::Attribute', 'source', 'isa', 'GOBO::Node', 'coerce', 1, 'is', 'rw', 'definition_context', 'HASH(0x39bba40)') called at /home/graham/perls/perl-5.18.1/lib/site_perl/5.18.1/x86_64-linux/Moose/Meta/Role/Attribute.pm line 95
	Moose::Meta::Role::Attribute::attribute_for_class('Moose::Meta::Role::Attribute=HASH(0x3a857c0)') called at /home/graham/perls/perl-5.18.1/lib/site_perl/5.18.1/x86_64-linux/Moose/Meta/Role/Application/ToClass.pm line 133
	Moose::Meta::Role::Application::ToClass::apply_attributes('Moose::Meta::Role::Application::ToClass=HASH(0x3a69170)', 'Moose::Meta::Role=HASH(0x3a69458)', 'Moose::Meta::Class=HASH(0x3419f50)') called at /home/graham/perls/perl-5.18.1/lib/site_perl/5.18.1/x86_64-linux/Moose/Meta/Role/Application.pm line 60
	Moose::Meta::Role::Application::apply('Moose::Meta::Role::Application::ToClass=HASH(0x3a69170)', 'Moose::Meta::Role=HASH(0x3a69458)', 'Moose::Meta::Class=HASH(0x3419f50)') called at /home/graham/perls/perl-5.18.1/lib/site_perl/5.18.1/x86_64-linux/Moose/Meta/Role/Application/ToClass.pm line 38
	Moose::Meta::Role::Application::ToClass::apply('Moose::Meta::Role::Application::ToClass=HASH(0x3a69170)', 'Moose::Meta::Role=HASH(0x3a69458)', 'Moose::Meta::Class=HASH(0x3419f50)', 'HASH(0x33b9218)') called at /home/graham/perls/perl-5.18.1/lib/site_perl/5.18.1/x86_64-linux/Moose/Meta/Role.pm line 477
	Moose::Meta::Role::apply('Moose::Meta::Role=HASH(0x3a69458)', 'Moose::Meta::Class=HASH(0x3419f50)') called at /home/graham/perls/perl-5.18.1/lib/site_perl/5.18.1/x86_64-linux/Moose/Util.pm line 165
	Moose::Util::_apply_all_roles('Moose::Meta::Class=HASH(0x3419f50)', undef, 'GOBO::Attributed') called at /home/graham/perls/perl-5.18.1/lib/site_perl/5.18.1/x86_64-linux/Moose/Util.pm line 107
	Moose::Util::apply_all_roles('Moose::Meta::Class=HASH(0x3419f50)', 'GOBO::Attributed') called at /home/graham/perls/perl-5.18.1/lib/site_perl/5.18.1/x86_64-linux/Moose.pm line 63
	Moose::with('Moose::Meta::Class=HASH(0x3419f50)', 'GOBO::Attributed') called at /home/graham/perls/perl-5.18.1/lib/site_perl/5.18.1/x86_64-linux/Moose/Exporter.pm line 408
	Moose::with('GOBO::Attributed') called at /home/graham/perls/caches/perl-5.18.1/build/GOBO-0.03-Oe0DCD/blib/lib/GOBO/Synonym.pm line 17
	require GOBO/Synonym.pm at /home/graham/perls/caches/perl-5.18.1/build/GOBO-0.03-Oe0DCD/blib/lib/GOBO/Labeled.pm line 23
	GOBO::Labeled::BEGIN at /home/graham/perls/caches/perl-5.18.1/build/GOBO-0.03-Oe0DCD/blib/lib/GOBO/Synonym.pm line 0
	eval {...} at /home/graham/perls/caches/perl-5.18.1/build/GOBO-0.03-Oe0DCD/blib/lib/GOBO/Synonym.pm line 0
	require GOBO/Labeled.pm at /home/graham/perls/perl-5.18.1/lib/site_perl/5.18.1/Module/Runtime.pm line 317
	Module::Runtime::require_module('GOBO::Labeled') called at /home/graham/perls/perl-5.18.1/lib/site_perl/5.18.1/Module/Runtime.pm line 348
	Module::Runtime::use_module('GOBO::Labeled', undef) called at /home/graham/perls/perl-5.18.1/lib/site_perl/5.18.1/x86_64-linux/Moose/Util.pm line 140
	Moose::Util::_apply_all_roles('Moose::Meta::Class=HASH(0x3387f50)', undef, 'GOBO::Labeled') called at /home/graham/perls/perl-5.18.1/lib/site_perl/5.18.1/x86_64-linux/Moose/Util.pm line 107
	Moose::Util::apply_all_roles('Moose::Meta::Class=HASH(0x3387f50)', 'GOBO::Labeled') called at /home/graham/perls/perl-5.18.1/lib/site_perl/5.18.1/x86_64-linux/Moose.pm line 63
	Moose::with('Moose::Meta::Class=HASH(0x3387f50)', 'GOBO::Labeled') called at /home/graham/perls/perl-5.18.1/lib/site_perl/5.18.1/x86_64-linux/Moose/Exporter.pm line 408
	Moose::with('GOBO::Labeled') called at /home/graham/perls/caches/perl-5.18.1/build/GOBO-0.03-Oe0DCD/blib/lib/GOBO/Node.pm line 6
	require GOBO/Node.pm at /home/graham/perls/perl-5.18.1/lib/site_perl/5.18.1/Module/Runtime.pm line 317
	Module::Runtime::require_module('GOBO::Node') called at /home/graham/perls/perl-5.18.1/lib/site_perl/5.18.1/Module/Runtime.pm line 383
	eval {...} at /home/graham/perls/perl-5.18.1/lib/site_perl/5.18.1/Module/Runtime.pm line 383
	Module::Runtime::use_package_optimistically('GOBO::Node', undef) called at /home/graham/perls/perl-5.18.1/lib/site_perl/5.18.1/x86_64-linux/Moose/Util.pm line 342
	Moose::Util::_load_user_class('GOBO::Node', undef) called at /home/graham/perls/perl-5.18.1/lib/site_perl/5.18.1/x86_64-linux/Moose/Meta/Class.pm line 572
	Moose::Meta::Class::superclasses(undef, 'GOBO::Node') called at /home/graham/perls/perl-5.18.1/lib/site_perl/5.18.1/x86_64-linux/Moose.pm line 59
	Moose::extends('Moose::Meta::Class=HASH(0x337bc38)', 'GOBO::Node') called at /home/graham/perls/perl-5.18.1/lib/site_perl/5.18.1/x86_64-linux/Moose/Exporter.pm line 408
	Moose::extends('GOBO::Node') called at /home/graham/perls/caches/perl-5.18.1/build/GOBO-0.03-Oe0DCD/blib/lib/GOBO/Evidence.pm line 4
	require GOBO/Evidence.pm at /home/graham/perls/caches/perl-5.18.1/build/GOBO-0.03-Oe0DCD/blib/lib/GOBO/Annotation.pm line 5
	GOBO::Annotation::BEGIN at /home/graham/perls/caches/perl-5.18.1/build/GOBO-0.03-Oe0DCD/blib/lib/GOBO/Synonym.pm line 0
	eval {...} at /home/graham/perls/caches/perl-5.18.1/build/GOBO-0.03-Oe0DCD/blib/lib/GOBO/Synonym.pm line 0
	require GOBO/Annotation.pm at /home/graham/perls/caches/perl-5.18.1/build/GOBO-0.03-Oe0DCD/blib/lib/GOBO/Graph.pm line 55
	GOBO::Graph::BEGIN at /home/graham/perls/caches/perl-5.18.1/build/GOBO-0.03-Oe0DCD/blib/lib/GOBO/Synonym.pm line 0
	eval {...} at /home/graham/perls/caches/perl-5.18.1/build/GOBO-0.03-Oe0DCD/blib/lib/GOBO/Synonym.pm line 0
	require GOBO/Graph.pm at /home/graham/perls/caches/perl-5.18.1/build/GOBO-0.03-Oe0DCD/blib/lib/GOBO/Parsers/OBOParser.pm line 7
	GOBO::Parsers::OBOParser::BEGIN at /home/graham/perls/caches/perl-5.18.1/build/GOBO-0.03-Oe0DCD/blib/lib/GOBO/Synonym.pm line 0
	eval {...} at /home/graham/perls/caches/perl-5.18.1/build/GOBO-0.03-Oe0DCD/blib/lib/GOBO/Synonym.pm line 0
	require GOBO/Parsers/OBOParser.pm at t/slimmer_test.t line 9
	main::BEGIN at /home/graham/perls/caches/perl-5.18.1/build/GOBO-0.03-Oe0DCD/blib/lib/GOBO/Synonym.pm line 0
	eval {...} at /home/graham/perls/caches/perl-5.18.1/build/GOBO-0.03-Oe0DCD/blib/lib/GOBO/Synonym.pm line 0
Compilation failed in require at /home/graham/perls/caches/perl-5.18.1/build/GOBO-0.03-Oe0DCD/blib/lib/GOBO/Labeled.pm line 23.
BEGIN failed--compilation aborted at /home/graham/perls/caches/perl-5.18.1/build/GOBO-0.03-Oe0DCD/blib/lib/GOBO/Labeled.pm line 23.
Compilation failed in require at /home/graham/perls/perl-5.18.1/lib/site_perl/5.18.1/Module/Runtime.pm line 317.
Compilation failed in require at /home/graham/perls/perl-5.18.1/lib/site_perl/5.18.1/Module/Runtime.pm line 317.
Compilation failed in require at /home/graham/perls/caches/perl-5.18.1/build/GOBO-0.03-Oe0DCD/blib/lib/GOBO/Annotation.pm line 5.
BEGIN failed--compilation aborted at /home/graham/perls/caches/perl-5.18.1/build/GOBO-0.03-Oe0DCD/blib/lib/GOBO/Annotation.pm line 5.
Compilation failed in require at /home/graham/perls/caches/perl-5.18.1/build/GOBO-0.03-Oe0DCD/blib/lib/GOBO/Graph.pm line 55.
BEGIN failed--compilation aborted at /home/graham/perls/caches/perl-5.18.1/build/GOBO-0.03-Oe0DCD/blib/lib/GOBO/Graph.pm line 55.
Compilation failed in require at /home/graham/perls/caches/perl-5.18.1/build/GOBO-0.03-Oe0DCD/blib/lib/GOBO/Parsers/OBOParser.pm line 7.
BEGIN failed--compilation aborted at /home/graham/perls/caches/perl-5.18.1/build/GOBO-0.03-Oe0DCD/blib/lib/GOBO/Parsers/OBOParser.pm line 7.
Compilation failed in require at t/slimmer_test.t line 9.
BEGIN failed--compilation aborted at t/slimmer_test.t line 9.
t/slimmer_test.t ............. 
Dubious, test returned 255 (wstat 65280, 0xff00)
No subtests run 
You cannot coerce an attribute (source) unless its type (GOBO::Node) has a coercion at /home/graham/perls/perl-5.18.1/lib/site_perl/5.18.1/x86_64-linux/Moose/Exception.pm line 38
	Moose::Exception::_build_trace('Moose::Exception::CannotCoerceAttributeWhichHasNoCoercion=HASH(0x3c1d798)') called at reader Moose::Exception::trace (defined at /home/graham/perls/perl-5.18.1/lib/site_perl/5.18.1/x86_64-linux/Moose/Exception.pm line 12) line 7
	Moose::Exception::trace('Moose::Exception::CannotCoerceAttributeWhichHasNoCoercion=HASH(0x3c1d798)') called at /home/graham/perls/perl-5.18.1/lib/site_perl/5.18.1/x86_64-linux/Moose/Exception.pm line 50
	Moose::Exception::BUILD('Moose::Exception::CannotCoerceAttributeWhichHasNoCoercion=HASH(0x3c1d798)', 'HASH(0x3c1c248)') called at /home/graham/perls/perl-5.18.1/lib/site_perl/5.18.1/x86_64-linux/Class/MOP/Method.pm line 131
	Class::MOP::Method::execute('Moose::Meta::Method=HASH(0x3ce55f0)', 'Moose::Exception::CannotCoerceAttributeWhichHasNoCoercion=HASH(0x3c1d798)', 'HASH(0x3c1c248)') called at /home/graham/perls/perl-5.18.1/lib/site_perl/5.18.1/x86_64-linux/Moose/Object.pm line 59
	Moose::Object::BUILDALL('Moose::Exception::CannotCoerceAttributeWhichHasNoCoercion=HASH(0x3c1d798)', 'HASH(0x3c1c248)') called at /home/graham/perls/perl-5.18.1/lib/site_perl/5.18.1/x86_64-linux/Moose/Meta/Class.pm line 293
	Moose::Meta::Class::new_object('Moose::Meta::Class=HASH(0x3c1c1a0)', 'HASH(0x3c1c248)') called at /home/graham/perls/perl-5.18.1/lib/site_perl/5.18.1/x86_64-linux/Moose/Object.pm line 30
	Moose::Object::new('Moose::Exception::CannotCoerceAttributeWhichHasNoCoercion', 'attribute_name', 'source', 'type_name', 'GOBO::Node', 'params', 'HASH(0x315f078)') called at /home/graham/perls/perl-5.18.1/lib/site_perl/5.18.1/x86_64-linux/Moose/Util.pm line 50
	Moose::Util::throw_exception('CannotCoerceAttributeWhichHasNoCoercion', 'attribute_name', 'source', 'type_name', 'GOBO::Node', 'params', 'HASH(0x315f078)') called at /home/graham/perls/perl-5.18.1/lib/site_perl/5.18.1/x86_64-linux/Moose/Meta/Attribute.pm line 398
	Moose::Meta::Attribute::_process_coerce_option('Moose::Meta::Attribute', 'source', 'HASH(0x315f078)') called at /home/graham/perls/perl-5.18.1/lib/site_perl/5.18.1/x86_64-linux/Moose/Meta/Attribute.pm line 267
	Moose::Meta::Attribute::_process_options('Moose::Meta::Attribute', 'source', 'HASH(0x315f078)') called at /home/graham/perls/perl-5.18.1/lib/site_perl/5.18.1/x86_64-linux/Moose/Meta/Attribute.pm line 58
	Moose::Meta::Attribute::new('Moose::Meta::Attribute', 'source', 'isa', 'GOBO::Node', 'is', 'rw', 'definition_context', 'HASH(0x3b4ee90)', 'coerce', 1) called at /home/graham/perls/perl-5.18.1/lib/site_perl/5.18.1/x86_64-linux/Moose/Meta/Attribute.pm line 106
	Moose::Meta::Attribute::interpolate_class_and_new('Moose::Meta::Attribute', 'source', 'definition_context', 'HASH(0x3b4ee90)', 'coerce', 1, 'isa', 'GOBO::Node', 'is', 'rw') called at /home/graham/perls/perl-5.18.1/lib/site_perl/5.18.1/x86_64-linux/Moose/Meta/Role/Attribute.pm line 95
	Moose::Meta::Role::Attribute::attribute_for_class('Moose::Meta::Role::Attribute=HASH(0x35c2eb8)') called at /home/graham/perls/perl-5.18.1/lib/site_perl/5.18.1/x86_64-linux/Moose/Meta/Role/Application/ToClass.pm line 133
	Moose::Meta::Role::Application::ToClass::apply_attributes('Moose::Meta::Role::Application::ToClass=HASH(0x3bf5610)', 'Moose::Meta::Role=HASH(0x3bfc198)', 'Moose::Meta::Class=HASH(0x355cf48)') called at /home/graham/perls/perl-5.18.1/lib/site_perl/5.18.1/x86_64-linux/Moose/Meta/Role/Application.pm line 60
	Moose::Meta::Role::Application::apply('Moose::Meta::Role::Application::ToClass=HASH(0x3bf5610)', 'Moose::Meta::Role=HASH(0x3bfc198)', 'Moose::Meta::Class=HASH(0x355cf48)') called at /home/graham/perls/perl-5.18.1/lib/site_perl/5.18.1/x86_64-linux/Moose/Meta/Role/Application/ToClass.pm line 38
	Moose::Meta::Role::Application::ToClass::apply('Moose::Meta::Role::Application::ToClass=HASH(0x3bf5610)', 'Moose::Meta::Role=HASH(0x3bfc198)', 'Moose::Meta::Class=HASH(0x355cf48)', 'HASH(0x353c608)') called at /home/graham/perls/perl-5.18.1/lib/site_perl/5.18.1/x86_64-linux/Moose/Meta/Role.pm line 477
	Moose::Meta::Role::apply('Moose::Meta::Role=HASH(0x3bfc198)', 'Moose::Meta::Class=HASH(0x355cf48)') called at /home/graham/perls/perl-5.18.1/lib/site_perl/5.18.1/x86_64-linux/Moose/Util.pm line 165
	Moose::Util::_apply_all_roles('Moose::Meta::Class=HASH(0x355cf48)', undef, 'GOBO::Attributed') called at /home/graham/perls/perl-5.18.1/lib/site_perl/5.18.1/x86_64-linux/Moose/Util.pm line 107
	Moose::Util::apply_all_roles('Moose::Meta::Class=HASH(0x355cf48)', 'GOBO::Attributed') called at /home/graham/perls/perl-5.18.1/lib/site_perl/5.18.1/x86_64-linux/Moose.pm line 63
	Moose::with('Moose::Meta::Class=HASH(0x355cf48)', 'GOBO::Attributed') called at /home/graham/perls/perl-5.18.1/lib/site_perl/5.18.1/x86_64-linux/Moose/Exporter.pm line 408
	Moose::with('GOBO::Attributed') called at /home/graham/perls/caches/perl-5.18.1/build/GOBO-0.03-Oe0DCD/blib/lib/GOBO/Synonym.pm line 17
	require GOBO/Synonym.pm at /home/graham/perls/caches/perl-5.18.1/build/GOBO-0.03-Oe0DCD/blib/lib/GOBO/Labeled.pm line 23
	GOBO::Labeled::BEGIN at /home/graham/perls/caches/perl-5.18.1/build/GOBO-0.03-Oe0DCD/blib/lib/GOBO/Synonym.pm line 0
	eval {...} at /home/graham/perls/caches/perl-5.18.1/build/GOBO-0.03-Oe0DCD/blib/lib/GOBO/Synonym.pm line 0
	require GOBO/Labeled.pm at /home/graham/perls/perl-5.18.1/lib/site_perl/5.18.1/Module/Runtime.pm line 317
	Module::Runtime::require_module('GOBO::Labeled') called at /home/graham/perls/perl-5.18.1/lib/site_perl/5.18.1/Module/Runtime.pm line 348
	Module::Runtime::use_module('GOBO::Labeled', undef) called at /home/graham/perls/perl-5.18.1/lib/site_perl/5.18.1/x86_64-linux/Moose/Util.pm line 140
	Moose::Util::_apply_all_roles('Moose::Meta::Class=HASH(0x3516110)', undef, 'GOBO::Labeled') called at /home/graham/perls/perl-5.18.1/lib/site_perl/5.18.1/x86_64-linux/Moose/Util.pm line 107
	Moose::Util::apply_all_roles('Moose::Meta::Class=HASH(0x3516110)', 'GOBO::Labeled') called at /home/graham/perls/perl-5.18.1/lib/site_perl/5.18.1/x86_64-linux/Moose.pm line 63
	Moose::with('Moose::Meta::Class=HASH(0x3516110)', 'GOBO::Labeled') called at /home/graham/perls/perl-5.18.1/lib/site_perl/5.18.1/x86_64-linux/Moose/Exporter.pm line 408
	Moose::with('GOBO::Labeled') called at /home/graham/perls/caches/perl-5.18.1/build/GOBO-0.03-Oe0DCD/blib/lib/GOBO/Node.pm line 6
	require GOBO/Node.pm at /home/graham/perls/perl-5.18.1/lib/site_perl/5.18.1/Module/Runtime.pm line 317
	Module::Runtime::require_module('GOBO::Node') called at /home/graham/perls/perl-5.18.1/lib/site_perl/5.18.1/Module/Runtime.pm line 383
	eval {...} at /home/graham/perls/perl-5.18.1/lib/site_perl/5.18.1/Module/Runtime.pm line 383
	Module::Runtime::use_package_optimistically('GOBO::Node', undef) called at /home/graham/perls/perl-5.18.1/lib/site_perl/5.18.1/x86_64-linux/Moose/Util.pm line 342
	Moose::Util::_load_user_class('GOBO::Node', undef) called at /home/graham/perls/perl-5.18.1/lib/site_perl/5.18.1/x86_64-linux/Moose/Meta/Class.pm line 572
	Moose::Meta::Class::superclasses(undef, 'GOBO::Node') called at /home/graham/perls/perl-5.18.1/lib/site_perl/5.18.1/x86_64-linux/Moose.pm line 59
	Moose::extends('Moose::Meta::Class=HASH(0x34ff688)', 'GOBO::Node') called at /home/graham/perls/perl-5.18.1/lib/site_perl/5.18.1/x86_64-linux/Moose/Exporter.pm line 408
	Moose::extends('GOBO::Node') called at /home/graham/perls/caches/perl-5.18.1/build/GOBO-0.03-Oe0DCD/blib/lib/GOBO/Evidence.pm line 4
	require GOBO/Evidence.pm at /home/graham/perls/caches/perl-5.18.1/build/GOBO-0.03-Oe0DCD/blib/lib/GOBO/Annotation.pm line 5
	GOBO::Annotation::BEGIN at /home/graham/perls/caches/perl-5.18.1/build/GOBO-0.03-Oe0DCD/blib/lib/GOBO/Synonym.pm line 0
	eval {...} at /home/graham/perls/caches/perl-5.18.1/build/GOBO-0.03-Oe0DCD/blib/lib/GOBO/Synonym.pm line 0
	require GOBO/Annotation.pm at /home/graham/perls/caches/perl-5.18.1/build/GOBO-0.03-Oe0DCD/blib/lib/GOBO/Graph.pm line 55
	GOBO::Graph::BEGIN at /home/graham/perls/caches/perl-5.18.1/build/GOBO-0.03-Oe0DCD/blib/lib/GOBO/Synonym.pm line 0
	eval {...} at /home/graham/perls/caches/perl-5.18.1/build/GOBO-0.03-Oe0DCD/blib/lib/GOBO/Synonym.pm line 0
	require GOBO/Graph.pm at t/union_inference_test.t line 4
	main::BEGIN at /home/graham/perls/caches/perl-5.18.1/build/GOBO-0.03-Oe0DCD/blib/lib/GOBO/Synonym.pm line 0
	eval {...} at /home/graham/perls/caches/perl-5.18.1/build/GOBO-0.03-Oe0DCD/blib/lib/GOBO/Synonym.pm line 0
Compilation failed in require at /home/graham/perls/caches/perl-5.18.1/build/GOBO-0.03-Oe0DCD/blib/lib/GOBO/Labeled.pm line 23.
BEGIN failed--compilation aborted at /home/graham/perls/caches/perl-5.18.1/build/GOBO-0.03-Oe0DCD/blib/lib/GOBO/Labeled.pm line 23.
Compilation failed in require at /home/graham/perls/perl-5.18.1/lib/site_perl/5.18.1/Module/Runtime.pm line 317.
Compilation failed in require at /home/graham/perls/perl-5.18.1/lib/site_perl/5.18.1/Module/Runtime.pm line 317.
Compilation failed in require at /home/graham/perls/caches/perl-5.18.1/build/GOBO-0.03-Oe0DCD/blib/lib/GOBO/Annotation.pm line 5.
BEGIN failed--compilation aborted at /home/graham/perls/caches/perl-5.18.1/build/GOBO-0.03-Oe0DCD/blib/lib/GOBO/Annotation.pm line 5.
Compilation failed in require at /home/graham/perls/caches/perl-5.18.1/build/GOBO-0.03-Oe0DCD/blib/lib/GOBO/Graph.pm line 55.
BEGIN failed--compilation aborted at /home/graham/perls/caches/perl-5.18.1/build/GOBO-0.03-Oe0DCD/blib/lib/GOBO/Graph.pm line 55.
Compilation failed in require at t/union_inference_test.t line 4.
BEGIN failed--compilation aborted at t/union_inference_test.t line 4.
t/union_inference_test.t ..... 
Dubious, test returned 255 (wstat 65280, 0xff00)
No subtests run 

Test Summary Report
-------------------
t/analysis_test.t          (Wstat: 65280 Tests: 0 Failed: 0)
  Non-zero exit status: 255
  Parse errors: No plan found in TAP output
t/classexpr.t              (Wstat: 65280 Tests: 0 Failed: 0)
  Non-zero exit status: 255
  Parse errors: No plan found in TAP output
t/dbconnect.t              (Wstat: 65280 Tests: 0 Failed: 0)
  Non-zero exit status: 255
  Parse errors: No plan found in TAP output
t/gaf_inference_test.t     (Wstat: 65280 Tests: 0 Failed: 0)
  Non-zero exit status: 255
  Parse errors: No plan found in TAP output
t/gaftest.t                (Wstat: 65280 Tests: 0 Failed: 0)
  Non-zero exit status: 255
  Parse errors: No plan found in TAP output
t/gaftest_chunked.t        (Wstat: 65280 Tests: 0 Failed: 0)
  Non-zero exit status: 255
  Parse errors: No plan found in TAP output
t/gaftest_chunked_gzipped.t (Wstat: 65280 Tests: 0 Failed: 0)
  Non-zero exit status: 255
  Parse errors: No plan found in TAP output
t/graph_creation.t         (Wstat: 65280 Tests: 0 Failed: 0)
  Non-zero exit status: 255
  Parse errors: No plan found in TAP output
t/inference_engine_test.t  (Wstat: 65280 Tests: 0 Failed: 0)
  Non-zero exit status: 255
  Parse errors: No plan found in TAP output
t/logical_definition_test.t (Wstat: 65280 Tests: 0 Failed: 0)
  Non-zero exit status: 255
  Parse errors: No plan found in TAP output
t/node_removal.t           (Wstat: 65280 Tests: 0 Failed: 0)
  Non-zero exit status: 255
  Parse errors: No plan found in TAP output
t/oboparsertest.t          (Wstat: 65280 Tests: 0 Failed: 0)
  Non-zero exit status: 255
  Parse errors: No plan found in TAP output
t/parsetest.t              (Wstat: 65280 Tests: 0 Failed: 0)
  Non-zero exit status: 255
  Parse errors: No plan found in TAP output
t/relation_test.t          (Wstat: 65280 Tests: 0 Failed: 0)
  Non-zero exit status: 255
  Parse errors: Bad plan.  You planned 29 tests but ran 0.
t/roundtrip.t              (Wstat: 65280 Tests: 0 Failed: 0)
  Non-zero exit status: 255
  Parse errors: No plan found in TAP output
t/slimmer_test.t           (Wstat: 65280 Tests: 0 Failed: 0)
  Non-zero exit status: 255
  Parse errors: No plan found in TAP output
t/union_inference_test.t   (Wstat: 65280 Tests: 0 Failed: 0)
  Non-zero exit status: 255
  Parse errors: No plan found in TAP output
Files=17, Tests=0, 12 wallclock secs ( 0.06 usr  0.04 sys +  9.34 cusr  0.51 csys =  9.95 CPU)
Result: FAIL
Failed 17/17 test programs. 0/0 subtests failed.
make: *** [test_dynamic] Error 255

------------------------------
PREREQUISITES
------------------------------

Prerequisite modules loaded:

requires:

    Module                    Need Have   
    ------------------------- ---- -------
    DateTime::Format::ISO8601 0    0.08   
    List::MoreUtils           0    0.400  
    Moose                     0.81 2.1102 
    Test::Deep                0    0.110  

build_requires:

    Module                    Need Have   
    ------------------------- ---- -------
    ExtUtils::MakeMaker       0    6.81_02

configure_requires:

    Module                    Need Have   
    ------------------------- ---- -------
    ExtUtils::MakeMaker       0    6.81_02


------------------------------
ENVIRONMENT AND OTHER CONTEXT
------------------------------

Environment variables:

    AUTOMATED_TESTING = 1
    LANG = en_GB.UTF-8
    PATH = /home/graham/perls/perl-5.18.1/bin:/usr/local/sbin:/usr/local/bin:/usr/bin:/usr/bin/vendor_perl:/usr/bin/core_perl
    PERL5LIB = 
    PERL5OPT = 
    PERL5_CPANPLUS_IS_RUNNING = 24084
    PERL5_CPAN_IS_RUNNING = 24084
    PERL5_CPAN_IS_RUNNING_IN_RECURSION = 370,24084
    PERL_CR_SMOKER_CURRENT = GOBO-0.03
    PERL_EXTUTILS_AUTOINSTALL = --defaultdeps
    PERL_MM_USE_DEFAULT = 1
    SHELL = /bin/bash
    TERM = xterm

Perl special variables (and OS-specific diagnostics, for MSWin32):

    $^X = /home/graham/perls/perl-5.18.1/bin/perl
    $UID/$EUID = 1000 / 1000
    $GID = 100 10 95 98 100
    $EGID = 100 10 95 98 100

Perl module toolchain versions installed:

    Module              Have    
    ------------------- --------
    CPAN                2.00    
    CPAN::Meta          2.132830
    Cwd                 3.40    
    ExtUtils::CBuilder  0.280212
    ExtUtils::Command   1.18    
    ExtUtils::Install   1.59    
    ExtUtils::MakeMaker 6.81_02 
    ExtUtils::Manifest  1.63    
    ExtUtils::ParseXS   3.22    
    File::Spec          3.40    
    JSON                2.61    
    JSON::PP            2.27203 
    Module::Build       0.4003  
    Module::Signature   0.73    
    Parse::CPAN::Meta   1.4409  
    Test::Harness       3.29    
    Test::More          0.99    
    YAML                0.84    
    YAML::Syck          1.27    
    version             0.9904  


--

Summary of my perl5 (revision 5 version 18 subversion 1) configuration:
   
  Platform:
    osname=linux, osvers=3.11.4-1-arch, archname=x86_64-linux
    uname='linux grosics 3.11.4-1-arch #1 smp preempt sat oct 5 21:22:51 cest 2013 x86_64 gnulinux '
    config_args=''
    hint=recommended, useposix=true, d_sigaction=define
    useithreads=undef, usemultiplicity=undef
    useperlio=define, d_sfio=undef, uselargefiles=define, usesocks=undef
    use64bitint=define, use64bitall=define, uselongdouble=undef
    usemymalloc=n, bincompat5005=undef
  Compiler:
    cc='cc', ccflags ='-fno-strict-aliasing -pipe -fstack-protector -I/usr/local/include -D_LARGEFILE_SOURCE -D_FILE_OFFSET_BITS=64',
    optimize='-O2',
    cppflags='-fno-strict-aliasing -pipe -fstack-protector -I/usr/local/include'
    ccversion='', gccversion='4.8.1 20130725 (prerelease)', gccosandvers=''
    intsize=4, longsize=8, ptrsize=8, doublesize=8, byteorder=12345678
    d_longlong=define, longlongsize=8, d_longdbl=define, longdblsize=16
    ivtype='long', ivsize=8, nvtype='double', nvsize=8, Off_t='off_t', lseeksize=8
    alignbytes=8, prototype=define
  Linker and Libraries:
    ld='cc', ldflags =' -fstack-protector -L/usr/local/lib'
    libpth=/usr/local/lib /lib/../lib /usr/lib/../lib /lib /usr/lib /lib64 /usr/lib64
    libs=-lnsl -lgdbm -ldb -ldl -lm -lcrypt -lutil -lc -lgdbm_compat
    perllibs=-lnsl -ldl -lm -lcrypt -lutil -lc
    libc=/lib/libc-2.18.so, so=so, useshrplib=false, libperl=libperl.a
    gnulibc_version='2.18'
  Dynamic Linking:
    dlsrc=dl_dlopen.xs, dlext=so, d_dlsymun=undef, ccdlflags='-Wl,-E'
    cccdlflags='-fPIC', lddlflags='-shared -O2 -L/usr/local/lib -fstack-protector'


Characteristics of this binary (from libperl): 
  Compile-time options: HAS_TIMES PERLIO_LAYERS PERL_DONT_CREATE_GVSV
                        PERL_HASH_FUNC_ONE_AT_A_TIME_HARD PERL_MALLOC_WRAP
                        PERL_PRESERVE_IVUV PERL_SAWAMPERSAND USE_64_BIT_ALL
                        USE_64_BIT_INT USE_LARGE_FILES USE_LOCALE
                        USE_LOCALE_COLLATE USE_LOCALE_CTYPE
                        USE_LOCALE_NUMERIC USE_PERLIO USE_PERL_ATOF
  Built under linux
  Compiled at Oct 11 2013 10:49:28
  %ENV:
    PERL5LIB=""
    PERL5OPT=""
    PERL5_CPANPLUS_IS_RUNNING="24084"
    PERL5_CPAN_IS_RUNNING="24084"
    PERL5_CPAN_IS_RUNNING_IN_RECURSION="370,24084"
    PERL_CR_SMOKER_CURRENT="GOBO-0.03"
    PERL_EXTUTILS_AUTOINSTALL="--defaultdeps"
    PERL_MM_USE_DEFAULT="1"
  @INC:
    /home/graham/perls/perl-5.18.1/lib/site_perl/5.18.1/x86_64-linux
    /home/graham/perls/perl-5.18.1/lib/site_perl/5.18.1
    /home/graham/perls/perl-5.18.1/lib/5.18.1/x86_64-linux
    /home/graham/perls/perl-5.18.1/lib/5.18.1
    .