Back
From: metabase:user:cd035d39-6d5b-1014-ab3a-39c0c09612a1
Subject: FAIL GOBO-0.03 v5.22.0
Date: 2015-06-23T09:13:44Z
This distribution has been tested as part of the CPAN Testers
project, supporting the Perl programming language. See
http://wiki.cpantesters.org/ for more information or email
questions to cpan-testers-discuss@perl.org
--
Dear Chris Mungall,
This is a computer-generated report for GOBO-0.03
on perl 5.22.0, created by CPAN-Reporter-1.2014.
Thank you for uploading your work to CPAN. However, there was a problem
testing your distribution.
If you think this report is invalid, please consult the CPAN Testers Wiki
for suggestions on how to avoid getting FAIL reports for missing library
or binary dependencies, unsupported operating systems, and so on:
http://wiki.cpantesters.org/wiki/CPANAuthorNotes
Sections of this report:
* Tester comments
* Program output
* Prerequisites
* Environment and other context
------------------------------
TESTER COMMENTS
------------------------------
Additional comments from tester:
this report is from an automated smoke testing program
and was not reviewed by a human for accuracy
------------------------------
PROGRAM OUTPUT
------------------------------
Output from 'C:\strawberry\c\bin\dmake.EXE test':
"C:\Strawberry\perl\bin\perl.exe" "-MExtUtils::Command::MM" "-MTest::Harness" "-e" "undef *Test::Harness::Switches; test_harness(0, 'blib\lib', 'blib\arch')" t/*.t
You cannot coerce an attribute (provenance) unless its type (GOBO::Node) has a coercion at C:\Strawberry\perl\site\lib\Moose\Exporter.pm line 419
Moose::with('GOBO::Attributed') called at C:\cpan\build\GOBO-0.03-pYaa3C\blib\lib\GOBO\Synonym.pm line 17
require GOBO/Synonym.pm at C:\cpan\build\GOBO-0.03-pYaa3C\blib\lib\GOBO\Labeled.pm line 23
GOBO::Labeled::BEGIN at C:\cpan\build\GOBO-0.03-pYaa3C\blib\lib\GOBO\Synonym.pm line 0
eval {...} at C:\cpan\build\GOBO-0.03-pYaa3C\blib\lib\GOBO\Synonym.pm line 0
require GOBO/Labeled.pm at C:\Strawberry\perl\vendor\lib\Module\Runtime.pm line 317
Module::Runtime::require_module('GOBO::Labeled') called at C:\Strawberry\perl\vendor\lib\Module\Runtime.pm line 348
Module::Runtime::use_module('GOBO::Labeled') called at C:\Strawberry\perl\site\lib\Moose\Util.pm line 147
Moose::Util::_apply_all_roles('Moose::Meta::Class=HASH(0x140517c)', undef, 'GOBO::Labeled') called at C:\Strawberry\perl\site\lib\Moose\Util.pm line 114
Moose::Util::apply_all_roles('Moose::Meta::Class=HASH(0x140517c)', 'GOBO::Labeled') called at C:\Strawberry\perl\site\lib\Moose.pm line 59
Moose::with('Moose::Meta::Class=HASH(0x140517c)', 'GOBO::Labeled') called at C:\Strawberry\perl\site\lib\Moose\Exporter.pm line 419
Moose::with('GOBO::Labeled') called at C:\cpan\build\GOBO-0.03-pYaa3C\blib\lib\GOBO\Node.pm line 6
require GOBO/Node.pm at C:\Strawberry\perl\vendor\lib\Module\Runtime.pm line 317
Module::Runtime::require_module('GOBO::Node') called at C:\Strawberry\perl\vendor\lib\Module\Runtime.pm line 381
eval {...} at C:\Strawberry\perl\vendor\lib\Module\Runtime.pm line 381
Module::Runtime::use_package_optimistically('GOBO::Node') called at C:\Strawberry\perl\site\lib\Moose\Util.pm line 352
Moose::Util::_load_user_class('GOBO::Node', undef) called at C:\Strawberry\perl\site\lib\Moose\Meta\Class.pm line 557
Moose::Meta::Class::superclasses(undef, 'GOBO::Node') called at C:\Strawberry\perl\site\lib\Moose.pm line 55
Moose::extends('Moose::Meta::Class=HASH(0x13f5564)', 'GOBO::Node') called at C:\Strawberry\perl\site\lib\Moose\Exporter.pm line 419
Moose::extends('GOBO::Node') called at C:\cpan\build\GOBO-0.03-pYaa3C\blib\lib\GOBO\Evidence.pm line 4
require GOBO/Evidence.pm at C:\cpan\build\GOBO-0.03-pYaa3C\blib\lib\GOBO\Annotation.pm line 5
GOBO::Annotation::BEGIN at C:\cpan\build\GOBO-0.03-pYaa3C\blib\lib\GOBO\Synonym.pm line 0
eval {...} at C:\cpan\build\GOBO-0.03-pYaa3C\blib\lib\GOBO\Synonym.pm line 0
require GOBO/Annotation.pm at C:\cpan\build\GOBO-0.03-pYaa3C\blib\lib\GOBO\Graph.pm line 55
GOBO::Graph::BEGIN at C:\cpan\build\GOBO-0.03-pYaa3C\blib\lib\GOBO\Synonym.pm line 0
eval {...} at C:\cpan\build\GOBO-0.03-pYaa3C\blib\lib\GOBO\Synonym.pm line 0
require GOBO/Graph.pm at t\analysis_test.t line 4
main::BEGIN at C:\cpan\build\GOBO-0.03-pYaa3C\blib\lib\GOBO\Synonym.pm line 0
eval {...} at C:\cpan\build\GOBO-0.03-pYaa3C\blib\lib\GOBO\Synonym.pm line 0
Compilation failed in require at C:\cpan\build\GOBO-0.03-pYaa3C\blib\lib/GOBO/Labeled.pm line 23.
BEGIN failed--compilation aborted at C:\cpan\build\GOBO-0.03-pYaa3C\blib\lib/GOBO/Labeled.pm line 23.
Compilation failed in require at C:/Strawberry/perl/vendor/lib/Module/Runtime.pm line 317.
Compilation failed in require at C:/Strawberry/perl/vendor/lib/Module/Runtime.pm line 317.
Compilation failed in require at C:\cpan\build\GOBO-0.03-pYaa3C\blib\lib/GOBO/Annotation.pm line 5.
BEGIN failed--compilation aborted at C:\cpan\build\GOBO-0.03-pYaa3C\blib\lib/GOBO/Annotation.pm line 5.
Compilation failed in require at C:\cpan\build\GOBO-0.03-pYaa3C\blib\lib/GOBO/Graph.pm line 55.
BEGIN failed--compilation aborted at C:\cpan\build\GOBO-0.03-pYaa3C\blib\lib/GOBO/Graph.pm line 55.
Compilation failed in require at t/analysis_test.t line 4.
BEGIN failed--compilation aborted at t/analysis_test.t line 4.
t/analysis_test.t ............
Dubious, test returned 255 (wstat 65280, 0xff00)
No subtests run
You cannot coerce an attribute (provenance) unless its type (GOBO::Node) has a coercion at C:\Strawberry\perl\site\lib\Moose\Exporter.pm line 419
Moose::with('GOBO::Attributed') called at C:\cpan\build\GOBO-0.03-pYaa3C\blib\lib\GOBO\Synonym.pm line 17
require GOBO/Synonym.pm at C:\cpan\build\GOBO-0.03-pYaa3C\blib\lib\GOBO\Labeled.pm line 23
GOBO::Labeled::BEGIN at C:\cpan\build\GOBO-0.03-pYaa3C\blib\lib\GOBO\Synonym.pm line 0
eval {...} at C:\cpan\build\GOBO-0.03-pYaa3C\blib\lib\GOBO\Synonym.pm line 0
require GOBO/Labeled.pm at C:\Strawberry\perl\vendor\lib\Module\Runtime.pm line 317
Module::Runtime::require_module('GOBO::Labeled') called at C:\Strawberry\perl\vendor\lib\Module\Runtime.pm line 348
Module::Runtime::use_module('GOBO::Labeled') called at C:\Strawberry\perl\site\lib\Moose\Util.pm line 147
Moose::Util::_apply_all_roles('Moose::Meta::Class=HASH(0x13fbf14)', undef, 'GOBO::Labeled') called at C:\Strawberry\perl\site\lib\Moose\Util.pm line 114
Moose::Util::apply_all_roles('Moose::Meta::Class=HASH(0x13fbf14)', 'GOBO::Labeled') called at C:\Strawberry\perl\site\lib\Moose.pm line 59
Moose::with('Moose::Meta::Class=HASH(0x13fbf14)', 'GOBO::Labeled') called at C:\Strawberry\perl\site\lib\Moose\Exporter.pm line 419
Moose::with('GOBO::Labeled') called at C:\cpan\build\GOBO-0.03-pYaa3C\blib\lib\GOBO\Node.pm line 6
require GOBO/Node.pm at C:\cpan\build\GOBO-0.03-pYaa3C\blib\lib\GOBO\Statement.pm line 7
GOBO::Statement::BEGIN at C:\cpan\build\GOBO-0.03-pYaa3C\blib\lib\GOBO\Synonym.pm line 0
eval {...} at C:\cpan\build\GOBO-0.03-pYaa3C\blib\lib\GOBO\Synonym.pm line 0
require GOBO/Statement.pm at C:\cpan\build\GOBO-0.03-pYaa3C\blib\lib\GOBO\ClassExpression\RelationalExpression.pm line 5
GOBO::ClassExpression::RelationalExpression::BEGIN at C:\cpan\build\GOBO-0.03-pYaa3C\blib\lib\GOBO\Synonym.pm line 0
eval {...} at C:\cpan\build\GOBO-0.03-pYaa3C\blib\lib\GOBO\Synonym.pm line 0
require GOBO/ClassExpression/RelationalExpression.pm at C:\cpan\build\GOBO-0.03-pYaa3C\blib\lib\GOBO\ClassExpression.pm line 80
GOBO::ClassExpression::BEGIN at C:\cpan\build\GOBO-0.03-pYaa3C\blib\lib\GOBO\Synonym.pm line 0
eval {...} at C:\cpan\build\GOBO-0.03-pYaa3C\blib\lib\GOBO\Synonym.pm line 0
require GOBO/ClassExpression.pm at t\classexpr.t line 3
main::BEGIN at C:\cpan\build\GOBO-0.03-pYaa3C\blib\lib\GOBO\Synonym.pm line 0
eval {...} at C:\cpan\build\GOBO-0.03-pYaa3C\blib\lib\GOBO\Synonym.pm line 0
Compilation failed in require at C:\cpan\build\GOBO-0.03-pYaa3C\blib\lib/GOBO/Labeled.pm line 23.
BEGIN failed--compilation aborted at C:\cpan\build\GOBO-0.03-pYaa3C\blib\lib/GOBO/Labeled.pm line 23.
Compilation failed in require at C:/Strawberry/perl/vendor/lib/Module/Runtime.pm line 317.
Compilation failed in require at C:\cpan\build\GOBO-0.03-pYaa3C\blib\lib/GOBO/Statement.pm line 7.
BEGIN failed--compilation aborted at C:\cpan\build\GOBO-0.03-pYaa3C\blib\lib/GOBO/Statement.pm line 7.
Compilation failed in require at C:\cpan\build\GOBO-0.03-pYaa3C\blib\lib/GOBO/ClassExpression/RelationalExpression.pm line 5.
BEGIN failed--compilation aborted at C:\cpan\build\GOBO-0.03-pYaa3C\blib\lib/GOBO/ClassExpression/RelationalExpression.pm line 5.
Compilation failed in require at C:\cpan\build\GOBO-0.03-pYaa3C\blib\lib/GOBO/ClassExpression.pm line 80.
BEGIN failed--compilation aborted at C:\cpan\build\GOBO-0.03-pYaa3C\blib\lib/GOBO/ClassExpression.pm line 80.
Compilation failed in require at t/classexpr.t line 3.
BEGIN failed--compilation aborted at t/classexpr.t line 3.
t/classexpr.t ................
Dubious, test returned 255 (wstat 65280, 0xff00)
No subtests run
You cannot coerce an attribute (source) unless its type (GOBO::Node) has a coercion at C:\Strawberry\perl\site\lib\Moose\Exporter.pm line 419
Moose::with('GOBO::Attributed') called at C:\cpan\build\GOBO-0.03-pYaa3C\blib\lib\GOBO\Synonym.pm line 17
require GOBO/Synonym.pm at C:\cpan\build\GOBO-0.03-pYaa3C\blib\lib\GOBO\Labeled.pm line 23
GOBO::Labeled::BEGIN at C:\cpan\build\GOBO-0.03-pYaa3C\blib\lib\GOBO\Synonym.pm line 0
eval {...} at C:\cpan\build\GOBO-0.03-pYaa3C\blib\lib\GOBO\Synonym.pm line 0
require GOBO/Labeled.pm at C:\Strawberry\perl\vendor\lib\Module\Runtime.pm line 317
Module::Runtime::require_module('GOBO::Labeled') called at C:\Strawberry\perl\vendor\lib\Module\Runtime.pm line 348
Module::Runtime::use_module('GOBO::Labeled') called at C:\Strawberry\perl\site\lib\Moose\Util.pm line 147
Moose::Util::_apply_all_roles('Moose::Meta::Class=HASH(0x140430c)', undef, 'GOBO::Labeled') called at C:\Strawberry\perl\site\lib\Moose\Util.pm line 114
Moose::Util::apply_all_roles('Moose::Meta::Class=HASH(0x140430c)', 'GOBO::Labeled') called at C:\Strawberry\perl\site\lib\Moose.pm line 59
Moose::with('Moose::Meta::Class=HASH(0x140430c)', 'GOBO::Labeled') called at C:\Strawberry\perl\site\lib\Moose\Exporter.pm line 419
Moose::with('GOBO::Labeled') called at C:\cpan\build\GOBO-0.03-pYaa3C\blib\lib\GOBO\Node.pm line 6
require GOBO/Node.pm at C:\Strawberry\perl\vendor\lib\Module\Runtime.pm line 317
Module::Runtime::require_module('GOBO::Node') called at C:\Strawberry\perl\vendor\lib\Module\Runtime.pm line 381
eval {...} at C:\Strawberry\perl\vendor\lib\Module\Runtime.pm line 381
Module::Runtime::use_package_optimistically('GOBO::Node') called at C:\Strawberry\perl\site\lib\Moose\Util.pm line 352
Moose::Util::_load_user_class('GOBO::Node', undef) called at C:\Strawberry\perl\site\lib\Moose\Meta\Class.pm line 557
Moose::Meta::Class::superclasses(undef, 'GOBO::Node') called at C:\Strawberry\perl\site\lib\Moose.pm line 55
Moose::extends('Moose::Meta::Class=HASH(0x13f4494)', 'GOBO::Node') called at C:\Strawberry\perl\site\lib\Moose\Exporter.pm line 419
Moose::extends('GOBO::Node') called at C:\cpan\build\GOBO-0.03-pYaa3C\blib\lib\GOBO\Evidence.pm line 4
require GOBO/Evidence.pm at C:\cpan\build\GOBO-0.03-pYaa3C\blib\lib\GOBO\Annotation.pm line 5
GOBO::Annotation::BEGIN at C:\cpan\build\GOBO-0.03-pYaa3C\blib\lib\GOBO\Synonym.pm line 0
eval {...} at C:\cpan\build\GOBO-0.03-pYaa3C\blib\lib\GOBO\Synonym.pm line 0
require GOBO/Annotation.pm at C:\cpan\build\GOBO-0.03-pYaa3C\blib\lib\GOBO\Graph.pm line 55
GOBO::Graph::BEGIN at C:\cpan\build\GOBO-0.03-pYaa3C\blib\lib\GOBO\Synonym.pm line 0
eval {...} at C:\cpan\build\GOBO-0.03-pYaa3C\blib\lib\GOBO\Synonym.pm line 0
require GOBO/Graph.pm at t\dbconnect.t line 4
main::BEGIN at C:\cpan\build\GOBO-0.03-pYaa3C\blib\lib\GOBO\Synonym.pm line 0
eval {...} at C:\cpan\build\GOBO-0.03-pYaa3C\blib\lib\GOBO\Synonym.pm line 0
Compilation failed in require at C:\cpan\build\GOBO-0.03-pYaa3C\blib\lib/GOBO/Labeled.pm line 23.
BEGIN failed--compilation aborted at C:\cpan\build\GOBO-0.03-pYaa3C\blib\lib/GOBO/Labeled.pm line 23.
Compilation failed in require at C:/Strawberry/perl/vendor/lib/Module/Runtime.pm line 317.
Compilation failed in require at C:/Strawberry/perl/vendor/lib/Module/Runtime.pm line 317.
Compilation failed in require at C:\cpan\build\GOBO-0.03-pYaa3C\blib\lib/GOBO/Annotation.pm line 5.
BEGIN failed--compilation aborted at C:\cpan\build\GOBO-0.03-pYaa3C\blib\lib/GOBO/Annotation.pm line 5.
Compilation failed in require at C:\cpan\build\GOBO-0.03-pYaa3C\blib\lib/GOBO/Graph.pm line 55.
BEGIN failed--compilation aborted at C:\cpan\build\GOBO-0.03-pYaa3C\blib\lib/GOBO/Graph.pm line 55.
Compilation failed in require at t/dbconnect.t line 4.
BEGIN failed--compilation aborted at t/dbconnect.t line 4.
t/dbconnect.t ................
Dubious, test returned 255 (wstat 65280, 0xff00)
No subtests run
You cannot coerce an attribute (source) unless its type (GOBO::Node) has a coercion at C:\Strawberry\perl\site\lib\Moose\Exporter.pm line 419
Moose::with('GOBO::Attributed') called at C:\cpan\build\GOBO-0.03-pYaa3C\blib\lib\GOBO\Synonym.pm line 17
require GOBO/Synonym.pm at C:\cpan\build\GOBO-0.03-pYaa3C\blib\lib\GOBO\Labeled.pm line 23
GOBO::Labeled::BEGIN at C:\cpan\build\GOBO-0.03-pYaa3C\blib\lib\GOBO\Synonym.pm line 0
eval {...} at C:\cpan\build\GOBO-0.03-pYaa3C\blib\lib\GOBO\Synonym.pm line 0
require GOBO/Labeled.pm at C:\Strawberry\perl\vendor\lib\Module\Runtime.pm line 317
Module::Runtime::require_module('GOBO::Labeled') called at C:\Strawberry\perl\vendor\lib\Module\Runtime.pm line 348
Module::Runtime::use_module('GOBO::Labeled') called at C:\Strawberry\perl\site\lib\Moose\Util.pm line 147
Moose::Util::_apply_all_roles('Moose::Meta::Class=HASH(0x140628c)', undef, 'GOBO::Labeled') called at C:\Strawberry\perl\site\lib\Moose\Util.pm line 114
Moose::Util::apply_all_roles('Moose::Meta::Class=HASH(0x140628c)', 'GOBO::Labeled') called at C:\Strawberry\perl\site\lib\Moose.pm line 59
Moose::with('Moose::Meta::Class=HASH(0x140628c)', 'GOBO::Labeled') called at C:\Strawberry\perl\site\lib\Moose\Exporter.pm line 419
Moose::with('GOBO::Labeled') called at C:\cpan\build\GOBO-0.03-pYaa3C\blib\lib\GOBO\Node.pm line 6
require GOBO/Node.pm at C:\Strawberry\perl\vendor\lib\Module\Runtime.pm line 317
Module::Runtime::require_module('GOBO::Node') called at C:\Strawberry\perl\vendor\lib\Module\Runtime.pm line 381
eval {...} at C:\Strawberry\perl\vendor\lib\Module\Runtime.pm line 381
Module::Runtime::use_package_optimistically('GOBO::Node') called at C:\Strawberry\perl\site\lib\Moose\Util.pm line 352
Moose::Util::_load_user_class('GOBO::Node', undef) called at C:\Strawberry\perl\site\lib\Moose\Meta\Class.pm line 557
Moose::Meta::Class::superclasses(undef, 'GOBO::Node') called at C:\Strawberry\perl\site\lib\Moose.pm line 55
Moose::extends('Moose::Meta::Class=HASH(0x13efb14)', 'GOBO::Node') called at C:\Strawberry\perl\site\lib\Moose\Exporter.pm line 419
Moose::extends('GOBO::Node') called at C:\cpan\build\GOBO-0.03-pYaa3C\blib\lib\GOBO\Evidence.pm line 4
require GOBO/Evidence.pm at C:\cpan\build\GOBO-0.03-pYaa3C\blib\lib\GOBO\Annotation.pm line 5
GOBO::Annotation::BEGIN at C:\cpan\build\GOBO-0.03-pYaa3C\blib\lib\GOBO\Synonym.pm line 0
eval {...} at C:\cpan\build\GOBO-0.03-pYaa3C\blib\lib\GOBO\Synonym.pm line 0
require GOBO/Annotation.pm at C:\cpan\build\GOBO-0.03-pYaa3C\blib\lib\GOBO\Graph.pm line 55
GOBO::Graph::BEGIN at C:\cpan\build\GOBO-0.03-pYaa3C\blib\lib\GOBO\Synonym.pm line 0
eval {...} at C:\cpan\build\GOBO-0.03-pYaa3C\blib\lib\GOBO\Synonym.pm line 0
require GOBO/Graph.pm at t\gaf_inference_test.t line 4
main::BEGIN at C:\cpan\build\GOBO-0.03-pYaa3C\blib\lib\GOBO\Synonym.pm line 0
eval {...} at C:\cpan\build\GOBO-0.03-pYaa3C\blib\lib\GOBO\Synonym.pm line 0
Compilation failed in require at C:\cpan\build\GOBO-0.03-pYaa3C\blib\lib/GOBO/Labeled.pm line 23.
BEGIN failed--compilation aborted at C:\cpan\build\GOBO-0.03-pYaa3C\blib\lib/GOBO/Labeled.pm line 23.
Compilation failed in require at C:/Strawberry/perl/vendor/lib/Module/Runtime.pm line 317.
Compilation failed in require at C:/Strawberry/perl/vendor/lib/Module/Runtime.pm line 317.
Compilation failed in require at C:\cpan\build\GOBO-0.03-pYaa3C\blib\lib/GOBO/Annotation.pm line 5.
BEGIN failed--compilation aborted at C:\cpan\build\GOBO-0.03-pYaa3C\blib\lib/GOBO/Annotation.pm line 5.
Compilation failed in require at C:\cpan\build\GOBO-0.03-pYaa3C\blib\lib/GOBO/Graph.pm line 55.
BEGIN failed--compilation aborted at C:\cpan\build\GOBO-0.03-pYaa3C\blib\lib/GOBO/Graph.pm line 55.
Compilation failed in require at t/gaf_inference_test.t line 4.
BEGIN failed--compilation aborted at t/gaf_inference_test.t line 4.
t/gaf_inference_test.t .......
Dubious, test returned 255 (wstat 65280, 0xff00)
No subtests run
You cannot coerce an attribute (source) unless its type (GOBO::Node) has a coercion at C:\Strawberry\perl\site\lib\Moose\Exporter.pm line 419
Moose::with('GOBO::Attributed') called at C:\cpan\build\GOBO-0.03-pYaa3C\blib\lib\GOBO\Synonym.pm line 17
require GOBO/Synonym.pm at C:\cpan\build\GOBO-0.03-pYaa3C\blib\lib\GOBO\Labeled.pm line 23
GOBO::Labeled::BEGIN at C:\cpan\build\GOBO-0.03-pYaa3C\blib\lib\GOBO\Synonym.pm line 0
eval {...} at C:\cpan\build\GOBO-0.03-pYaa3C\blib\lib\GOBO\Synonym.pm line 0
require GOBO/Labeled.pm at C:\Strawberry\perl\vendor\lib\Module\Runtime.pm line 317
Module::Runtime::require_module('GOBO::Labeled') called at C:\Strawberry\perl\vendor\lib\Module\Runtime.pm line 348
Module::Runtime::use_module('GOBO::Labeled') called at C:\Strawberry\perl\site\lib\Moose\Util.pm line 147
Moose::Util::_apply_all_roles('Moose::Meta::Class=HASH(0x1405534)', undef, 'GOBO::Labeled') called at C:\Strawberry\perl\site\lib\Moose\Util.pm line 114
Moose::Util::apply_all_roles('Moose::Meta::Class=HASH(0x1405534)', 'GOBO::Labeled') called at C:\Strawberry\perl\site\lib\Moose.pm line 59
Moose::with('Moose::Meta::Class=HASH(0x1405534)', 'GOBO::Labeled') called at C:\Strawberry\perl\site\lib\Moose\Exporter.pm line 419
Moose::with('GOBO::Labeled') called at C:\cpan\build\GOBO-0.03-pYaa3C\blib\lib\GOBO\Node.pm line 6
require GOBO/Node.pm at C:\Strawberry\perl\vendor\lib\Module\Runtime.pm line 317
Module::Runtime::require_module('GOBO::Node') called at C:\Strawberry\perl\vendor\lib\Module\Runtime.pm line 381
eval {...} at C:\Strawberry\perl\vendor\lib\Module\Runtime.pm line 381
Module::Runtime::use_package_optimistically('GOBO::Node') called at C:\Strawberry\perl\site\lib\Moose\Util.pm line 352
Moose::Util::_load_user_class('GOBO::Node', undef) called at C:\Strawberry\perl\site\lib\Moose\Meta\Class.pm line 557
Moose::Meta::Class::superclasses(undef, 'GOBO::Node') called at C:\Strawberry\perl\site\lib\Moose.pm line 55
Moose::extends('Moose::Meta::Class=HASH(0x13f5504)', 'GOBO::Node') called at C:\Strawberry\perl\site\lib\Moose\Exporter.pm line 419
Moose::extends('GOBO::Node') called at C:\cpan\build\GOBO-0.03-pYaa3C\blib\lib\GOBO\Evidence.pm line 4
require GOBO/Evidence.pm at C:\cpan\build\GOBO-0.03-pYaa3C\blib\lib\GOBO\Annotation.pm line 5
GOBO::Annotation::BEGIN at C:\cpan\build\GOBO-0.03-pYaa3C\blib\lib\GOBO\Synonym.pm line 0
eval {...} at C:\cpan\build\GOBO-0.03-pYaa3C\blib\lib\GOBO\Synonym.pm line 0
require GOBO/Annotation.pm at C:\cpan\build\GOBO-0.03-pYaa3C\blib\lib\GOBO\Graph.pm line 55
GOBO::Graph::BEGIN at C:\cpan\build\GOBO-0.03-pYaa3C\blib\lib\GOBO\Synonym.pm line 0
eval {...} at C:\cpan\build\GOBO-0.03-pYaa3C\blib\lib\GOBO\Synonym.pm line 0
require GOBO/Graph.pm at t\gaftest.t line 3
main::BEGIN at C:\cpan\build\GOBO-0.03-pYaa3C\blib\lib\GOBO\Synonym.pm line 0
eval {...} at C:\cpan\build\GOBO-0.03-pYaa3C\blib\lib\GOBO\Synonym.pm line 0
Compilation failed in require at C:\cpan\build\GOBO-0.03-pYaa3C\blib\lib/GOBO/Labeled.pm line 23.
BEGIN failed--compilation aborted at C:\cpan\build\GOBO-0.03-pYaa3C\blib\lib/GOBO/Labeled.pm line 23.
Compilation failed in require at C:/Strawberry/perl/vendor/lib/Module/Runtime.pm line 317.
Compilation failed in require at C:/Strawberry/perl/vendor/lib/Module/Runtime.pm line 317.
Compilation failed in require at C:\cpan\build\GOBO-0.03-pYaa3C\blib\lib/GOBO/Annotation.pm line 5.
BEGIN failed--compilation aborted at C:\cpan\build\GOBO-0.03-pYaa3C\blib\lib/GOBO/Annotation.pm line 5.
Compilation failed in require at C:\cpan\build\GOBO-0.03-pYaa3C\blib\lib/GOBO/Graph.pm line 55.
BEGIN failed--compilation aborted at C:\cpan\build\GOBO-0.03-pYaa3C\blib\lib/GOBO/Graph.pm line 55.
Compilation failed in require at t/gaftest.t line 3.
BEGIN failed--compilation aborted at t/gaftest.t line 3.
t/gaftest.t ..................
Dubious, test returned 255 (wstat 65280, 0xff00)
No subtests run
You cannot coerce an attribute (source) unless its type (GOBO::Node) has a coercion at C:\Strawberry\perl\site\lib\Moose\Exporter.pm line 419
Moose::with('GOBO::Attributed') called at C:\cpan\build\GOBO-0.03-pYaa3C\blib\lib\GOBO\Synonym.pm line 17
require GOBO/Synonym.pm at C:\cpan\build\GOBO-0.03-pYaa3C\blib\lib\GOBO\Labeled.pm line 23
GOBO::Labeled::BEGIN at C:\cpan\build\GOBO-0.03-pYaa3C\blib\lib\GOBO\Synonym.pm line 0
eval {...} at C:\cpan\build\GOBO-0.03-pYaa3C\blib\lib\GOBO\Synonym.pm line 0
require GOBO/Labeled.pm at C:\Strawberry\perl\vendor\lib\Module\Runtime.pm line 317
Module::Runtime::require_module('GOBO::Labeled') called at C:\Strawberry\perl\vendor\lib\Module\Runtime.pm line 348
Module::Runtime::use_module('GOBO::Labeled') called at C:\Strawberry\perl\site\lib\Moose\Util.pm line 147
Moose::Util::_apply_all_roles('Moose::Meta::Class=HASH(0x14051fc)', undef, 'GOBO::Labeled') called at C:\Strawberry\perl\site\lib\Moose\Util.pm line 114
Moose::Util::apply_all_roles('Moose::Meta::Class=HASH(0x14051fc)', 'GOBO::Labeled') called at C:\Strawberry\perl\site\lib\Moose.pm line 59
Moose::with('Moose::Meta::Class=HASH(0x14051fc)', 'GOBO::Labeled') called at C:\Strawberry\perl\site\lib\Moose\Exporter.pm line 419
Moose::with('GOBO::Labeled') called at C:\cpan\build\GOBO-0.03-pYaa3C\blib\lib\GOBO\Node.pm line 6
require GOBO/Node.pm at C:\Strawberry\perl\vendor\lib\Module\Runtime.pm line 317
Module::Runtime::require_module('GOBO::Node') called at C:\Strawberry\perl\vendor\lib\Module\Runtime.pm line 381
eval {...} at C:\Strawberry\perl\vendor\lib\Module\Runtime.pm line 381
Module::Runtime::use_package_optimistically('GOBO::Node') called at C:\Strawberry\perl\site\lib\Moose\Util.pm line 352
Moose::Util::_load_user_class('GOBO::Node', undef) called at C:\Strawberry\perl\site\lib\Moose\Meta\Class.pm line 557
Moose::Meta::Class::superclasses(undef, 'GOBO::Node') called at C:\Strawberry\perl\site\lib\Moose.pm line 55
Moose::extends('Moose::Meta::Class=HASH(0x13f54ec)', 'GOBO::Node') called at C:\Strawberry\perl\site\lib\Moose\Exporter.pm line 419
Moose::extends('GOBO::Node') called at C:\cpan\build\GOBO-0.03-pYaa3C\blib\lib\GOBO\Evidence.pm line 4
require GOBO/Evidence.pm at C:\cpan\build\GOBO-0.03-pYaa3C\blib\lib\GOBO\Annotation.pm line 5
GOBO::Annotation::BEGIN at C:\cpan\build\GOBO-0.03-pYaa3C\blib\lib\GOBO\Synonym.pm line 0
eval {...} at C:\cpan\build\GOBO-0.03-pYaa3C\blib\lib\GOBO\Synonym.pm line 0
require GOBO/Annotation.pm at C:\cpan\build\GOBO-0.03-pYaa3C\blib\lib\GOBO\Graph.pm line 55
GOBO::Graph::BEGIN at C:\cpan\build\GOBO-0.03-pYaa3C\blib\lib\GOBO\Synonym.pm line 0
eval {...} at C:\cpan\build\GOBO-0.03-pYaa3C\blib\lib\GOBO\Synonym.pm line 0
require GOBO/Graph.pm at t\gaftest_chunked.t line 3
main::BEGIN at C:\cpan\build\GOBO-0.03-pYaa3C\blib\lib\GOBO\Synonym.pm line 0
eval {...} at C:\cpan\build\GOBO-0.03-pYaa3C\blib\lib\GOBO\Synonym.pm line 0
Compilation failed in require at C:\cpan\build\GOBO-0.03-pYaa3C\blib\lib/GOBO/Labeled.pm line 23.
BEGIN failed--compilation aborted at C:\cpan\build\GOBO-0.03-pYaa3C\blib\lib/GOBO/Labeled.pm line 23.
Compilation failed in require at C:/Strawberry/perl/vendor/lib/Module/Runtime.pm line 317.
Compilation failed in require at C:/Strawberry/perl/vendor/lib/Module/Runtime.pm line 317.
Compilation failed in require at C:\cpan\build\GOBO-0.03-pYaa3C\blib\lib/GOBO/Annotation.pm line 5.
BEGIN failed--compilation aborted at C:\cpan\build\GOBO-0.03-pYaa3C\blib\lib/GOBO/Annotation.pm line 5.
Compilation failed in require at C:\cpan\build\GOBO-0.03-pYaa3C\blib\lib/GOBO/Graph.pm line 55.
BEGIN failed--compilation aborted at C:\cpan\build\GOBO-0.03-pYaa3C\blib\lib/GOBO/Graph.pm line 55.
Compilation failed in require at t/gaftest_chunked.t line 3.
BEGIN failed--compilation aborted at t/gaftest_chunked.t line 3.
t/gaftest_chunked.t ..........
Dubious, test returned 255 (wstat 65280, 0xff00)
No subtests run
You cannot coerce an attribute (provenance) unless its type (GOBO::Node) has a coercion at C:\Strawberry\perl\site\lib\Moose\Exporter.pm line 419
Moose::with('GOBO::Attributed') called at C:\cpan\build\GOBO-0.03-pYaa3C\blib\lib\GOBO\Synonym.pm line 17
require GOBO/Synonym.pm at C:\cpan\build\GOBO-0.03-pYaa3C\blib\lib\GOBO\Labeled.pm line 23
GOBO::Labeled::BEGIN at C:\cpan\build\GOBO-0.03-pYaa3C\blib\lib\GOBO\Synonym.pm line 0
eval {...} at C:\cpan\build\GOBO-0.03-pYaa3C\blib\lib\GOBO\Synonym.pm line 0
require GOBO/Labeled.pm at C:\Strawberry\perl\vendor\lib\Module\Runtime.pm line 317
Module::Runtime::require_module('GOBO::Labeled') called at C:\Strawberry\perl\vendor\lib\Module\Runtime.pm line 348
Module::Runtime::use_module('GOBO::Labeled') called at C:\Strawberry\perl\site\lib\Moose\Util.pm line 147
Moose::Util::_apply_all_roles('Moose::Meta::Class=HASH(0x1405764)', undef, 'GOBO::Labeled') called at C:\Strawberry\perl\site\lib\Moose\Util.pm line 114
Moose::Util::apply_all_roles('Moose::Meta::Class=HASH(0x1405764)', 'GOBO::Labeled') called at C:\Strawberry\perl\site\lib\Moose.pm line 59
Moose::with('Moose::Meta::Class=HASH(0x1405764)', 'GOBO::Labeled') called at C:\Strawberry\perl\site\lib\Moose\Exporter.pm line 419
Moose::with('GOBO::Labeled') called at C:\cpan\build\GOBO-0.03-pYaa3C\blib\lib\GOBO\Node.pm line 6
require GOBO/Node.pm at C:\Strawberry\perl\vendor\lib\Module\Runtime.pm line 317
Module::Runtime::require_module('GOBO::Node') called at C:\Strawberry\perl\vendor\lib\Module\Runtime.pm line 381
eval {...} at C:\Strawberry\perl\vendor\lib\Module\Runtime.pm line 381
Module::Runtime::use_package_optimistically('GOBO::Node') called at C:\Strawberry\perl\site\lib\Moose\Util.pm line 352
Moose::Util::_load_user_class('GOBO::Node', undef) called at C:\Strawberry\perl\site\lib\Moose\Meta\Class.pm line 557
Moose::Meta::Class::superclasses(undef, 'GOBO::Node') called at C:\Strawberry\perl\site\lib\Moose.pm line 55
Moose::extends('Moose::Meta::Class=HASH(0x13ede3c)', 'GOBO::Node') called at C:\Strawberry\perl\site\lib\Moose\Exporter.pm line 419
Moose::extends('GOBO::Node') called at C:\cpan\build\GOBO-0.03-pYaa3C\blib\lib\GOBO\Evidence.pm line 4
require GOBO/Evidence.pm at C:\cpan\build\GOBO-0.03-pYaa3C\blib\lib\GOBO\Annotation.pm line 5
GOBO::Annotation::BEGIN at C:\cpan\build\GOBO-0.03-pYaa3C\blib\lib\GOBO\Synonym.pm line 0
eval {...} at C:\cpan\build\GOBO-0.03-pYaa3C\blib\lib\GOBO\Synonym.pm line 0
require GOBO/Annotation.pm at C:\cpan\build\GOBO-0.03-pYaa3C\blib\lib\GOBO\Graph.pm line 55
GOBO::Graph::BEGIN at C:\cpan\build\GOBO-0.03-pYaa3C\blib\lib\GOBO\Synonym.pm line 0
eval {...} at C:\cpan\build\GOBO-0.03-pYaa3C\blib\lib\GOBO\Synonym.pm line 0
require GOBO/Graph.pm at t\gaftest_chunked_gzipped.t line 3
main::BEGIN at C:\cpan\build\GOBO-0.03-pYaa3C\blib\lib\GOBO\Synonym.pm line 0
eval {...} at C:\cpan\build\GOBO-0.03-pYaa3C\blib\lib\GOBO\Synonym.pm line 0
Compilation failed in require at C:\cpan\build\GOBO-0.03-pYaa3C\blib\lib/GOBO/Labeled.pm line 23.
BEGIN failed--compilation aborted at C:\cpan\build\GOBO-0.03-pYaa3C\blib\lib/GOBO/Labeled.pm line 23.
Compilation failed in require at C:/Strawberry/perl/vendor/lib/Module/Runtime.pm line 317.
Compilation failed in require at C:/Strawberry/perl/vendor/lib/Module/Runtime.pm line 317.
Compilation failed in require at C:\cpan\build\GOBO-0.03-pYaa3C\blib\lib/GOBO/Annotation.pm line 5.
BEGIN failed--compilation aborted at C:\cpan\build\GOBO-0.03-pYaa3C\blib\lib/GOBO/Annotation.pm line 5.
Compilation failed in require at C:\cpan\build\GOBO-0.03-pYaa3C\blib\lib/GOBO/Graph.pm line 55.
BEGIN failed--compilation aborted at C:\cpan\build\GOBO-0.03-pYaa3C\blib\lib/GOBO/Graph.pm line 55.
Compilation failed in require at t/gaftest_chunked_gzipped.t line 3.
BEGIN failed--compilation aborted at t/gaftest_chunked_gzipped.t line 3.
t/gaftest_chunked_gzipped.t ..
Dubious, test returned 255 (wstat 65280, 0xff00)
No subtests run
You cannot coerce an attribute (source) unless its type (GOBO::Node) has a coercion at C:\Strawberry\perl\site\lib\Moose\Exporter.pm line 419
Moose::with('GOBO::Attributed') called at C:\cpan\build\GOBO-0.03-pYaa3C\blib\lib\GOBO\Synonym.pm line 17
require GOBO/Synonym.pm at C:\cpan\build\GOBO-0.03-pYaa3C\blib\lib\GOBO\Labeled.pm line 23
GOBO::Labeled::BEGIN at C:\cpan\build\GOBO-0.03-pYaa3C\blib\lib\GOBO\Synonym.pm line 0
eval {...} at C:\cpan\build\GOBO-0.03-pYaa3C\blib\lib\GOBO\Synonym.pm line 0
require GOBO/Labeled.pm at C:\Strawberry\perl\vendor\lib\Module\Runtime.pm line 317
Module::Runtime::require_module('GOBO::Labeled') called at C:\Strawberry\perl\vendor\lib\Module\Runtime.pm line 348
Module::Runtime::use_module('GOBO::Labeled') called at C:\Strawberry\perl\site\lib\Moose\Util.pm line 147
Moose::Util::_apply_all_roles('Moose::Meta::Class=HASH(0x15449ac)', undef, 'GOBO::Labeled') called at C:\Strawberry\perl\site\lib\Moose\Util.pm line 114
Moose::Util::apply_all_roles('Moose::Meta::Class=HASH(0x15449ac)', 'GOBO::Labeled') called at C:\Strawberry\perl\site\lib\Moose.pm line 59
Moose::with('Moose::Meta::Class=HASH(0x15449ac)', 'GOBO::Labeled') called at C:\Strawberry\perl\site\lib\Moose\Exporter.pm line 419
Moose::with('GOBO::Labeled') called at C:\cpan\build\GOBO-0.03-pYaa3C\blib\lib\GOBO\Node.pm line 6
require GOBO/Node.pm at C:\Strawberry\perl\vendor\lib\Module\Runtime.pm line 317
Module::Runtime::require_module('GOBO::Node') called at C:\Strawberry\perl\vendor\lib\Module\Runtime.pm line 381
eval {...} at C:\Strawberry\perl\vendor\lib\Module\Runtime.pm line 381
Module::Runtime::use_package_optimistically('GOBO::Node') called at C:\Strawberry\perl\site\lib\Moose\Util.pm line 352
Moose::Util::_load_user_class('GOBO::Node', undef) called at C:\Strawberry\perl\site\lib\Moose\Meta\Class.pm line 557
Moose::Meta::Class::superclasses(undef, 'GOBO::Node') called at C:\Strawberry\perl\site\lib\Moose.pm line 55
Moose::extends('Moose::Meta::Class=HASH(0x143a584)', 'GOBO::Node') called at C:\Strawberry\perl\site\lib\Moose\Exporter.pm line 419
Moose::extends('GOBO::Node') called at C:\cpan\build\GOBO-0.03-pYaa3C\blib\lib\GOBO\Evidence.pm line 4
require GOBO/Evidence.pm at C:\cpan\build\GOBO-0.03-pYaa3C\blib\lib\GOBO\Annotation.pm line 5
GOBO::Annotation::BEGIN at C:\cpan\build\GOBO-0.03-pYaa3C\blib\lib\GOBO\Synonym.pm line 0
eval {...} at C:\cpan\build\GOBO-0.03-pYaa3C\blib\lib\GOBO\Synonym.pm line 0
require GOBO/Annotation.pm at C:\cpan\build\GOBO-0.03-pYaa3C\blib\lib\GOBO\Graph.pm line 55
GOBO::Graph::BEGIN at C:\cpan\build\GOBO-0.03-pYaa3C\blib\lib\GOBO\Synonym.pm line 0
eval {...} at C:\cpan\build\GOBO-0.03-pYaa3C\blib\lib\GOBO\Synonym.pm line 0
require GOBO/Graph.pm at t\graph_creation.t line 11
main::BEGIN at C:\cpan\build\GOBO-0.03-pYaa3C\blib\lib\GOBO\Synonym.pm line 0
eval {...} at C:\cpan\build\GOBO-0.03-pYaa3C\blib\lib\GOBO\Synonym.pm line 0
Compilation failed in require at C:\cpan\build\GOBO-0.03-pYaa3C\blib\lib/GOBO/Labeled.pm line 23.
BEGIN failed--compilation aborted at C:\cpan\build\GOBO-0.03-pYaa3C\blib\lib/GOBO/Labeled.pm line 23.
Compilation failed in require at C:/Strawberry/perl/vendor/lib/Module/Runtime.pm line 317.
Compilation failed in require at C:/Strawberry/perl/vendor/lib/Module/Runtime.pm line 317.
Compilation failed in require at C:\cpan\build\GOBO-0.03-pYaa3C\blib\lib/GOBO/Annotation.pm line 5.
BEGIN failed--compilation aborted at C:\cpan\build\GOBO-0.03-pYaa3C\blib\lib/GOBO/Annotation.pm line 5.
Compilation failed in require at C:\cpan\build\GOBO-0.03-pYaa3C\blib\lib/GOBO/Graph.pm line 55.
BEGIN failed--compilation aborted at C:\cpan\build\GOBO-0.03-pYaa3C\blib\lib/GOBO/Graph.pm line 55.
Compilation failed in require at t/graph_creation.t line 11.
BEGIN failed--compilation aborted at t/graph_creation.t line 11.
t/graph_creation.t ...........
Dubious, test returned 255 (wstat 65280, 0xff00)
No subtests run
You cannot coerce an attribute (provenance) unless its type (GOBO::Node) has a coercion at C:\Strawberry\perl\site\lib\Moose\Exporter.pm line 419
Moose::with('GOBO::Attributed') called at C:\cpan\build\GOBO-0.03-pYaa3C\blib\lib\GOBO\Synonym.pm line 17
require GOBO/Synonym.pm at C:\cpan\build\GOBO-0.03-pYaa3C\blib\lib\GOBO\Labeled.pm line 23
GOBO::Labeled::BEGIN at C:\cpan\build\GOBO-0.03-pYaa3C\blib\lib\GOBO\Synonym.pm line 0
eval {...} at C:\cpan\build\GOBO-0.03-pYaa3C\blib\lib\GOBO\Synonym.pm line 0
require GOBO/Labeled.pm at C:\Strawberry\perl\vendor\lib\Module\Runtime.pm line 317
Module::Runtime::require_module('GOBO::Labeled') called at C:\Strawberry\perl\vendor\lib\Module\Runtime.pm line 348
Module::Runtime::use_module('GOBO::Labeled') called at C:\Strawberry\perl\site\lib\Moose\Util.pm line 147
Moose::Util::_apply_all_roles('Moose::Meta::Class=HASH(0x14050b4)', undef, 'GOBO::Labeled') called at C:\Strawberry\perl\site\lib\Moose\Util.pm line 114
Moose::Util::apply_all_roles('Moose::Meta::Class=HASH(0x14050b4)', 'GOBO::Labeled') called at C:\Strawberry\perl\site\lib\Moose.pm line 59
Moose::with('Moose::Meta::Class=HASH(0x14050b4)', 'GOBO::Labeled') called at C:\Strawberry\perl\site\lib\Moose\Exporter.pm line 419
Moose::with('GOBO::Labeled') called at C:\cpan\build\GOBO-0.03-pYaa3C\blib\lib\GOBO\Node.pm line 6
require GOBO/Node.pm at C:\Strawberry\perl\vendor\lib\Module\Runtime.pm line 317
Module::Runtime::require_module('GOBO::Node') called at C:\Strawberry\perl\vendor\lib\Module\Runtime.pm line 381
eval {...} at C:\Strawberry\perl\vendor\lib\Module\Runtime.pm line 381
Module::Runtime::use_package_optimistically('GOBO::Node') called at C:\Strawberry\perl\site\lib\Moose\Util.pm line 352
Moose::Util::_load_user_class('GOBO::Node', undef) called at C:\Strawberry\perl\site\lib\Moose\Meta\Class.pm line 557
Moose::Meta::Class::superclasses(undef, 'GOBO::Node') called at C:\Strawberry\perl\site\lib\Moose.pm line 55
Moose::extends('Moose::Meta::Class=HASH(0x13f54ac)', 'GOBO::Node') called at C:\Strawberry\perl\site\lib\Moose\Exporter.pm line 419
Moose::extends('GOBO::Node') called at C:\cpan\build\GOBO-0.03-pYaa3C\blib\lib\GOBO\Evidence.pm line 4
require GOBO/Evidence.pm at C:\cpan\build\GOBO-0.03-pYaa3C\blib\lib\GOBO\Annotation.pm line 5
GOBO::Annotation::BEGIN at C:\cpan\build\GOBO-0.03-pYaa3C\blib\lib\GOBO\Synonym.pm line 0
eval {...} at C:\cpan\build\GOBO-0.03-pYaa3C\blib\lib\GOBO\Synonym.pm line 0
require GOBO/Annotation.pm at C:\cpan\build\GOBO-0.03-pYaa3C\blib\lib\GOBO\Graph.pm line 55
GOBO::Graph::BEGIN at C:\cpan\build\GOBO-0.03-pYaa3C\blib\lib\GOBO\Synonym.pm line 0
eval {...} at C:\cpan\build\GOBO-0.03-pYaa3C\blib\lib\GOBO\Synonym.pm line 0
require GOBO/Graph.pm at t\inference_engine_test.t line 4
main::BEGIN at C:\cpan\build\GOBO-0.03-pYaa3C\blib\lib\GOBO\Synonym.pm line 0
eval {...} at C:\cpan\build\GOBO-0.03-pYaa3C\blib\lib\GOBO\Synonym.pm line 0
Compilation failed in require at C:\cpan\build\GOBO-0.03-pYaa3C\blib\lib/GOBO/Labeled.pm line 23.
BEGIN failed--compilation aborted at C:\cpan\build\GOBO-0.03-pYaa3C\blib\lib/GOBO/Labeled.pm line 23.
Compilation failed in require at C:/Strawberry/perl/vendor/lib/Module/Runtime.pm line 317.
Compilation failed in require at C:/Strawberry/perl/vendor/lib/Module/Runtime.pm line 317.
Compilation failed in require at C:\cpan\build\GOBO-0.03-pYaa3C\blib\lib/GOBO/Annotation.pm line 5.
BEGIN failed--compilation aborted at C:\cpan\build\GOBO-0.03-pYaa3C\blib\lib/GOBO/Annotation.pm line 5.
Compilation failed in require at C:\cpan\build\GOBO-0.03-pYaa3C\blib\lib/GOBO/Graph.pm line 55.
BEGIN failed--compilation aborted at C:\cpan\build\GOBO-0.03-pYaa3C\blib\lib/GOBO/Graph.pm line 55.
Compilation failed in require at t/inference_engine_test.t line 4.
BEGIN failed--compilation aborted at t/inference_engine_test.t line 4.
t/inference_engine_test.t ....
Dubious, test returned 255 (wstat 65280, 0xff00)
No subtests run
You cannot coerce an attribute (source) unless its type (GOBO::Node) has a coercion at C:\Strawberry\perl\site\lib\Moose\Exporter.pm line 419
Moose::with('GOBO::Attributed') called at C:\cpan\build\GOBO-0.03-pYaa3C\blib\lib\GOBO\Synonym.pm line 17
require GOBO/Synonym.pm at C:\cpan\build\GOBO-0.03-pYaa3C\blib\lib\GOBO\Labeled.pm line 23
GOBO::Labeled::BEGIN at C:\cpan\build\GOBO-0.03-pYaa3C\blib\lib\GOBO\Synonym.pm line 0
eval {...} at C:\cpan\build\GOBO-0.03-pYaa3C\blib\lib\GOBO\Synonym.pm line 0
require GOBO/Labeled.pm at C:\Strawberry\perl\vendor\lib\Module\Runtime.pm line 317
Module::Runtime::require_module('GOBO::Labeled') called at C:\Strawberry\perl\vendor\lib\Module\Runtime.pm line 348
Module::Runtime::use_module('GOBO::Labeled') called at C:\Strawberry\perl\site\lib\Moose\Util.pm line 147
Moose::Util::_apply_all_roles('Moose::Meta::Class=HASH(0x1405164)', undef, 'GOBO::Labeled') called at C:\Strawberry\perl\site\lib\Moose\Util.pm line 114
Moose::Util::apply_all_roles('Moose::Meta::Class=HASH(0x1405164)', 'GOBO::Labeled') called at C:\Strawberry\perl\site\lib\Moose.pm line 59
Moose::with('Moose::Meta::Class=HASH(0x1405164)', 'GOBO::Labeled') called at C:\Strawberry\perl\site\lib\Moose\Exporter.pm line 419
Moose::with('GOBO::Labeled') called at C:\cpan\build\GOBO-0.03-pYaa3C\blib\lib\GOBO\Node.pm line 6
require GOBO/Node.pm at C:\Strawberry\perl\vendor\lib\Module\Runtime.pm line 317
Module::Runtime::require_module('GOBO::Node') called at C:\Strawberry\perl\vendor\lib\Module\Runtime.pm line 381
eval {...} at C:\Strawberry\perl\vendor\lib\Module\Runtime.pm line 381
Module::Runtime::use_package_optimistically('GOBO::Node') called at C:\Strawberry\perl\site\lib\Moose\Util.pm line 352
Moose::Util::_load_user_class('GOBO::Node', undef) called at C:\Strawberry\perl\site\lib\Moose\Meta\Class.pm line 557
Moose::Meta::Class::superclasses(undef, 'GOBO::Node') called at C:\Strawberry\perl\site\lib\Moose.pm line 55
Moose::extends('Moose::Meta::Class=HASH(0x13f557c)', 'GOBO::Node') called at C:\Strawberry\perl\site\lib\Moose\Exporter.pm line 419
Moose::extends('GOBO::Node') called at C:\cpan\build\GOBO-0.03-pYaa3C\blib\lib\GOBO\Evidence.pm line 4
require GOBO/Evidence.pm at C:\cpan\build\GOBO-0.03-pYaa3C\blib\lib\GOBO\Annotation.pm line 5
GOBO::Annotation::BEGIN at C:\cpan\build\GOBO-0.03-pYaa3C\blib\lib\GOBO\Synonym.pm line 0
eval {...} at C:\cpan\build\GOBO-0.03-pYaa3C\blib\lib\GOBO\Synonym.pm line 0
require GOBO/Annotation.pm at C:\cpan\build\GOBO-0.03-pYaa3C\blib\lib\GOBO\Graph.pm line 55
GOBO::Graph::BEGIN at C:\cpan\build\GOBO-0.03-pYaa3C\blib\lib\GOBO\Synonym.pm line 0
eval {...} at C:\cpan\build\GOBO-0.03-pYaa3C\blib\lib\GOBO\Synonym.pm line 0
require GOBO/Graph.pm at t\logical_definition_test.t line 4
main::BEGIN at C:\cpan\build\GOBO-0.03-pYaa3C\blib\lib\GOBO\Synonym.pm line 0
eval {...} at C:\cpan\build\GOBO-0.03-pYaa3C\blib\lib\GOBO\Synonym.pm line 0
Compilation failed in require at C:\cpan\build\GOBO-0.03-pYaa3C\blib\lib/GOBO/Labeled.pm line 23.
BEGIN failed--compilation aborted at C:\cpan\build\GOBO-0.03-pYaa3C\blib\lib/GOBO/Labeled.pm line 23.
Compilation failed in require at C:/Strawberry/perl/vendor/lib/Module/Runtime.pm line 317.
Compilation failed in require at C:/Strawberry/perl/vendor/lib/Module/Runtime.pm line 317.
Compilation failed in require at C:\cpan\build\GOBO-0.03-pYaa3C\blib\lib/GOBO/Annotation.pm line 5.
BEGIN failed--compilation aborted at C:\cpan\build\GOBO-0.03-pYaa3C\blib\lib/GOBO/Annotation.pm line 5.
Compilation failed in require at C:\cpan\build\GOBO-0.03-pYaa3C\blib\lib/GOBO/Graph.pm line 55.
BEGIN failed--compilation aborted at C:\cpan\build\GOBO-0.03-pYaa3C\blib\lib/GOBO/Graph.pm line 55.
Compilation failed in require at t/logical_definition_test.t line 4.
BEGIN failed--compilation aborted at t/logical_definition_test.t line 4.
t/logical_definition_test.t ..
Dubious, test returned 255 (wstat 65280, 0xff00)
No subtests run
You cannot coerce an attribute (source) unless its type (GOBO::Node) has a coercion at C:\Strawberry\perl\site\lib\Moose\Exporter.pm line 419
Moose::with('GOBO::Attributed') called at C:\cpan\build\GOBO-0.03-pYaa3C\blib\lib\GOBO\Synonym.pm line 17
require GOBO/Synonym.pm at C:\cpan\build\GOBO-0.03-pYaa3C\blib\lib\GOBO\Labeled.pm line 23
GOBO::Labeled::BEGIN at C:\cpan\build\GOBO-0.03-pYaa3C\blib\lib\GOBO\Synonym.pm line 0
eval {...} at C:\cpan\build\GOBO-0.03-pYaa3C\blib\lib\GOBO\Synonym.pm line 0
require GOBO/Labeled.pm at C:\Strawberry\perl\vendor\lib\Module\Runtime.pm line 317
Module::Runtime::require_module('GOBO::Labeled') called at C:\Strawberry\perl\vendor\lib\Module\Runtime.pm line 348
Module::Runtime::use_module('GOBO::Labeled') called at C:\Strawberry\perl\site\lib\Moose\Util.pm line 147
Moose::Util::_apply_all_roles('Moose::Meta::Class=HASH(0x1456224)', undef, 'GOBO::Labeled') called at C:\Strawberry\perl\site\lib\Moose\Util.pm line 114
Moose::Util::apply_all_roles('Moose::Meta::Class=HASH(0x1456224)', 'GOBO::Labeled') called at C:\Strawberry\perl\site\lib\Moose.pm line 59
Moose::with('Moose::Meta::Class=HASH(0x1456224)', 'GOBO::Labeled') called at C:\Strawberry\perl\site\lib\Moose\Exporter.pm line 419
Moose::with('GOBO::Labeled') called at C:\cpan\build\GOBO-0.03-pYaa3C\blib\lib\GOBO\Node.pm line 6
require GOBO/Node.pm at C:\Strawberry\perl\vendor\lib\Module\Runtime.pm line 317
Module::Runtime::require_module('GOBO::Node') called at C:\Strawberry\perl\vendor\lib\Module\Runtime.pm line 381
eval {...} at C:\Strawberry\perl\vendor\lib\Module\Runtime.pm line 381
Module::Runtime::use_package_optimistically('GOBO::Node') called at C:\Strawberry\perl\site\lib\Moose\Util.pm line 352
Moose::Util::_load_user_class('GOBO::Node', undef) called at C:\Strawberry\perl\site\lib\Moose\Meta\Class.pm line 557
Moose::Meta::Class::superclasses(undef, 'GOBO::Node') called at C:\Strawberry\perl\site\lib\Moose.pm line 55
Moose::extends('Moose::Meta::Class=HASH(0x13469ec)', 'GOBO::Node') called at C:\Strawberry\perl\site\lib\Moose\Exporter.pm line 419
Moose::extends('GOBO::Node') called at C:\cpan\build\GOBO-0.03-pYaa3C\blib\lib\GOBO\Evidence.pm line 4
require GOBO/Evidence.pm at C:\cpan\build\GOBO-0.03-pYaa3C\blib\lib\GOBO\Annotation.pm line 5
GOBO::Annotation::BEGIN at C:\cpan\build\GOBO-0.03-pYaa3C\blib\lib\GOBO\Synonym.pm line 0
eval {...} at C:\cpan\build\GOBO-0.03-pYaa3C\blib\lib\GOBO\Synonym.pm line 0
require GOBO/Annotation.pm at C:\cpan\build\GOBO-0.03-pYaa3C\blib\lib\GOBO\Graph.pm line 55
GOBO::Graph::BEGIN at C:\cpan\build\GOBO-0.03-pYaa3C\blib\lib\GOBO\Synonym.pm line 0
eval {...} at C:\cpan\build\GOBO-0.03-pYaa3C\blib\lib\GOBO\Synonym.pm line 0
require GOBO/Graph.pm at t\node_removal.t line 8
main::BEGIN at C:\cpan\build\GOBO-0.03-pYaa3C\blib\lib\GOBO\Synonym.pm line 0
eval {...} at C:\cpan\build\GOBO-0.03-pYaa3C\blib\lib\GOBO\Synonym.pm line 0
Compilation failed in require at C:\cpan\build\GOBO-0.03-pYaa3C\blib\lib/GOBO/Labeled.pm line 23.
BEGIN failed--compilation aborted at C:\cpan\build\GOBO-0.03-pYaa3C\blib\lib/GOBO/Labeled.pm line 23.
Compilation failed in require at C:/Strawberry/perl/vendor/lib/Module/Runtime.pm line 317.
Compilation failed in require at C:/Strawberry/perl/vendor/lib/Module/Runtime.pm line 317.
Compilation failed in require at C:\cpan\build\GOBO-0.03-pYaa3C\blib\lib/GOBO/Annotation.pm line 5.
BEGIN failed--compilation aborted at C:\cpan\build\GOBO-0.03-pYaa3C\blib\lib/GOBO/Annotation.pm line 5.
Compilation failed in require at C:\cpan\build\GOBO-0.03-pYaa3C\blib\lib/GOBO/Graph.pm line 55.
BEGIN failed--compilation aborted at C:\cpan\build\GOBO-0.03-pYaa3C\blib\lib/GOBO/Graph.pm line 55.
Compilation failed in require at t/node_removal.t line 8.
BEGIN failed--compilation aborted at t/node_removal.t line 8.
t/node_removal.t .............
Dubious, test returned 255 (wstat 65280, 0xff00)
No subtests run
You cannot coerce an attribute (provenance) unless its type (GOBO::Node) has a coercion at C:\Strawberry\perl\site\lib\Moose\Exporter.pm line 419
Moose::with('GOBO::Attributed') called at C:\cpan\build\GOBO-0.03-pYaa3C\blib\lib\GOBO\Synonym.pm line 17
require GOBO/Synonym.pm at C:\cpan\build\GOBO-0.03-pYaa3C\blib\lib\GOBO\Labeled.pm line 23
GOBO::Labeled::BEGIN at C:\cpan\build\GOBO-0.03-pYaa3C\blib\lib\GOBO\Synonym.pm line 0
eval {...} at C:\cpan\build\GOBO-0.03-pYaa3C\blib\lib\GOBO\Synonym.pm line 0
require GOBO/Labeled.pm at C:\Strawberry\perl\vendor\lib\Module\Runtime.pm line 317
Module::Runtime::require_module('GOBO::Labeled') called at C:\Strawberry\perl\vendor\lib\Module\Runtime.pm line 348
Module::Runtime::use_module('GOBO::Labeled') called at C:\Strawberry\perl\site\lib\Moose\Util.pm line 147
Moose::Util::_apply_all_roles('Moose::Meta::Class=HASH(0x14055ec)', undef, 'GOBO::Labeled') called at C:\Strawberry\perl\site\lib\Moose\Util.pm line 114
Moose::Util::apply_all_roles('Moose::Meta::Class=HASH(0x14055ec)', 'GOBO::Labeled') called at C:\Strawberry\perl\site\lib\Moose.pm line 59
Moose::with('Moose::Meta::Class=HASH(0x14055ec)', 'GOBO::Labeled') called at C:\Strawberry\perl\site\lib\Moose\Exporter.pm line 419
Moose::with('GOBO::Labeled') called at C:\cpan\build\GOBO-0.03-pYaa3C\blib\lib\GOBO\Node.pm line 6
require GOBO/Node.pm at C:\Strawberry\perl\vendor\lib\Module\Runtime.pm line 317
Module::Runtime::require_module('GOBO::Node') called at C:\Strawberry\perl\vendor\lib\Module\Runtime.pm line 381
eval {...} at C:\Strawberry\perl\vendor\lib\Module\Runtime.pm line 381
Module::Runtime::use_package_optimistically('GOBO::Node') called at C:\Strawberry\perl\site\lib\Moose\Util.pm line 352
Moose::Util::_load_user_class('GOBO::Node', undef) called at C:\Strawberry\perl\site\lib\Moose\Meta\Class.pm line 557
Moose::Meta::Class::superclasses(undef, 'GOBO::Node') called at C:\Strawberry\perl\site\lib\Moose.pm line 55
Moose::extends('Moose::Meta::Class=HASH(0x13f62fc)', 'GOBO::Node') called at C:\Strawberry\perl\site\lib\Moose\Exporter.pm line 419
Moose::extends('GOBO::Node') called at C:\cpan\build\GOBO-0.03-pYaa3C\blib\lib\GOBO\Evidence.pm line 4
require GOBO/Evidence.pm at C:\cpan\build\GOBO-0.03-pYaa3C\blib\lib\GOBO\Annotation.pm line 5
GOBO::Annotation::BEGIN at C:\cpan\build\GOBO-0.03-pYaa3C\blib\lib\GOBO\Synonym.pm line 0
eval {...} at C:\cpan\build\GOBO-0.03-pYaa3C\blib\lib\GOBO\Synonym.pm line 0
require GOBO/Annotation.pm at C:\cpan\build\GOBO-0.03-pYaa3C\blib\lib\GOBO\Graph.pm line 55
GOBO::Graph::BEGIN at C:\cpan\build\GOBO-0.03-pYaa3C\blib\lib\GOBO\Synonym.pm line 0
eval {...} at C:\cpan\build\GOBO-0.03-pYaa3C\blib\lib\GOBO\Synonym.pm line 0
require GOBO/Graph.pm at t\oboparsertest.t line 6
main::BEGIN at C:\cpan\build\GOBO-0.03-pYaa3C\blib\lib\GOBO\Synonym.pm line 0
eval {...} at C:\cpan\build\GOBO-0.03-pYaa3C\blib\lib\GOBO\Synonym.pm line 0
Compilation failed in require at C:\cpan\build\GOBO-0.03-pYaa3C\blib\lib/GOBO/Labeled.pm line 23.
BEGIN failed--compilation aborted at C:\cpan\build\GOBO-0.03-pYaa3C\blib\lib/GOBO/Labeled.pm line 23.
Compilation failed in require at C:/Strawberry/perl/vendor/lib/Module/Runtime.pm line 317.
Compilation failed in require at C:/Strawberry/perl/vendor/lib/Module/Runtime.pm line 317.
Compilation failed in require at C:\cpan\build\GOBO-0.03-pYaa3C\blib\lib/GOBO/Annotation.pm line 5.
BEGIN failed--compilation aborted at C:\cpan\build\GOBO-0.03-pYaa3C\blib\lib/GOBO/Annotation.pm line 5.
Compilation failed in require at C:\cpan\build\GOBO-0.03-pYaa3C\blib\lib/GOBO/Graph.pm line 55.
BEGIN failed--compilation aborted at C:\cpan\build\GOBO-0.03-pYaa3C\blib\lib/GOBO/Graph.pm line 55.
Compilation failed in require at t/oboparsertest.t line 6.
BEGIN failed--compilation aborted at t/oboparsertest.t line 6.
t/oboparsertest.t ............
Dubious, test returned 255 (wstat 65280, 0xff00)
No subtests run
Subroutine main::ok redefined at t/parsetest.t line 6.
Prototype mismatch: sub main::ok ($;$$) vs ($;$) at t/parsetest.t line 6.
Subroutine main::skip redefined at t/parsetest.t line 6.
Prototype mismatch: sub main::skip ($;$$$) vs none at t/parsetest.t line 6.
Subroutine main::plan redefined at t/parsetest.t line 6.
You cannot coerce an attribute (provenance) unless its type (GOBO::Node) has a coercion at C:\Strawberry\perl\site\lib\Moose\Exporter.pm line 419
Moose::with('GOBO::Attributed') called at C:\cpan\build\GOBO-0.03-pYaa3C\blib\lib\GOBO\Synonym.pm line 17
require GOBO/Synonym.pm at C:\cpan\build\GOBO-0.03-pYaa3C\blib\lib\GOBO\Labeled.pm line 23
GOBO::Labeled::BEGIN at C:\cpan\build\GOBO-0.03-pYaa3C\blib\lib\GOBO\Synonym.pm line 0
eval {...} at C:\cpan\build\GOBO-0.03-pYaa3C\blib\lib\GOBO\Synonym.pm line 0
require GOBO/Labeled.pm at C:\Strawberry\perl\vendor\lib\Module\Runtime.pm line 317
Module::Runtime::require_module('GOBO::Labeled') called at C:\Strawberry\perl\vendor\lib\Module\Runtime.pm line 348
Module::Runtime::use_module('GOBO::Labeled') called at C:\Strawberry\perl\site\lib\Moose\Util.pm line 147
Moose::Util::_apply_all_roles('Moose::Meta::Class=HASH(0x151dc44)', undef, 'GOBO::Labeled') called at C:\Strawberry\perl\site\lib\Moose\Util.pm line 114
Moose::Util::apply_all_roles('Moose::Meta::Class=HASH(0x151dc44)', 'GOBO::Labeled') called at C:\Strawberry\perl\site\lib\Moose.pm line 59
Moose::with('Moose::Meta::Class=HASH(0x151dc44)', 'GOBO::Labeled') called at C:\Strawberry\perl\site\lib\Moose\Exporter.pm line 419
Moose::with('GOBO::Labeled') called at C:\cpan\build\GOBO-0.03-pYaa3C\blib\lib\GOBO\Node.pm line 6
require GOBO/Node.pm at C:\cpan\build\GOBO-0.03-pYaa3C\blib\lib\GOBO\Parsers\GAFParser.pm line 7
GOBO::Parsers::GAFParser::BEGIN at C:\cpan\build\GOBO-0.03-pYaa3C\blib\lib\GOBO\Synonym.pm line 0
eval {...} at C:\cpan\build\GOBO-0.03-pYaa3C\blib\lib\GOBO\Synonym.pm line 0
require GOBO/Parsers/GAFParser.pm at t\parsetest.t line 10
main::BEGIN at C:\cpan\build\GOBO-0.03-pYaa3C\blib\lib\GOBO\Synonym.pm line 0
eval {...} at C:\cpan\build\GOBO-0.03-pYaa3C\blib\lib\GOBO\Synonym.pm line 0
Compilation failed in require at C:\cpan\build\GOBO-0.03-pYaa3C\blib\lib/GOBO/Labeled.pm line 23.
BEGIN failed--compilation aborted at C:\cpan\build\GOBO-0.03-pYaa3C\blib\lib/GOBO/Labeled.pm line 23.
Compilation failed in require at C:/Strawberry/perl/vendor/lib/Module/Runtime.pm line 317.
Compilation failed in require at C:\cpan\build\GOBO-0.03-pYaa3C\blib\lib/GOBO/Parsers/GAFParser.pm line 7.
BEGIN failed--compilation aborted at C:\cpan\build\GOBO-0.03-pYaa3C\blib\lib/GOBO/Parsers/GAFParser.pm line 7.
Compilation failed in require at t/parsetest.t line 10.
BEGIN failed--compilation aborted at t/parsetest.t line 10.
t/parsetest.t ................
Dubious, test returned 255 (wstat 65280, 0xff00)
No subtests run
You cannot coerce an attribute (provenance) unless its type (GOBO::Node) has a coercion at C:\Strawberry\perl\site\lib\Moose\Exporter.pm line 419
Moose::with('GOBO::Attributed') called at C:\cpan\build\GOBO-0.03-pYaa3C\blib\lib\GOBO\Synonym.pm line 17
require GOBO/Synonym.pm at C:\cpan\build\GOBO-0.03-pYaa3C\blib\lib\GOBO\Labeled.pm line 23
GOBO::Labeled::BEGIN at C:\cpan\build\GOBO-0.03-pYaa3C\blib\lib\GOBO\Synonym.pm line 0
eval {...} at C:\cpan\build\GOBO-0.03-pYaa3C\blib\lib\GOBO\Synonym.pm line 0
require GOBO/Labeled.pm at C:\Strawberry\perl\vendor\lib\Module\Runtime.pm line 317
Module::Runtime::require_module('GOBO::Labeled') called at C:\Strawberry\perl\vendor\lib\Module\Runtime.pm line 348
Module::Runtime::use_module('GOBO::Labeled') called at C:\Strawberry\perl\site\lib\Moose\Util.pm line 147
Moose::Util::_apply_all_roles('Moose::Meta::Class=HASH(0x14b19d4)', undef, 'GOBO::Labeled') called at C:\Strawberry\perl\site\lib\Moose\Util.pm line 114
Moose::Util::apply_all_roles('Moose::Meta::Class=HASH(0x14b19d4)', 'GOBO::Labeled') called at C:\Strawberry\perl\site\lib\Moose.pm line 59
Moose::with('Moose::Meta::Class=HASH(0x14b19d4)', 'GOBO::Labeled') called at C:\Strawberry\perl\site\lib\Moose\Exporter.pm line 419
Moose::with('GOBO::Labeled') called at C:\cpan\build\GOBO-0.03-pYaa3C\blib\lib\GOBO\Node.pm line 6
require GOBO/Node.pm at C:\Strawberry\perl\vendor\lib\Module\Runtime.pm line 317
Module::Runtime::require_module('GOBO::Node') called at C:\Strawberry\perl\vendor\lib\Module\Runtime.pm line 381
eval {...} at C:\Strawberry\perl\vendor\lib\Module\Runtime.pm line 381
Module::Runtime::use_package_optimistically('GOBO::Node') called at C:\Strawberry\perl\site\lib\Moose\Util.pm line 352
Moose::Util::_load_user_class('GOBO::Node', undef) called at C:\Strawberry\perl\site\lib\Moose\Meta\Class.pm line 557
Moose::Meta::Class::superclasses(undef, 'GOBO::Node') called at C:\Strawberry\perl\site\lib\Moose.pm line 55
Moose::extends('Moose::Meta::Class=HASH(0x14a1374)', 'GOBO::Node') called at C:\Strawberry\perl\site\lib\Moose\Exporter.pm line 419
Moose::extends('GOBO::Node') called at C:\cpan\build\GOBO-0.03-pYaa3C\blib\lib\GOBO\Evidence.pm line 4
require GOBO/Evidence.pm at C:\cpan\build\GOBO-0.03-pYaa3C\blib\lib\GOBO\Annotation.pm line 5
GOBO::Annotation::BEGIN at C:\cpan\build\GOBO-0.03-pYaa3C\blib\lib\GOBO\Synonym.pm line 0
eval {...} at C:\cpan\build\GOBO-0.03-pYaa3C\blib\lib\GOBO\Synonym.pm line 0
require GOBO/Annotation.pm at C:\cpan\build\GOBO-0.03-pYaa3C\blib\lib\GOBO\Graph.pm line 55
GOBO::Graph::BEGIN at C:\cpan\build\GOBO-0.03-pYaa3C\blib\lib\GOBO\Synonym.pm line 0
eval {...} at C:\cpan\build\GOBO-0.03-pYaa3C\blib\lib\GOBO\Synonym.pm line 0
require GOBO/Graph.pm at t\relation_test.t line 3
main::BEGIN at C:\cpan\build\GOBO-0.03-pYaa3C\blib\lib\GOBO\Synonym.pm line 0
eval {...} at C:\cpan\build\GOBO-0.03-pYaa3C\blib\lib\GOBO\Synonym.pm line 0
Compilation failed in require at C:\cpan\build\GOBO-0.03-pYaa3C\blib\lib/GOBO/Labeled.pm line 23.
BEGIN failed--compilation aborted at C:\cpan\build\GOBO-0.03-pYaa3C\blib\lib/GOBO/Labeled.pm line 23.
Compilation failed in require at C:/Strawberry/perl/vendor/lib/Module/Runtime.pm line 317.
Compilation failed in require at C:/Strawberry/perl/vendor/lib/Module/Runtime.pm line 317.
Compilation failed in require at C:\cpan\build\GOBO-0.03-pYaa3C\blib\lib/GOBO/Annotation.pm line 5.
BEGIN failed--compilation aborted at C:\cpan\build\GOBO-0.03-pYaa3C\blib\lib/GOBO/Annotation.pm line 5.
Compilation failed in require at C:\cpan\build\GOBO-0.03-pYaa3C\blib\lib/GOBO/Graph.pm line 55.
BEGIN failed--compilation aborted at C:\cpan\build\GOBO-0.03-pYaa3C\blib\lib/GOBO/Graph.pm line 55.
Compilation failed in require at t/relation_test.t line 3.
BEGIN failed--compilation aborted at t/relation_test.t line 3.
t/relation_test.t ............
Dubious, test returned 255 (wstat 65280, 0xff00)
Failed 29/29 subtests
You cannot coerce an attribute (provenance) unless its type (GOBO::Node) has a coercion at C:\Strawberry\perl\site\lib\Moose\Exporter.pm line 419
Moose::with('GOBO::Attributed') called at C:\cpan\build\GOBO-0.03-pYaa3C\blib\lib\GOBO\Synonym.pm line 17
require GOBO/Synonym.pm at C:\cpan\build\GOBO-0.03-pYaa3C\blib\lib\GOBO\Labeled.pm line 23
GOBO::Labeled::BEGIN at C:\cpan\build\GOBO-0.03-pYaa3C\blib\lib\GOBO\Synonym.pm line 0
eval {...} at C:\cpan\build\GOBO-0.03-pYaa3C\blib\lib\GOBO\Synonym.pm line 0
require GOBO/Labeled.pm at C:\Strawberry\perl\vendor\lib\Module\Runtime.pm line 317
Module::Runtime::require_module('GOBO::Labeled') called at C:\Strawberry\perl\vendor\lib\Module\Runtime.pm line 348
Module::Runtime::use_module('GOBO::Labeled') called at C:\Strawberry\perl\site\lib\Moose\Util.pm line 147
Moose::Util::_apply_all_roles('Moose::Meta::Class=HASH(0x14058c4)', undef, 'GOBO::Labeled') called at C:\Strawberry\perl\site\lib\Moose\Util.pm line 114
Moose::Util::apply_all_roles('Moose::Meta::Class=HASH(0x14058c4)', 'GOBO::Labeled') called at C:\Strawberry\perl\site\lib\Moose.pm line 59
Moose::with('Moose::Meta::Class=HASH(0x14058c4)', 'GOBO::Labeled') called at C:\Strawberry\perl\site\lib\Moose\Exporter.pm line 419
Moose::with('GOBO::Labeled') called at C:\cpan\build\GOBO-0.03-pYaa3C\blib\lib\GOBO\Node.pm line 6
require GOBO/Node.pm at C:\Strawberry\perl\vendor\lib\Module\Runtime.pm line 317
Module::Runtime::require_module('GOBO::Node') called at C:\Strawberry\perl\vendor\lib\Module\Runtime.pm line 381
eval {...} at C:\Strawberry\perl\vendor\lib\Module\Runtime.pm line 381
Module::Runtime::use_package_optimistically('GOBO::Node') called at C:\Strawberry\perl\site\lib\Moose\Util.pm line 352
Moose::Util::_load_user_class('GOBO::Node', undef) called at C:\Strawberry\perl\site\lib\Moose\Meta\Class.pm line 557
Moose::Meta::Class::superclasses(undef, 'GOBO::Node') called at C:\Strawberry\perl\site\lib\Moose.pm line 55
Moose::extends('Moose::Meta::Class=HASH(0x13f56ac)', 'GOBO::Node') called at C:\Strawberry\perl\site\lib\Moose\Exporter.pm line 419
Moose::extends('GOBO::Node') called at C:\cpan\build\GOBO-0.03-pYaa3C\blib\lib\GOBO\Evidence.pm line 4
require GOBO/Evidence.pm at C:\cpan\build\GOBO-0.03-pYaa3C\blib\lib\GOBO\Annotation.pm line 5
GOBO::Annotation::BEGIN at C:\cpan\build\GOBO-0.03-pYaa3C\blib\lib\GOBO\Synonym.pm line 0
eval {...} at C:\cpan\build\GOBO-0.03-pYaa3C\blib\lib\GOBO\Synonym.pm line 0
require GOBO/Annotation.pm at C:\cpan\build\GOBO-0.03-pYaa3C\blib\lib\GOBO\Graph.pm line 55
GOBO::Graph::BEGIN at C:\cpan\build\GOBO-0.03-pYaa3C\blib\lib\GOBO\Synonym.pm line 0
eval {...} at C:\cpan\build\GOBO-0.03-pYaa3C\blib\lib\GOBO\Synonym.pm line 0
require GOBO/Graph.pm at t\roundtrip.t line 6
main::BEGIN at C:\cpan\build\GOBO-0.03-pYaa3C\blib\lib\GOBO\Synonym.pm line 0
eval {...} at C:\cpan\build\GOBO-0.03-pYaa3C\blib\lib\GOBO\Synonym.pm line 0
Compilation failed in require at C:\cpan\build\GOBO-0.03-pYaa3C\blib\lib/GOBO/Labeled.pm line 23.
BEGIN failed--compilation aborted at C:\cpan\build\GOBO-0.03-pYaa3C\blib\lib/GOBO/Labeled.pm line 23.
Compilation failed in require at C:/Strawberry/perl/vendor/lib/Module/Runtime.pm line 317.
Compilation failed in require at C:/Strawberry/perl/vendor/lib/Module/Runtime.pm line 317.
Compilation failed in require at C:\cpan\build\GOBO-0.03-pYaa3C\blib\lib/GOBO/Annotation.pm line 5.
BEGIN failed--compilation aborted at C:\cpan\build\GOBO-0.03-pYaa3C\blib\lib/GOBO/Annotation.pm line 5.
Compilation failed in require at C:\cpan\build\GOBO-0.03-pYaa3C\blib\lib/GOBO/Graph.pm line 55.
BEGIN failed--compilation aborted at C:\cpan\build\GOBO-0.03-pYaa3C\blib\lib/GOBO/Graph.pm line 55.
Compilation failed in require at t/roundtrip.t line 6.
BEGIN failed--compilation aborted at t/roundtrip.t line 6.
t/roundtrip.t ................
Dubious, test returned 255 (wstat 65280, 0xff00)
No subtests run
You cannot coerce an attribute (provenance) unless its type (GOBO::Node) has a coercion at C:\Strawberry\perl\site\lib\Moose\Exporter.pm line 419
Moose::with('GOBO::Attributed') called at C:\cpan\build\GOBO-0.03-pYaa3C\blib\lib\GOBO\Synonym.pm line 17
require GOBO/Synonym.pm at C:\cpan\build\GOBO-0.03-pYaa3C\blib\lib\GOBO\Labeled.pm line 23
GOBO::Labeled::BEGIN at C:\cpan\build\GOBO-0.03-pYaa3C\blib\lib\GOBO\Synonym.pm line 0
eval {...} at C:\cpan\build\GOBO-0.03-pYaa3C\blib\lib\GOBO\Synonym.pm line 0
require GOBO/Labeled.pm at C:\Strawberry\perl\vendor\lib\Module\Runtime.pm line 317
Module::Runtime::require_module('GOBO::Labeled') called at C:\Strawberry\perl\vendor\lib\Module\Runtime.pm line 348
Module::Runtime::use_module('GOBO::Labeled') called at C:\Strawberry\perl\site\lib\Moose\Util.pm line 147
Moose::Util::_apply_all_roles('Moose::Meta::Class=HASH(0x148cc5c)', undef, 'GOBO::Labeled') called at C:\Strawberry\perl\site\lib\Moose\Util.pm line 114
Moose::Util::apply_all_roles('Moose::Meta::Class=HASH(0x148cc5c)', 'GOBO::Labeled') called at C:\Strawberry\perl\site\lib\Moose.pm line 59
Moose::with('Moose::Meta::Class=HASH(0x148cc5c)', 'GOBO::Labeled') called at C:\Strawberry\perl\site\lib\Moose\Exporter.pm line 419
Moose::with('GOBO::Labeled') called at C:\cpan\build\GOBO-0.03-pYaa3C\blib\lib\GOBO\Node.pm line 6
require GOBO/Node.pm at C:\Strawberry\perl\vendor\lib\Module\Runtime.pm line 317
Module::Runtime::require_module('GOBO::Node') called at C:\Strawberry\perl\vendor\lib\Module\Runtime.pm line 381
eval {...} at C:\Strawberry\perl\vendor\lib\Module\Runtime.pm line 381
Module::Runtime::use_package_optimistically('GOBO::Node') called at C:\Strawberry\perl\site\lib\Moose\Util.pm line 352
Moose::Util::_load_user_class('GOBO::Node', undef) called at C:\Strawberry\perl\site\lib\Moose\Meta\Class.pm line 557
Moose::Meta::Class::superclasses(undef, 'GOBO::Node') called at C:\Strawberry\perl\site\lib\Moose.pm line 55
Moose::extends('Moose::Meta::Class=HASH(0x1483e6c)', 'GOBO::Node') called at C:\Strawberry\perl\site\lib\Moose\Exporter.pm line 419
Moose::extends('GOBO::Node') called at C:\cpan\build\GOBO-0.03-pYaa3C\blib\lib\GOBO\Evidence.pm line 4
require GOBO/Evidence.pm at C:\cpan\build\GOBO-0.03-pYaa3C\blib\lib\GOBO\Annotation.pm line 5
GOBO::Annotation::BEGIN at C:\cpan\build\GOBO-0.03-pYaa3C\blib\lib\GOBO\Synonym.pm line 0
eval {...} at C:\cpan\build\GOBO-0.03-pYaa3C\blib\lib\GOBO\Synonym.pm line 0
require GOBO/Annotation.pm at C:\cpan\build\GOBO-0.03-pYaa3C\blib\lib\GOBO\Graph.pm line 55
GOBO::Graph::BEGIN at C:\cpan\build\GOBO-0.03-pYaa3C\blib\lib\GOBO\Synonym.pm line 0
eval {...} at C:\cpan\build\GOBO-0.03-pYaa3C\blib\lib\GOBO\Synonym.pm line 0
require GOBO/Graph.pm at C:\cpan\build\GOBO-0.03-pYaa3C\blib\lib\GOBO\Parsers\OBOParser.pm line 7
GOBO::Parsers::OBOParser::BEGIN at C:\cpan\build\GOBO-0.03-pYaa3C\blib\lib\GOBO\Synonym.pm line 0
eval {...} at C:\cpan\build\GOBO-0.03-pYaa3C\blib\lib\GOBO\Synonym.pm line 0
require GOBO/Parsers/OBOParser.pm at t\slimmer_test.t line 9
main::BEGIN at C:\cpan\build\GOBO-0.03-pYaa3C\blib\lib\GOBO\Synonym.pm line 0
eval {...} at C:\cpan\build\GOBO-0.03-pYaa3C\blib\lib\GOBO\Synonym.pm line 0
Compilation failed in require at C:\cpan\build\GOBO-0.03-pYaa3C\blib\lib/GOBO/Labeled.pm line 23.
BEGIN failed--compilation aborted at C:\cpan\build\GOBO-0.03-pYaa3C\blib\lib/GOBO/Labeled.pm line 23.
Compilation failed in require at C:/Strawberry/perl/vendor/lib/Module/Runtime.pm line 317.
Compilation failed in require at C:/Strawberry/perl/vendor/lib/Module/Runtime.pm line 317.
Compilation failed in require at C:\cpan\build\GOBO-0.03-pYaa3C\blib\lib/GOBO/Annotation.pm line 5.
BEGIN failed--compilation aborted at C:\cpan\build\GOBO-0.03-pYaa3C\blib\lib/GOBO/Annotation.pm line 5.
Compilation failed in require at C:\cpan\build\GOBO-0.03-pYaa3C\blib\lib/GOBO/Graph.pm line 55.
BEGIN failed--compilation aborted at C:\cpan\build\GOBO-0.03-pYaa3C\blib\lib/GOBO/Graph.pm line 55.
Compilation failed in require at C:\cpan\build\GOBO-0.03-pYaa3C\blib\lib/GOBO/Parsers/OBOParser.pm line 7.
BEGIN failed--compilation aborted at C:\cpan\build\GOBO-0.03-pYaa3C\blib\lib/GOBO/Parsers/OBOParser.pm line 7.
Compilation failed in require at t/slimmer_test.t line 9.
BEGIN failed--compilation aborted at t/slimmer_test.t line 9.
t/slimmer_test.t .............
Dubious, test returned 255 (wstat 65280, 0xff00)
No subtests run
You cannot coerce an attribute (provenance) unless its type (GOBO::Node) has a coercion at C:\Strawberry\perl\site\lib\Moose\Exporter.pm line 419
Moose::with('GOBO::Attributed') called at C:\cpan\build\GOBO-0.03-pYaa3C\blib\lib\GOBO\Synonym.pm line 17
require GOBO/Synonym.pm at C:\cpan\build\GOBO-0.03-pYaa3C\blib\lib\GOBO\Labeled.pm line 23
GOBO::Labeled::BEGIN at C:\cpan\build\GOBO-0.03-pYaa3C\blib\lib\GOBO\Synonym.pm line 0
eval {...} at C:\cpan\build\GOBO-0.03-pYaa3C\blib\lib\GOBO\Synonym.pm line 0
require GOBO/Labeled.pm at C:\Strawberry\perl\vendor\lib\Module\Runtime.pm line 317
Module::Runtime::require_module('GOBO::Labeled') called at C:\Strawberry\perl\vendor\lib\Module\Runtime.pm line 348
Module::Runtime::use_module('GOBO::Labeled') called at C:\Strawberry\perl\site\lib\Moose\Util.pm line 147
Moose::Util::_apply_all_roles('Moose::Meta::Class=HASH(0x1405c04)', undef, 'GOBO::Labeled') called at C:\Strawberry\perl\site\lib\Moose\Util.pm line 114
Moose::Util::apply_all_roles('Moose::Meta::Class=HASH(0x1405c04)', 'GOBO::Labeled') called at C:\Strawberry\perl\site\lib\Moose.pm line 59
Moose::with('Moose::Meta::Class=HASH(0x1405c04)', 'GOBO::Labeled') called at C:\Strawberry\perl\site\lib\Moose\Exporter.pm line 419
Moose::with('GOBO::Labeled') called at C:\cpan\build\GOBO-0.03-pYaa3C\blib\lib\GOBO\Node.pm line 6
require GOBO/Node.pm at C:\Strawberry\perl\vendor\lib\Module\Runtime.pm line 317
Module::Runtime::require_module('GOBO::Node') called at C:\Strawberry\perl\vendor\lib\Module\Runtime.pm line 381
eval {...} at C:\Strawberry\perl\vendor\lib\Module\Runtime.pm line 381
Module::Runtime::use_package_optimistically('GOBO::Node') called at C:\Strawberry\perl\site\lib\Moose\Util.pm line 352
Moose::Util::_load_user_class('GOBO::Node', undef) called at C:\Strawberry\perl\site\lib\Moose\Meta\Class.pm line 557
Moose::Meta::Class::superclasses(undef, 'GOBO::Node') called at C:\Strawberry\perl\site\lib\Moose.pm line 55
Moose::extends('Moose::Meta::Class=HASH(0x13f62fc)', 'GOBO::Node') called at C:\Strawberry\perl\site\lib\Moose\Exporter.pm line 419
Moose::extends('GOBO::Node') called at C:\cpan\build\GOBO-0.03-pYaa3C\blib\lib\GOBO\Evidence.pm line 4
require GOBO/Evidence.pm at C:\cpan\build\GOBO-0.03-pYaa3C\blib\lib\GOBO\Annotation.pm line 5
GOBO::Annotation::BEGIN at C:\cpan\build\GOBO-0.03-pYaa3C\blib\lib\GOBO\Synonym.pm line 0
eval {...} at C:\cpan\build\GOBO-0.03-pYaa3C\blib\lib\GOBO\Synonym.pm line 0
require GOBO/Annotation.pm at C:\cpan\build\GOBO-0.03-pYaa3C\blib\lib\GOBO\Graph.pm line 55
GOBO::Graph::BEGIN at C:\cpan\build\GOBO-0.03-pYaa3C\blib\lib\GOBO\Synonym.pm line 0
eval {...} at C:\cpan\build\GOBO-0.03-pYaa3C\blib\lib\GOBO\Synonym.pm line 0
require GOBO/Graph.pm at t\union_inference_test.t line 4
main::BEGIN at C:\cpan\build\GOBO-0.03-pYaa3C\blib\lib\GOBO\Synonym.pm line 0
eval {...} at C:\cpan\build\GOBO-0.03-pYaa3C\blib\lib\GOBO\Synonym.pm line 0
Compilation failed in require at C:\cpan\build\GOBO-0.03-pYaa3C\blib\lib/GOBO/Labeled.pm line 23.
BEGIN failed--compilation aborted at C:\cpan\build\GOBO-0.03-pYaa3C\blib\lib/GOBO/Labeled.pm line 23.
Compilation failed in require at C:/Strawberry/perl/vendor/lib/Module/Runtime.pm line 317.
Compilation failed in require at C:/Strawberry/perl/vendor/lib/Module/Runtime.pm line 317.
Compilation failed in require at C:\cpan\build\GOBO-0.03-pYaa3C\blib\lib/GOBO/Annotation.pm line 5.
BEGIN failed--compilation aborted at C:\cpan\build\GOBO-0.03-pYaa3C\blib\lib/GOBO/Annotation.pm line 5.
Compilation failed in require at C:\cpan\build\GOBO-0.03-pYaa3C\blib\lib/GOBO/Graph.pm line 55.
BEGIN failed--compilation aborted at C:\cpan\build\GOBO-0.03-pYaa3C\blib\lib/GOBO/Graph.pm line 55.
Compilation failed in require at t/union_inference_test.t line 4.
BEGIN failed--compilation aborted at t/union_inference_test.t line 4.
t/union_inference_test.t .....
Dubious, test returned 255 (wstat 65280, 0xff00)
No subtests run
Test Summary Report
-------------------
t/analysis_test.t (Wstat: 65280 Tests: 0 Failed: 0)
Non-zero exit status: 255
Parse errors: No plan found in TAP output
t/classexpr.t (Wstat: 65280 Tests: 0 Failed: 0)
Non-zero exit status: 255
Parse errors: No plan found in TAP output
t/dbconnect.t (Wstat: 65280 Tests: 0 Failed: 0)
Non-zero exit status: 255
Parse errors: No plan found in TAP output
t/gaf_inference_test.t (Wstat: 65280 Tests: 0 Failed: 0)
Non-zero exit status: 255
Parse errors: No plan found in TAP output
t/gaftest.t (Wstat: 65280 Tests: 0 Failed: 0)
Non-zero exit status: 255
Parse errors: No plan found in TAP output
t/gaftest_chunked.t (Wstat: 65280 Tests: 0 Failed: 0)
Non-zero exit status: 255
Parse errors: No plan found in TAP output
t/gaftest_chunked_gzipped.t (Wstat: 65280 Tests: 0 Failed: 0)
Non-zero exit status: 255
Parse errors: No plan found in TAP output
t/graph_creation.t (Wstat: 65280 Tests: 0 Failed: 0)
Non-zero exit status: 255
Parse errors: No plan found in TAP output
t/inference_engine_test.t (Wstat: 65280 Tests: 0 Failed: 0)
Non-zero exit status: 255
Parse errors: No plan found in TAP output
t/logical_definition_test.t (Wstat: 65280 Tests: 0 Failed: 0)
Non-zero exit status: 255
Parse errors: No plan found in TAP output
t/node_removal.t (Wstat: 65280 Tests: 0 Failed: 0)
Non-zero exit status: 255
Parse errors: No plan found in TAP output
t/oboparsertest.t (Wstat: 65280 Tests: 0 Failed: 0)
Non-zero exit status: 255
Parse errors: No plan found in TAP output
t/parsetest.t (Wstat: 65280 Tests: 0 Failed: 0)
Non-zero exit status: 255
Parse errors: No plan found in TAP output
t/relation_test.t (Wstat: 65280 Tests: 0 Failed: 0)
Non-zero exit status: 255
Parse errors: Bad plan. You planned 29 tests but ran 0.
t/roundtrip.t (Wstat: 65280 Tests: 0 Failed: 0)
Non-zero exit status: 255
Parse errors: No plan found in TAP output
t/slimmer_test.t (Wstat: 65280 Tests: 0 Failed: 0)
Non-zero exit status: 255
Parse errors: No plan found in TAP output
t/union_inference_test.t (Wstat: 65280 Tests: 0 Failed: 0)
Non-zero exit status: 255
Parse errors: No plan found in TAP output
Files=17, Tests=0, 75 wallclock secs ( 0.16 usr + 0.05 sys = 0.20 CPU)
Result: FAIL
Failed 17/17 test programs. 0/0 subtests failed.
dmake.EXE: Error code 255, while making 'test_dynamic'
------------------------------
PREREQUISITES
------------------------------
Prerequisite modules loaded:
requires:
Module Need Have
------------------------- ---- -------
DateTime::Format::ISO8601 0 0.08
List::MoreUtils 0 0.413
Moose 0.81 2.1405
Test::Deep 0 0.117
build_requires:
Module Need Have
------------------------- ---- -------
ExtUtils::MakeMaker 0 7.04_01
configure_requires:
Module Need Have
------------------------- ---- -------
ExtUtils::MakeMaker 0 7.04_01
------------------------------
ENVIRONMENT AND OTHER CONTEXT
------------------------------
Environment variables:
AUTOMATED_TESTING = 1
COMSPEC = C:\WINDOWS.0\system32\cmd.exe
NONINTERACTIVE_TESTING = 1
NUMBER_OF_PROCESSORS = 1
PATH = C:\WINDOWS.0\system32;C:\strawberry\c\bin;C:\strawberry\perl\site\bin;C:\strawberry\perl\bin
PERL5LIB = C:\cpan\build\Test-Distribution-2.00-OEHRHh/blib/arch;C:\cpan\build\Test-Distribution-2.00-OEHRHh/blib/lib;C:\cpan\build\DateTime-Format-ISO8601-0.08-VVR2lA/blib/arch;C:\cpan\build\DateTime-Format-ISO8601-0.08-VVR2lA/blib/lib;C:\cpan\build\DateTime-Format-Builder-0.81-WRZgSI/blib/arch;C:\cpan\build\DateTime-Format-Builder-0.81-WRZgSI/blib/lib;C:\cpan\build\DateTime-Format-Strptime-1.56-GjegZF/blib/arch;C:\cpan\build\DateTime-Format-Strptime-1.56-GjegZF/blib/lib;C:\cpan\build\Class-Factory-Util-1.7-lSZxB8/blib/arch;C:\cpan\build\Class-Factory-Util-1.7-lSZxB8/blib/lib
PERL5OPT =
PERL5_CPANPLUS_IS_RUNNING = 3552
PERL5_CPAN_IS_RUNNING = 3552
PERL5_CPAN_IS_RUNNING_IN_RECURSION = 3960,3552
PERL_CR_SMOKER_CURRENT = GOBO-0.03
PERL_EXTUTILS_AUTOINSTALL = --defaultdeps
PERL_MM_USE_DEFAULT = 1
PROCESSOR_IDENTIFIER = x86 Family 6 Model 14 Stepping 8, GenuineIntel
TEMP = C:\DOKUME~1\smoker\LOKALE~1\Temp
TERM = dumb
Perl special variables (and OS-specific diagnostics, for MSWin32):
$^X = C:\Strawberry\perl\bin\perl.exe
$UID/$EUID = 0 / 0
$GID = 0
$EGID = 0
Win32::GetOSName = WinXP/.Net
Win32::GetOSVersion = Service Pack 3, 5, 1, 2600, 2, 3, 0, 256, 1
Win32::FsType = NTFS
Win32::IsAdminUser = 1
Perl module toolchain versions installed:
Module Have
------------------- --------
CPAN 2.11
CPAN::Meta 2.150005
Cwd 3.56
ExtUtils::CBuilder 0.280223
ExtUtils::Command 1.20
ExtUtils::Install 2.04
ExtUtils::MakeMaker 7.04_01
ExtUtils::Manifest 1.70
ExtUtils::ParseXS 3.28
File::Spec 3.56
JSON 2.90
JSON::PP 2.27300
Module::Build 0.4214
Module::Signature n/a
Parse::CPAN::Meta 1.4414
Test::Harness 3.35
Test::More 1.001014
YAML 1.15
YAML::Syck n/a
version 0.9912
--
Summary of my perl5 (revision 5 version 22 subversion 0) configuration:
Platform:
osname=MSWin32, osvers=6.3, archname=MSWin32-x86-multi-thread-64int
uname='Win32 strawberry-perl 5.22.0.1 #1 Mon Jun 1 20:04:50 2015 i386'
config_args='undef'
hint=recommended, useposix=true, d_sigaction=undef
useithreads=define, usemultiplicity=define
use64bitint=define, use64bitall=undef, uselongdouble=undef
usemymalloc=n, bincompat5005=undef
Compiler:
cc='gcc', ccflags =' -s -O2 -DWIN32 -DPERL_TEXTMODE_SCRIPTS -DPERL_IMPLICIT_CONTEXT -DPERL_IMPLICIT_SYS -fwrapv -fno-strict-aliasing -mms-bitfields',
optimize='-s -O2',
cppflags='-DWIN32'
ccversion='', gccversion='4.9.2', gccosandvers=''
intsize=4, longsize=4, ptrsize=4, doublesize=8, byteorder=12345678, doublekind=3
d_longlong=define, longlongsize=8, d_longdbl=define, longdblsize=8, longdblkind=3
ivtype='long long', ivsize=8, nvtype='double', nvsize=8, Off_t='long long', lseeksize=8
alignbytes=8, prototype=define
Linker and Libraries:
ld='g++', ldflags ='-s -L"C:\STRAWB~1\perl\lib\CORE" -L"C:\STRAWB~1\c\lib"'
libpth=C:\STRAWB~1\c\lib C:\STRAWB~1\c\i686-w64-mingw32\lib C:\STRAWB~1\c\lib\gcc\i686-w64-mingw32\4.9.2
libs=-lmoldname -lkernel32 -luser32 -lgdi32 -lwinspool -lcomdlg32 -ladvapi32 -lshell32 -lole32 -loleaut32 -lnetapi32 -luuid -lws2_32 -lmpr -lwinmm -lversion -lodbc32 -lodbccp32 -lcomctl32
perllibs=-lmoldname -lkernel32 -luser32 -lgdi32 -lwinspool -lcomdlg32 -ladvapi32 -lshell32 -lole32 -loleaut32 -lnetapi32 -luuid -lws2_32 -lmpr -lwinmm -lversion -lodbc32 -lodbccp32 -lcomctl32
libc=, so=dll, useshrplib=true, libperl=libperl522.a
gnulibc_version=''
Dynamic Linking:
dlsrc=dl_win32.xs, dlext=xs.dll, d_dlsymun=undef, ccdlflags=' '
cccdlflags=' ', lddlflags='-mdll -s -L"C:\STRAWB~1\perl\lib\CORE" -L"C:\STRAWB~1\c\lib"'
Characteristics of this binary (from libperl):
Compile-time options: HAS_TIMES HAVE_INTERP_INTERN MULTIPLICITY
PERLIO_LAYERS PERL_DONT_CREATE_GVSV
PERL_HASH_FUNC_ONE_AT_A_TIME_HARD
PERL_IMPLICIT_CONTEXT PERL_IMPLICIT_SYS
PERL_MALLOC_WRAP PERL_NEW_COPY_ON_WRITE
PERL_PRESERVE_IVUV USE_64_BIT_INT USE_ITHREADS
USE_LARGE_FILES USE_LOCALE USE_LOCALE_COLLATE
USE_LOCALE_CTYPE USE_LOCALE_NUMERIC USE_LOCALE_TIME
USE_PERLIO USE_PERL_ATOF
Built under MSWin32
Compiled at Jun 1 2015 20:09:13
%ENV:
PERL5LIB="C:\cpan\build\Test-Distribution-2.00-OEHRHh/blib/arch;C:\cpan\build\Test-Distribution-2.00-OEHRHh/blib/lib;C:\cpan\build\DateTime-Format-ISO8601-0.08-VVR2lA/blib/arch;C:\cpan\build\DateTime-Format-ISO8601-0.08-VVR2lA/blib/lib;C:\cpan\build\DateTime-Format-Builder-0.81-WRZgSI/blib/arch;C:\cpan\build\DateTime-Format-Builder-0.81-WRZgSI/blib/lib;C:\cpan\build\DateTime-Format-Strptime-1.56-GjegZF/blib/arch;C:\cpan\build\DateTime-Format-Strptime-1.56-GjegZF/blib/lib;C:\cpan\build\Class-Factory-Util-1.7-lSZxB8/blib/arch;C:\cpan\build\Class-Factory-Util-1.7-lSZxB8/blib/lib"
PERL5_CPANPLUS_IS_RUNNING="3552"
PERL5_CPAN_IS_RUNNING="3552"
PERL5_CPAN_IS_RUNNING_IN_RECURSION="3960,3552"
PERL_CR_SMOKER_CURRENT="GOBO-0.03"
PERL_EXTUTILS_AUTOINSTALL="--defaultdeps"
PERL_MM_USE_DEFAULT="1"
@INC:
C:\cpan\build\Test-Distribution-2.00-OEHRHh/blib/arch
C:\cpan\build\Test-Distribution-2.00-OEHRHh/blib/lib
C:\cpan\build\DateTime-Format-ISO8601-0.08-VVR2lA/blib/arch
C:\cpan\build\DateTime-Format-ISO8601-0.08-VVR2lA/blib/lib
C:\cpan\build\DateTime-Format-Builder-0.81-WRZgSI/blib/arch
C:\cpan\build\DateTime-Format-Builder-0.81-WRZgSI/blib/lib
C:\cpan\build\DateTime-Format-Strptime-1.56-GjegZF/blib/arch
C:\cpan\build\DateTime-Format-Strptime-1.56-GjegZF/blib/lib
C:\cpan\build\Class-Factory-Util-1.7-lSZxB8/blib/arch
C:\cpan\build\Class-Factory-Util-1.7-lSZxB8/blib/lib
C:/Strawberry/perl/site/lib
C:/Strawberry/perl/vendor/lib
C:/Strawberry/perl/lib
.