Report for HTTP-Engine-0.03005

Back
From: metabase:user:320bfe00-2aae-11df-837a-5e0a49663a4f
Subject: FAIL HTTP-Engine-0.03005 v5.17.2 GNU/Linux
Date: 2012-06-30T20:41:50Z

This distribution has been tested as part of the CPAN Testers
project, supporting the Perl programming language.  See
http://wiki.cpantesters.org/ for more information or email
questions to cpan-testers-discuss@perl.org


--
Dear Kazuhiro Osawa,

This is a computer-generated report for HTTP-Engine-0.03005
on perl 5.17.2, created by CPAN-Reporter-1.2006.

Thank you for uploading your work to CPAN.  However, there was a problem
testing your distribution.

If you think this report is invalid, please consult the CPAN Testers Wiki
for suggestions on how to avoid getting FAIL reports for missing library
or binary dependencies, unsupported operating systems, and so on:

http://wiki.cpantesters.org/wiki/CPANAuthorNotes

Sections of this report:

    * Tester comments
    * Program output
    * Prerequisites
    * Environment and other context

------------------------------
TESTER COMMENTS
------------------------------

Additional comments from tester:

this report is from an automated smoke testing program
and was not reviewed by a human for accuracy

------------------------------
PROGRAM OUTPUT
------------------------------

Output from '/usr/bin/make test':

PERL_DL_NONLAZY=1 /mnt/k75/homesand/src/perl/repoperls/installed-perls/perl/v5.17.1-263-g1b5aaca/127e/bin/perl "-MExtUtils::Command::MM" "-e" "test_harness(0, 'inc', 'blib/lib', 'blib/arch')" t/*.t t/*/*.t t/moose/*/*.t
# Soft dependency versions:
#  Any::Moose 0.18
#  Mouse 0.99
#  MooseX::Types 0.35
t/00_compile.t .............................................. ok
t/010_core/builder_options-upload_tmp.t ..................... ok
t/010_core/interface-require.t .............................. ok
t/010_core/interface.t ...................................... ok
t/010_core/load_requestbuilder_cgi.t ........................ ok
t/010_core/request-absolute_uri.t ........................... ok
t/010_core/request-as_http_request.t ........................ ok
t/010_core/request-as_string.t .............................. ok
t/010_core/request-body.t ................................... ok
t/010_core/request-content.t ................................ ok
t/010_core/request-cookie.t ................................. ok
t/010_core/request-hostname.t ............................... ok
t/010_core/request-many_upload.t ............................ ok
t/010_core/request-parameters.t ............................. ok
t/010_core/request-params.t ................................. ok
t/010_core/request-parse.t .................................. ok
t/010_core/request-proxy_request.t .......................... ok
t/010_core/request-raw_body.t ............................... ok
t/010_core/request-readbody.t ............................... ok
t/010_core/request-secure.t ................................. ok
t/010_core/request-upload.t ................................. ok
t/010_core/request-uri.t .................................... ok
t/010_core/request.t ........................................ ok
t/010_core/request_builder-noenv.t .......................... ok
t/010_core/request_processor-catch_error.t .................. ok
t/010_core/request_processor-make_request.t ................. ok
t/010_core/request_processor-response_error.t ............... ok
t/010_core/request_upload-basename.t ........................ ok
t/010_core/response-code.t .................................. ok
t/010_core/response-coerce_headers.t ........................ ok
t/010_core/response-content_length.t ........................ ok
t/010_core/response-cookie.t ................................ ok
t/010_core/response-new.t ................................... ok
t/010_core/response-set_http_response.t ..................... ok
t/010_core/response-status.t ................................ ok
t/010_core/response.t ....................................... ok
t/010_core/response_finalizer.t ............................. ok
t/010_core/response_writer.t ................................ ok
t/010_core/responsewriter-broken_io.t ....................... ok
t/010_core/responsewriter-with_io.t ......................... ok
t/020_interface/cgi.t ....................................... ok
t/020_interface/lighty-fcgi.t ............................... skipped: set TEST_LIGHTTPD to enable this test
t/020_interface/modperl_wildcard_hostname.t ................. skipped: this test requires mod_perl 2
=== 7889 === !!! Stopped child process (PID 7890) reaped when POE::Kernel->run() is ready to return.
=== 7889 === !!! Stopped child process (PID 7891) reaped when POE::Kernel->run() is ready to return.
=== 7889 === !!! Stopped child process (PID 7892) reaped when POE::Kernel->run() is ready to return.
=== 7889 === !!! Stopped child process (PID 7893) reaped when POE::Kernel->run() is ready to return.
=== 7889 === !!! Stopped child process (PID 7894) reaped when POE::Kernel->run() is ready to return.
=== 7889 === !!! Stopped child process (PID 7895) reaped when POE::Kernel->run() is ready to return.
=== 7889 === !!! Stopped child process (PID 7896) reaped when POE::Kernel->run() is ready to return.
=== 7889 === !!! Stopped child process (PID 7897) reaped when POE::Kernel->run() is ready to return.
=== 7889 === !!! Be sure to use sig_child() to reap child processes.
=== 7889 === !!! In extreme cases, failure to reap child processes has
=== 7889 === !!! resulted in a slow 'fork bomb' that has halted systems.
t/020_interface/poe-proxy.t ................................. ok
=== 7898 === !!! Stopped child process (PID 7907) reaped when POE::Kernel->run() is ready to return.
=== 7898 === !!! Stopped child process (PID 7909) reaped when POE::Kernel->run() is ready to return.
=== 7898 === !!! Stopped child process (PID 7910) reaped when POE::Kernel->run() is ready to return.
=== 7898 === !!! Stopped child process (PID 7911) reaped when POE::Kernel->run() is ready to return.
=== 7898 === !!! Stopped child process (PID 7912) reaped when POE::Kernel->run() is ready to return.
=== 7898 === !!! Stopped child process (PID 7914) reaped when POE::Kernel->run() is ready to return.
=== 7898 === !!! At least one child process is still running when POE::Kernel->run() is ready to return.
=== 7898 === !!! Be sure to use sig_child() to reap child processes.
=== 7898 === !!! In extreme cases, failure to reap child processes has
=== 7898 === !!! resulted in a slow 'fork bomb' that has halted systems.
t/020_interface/poe-uri.t ................................... ok
Use of uninitialized value in subroutine entry at t/020_interface/poe.t line 112.
Use of uninitialized value in subroutine entry at t/020_interface/poe.t line 112.
=== 7915 === !!! Stopped child process (PID 7920) reaped when POE::Kernel->run() is ready to return.
=== 7915 === !!! Stopped child process (PID 7922) reaped when POE::Kernel->run() is ready to return.
=== 7915 === !!! Stopped child process (PID 7923) reaped when POE::Kernel->run() is ready to return.
=== 7915 === !!! Stopped child process (PID 7924) reaped when POE::Kernel->run() is ready to return.
=== 7915 === !!! At least one child process is still running when POE::Kernel->run() is ready to return.
=== 7915 === !!! Be sure to use sig_child() to reap child processes.
=== 7915 === !!! In extreme cases, failure to reap child processes has
=== 7915 === !!! resulted in a slow 'fork bomb' that has halted systems.
t/020_interface/poe.t ....................................... ok
t/020_interface/psgi-with_plack.t ........................... ok
t/020_interface/psgi.t ...................................... ok
Bad arg length for Socket::unpack_sockaddr_in, length is 28, should be 16 at /home/src/perl/repoperls/installed-perls/perl/v5.17.1-263-g1b5aaca/127e/lib/5.17.2/x86_64-linux-ld/Socket.pm line 780.

#   Failed test at /tmp/loop_over_bdir-YkeqJ_/HTTP-Engine-0.03005-flnaJy/inc/Test/More.pm line 376.
#          got: 'Can't connect to localhost:50439 (Connection refused)
# 
# LWP::Protocol::http::Socket: connect: Connection refused at /home/src/perl/repoperls/installed-perls/perl/v5.17.1-263-g1b5aaca/127e/lib/site_perl/5.17.2/LWP/Protocol/http.pm line 51, <DATA> line 11.
# '
#     expected: 'ok'
# Looks like you failed 1 test of 1.
t/020_interface/server_simple-net_server_configure.t ........ 
Dubious, test returned 1 (wstat 256, 0x100)
Failed 1/1 subtests 
t/020_interface/server_simple-not-send-header-bug.t ......... ok
t/020_interface/server_simple-print_banner.t ................ ok
t/020_interface/server_simple.t ............................. ok
t/020_interface/standalone-keep_alive.t ..................... skipped: Interface::Standalone will be removed
t/020_interface/standalone-restart.t ........................ skipped: Interface::Standalone will be removed
t/020_interface/streaming_response.t ........................ ok
t/020_interface/test-validation.t ........................... ok
t/020_interface/test-warn_at_utf8.t ......................... ok
t/020_interface/test.t ...................................... ok
t/020_interface/test_response-with_io.t ..................... ok
t/020_interface/test_upload.t ............................... ok
t/030_daemonize/connection_info.t ........................... ok
t/030_daemonize/headers.t ................................... ok
t/030_daemonize/proxy_path.t ................................ ok
t/030_daemonize/raw_body.t .................................. ok
t/030_daemonize/request_independence.t ...................... ok
t/030_daemonize/responsewriter_io.t ......................... ok
t/030_daemonize/upload-methods.t ............................ ok
t/030_daemonize/upload.t .................................... ok
t/030_daemonize/uri.t ....................................... ok
t/030_daemonize/utf8flagged-uri.t ........................... ok
t/040_minimal/001_simple.t .................................. ok
t/050_tests/request.t ....................................... ok
# Soft dependency versions:
#  Any::Moose 0.18
#  Mouse 0.99
#  MooseX::Types 0.35
t/moose/00_compile.t ........................................ ok
t/moose/010_core/builder_options-upload_tmp.t ............... ok
t/moose/010_core/interface-require.t ........................ ok
t/moose/010_core/interface.t ................................ ok
t/moose/010_core/load_requestbuilder_cgi.t .................. ok
t/moose/010_core/request-absolute_uri.t ..................... ok
t/moose/010_core/request-as_http_request.t .................. ok
t/moose/010_core/request-as_string.t ........................ ok
t/moose/010_core/request-body.t ............................. ok
t/moose/010_core/request-content.t .......................... ok
t/moose/010_core/request-cookie.t ........................... ok
t/moose/010_core/request-hostname.t ......................... ok
t/moose/010_core/request-many_upload.t ...................... ok
t/moose/010_core/request-parameters.t ....................... ok
t/moose/010_core/request-params.t ........................... ok
t/moose/010_core/request-parse.t ............................ ok
t/moose/010_core/request-proxy_request.t .................... ok
t/moose/010_core/request-raw_body.t ......................... ok
t/moose/010_core/request-readbody.t ......................... ok
t/moose/010_core/request-secure.t ........................... ok
t/moose/010_core/request-upload.t ........................... ok
t/moose/010_core/request-uri.t .............................. ok
t/moose/010_core/request.t .................................. ok
t/moose/010_core/request_builder-noenv.t .................... ok
t/moose/010_core/request_processor-catch_error.t ............ ok
t/moose/010_core/request_processor-make_request.t ........... ok
t/moose/010_core/request_processor-response_error.t ......... ok
t/moose/010_core/request_upload-basename.t .................. ok
t/moose/010_core/response-code.t ............................ ok
t/moose/010_core/response-coerce_headers.t .................. ok
t/moose/010_core/response-content_length.t .................. ok
t/moose/010_core/response-cookie.t .......................... ok
t/moose/010_core/response-new.t ............................. ok
t/moose/010_core/response-set_http_response.t ............... ok
t/moose/010_core/response-status.t .......................... ok
t/moose/010_core/response.t ................................. ok
t/moose/010_core/response_finalizer.t ....................... ok
t/moose/010_core/response_writer.t .......................... ok
t/moose/010_core/responsewriter-broken_io.t ................. ok
t/moose/010_core/responsewriter-with_io.t ................... ok
t/moose/020_interface/cgi.t ................................. ok
t/moose/020_interface/lighty-fcgi.t ......................... skipped: set TEST_LIGHTTPD to enable this test
t/moose/020_interface/modperl_wildcard_hostname.t ........... skipped: this test requires mod_perl 2
=== 8482 === !!! Stopped child process (PID 8485) reaped when POE::Kernel->run() is ready to return.
=== 8482 === !!! Stopped child process (PID 8486) reaped when POE::Kernel->run() is ready to return.
=== 8482 === !!! Stopped child process (PID 8487) reaped when POE::Kernel->run() is ready to return.
=== 8482 === !!! Stopped child process (PID 8488) reaped when POE::Kernel->run() is ready to return.
=== 8482 === !!! Stopped child process (PID 8489) reaped when POE::Kernel->run() is ready to return.
=== 8482 === !!! Stopped child process (PID 8490) reaped when POE::Kernel->run() is ready to return.
=== 8482 === !!! At least one child process is still running when POE::Kernel->run() is ready to return.
=== 8482 === !!! Be sure to use sig_child() to reap child processes.
=== 8482 === !!! In extreme cases, failure to reap child processes has
=== 8482 === !!! resulted in a slow 'fork bomb' that has halted systems.
t/moose/020_interface/poe-proxy.t ........................... ok
=== 8492 === !!! Stopped child process (PID 8494) reaped when POE::Kernel->run() is ready to return.
=== 8492 === !!! Stopped child process (PID 8495) reaped when POE::Kernel->run() is ready to return.
=== 8492 === !!! Stopped child process (PID 8496) reaped when POE::Kernel->run() is ready to return.
=== 8492 === !!! Stopped child process (PID 8497) reaped when POE::Kernel->run() is ready to return.
=== 8492 === !!! Stopped child process (PID 8498) reaped when POE::Kernel->run() is ready to return.
=== 8492 === !!! Stopped child process (PID 8499) reaped when POE::Kernel->run() is ready to return.
=== 8492 === !!! Stopped child process (PID 8500) reaped when POE::Kernel->run() is ready to return.
=== 8492 === !!! Stopped child process (PID 8501) reaped when POE::Kernel->run() is ready to return.
=== 8492 === !!! Be sure to use sig_child() to reap child processes.
=== 8492 === !!! In extreme cases, failure to reap child processes has
=== 8492 === !!! resulted in a slow 'fork bomb' that has halted systems.
t/moose/020_interface/poe-uri.t ............................. ok
Use of uninitialized value in subroutine entry at t/moose/020_interface/poe.t line 113.
Use of uninitialized value in subroutine entry at t/moose/020_interface/poe.t line 113.
=== 8502 === !!! Stopped child process (PID 8503) reaped when POE::Kernel->run() is ready to return.
=== 8502 === !!! Stopped child process (PID 8504) reaped when POE::Kernel->run() is ready to return.
=== 8502 === !!! Stopped child process (PID 8505) reaped when POE::Kernel->run() is ready to return.
=== 8502 === !!! Stopped child process (PID 8506) reaped when POE::Kernel->run() is ready to return.
=== 8502 === !!! Stopped child process (PID 8507) reaped when POE::Kernel->run() is ready to return.
=== 8502 === !!! Stopped child process (PID 8508) reaped when POE::Kernel->run() is ready to return.
=== 8502 === !!! Stopped child process (PID 8509) reaped when POE::Kernel->run() is ready to return.
=== 8502 === !!! Stopped child process (PID 8510) reaped when POE::Kernel->run() is ready to return.
=== 8502 === !!! Be sure to use sig_child() to reap child processes.
=== 8502 === !!! In extreme cases, failure to reap child processes has
=== 8502 === !!! resulted in a slow 'fork bomb' that has halted systems.
t/moose/020_interface/poe.t ................................. ok
t/moose/020_interface/psgi-with_plack.t ..................... ok
t/moose/020_interface/psgi.t ................................ ok
Bad arg length for Socket::unpack_sockaddr_in, length is 28, should be 16 at /home/src/perl/repoperls/installed-perls/perl/v5.17.1-263-g1b5aaca/127e/lib/5.17.2/x86_64-linux-ld/Socket.pm line 780.

#   Failed test at /tmp/loop_over_bdir-YkeqJ_/HTTP-Engine-0.03005-flnaJy/inc/Test/More.pm line 376.
#          got: 'Can't connect to localhost:50967 (Connection refused)
# 
# LWP::Protocol::http::Socket: connect: Connection refused at /home/src/perl/repoperls/installed-perls/perl/v5.17.1-263-g1b5aaca/127e/lib/site_perl/5.17.2/LWP/Protocol/http.pm line 51, <DATA> line 11.
# '
#     expected: 'ok'
# Looks like you failed 1 test of 1.
t/moose/020_interface/server_simple-net_server_configure.t .. 
Dubious, test returned 1 (wstat 256, 0x100)
Failed 1/1 subtests 
t/moose/020_interface/server_simple-not-send-header-bug.t ... ok
t/moose/020_interface/server_simple-print_banner.t .......... ok
t/moose/020_interface/server_simple.t ....................... ok
t/moose/020_interface/standalone-keep_alive.t ............... skipped: Interface::Standalone will be removed
t/moose/020_interface/standalone-restart.t .................. skipped: Interface::Standalone will be removed
t/moose/020_interface/streaming_response.t .................. ok
t/moose/020_interface/test-validation.t ..................... ok
t/moose/020_interface/test-warn_at_utf8.t ................... ok
t/moose/020_interface/test.t ................................ ok
t/moose/020_interface/test_response-with_io.t ............... ok
t/moose/020_interface/test_upload.t ......................... ok
t/moose/030_daemonize/connection_info.t ..................... ok
t/moose/030_daemonize/headers.t ............................. ok
t/moose/030_daemonize/proxy_path.t .......................... ok
t/moose/030_daemonize/raw_body.t ............................ ok
t/moose/030_daemonize/request_independence.t ................ ok
t/moose/030_daemonize/responsewriter_io.t ................... ok
t/moose/030_daemonize/upload-methods.t ...................... ok
t/moose/030_daemonize/upload.t .............................. ok
t/moose/030_daemonize/uri.t ................................. ok
t/moose/030_daemonize/utf8flagged-uri.t ..................... ok
t/moose/040_minimal/001_simple.t ............................ ok
t/moose/050_tests/request.t ................................. ok

Test Summary Report
-------------------
t/020_interface/server_simple-net_server_configure.t      (Wstat: 256 Tests: 1 Failed: 1)
  Failed test:  1
  Non-zero exit status: 1
t/moose/020_interface/server_simple-net_server_configure.t (Wstat: 256 Tests: 1 Failed: 1)
  Failed test:  1
  Non-zero exit status: 1
Files=144, Tests=1382, 45 wallclock secs ( 0.40 usr  0.17 sys + 34.02 cusr  3.51 csys = 38.10 CPU)
Result: FAIL
Failed 2/144 test programs. 2/1382 subtests failed.
make: *** [test_dynamic] Error 255

------------------------------
PREREQUISITES
------------------------------

Prerequisite modules loaded:

requires:

    Module               Need   Have    
    -------------------- ------ --------
    Any::Moose           0.13   0.18    
    CGI::Simple::Cookie  1.103  1.113   
    File::Copy           0      2.23    
    File::Spec::Unix     3.2701 3.39_03 
    Filter::Util::Call   0      1.45    
    HTTP::Body           1.05   1.15    
    HTTP::Headers::Fast  0.11   0.16    
    HTTP::Server::Simple 0.35   0.44    
    Mouse                0.62   0.99    
    MouseX::Types        0.05   0.06    
    perl                 5.008  5.017002
    Scalar::Util         1.19   1.25    
    URI                  1.36   1.60    

build_requires:

    Module               Need   Have    
    -------------------- ------ --------
    ExtUtils::MakeMaker  6.42   6.63_02 
    File::Temp           0.20   0.22    
    HTTP::Request::AsCGI 0      1.2     
    IO::File             1.14   1.16    
    IO::Scalar           0      2.110   
    IO::Socket           1.3    1.34    
    IO::Socket::INET     0      1.33    
    Test::More           0      0.98    
    Test::SharedFork     0.11   0.20    
    Test::TCP            0.16   1.15    
    YAML                 0      0.81    

configure_requires:

    Module               Need   Have    
    -------------------- ------ --------
    ExtUtils::MakeMaker  6.42   6.63_02 


------------------------------
ENVIRONMENT AND OTHER CONTEXT
------------------------------

Environment variables:

    AUTOMATED_TESTING = 1
    LANG = en_US.UTF-8
    LANGUAGE = en_US:en
    PATH = /home/sand/bin:/usr/local/bin:/usr/bin:/bin:/usr/bin/X11:/usr/games:/usr/local/perl/bin:/usr/X11/bin:/sbin:/usr/sbin
    PERL5LIB = /tmp/loop_over_bdir-YkeqJ_/Mail-SpamAssassin-2.43-vvMaNg/blib/arch:/tmp/loop_over_bdir-YkeqJ_/Mail-SpamAssassin-2.43-vvMaNg/blib/lib
    PERL5OPT = 
    PERL5_CPANPLUS_IS_RUNNING = 20792
    PERL5_CPAN_IS_RUNNING = 20792
    PERL_MM_USE_DEFAULT = 1
    SHELL = /usr/bin/zsh
    TERM = screen

Perl special variables (and OS-specific diagnostics, for MSWin32):

    $^X = /mnt/k75/homesand/src/perl/repoperls/installed-perls/perl/v5.17.1-263-g1b5aaca/127e/bin/perl
    $UID/$EUID = 1005 / 1005
    $GID = 1005 1005
    $EGID = 1005 1005

Perl module toolchain versions installed:

    Module              Have    
    ------------------- --------
    CPAN                1.9800  
    CPAN::Meta          2.120921
    Cwd                 3.39_02 
    ExtUtils::CBuilder  0.280208
    ExtUtils::Command   1.17    
    ExtUtils::Install   1.58    
    ExtUtils::MakeMaker 6.63_02 
    ExtUtils::Manifest  1.61    
    ExtUtils::ParseXS   3.17    
    File::Spec          3.39_02 
    JSON                2.53    
    JSON::PP            2.27200 
    Module::Build       0.4001  
    Module::Signature   0.68    
    Parse::CPAN::Meta   1.4404  
    Test::Harness       3.25    
    Test::More          0.98    
    YAML                0.81    
    YAML::Syck          1.20    
    version             0.99    


--

Summary of my perl5 (revision 5 version 17 subversion 2) configuration:
  Commit id: 1b5aaca661f906a9b324afb51b7af8727497f276
  Platform:
    osname=linux, osvers=3.2.0-2-amd64, archname=x86_64-linux-ld
    uname='linux k83 3.2.0-2-amd64 #1 smp mon jun 11 17:24:18 utc 2012 x86_64 gnulinux '
    config_args='-Dprefix=/home/src/perl/repoperls/installed-perls/perl/v5.17.1-263-g1b5aaca/127e -Dmyhostname=k83 -Dinstallusrbinperl=n -Uversiononly -Dusedevel -des -Ui_db -Uuseithreads -Duselongdouble -DDEBUGGING=-g'
    hint=recommended, useposix=true, d_sigaction=define
    useithreads=undef, usemultiplicity=undef
    useperlio=define, d_sfio=undef, uselargefiles=define, usesocks=undef
    use64bitint=define, use64bitall=define, uselongdouble=define
    usemymalloc=n, bincompat5005=undef
  Compiler:
    cc='cc', ccflags ='-fno-strict-aliasing -pipe -fstack-protector -I/usr/local/include -D_LARGEFILE_SOURCE -D_FILE_OFFSET_BITS=64',
    optimize='-O2 -g',
    cppflags='-fno-strict-aliasing -pipe -fstack-protector -I/usr/local/include'
    ccversion='', gccversion='4.7.0', gccosandvers=''
    intsize=4, longsize=8, ptrsize=8, doublesize=8, byteorder=12345678
    d_longlong=define, longlongsize=8, d_longdbl=define, longdblsize=16
    ivtype='long', ivsize=8, nvtype='long double', nvsize=16, Off_t='off_t', lseeksize=8
    alignbytes=16, prototype=define
  Linker and Libraries:
    ld='cc', ldflags =' -fstack-protector -L/usr/local/lib'
    libpth=/usr/local/lib /lib/x86_64-linux-gnu /lib/../lib /usr/lib/x86_64-linux-gnu /usr/lib/../lib /lib /usr/lib
    libs=-lnsl -ldb -ldl -lm -lcrypt -lutil -lc
    perllibs=-lnsl -ldl -lm -lcrypt -lutil -lc
    libc=, so=so, useshrplib=false, libperl=libperl.a
    gnulibc_version='2.13'
  Dynamic Linking:
    dlsrc=dl_dlopen.xs, dlext=so, d_dlsymun=undef, ccdlflags='-Wl,-E'
    cccdlflags='-fPIC', lddlflags='-shared -O2 -g -L/usr/local/lib -fstack-protector'


Characteristics of this binary (from libperl): 
  Compile-time options: HAS_TIMES PERLIO_LAYERS PERL_DONT_CREATE_GVSV
                        PERL_MALLOC_WRAP PERL_PRESERVE_IVUV PERL_USE_DEVEL
                        USE_64_BIT_ALL USE_64_BIT_INT USE_LARGE_FILES
                        USE_LOCALE USE_LOCALE_COLLATE USE_LOCALE_CTYPE
                        USE_LOCALE_NUMERIC USE_LONG_DOUBLE USE_PERLIO
                        USE_PERL_ATOF
  Built under linux
  Compiled at Jun 30 2012 07:40:41
  %ENV:
    PERL5LIB="/tmp/loop_over_bdir-YkeqJ_/Mail-SpamAssassin-2.43-vvMaNg/blib/arch:/tmp/loop_over_bdir-YkeqJ_/Mail-SpamAssassin-2.43-vvMaNg/blib/lib"
    PERL5OPT=""
    PERL5_CPANPLUS_IS_RUNNING="20792"
    PERL5_CPAN_IS_RUNNING="20792"
    PERL_MM_USE_DEFAULT="1"
  @INC:
    /tmp/loop_over_bdir-YkeqJ_/Mail-SpamAssassin-2.43-vvMaNg/blib/arch
    /tmp/loop_over_bdir-YkeqJ_/Mail-SpamAssassin-2.43-vvMaNg/blib/lib
    /home/src/perl/repoperls/installed-perls/perl/v5.17.1-263-g1b5aaca/127e/lib/site_perl/5.17.2/x86_64-linux-ld
    /home/src/perl/repoperls/installed-perls/perl/v5.17.1-263-g1b5aaca/127e/lib/site_perl/5.17.2
    /home/src/perl/repoperls/installed-perls/perl/v5.17.1-263-g1b5aaca/127e/lib/5.17.2/x86_64-linux-ld
    /home/src/perl/repoperls/installed-perls/perl/v5.17.1-263-g1b5aaca/127e/lib/5.17.2
    .