Report for Class-Agreement-0.02

Back
From: metabase:user:3198cbe2-2aae-11df-837a-5e0a49663a4f
Subject: FAIL Class-Agreement-0.02 v5.12.2 GNU/Linux
Date: 2010-11-18T18:31:11Z

This distribution has been tested as part of the CPAN Testers
project, supporting the Perl programming language.  See
http://wiki.cpantesters.org/ for more information or email
questions to cpan-testers-discuss@perl.org


--
Dear Ian Langworth,

This is a computer-generated report for Class-Agreement-0.02
on perl 5.12.2, created by CPAN-Reporter-1.1805.

Thank you for uploading your work to CPAN.  However, there was a problem
testing your distribution.

If you think this report is invalid, please consult the CPAN Testers Wiki
for suggestions on how to avoid getting FAIL reports for missing library
or binary dependencies, unsupported operating systems, and so on:

http://wiki.cpantesters.org/wiki/CPANAuthorNotes

Sections of this report:

    * Tester comments
    * Program output
    * Prerequisites
    * Environment and other context

------------------------------
TESTER COMMENTS
------------------------------

Additional comments from tester:

this report is from an automated smoke testing program
and was not reviewed by a human for accuracy

------------------------------
PROGRAM OUTPUT
------------------------------

Output from '/usr/bin/make test':

PERL_DL_NONLAZY=1 /home/graham/perltest/perl5122/perl/bin/perl "-MExtUtils::Command::MM" "-e" "test_harness(0, 'blib/lib', 'blib/arch')" t/*.t
WARNING: This key is not certified with a trusted signature!
Primary key fingerprint: 0205 9844 0471 D12C 43B2  387A 2F77 BFF0 E680 7C7E
t/0-signature.t .............. ok
t/00-load.t .................. ok
t/context.t .................. ok
t/data-validate.t ............ ok
t/dependent-function.t ....... ok
t/dependent-method.t ......... ok
t/explicitpackage.t .......... ok
t/firstorder-blame.t ......... ok
t/generate-assertions.t ...... ok
t/generated-methods.t ........ ok
t/invariant.t ................ ok
t/overrides.t ................ ok
t/pod-coverage.t ............. ok
t/pod.t ...................... ok
t/postcondition-function.t ... ok
t/postcondition-method.t ..... ok
t/precondition-function.t .... ok
t/precondition-method.t ...... ok
t/propagate-to-subclasses.t .. ok
t/result-badusage.t .......... ok
get_or_add_package_symbol is deprecated, please use get_or_add_symbol at /home/graham/perltest/perl5122/perl/lib/site_perl/5.12.2/i686-linux-thread-multi/Package/Stash.pm line 51
	Package::Stash::get_or_add_package_symbol('Package::Stash=HASH(0xa29b308)', 'HASH(0xa29b148)') called at /home/graham/perltest/perl5122/perl/lib/site_perl/5.12.2/i686-linux-thread-multi/Class/MOP/Package.pm line 128
	Class::MOP::Package::get_or_add_package_symbol('Class::MOP::Class=HASH(0xa29b1d8)', 'HASH(0xa29b148)') called at /home/graham/perltest/perl5122/perl/lib/site_perl/5.12.2/i686-linux-thread-multi/Class/MOP/Class.pm line 836
	Class::MOP::Class::superclasses('Class::MOP::Class=HASH(0xa29b1d8)') called at /home/graham/perltest/perl5122/perl/lib/site_perl/5.12.2/i686-linux-thread-multi/Class/MOP/Class.pm line 213
	Class::MOP::Class::_check_metaclass_compatibility('Class::MOP::Class=HASH(0xa29b1d8)') called at /home/graham/perltest/perl5122/perl/lib/site_perl/5.12.2/i686-linux-thread-multi/Class/MOP/Class.pm line 109
	Class::MOP::Class::_construct_class_instance('Class::MOP::Class', 'package', 'Class::MOP::Mixin::HasMethods') called at /home/graham/perltest/perl5122/perl/lib/site_perl/5.12.2/i686-linux-thread-multi/Class/MOP/Class.pm line 45
	Class::MOP::Class::initialize('Class::MOP::Class', 'Class::MOP::Mixin::HasMethods') called at /home/graham/perltest/perl5122/perl/lib/site_perl/5.12.2/i686-linux-thread-multi/Class/MOP/Mixin.pm line 14
	Class::MOP::Mixin::meta('Class::MOP::Mixin::HasMethods') called at /home/graham/perltest/perl5122/perl/lib/site_perl/5.12.2/i686-linux-thread-multi/Class/MOP.pm line 193
	require Class/MOP.pm called at /home/graham/perltest/perl5122/perl/lib/site_perl/5.12.2/i686-linux-thread-multi/Moose/Exporter.pm line 11
	Moose::Exporter::BEGIN() called at /home/graham/perltest/perl5122/perl/lib/site_perl/5.12.2/i686-linux-thread-multi/Class/MOP.pm line 0
	eval {...} called at /home/graham/perltest/perl5122/perl/lib/site_perl/5.12.2/i686-linux-thread-multi/Class/MOP.pm line 0
	require Moose/Exporter.pm called at /home/graham/perltest/perl5122/perl/lib/site_perl/5.12.2/i686-linux-thread-multi/Moose.pm line 15
	Moose::BEGIN() called at /home/graham/perltest/perl5122/perl/lib/site_perl/5.12.2/i686-linux-thread-multi/Class/MOP.pm line 0
	eval {...} called at /home/graham/perltest/perl5122/perl/lib/site_perl/5.12.2/i686-linux-thread-multi/Class/MOP.pm line 0
	require Moose.pm called at (eval 31) line 2
	eval 'require Moose
;' called at /home/graham/perltest/perl5122/perl/lib/5.12.2/base.pm line 91
	base::import('base', 'Moose') called at t/specify-constructors.t line 56
	Antelope::BEGIN() called at /home/graham/perltest/perl5122/perl/lib/site_perl/5.12.2/i686-linux-thread-multi/Class/MOP.pm line 0
	eval {...} called at /home/graham/perltest/perl5122/perl/lib/site_perl/5.12.2/i686-linux-thread-multi/Class/MOP.pm line 0
Type must be one of 'SCALAR', 'ARRAY', 'HASH', 'CODE', or 'IO' at /home/graham/perltest/perl5122/perl/lib/site_perl/5.12.2/i686-linux-thread-multi/Package/Stash.pm line 52.
Compilation failed in require at /home/graham/perltest/perl5122/perl/lib/site_perl/5.12.2/i686-linux-thread-multi/Moose/Exporter.pm line 11.
BEGIN failed--compilation aborted at /home/graham/perltest/perl5122/perl/lib/site_perl/5.12.2/i686-linux-thread-multi/Moose/Exporter.pm line 11.
Compilation failed in require at /home/graham/perltest/perl5122/perl/lib/site_perl/5.12.2/i686-linux-thread-multi/Moose.pm line 15.
BEGIN failed--compilation aborted at /home/graham/perltest/perl5122/perl/lib/site_perl/5.12.2/i686-linux-thread-multi/Moose.pm line 15.
Compilation failed in require at (eval 31) line 2.
	...propagated at /home/graham/perltest/perl5122/perl/lib/5.12.2/base.pm line 94.
BEGIN failed--compilation aborted at t/specify-constructors.t line 56.
# Looks like your test exited with 255 before it could output anything.
t/specify-constructors.t ..... 
Dubious, test returned 255 (wstat 65280, 0xff00)
Failed 12/12 subtests 
t/use-twice.t ................ ok

Test Summary Report
-------------------
t/specify-constructors.t   (Wstat: 65280 Tests: 0 Failed: 0)
  Non-zero exit status: 255
  Parse errors: Bad plan.  You planned 12 tests but ran 0.
Files=22, Tests=243,  8 wallclock secs ( 0.30 usr  0.10 sys +  6.95 cusr  0.66 csys =  8.01 CPU)
Result: FAIL
Failed 1/22 test programs. 0/243 subtests failed.
make: *** [test_dynamic] Error 255

------------------------------
PREREQUISITES
------------------------------

Prerequisite modules loaded:

requires:

    Module           Need Have   
    ---------------- ---- -------
    Class::Inspector 1.13 1.24   
    Scalar::Util     1.17 1.23_03
    Test::Exception  0.20 0.31   
    Test::More       0.54 2.00_01


------------------------------
ENVIRONMENT AND OTHER CONTEXT
------------------------------

Environment variables:

    AUTOMATED_TESTING = 1
    LANG = C
    PATH = /home/graham/perltest/perl5122/perl/bin:/bin:/usr/bin:/sbin:/usr/sbin:/opt/java/bin:/opt/java/jre/bin:/opt/kde/bin:/usr/bin/perlbin/site:/usr/bin/perlbin/vendor:/usr/bin/perlbin/core:/opt/qt/bin
    PERL5LIB = 
    PERL5OPT = 
    PERL5_CPANPLUS_IS_RUNNING = 16297
    PERL5_CPAN_IS_RUNNING = 16297
    PERL5_CPAN_IS_RUNNING_IN_RECURSION = 3664,16297
    PERL_CR_SMOKER_CURRENT = Class-Agreement-0.02
    PERL_EXTUTILS_AUTOINSTALL = --defaultdeps
    PERL_MM_USE_DEFAULT = 1
    SHELL = /bin/bash
    TERM = xterm

Perl special variables (and OS-specific diagnostics, for MSWin32):

    $^X = /home/graham/perltest/perl5122/perl/bin/perl
    $UID/$EUID = 1000 / 1000
    $GID = 1000 7 10 91 92 93 95 98 100 108 1000 1001
    $EGID = 1000 7 10 91 92 93 95 98 100 108 1000 1001

Perl module toolchain versions installed:

    Module              Have   
    ------------------- -------
    CPAN                1.9304 
    Cwd                 3.33   
    ExtUtils::CBuilder  0.27_07
    ExtUtils::Command   1.16   
    ExtUtils::Install   1.52   
    ExtUtils::MakeMaker 6.56   
    ExtUtils::Manifest  1.58   
    ExtUtils::ParseXS   2.2206 
    File::Spec          3.33   
    Module::Build       0.36_17
    Module::Signature   0.66   
    Test::Harness       3.22   
    Test::More          2.00_01
    YAML                0.72   
    YAML::Syck          1.15   
    version             0.85   


--

Summary of my perl5 (revision 5 version 12 subversion 2) configuration:
   
  Platform:
    osname=linux, osvers=2.6.33-arch, archname=i686-linux-thread-multi
    uname='linux lorant 2.6.33-arch #1 smp preempt thu may 13 12:06:25 cest 2010 i686 intel(r) pentium(r) 4 cpu 2.80ghz genuineintel gnulinux '
    config_args=''
    hint=recommended, useposix=true, d_sigaction=define
    useithreads=define, usemultiplicity=define
    useperlio=define, d_sfio=undef, uselargefiles=define, usesocks=undef
    use64bitint=undef, use64bitall=undef, uselongdouble=undef
    usemymalloc=n, bincompat5005=undef
  Compiler:
    cc='cc', ccflags ='-D_REENTRANT -D_GNU_SOURCE -fno-strict-aliasing -pipe -fstack-protector -I/usr/local/include -D_LARGEFILE_SOURCE -D_FILE_OFFSET_BITS=64',
    optimize='-O2',
    cppflags='-D_REENTRANT -D_GNU_SOURCE -fno-strict-aliasing -pipe -fstack-protector -I/usr/local/include'
    ccversion='', gccversion='4.5.0 20100520 (prerelease)', gccosandvers=''
    intsize=4, longsize=4, ptrsize=4, doublesize=8, byteorder=1234
    d_longlong=define, longlongsize=8, d_longdbl=define, longdblsize=12
    ivtype='long', ivsize=4, nvtype='double', nvsize=8, Off_t='off_t', lseeksize=8
    alignbytes=4, prototype=define
  Linker and Libraries:
    ld='cc', ldflags =' -fstack-protector -L/usr/local/lib'
    libpth=/usr/local/lib /lib /usr/lib
    libs=-lnsl -lgdbm -ldb -ldl -lm -lcrypt -lutil -lpthread -lc -lgdbm_compat
    perllibs=-lnsl -ldl -lm -lcrypt -lutil -lpthread -lc
    libc=/lib/libc-2.12.so, so=so, useshrplib=true, libperl=libperl.so
    gnulibc_version='2.12'
  Dynamic Linking:
    dlsrc=dl_dlopen.xs, dlext=so, d_dlsymun=undef, ccdlflags='-Wl,-E -Wl,-rpath,/home/graham/perltest/perl5122/perl/lib/5.12.2/i686-linux-thread-multi/CORE'
    cccdlflags='-fPIC', lddlflags='-shared -O2 -L/usr/local/lib -fstack-protector'


Characteristics of this binary (from libperl): 
  Compile-time options: MULTIPLICITY PERL_DONT_CREATE_GVSV
                        PERL_IMPLICIT_CONTEXT PERL_MALLOC_WRAP USE_ITHREADS
                        USE_LARGE_FILES USE_PERLIO USE_PERL_ATOF
                        USE_REENTRANT_API
  Built under linux
  Compiled at Oct 18 2010 11:28:26
  %ENV:
    PERL5LIB=""
    PERL5OPT=""
    PERL5_CPANPLUS_IS_RUNNING="16297"
    PERL5_CPAN_IS_RUNNING="16297"
    PERL5_CPAN_IS_RUNNING_IN_RECURSION="3664,16297"
    PERL_CR_SMOKER_CURRENT="Class-Agreement-0.02"
    PERL_EXTUTILS_AUTOINSTALL="--defaultdeps"
    PERL_MM_USE_DEFAULT="1"
  @INC:
    /home/graham/perltest/perl5122/perl/lib/site_perl/5.12.2/i686-linux-thread-multi
    /home/graham/perltest/perl5122/perl/lib/site_perl/5.12.2
    /home/graham/perltest/perl5122/perl/lib/5.12.2/i686-linux-thread-multi
    /home/graham/perltest/perl5122/perl/lib/5.12.2
    .