HTTP-WebTest v2.04 Perl 5 v5.32.1 MSWin32-x64-multi-thread

Status
Fail
From
Hiroyuki Iwata
Dist
HTTP-WebTest v2.04
Platform
Perl 5 v5.32.1 MSWin32-x64-multi-thread
Date
2021-02-06 12:14:02
ID
03b858db-6c23-1014-8029-a5fe6360bdb8
This distribution has been tested as part of the CPAN Testers
project, supporting the Perl programming language.  See
http://wiki.cpantesters.org/ for more information or email
questions to cpan-testers-discuss@perl.org


--
Dear Ilya Martynov,

This is a computer-generated report for HTTP-WebTest-2.04
on perl 5.32.1, created by CPAN-Reporter-1.2018.

Thank you for uploading your work to CPAN.  However, there was a problem
testing your distribution.

If you think this report is invalid, please consult the CPAN Testers Wiki
for suggestions on how to avoid getting FAIL reports for missing library
or binary dependencies, unsupported operating systems, and so on:

http://wiki.cpantesters.org/wiki/CPANAuthorNotes

Sections of this report:

    * Tester comments
    * Program output
    * Prerequisites
    * Environment and other context

------------------------------
TESTER COMMENTS
------------------------------

Additional comments from tester:

none provided

------------------------------
PROGRAM OUTPUT
------------------------------

Output from 'C:\strawberry\c\bin\gmake.exe test':

"C:\strawberry\perl\bin\perl.exe" "-MExtUtils::Command::MM" "-MTest::Harness" "-e" "undef *Test::Harness::Switches; test_harness(0, 'blib\lib', 'blib\arch')" t/*.t

#   Failed test at t/01-api.t line 52.

#   Failed test at C:\strawberry\cpan\build\HTTP-WebTest-2.04-0\blib\lib/HTTP/WebTest/SelfTest.pm line 202.

#   Failed test at t/01-api.t line 91.

#   Failed test at t/01-api.t line 113.

#   Failed test at t/01-api.t line 126.
#          got: '3'
#     expected: '2'

#   Failed test at t/01-api.t line 127.
#          got: '0'
#     expected: '1'
# Looks like you failed 6 tests of 19.
t/01-api.t ............ 
Dubious, test returned 6 (wstat 1536, 0x600)
Failed 6/19 subtests 

#   Failed test at C:\strawberry\cpan\build\HTTP-WebTest-2.04-0\blib\lib/HTTP/WebTest/SelfTest.pm line 202.

#   Failed test at C:\strawberry\cpan\build\HTTP-WebTest-2.04-0\blib\lib/HTTP/WebTest/SelfTest.pm line 202.

#   Failed test at C:\strawberry\cpan\build\HTTP-WebTest-2.04-0\blib\lib/HTTP/WebTest/SelfTest.pm line 202.

#   Failed test at C:\strawberry\cpan\build\HTTP-WebTest-2.04-0\blib\lib/HTTP/WebTest/SelfTest.pm line 202.

#   Failed test at C:\strawberry\cpan\build\HTTP-WebTest-2.04-0\blib\lib/HTTP/WebTest/SelfTest.pm line 202.

#   Failed test at C:\strawberry\cpan\build\HTTP-WebTest-2.04-0\blib\lib/HTTP/WebTest/SelfTest.pm line 202.

#   Failed test at C:\strawberry\cpan\build\HTTP-WebTest-2.04-0\blib\lib/HTTP/WebTest/SelfTest.pm line 202.

#   Failed test at C:\strawberry\cpan\build\HTTP-WebTest-2.04-0\blib\lib/HTTP/WebTest/SelfTest.pm line 202.

#   Failed test at C:\strawberry\cpan\build\HTTP-WebTest-2.04-0\blib\lib/HTTP/WebTest/SelfTest.pm line 202.

#   Failed test at C:\strawberry\cpan\build\HTTP-WebTest-2.04-0\blib\lib/HTTP/WebTest/SelfTest.pm line 202.

#   Failed test at C:\strawberry\cpan\build\HTTP-WebTest-2.04-0\blib\lib/HTTP/WebTest/SelfTest.pm line 202.

#   Failed test at C:\strawberry\cpan\build\HTTP-WebTest-2.04-0\blib\lib/HTTP/WebTest/SelfTest.pm line 202.

#   Failed test at C:\strawberry\cpan\build\HTTP-WebTest-2.04-0\blib\lib/HTTP/WebTest/SelfTest.pm line 202.

#   Failed test at C:\strawberry\cpan\build\HTTP-WebTest-2.04-0\blib\lib/HTTP/WebTest/SelfTest.pm line 202.

#   Failed test at C:\strawberry\cpan\build\HTTP-WebTest-2.04-0\blib\lib/HTTP/WebTest/SelfTest.pm line 202.

#   Failed test at C:\strawberry\cpan\build\HTTP-WebTest-2.04-0\blib\lib/HTTP/WebTest/SelfTest.pm line 202.

#   Failed test at C:\strawberry\cpan\build\HTTP-WebTest-2.04-0\blib\lib/HTTP/WebTest/SelfTest.pm line 202.

#   Failed test at C:\strawberry\cpan\build\HTTP-WebTest-2.04-0\blib\lib/HTTP/WebTest/SelfTest.pm line 202.

#   Failed test at C:\strawberry\cpan\build\HTTP-WebTest-2.04-0\blib\lib/HTTP/WebTest/SelfTest.pm line 202.

#   Failed test at C:\strawberry\cpan\build\HTTP-WebTest-2.04-0\blib\lib/HTTP/WebTest/SelfTest.pm line 202.

#   Failed test at C:\strawberry\cpan\build\HTTP-WebTest-2.04-0\blib\lib/HTTP/WebTest/SelfTest.pm line 202.

#   Failed test at C:\strawberry\cpan\build\HTTP-WebTest-2.04-0\blib\lib/HTTP/WebTest/SelfTest.pm line 202.

#   Failed test at C:\strawberry\cpan\build\HTTP-WebTest-2.04-0\blib\lib/HTTP/WebTest/SelfTest.pm line 202.

#   Failed test at C:\strawberry\cpan\build\HTTP-WebTest-2.04-0\blib\lib/HTTP/WebTest/SelfTest.pm line 202.

#   Failed test at C:\strawberry\cpan\build\HTTP-WebTest-2.04-0\blib\lib/HTTP/WebTest/SelfTest.pm line 202.

#   Failed test at C:\strawberry\cpan\build\HTTP-WebTest-2.04-0\blib\lib/HTTP/WebTest/SelfTest.pm line 202.

#   Failed test at C:\strawberry\cpan\build\HTTP-WebTest-2.04-0\blib\lib/HTTP/WebTest/SelfTest.pm line 202.

#   Failed test at C:\strawberry\cpan\build\HTTP-WebTest-2.04-0\blib\lib/HTTP/WebTest/SelfTest.pm line 202.

#   Failed test at C:\strawberry\cpan\build\HTTP-WebTest-2.04-0\blib\lib/HTTP/WebTest/SelfTest.pm line 202.

#   Failed test at C:\strawberry\cpan\build\HTTP-WebTest-2.04-0\blib\lib/HTTP/WebTest/SelfTest.pm line 202.
# Looks like you failed 30 tests of 37.
t/02-generic.t ........ 
Dubious, test returned 30 (wstat 7680, 0x1e00)
Failed 30/37 subtests 

#   Failed test at C:\strawberry\cpan\build\HTTP-WebTest-2.04-0\blib\lib/HTTP/WebTest/SelfTest.pm line 202.

#   Failed test at C:\strawberry\cpan\build\HTTP-WebTest-2.04-0\blib\lib/HTTP/WebTest/SelfTest.pm line 202.
# Looks like you failed 2 tests of 2.
t/03-proxy.t .......... 
Dubious, test returned 2 (wstat 512, 0x200)
Failed 2/2 subtests 

#   Failed test at t/05-report.t line 45.

#   Failed test at C:\strawberry\cpan\build\HTTP-WebTest-2.04-0\blib\lib/HTTP/WebTest/SelfTest.pm line 202.

#   Failed test at C:\strawberry\cpan\build\HTTP-WebTest-2.04-0\blib\lib/HTTP/WebTest/SelfTest.pm line 202.

#   Failed test at C:\strawberry\cpan\build\HTTP-WebTest-2.04-0\blib\lib/HTTP/WebTest/SelfTest.pm line 202.

#   Failed test at C:\strawberry\cpan\build\HTTP-WebTest-2.04-0\blib\lib/HTTP/WebTest/SelfTest.pm line 202.

#   Failed test at C:\strawberry\cpan\build\HTTP-WebTest-2.04-0\blib\lib/HTTP/WebTest/SelfTest.pm line 202.

#   Failed test at C:\strawberry\cpan\build\HTTP-WebTest-2.04-0\blib\lib/HTTP/WebTest/SelfTest.pm line 202.

#   Failed test at C:\strawberry\cpan\build\HTTP-WebTest-2.04-0\blib\lib/HTTP/WebTest/SelfTest.pm line 202.
Use of uninitialized value in concatenation (.) or string at C:\strawberry\cpan\build\HTTP-WebTest-2.04-0\blib\lib/HTTP/WebTest/Plugin/DefaultReport.pm line 217.
Use of uninitialized value in concatenation (.) or string at C:\strawberry\cpan\build\HTTP-WebTest-2.04-0\blib\lib/HTTP/WebTest/Plugin/DefaultReport.pm line 217.

#   Failed test at C:\strawberry\cpan\build\HTTP-WebTest-2.04-0\blib\lib/HTTP/WebTest/SelfTest.pm line 202.

#   Failed test at C:\strawberry\cpan\build\HTTP-WebTest-2.04-0\blib\lib/HTTP/WebTest/SelfTest.pm line 202.
Use of uninitialized value in concatenation (.) or string at C:\strawberry\cpan\build\HTTP-WebTest-2.04-0\blib\lib/HTTP/WebTest/Plugin/DefaultReport.pm line 217.
Use of uninitialized value in concatenation (.) or string at C:\strawberry\cpan\build\HTTP-WebTest-2.04-0\blib\lib/HTTP/WebTest/Plugin/DefaultReport.pm line 217.

#   Failed test at C:\strawberry\cpan\build\HTTP-WebTest-2.04-0\blib\lib/HTTP/WebTest/SelfTest.pm line 202.
# Looks like you failed 11 tests of 12.
t/05-report.t ......... 
Dubious, test returned 11 (wstat 2816, 0xb00)
Failed 11/12 subtests 
t/05a-email-report.t .. ok
Use of uninitialized value $extracted in string eq at C:\strawberry\cpan\build\HTTP-WebTest-2.04-0\blib\lib/HTTP/WebTest/Parser.pm line 237.
Use of uninitialized value $extracted in string eq at C:\strawberry\cpan\build\HTTP-WebTest-2.04-0\blib\lib/HTTP/WebTest/Parser.pm line 237.
Use of uninitialized value $extracted in string eq at C:\strawberry\cpan\build\HTTP-WebTest-2.04-0\blib\lib/HTTP/WebTest/Parser.pm line 262.
t/06-parser.t ......... ok

#   Failed test at t/07-compat.t line 33.

#   Failed test at t/07-compat.t line 36.

#   Failed test at t/07-compat.t line 37.

#   Failed test at t/07-compat.t line 52.

#   Failed test at t/07-compat.t line 69.

#   Failed test at t/07-compat.t line 72.

#   Failed test at t/07-compat.t line 73.

#   Failed test at t/07-compat.t line 88.
# Looks like you failed 8 tests of 10.
t/07-compat.t ......... 
Dubious, test returned 8 (wstat 2048, 0x800)
Failed 8/10 subtests 

#   Failed test at C:\strawberry\cpan\build\HTTP-WebTest-2.04-0\blib\lib/HTTP/WebTest/SelfTest.pm line 202.

#   Failed test at C:\strawberry\cpan\build\HTTP-WebTest-2.04-0\blib\lib/HTTP/WebTest/SelfTest.pm line 202.

#   Failed test at C:\strawberry\cpan\build\HTTP-WebTest-2.04-0\blib\lib/HTTP/WebTest/SelfTest.pm line 202.
# Looks like you failed 3 tests of 4.
t/08-plugins.t ........ 
Dubious, test returned 3 (wstat 768, 0x300)
Failed 3/4 subtests 

#   Failed test at t/09-hooks.t line 34.

#   Failed test at t/09-hooks.t line 43.

#   Failed test at t/09-hooks.t line 57.

#   Failed test at t/09-hooks.t line 58.

#   Failed test at t/09-hooks.t line 66.

#   Failed test at C:\strawberry\cpan\build\HTTP-WebTest-2.04-0\blib\lib/HTTP/WebTest/SelfTest.pm line 202.

#   Failed test at t/09-hooks.t line 108.

#   Failed test at t/09-hooks.t line 111.

#   Failed test at t/09-hooks.t line 135.

#   Failed test at t/09-hooks.t line 138.
# Looks like you failed 10 tests of 13.
t/09-hooks.t .......... 
Dubious, test returned 10 (wstat 2560, 0xa00)
Failed 10/13 subtests 
HTTP::WebTest: request uri is not set at C:\strawberry\cpan\build\HTTP-WebTest-2.04-0\blib\lib/HTTP/WebTest/API.pm line 567.
# Looks like your test exited with 9 before it could output anything.
t/10-click.t .......... 
Dubious, test returned 9 (wstat 2304, 0x900)
Failed 9/9 subtests 

#   Failed test at C:\strawberry\cpan\build\HTTP-WebTest-2.04-0\blib\lib/HTTP/WebTest/SelfTest.pm line 202.

#   Failed test at t/11-delay.t line 53.

#   Failed test at C:\strawberry\cpan\build\HTTP-WebTest-2.04-0\blib\lib/HTTP/WebTest/SelfTest.pm line 202.

#   Failed test at t/11-delay.t line 71.
# Looks like you failed 4 tests of 4.
t/11-delay.t .......... 
Dubious, test returned 4 (wstat 1024, 0x400)
Failed 4/4 subtests 
t/12-request.t ........ ok

#   Failed test 'test HarnessReport plugin (with some tests failing)'
#   at t/13-harness.t line 60.
# STDOUT is:
#   # ------------------------------------------------------------
#   # URL: http://127.0.0.1:65273/test-file1
#   # STATUS CODE CHECK
# > #   Expected '200' and got: 500 Can't connect to 127.0.0.1:65273 (‘Ώۂ̃Rƒ“ƒsƒ…[ƒ^[‚É‚æ‚Á‚Ä‹‘”Û‚³‚ꂽ‚½‚߁AÚ‘±‚Å‚«‚Ü‚¹‚ñ‚Å‚µ‚½B): FAIL
#   # REQUIRED TEXT
# > #   987654: FAIL
# > not ok 1
#   # ------------------------------------------------------------
#   # URL: http://127.0.0.1:65273/non-existent
#   # STATUS CODE CHECK
# > #   Expected '200' and got: 500 Can't connect to 127.0.0.1:65273 (‘Ώۂ̃Rƒ“ƒsƒ…[ƒ^[‚É‚æ‚Á‚Ä‹‘”Û‚³‚ꂽ‚½‚߁AÚ‘±‚Å‚«‚Ü‚¹‚ñ‚Å‚µ‚½B): FAIL
#   not ok 2
#   # ------------------------------------------------------------
#   # URL: http://127.0.0.1:65273/non-existent
#   # Test Name: BlaBla
#   # STATUS CODE CHECK
# > #   Expected '200' and got: 500 Can't connect to 127.0.0.1:65273 (‘Ώۂ̃Rƒ“ƒsƒ…[ƒ^[‚É‚æ‚Á‚Ä‹‘”Û‚³‚ꂽ‚½‚߁AÚ‘±‚Å‚«‚Ü‚¹‚ñ‚Å‚µ‚½B): FAIL
#   not ok 3
# not:
#   # ------------------------------------------------------------
#   # URL: http://127.0.0.1:65273/test-file1
#   # STATUS CODE CHECK
# > #   Expected '200' and got: 200 OK: SUCCEED
#   # REQUIRED TEXT
# > #   987654: SUCCEED
# > ok 1
#   # ------------------------------------------------------------
#   # URL: http://127.0.0.1:65273/non-existent
#   # STATUS CODE CHECK
# > #   Expected '200' and got: 404 Not Found: FAIL
#   not ok 2
#   # ------------------------------------------------------------
#   # URL: http://127.0.0.1:65273/non-existent
#   # Test Name: BlaBla
#   # STATUS CODE CHECK
# > #   Expected '200' and got: 404 Not Found: FAIL
#   not ok 3
# as expected
# STDERR is:
# > #   Failed test at t/13-harness.t line 59.
# > #   Failed test at t/13-harness.t line 59.
# > #   Failed test at t/13-harness.t line 59.
# not:
# > /#\s+Failed\ test.*?\n?.*?at\ t\/13\-harness\.t line 59.*\n?/
# > /#\s+Failed\ test.*?\n?.*?at\ t\/13\-harness\.t line 59.*\n?/
# > 
# as expected

#   Failed test 'test HarnessReport plugin (with all tests passing)'
#   at t/13-harness.t line 89.
# STDOUT is:
#   # ------------------------------------------------------------
#   # URL: http://127.0.0.1:65273/test-file1
#   # STATUS CODE CHECK
# > #   Expected '200' and got: 500 Can't connect to 127.0.0.1:65273 (‘Ώۂ̃Rƒ“ƒsƒ…[ƒ^[‚É‚æ‚Á‚Ä‹‘”Û‚³‚ꂽ‚½‚߁AÚ‘±‚Å‚«‚Ü‚¹‚ñ‚Å‚µ‚½B): FAIL
#   # REQUIRED TEXT
# > #   987654: FAIL
# > not ok 1
#   # ------------------------------------------------------------
#   # URL: http://127.0.0.1:65273/test-file1
#   # STATUS CODE CHECK
# > #   Expected '200' and got: 500 Can't connect to 127.0.0.1:65273 (‘Ώۂ̃Rƒ“ƒsƒ…[ƒ^[‚É‚æ‚Á‚Ä‹‘”Û‚³‚ꂽ‚½‚߁AÚ‘±‚Å‚«‚Ü‚¹‚ñ‚Å‚µ‚½B): FAIL
#   # REQUIRED TEXT
# > #   987654: FAIL
# > not ok 2
# not:
#   # ------------------------------------------------------------
#   # URL: http://127.0.0.1:65273/test-file1
#   # STATUS CODE CHECK
# > #   Expected '200' and got: 200 OK: SUCCEED
#   # REQUIRED TEXT
# > #   987654: SUCCEED
# > ok 1
#   # ------------------------------------------------------------
#   # URL: http://127.0.0.1:65273/test-file1
#   # STATUS CODE CHECK
# > #   Expected '200' and got: 200 OK: SUCCEED
#   # REQUIRED TEXT
# > #   987654: SUCCEED
# > ok 2
# as expected
# STDERR is:
# > #   Failed test at t/13-harness.t line 88.
# > #   Failed test at t/13-harness.t line 88.
# not:
# > 
# > 
# as expected
t/13-harness.t ........ 
Failed 2/2 subtests 

Test Summary Report
-------------------
t/01-api.t          (Wstat: 1536 Tests: 19 Failed: 6)
  Failed tests:  6-7, 11-14
  Non-zero exit status: 6
t/02-generic.t      (Wstat: 7680 Tests: 37 Failed: 30)
  Failed tests:  1-11, 15-22, 27-37
  Non-zero exit status: 30
t/03-proxy.t        (Wstat: 512 Tests: 2 Failed: 2)
  Failed tests:  1-2
  Non-zero exit status: 2
t/05-report.t       (Wstat: 2816 Tests: 12 Failed: 11)
  Failed tests:  1-8, 10-12
  Non-zero exit status: 11
t/07-compat.t       (Wstat: 2048 Tests: 10 Failed: 8)
  Failed tests:  1-3, 5-8, 10
  Non-zero exit status: 8
t/08-plugins.t      (Wstat: 768 Tests: 4 Failed: 3)
  Failed tests:  1-3
  Non-zero exit status: 3
t/09-hooks.t        (Wstat: 2560 Tests: 13 Failed: 10)
  Failed tests:  2-7, 9-10, 12-13
  Non-zero exit status: 10
t/10-click.t        (Wstat: 2304 Tests: 0 Failed: 0)
  Non-zero exit status: 9
  Parse errors: Bad plan.  You planned 9 tests but ran 0.
t/11-delay.t        (Wstat: 1024 Tests: 4 Failed: 4)
  Failed tests:  1-4
  Non-zero exit status: 4
t/13-harness.t      (Wstat: 0 Tests: 2 Failed: 2)
  Failed tests:  1-2
Files=13, Tests=238, 352 wallclock secs ( 0.17 usr +  0.06 sys =  0.23 CPU)
Result: FAIL
Failed 10/13 test programs. 76/238 subtests failed.
gmake: *** [Makefile:910: test_dynamic] Error 255

------------------------------
PREREQUISITES
------------------------------

Prerequisite modules loaded:

requires:

    Module                Need Have      
    --------------------- ---- ----------
    Algorithm::Diff       0    1.201     
    CGI::Cookie           0    4.51      
    LWP                   5.6  6.52      
    MIME::Base64          0    3.16      
    Net::SMTP             0    3.13      
    Pod::Man              1.14 4.14      
    Pod::Usage            0    2.01      
    Test::Builder::Tester 0    1.302183  
    Test::MockObject      0.07 1.20200122
    Test::More            0    1.302183  
    Text::Balanced        0    2.04      
    Time::HiRes           0    1.9764    
    URI                   0    5.07      

build_requires:

    Module                Need Have      
    --------------------- ---- ----------
    ExtUtils::MakeMaker   0    7.58      


------------------------------
ENVIRONMENT AND OTHER CONTEXT
------------------------------

Environment variables:

    COMSPEC = C:\WINDOWS\system32\cmd.exe
    NONINTERACTIVE_TESTING = 1
    NUMBER_OF_PROCESSORS = 8
    PATH = C:\Program Files\Common Files\Oracle\Java\javapath;C:\Python38\Scripts\;C:\Python38\;C:\Python\Python37\Scripts\;C:\Python\Python37\;C:\Program Files\ImageMagick;C:\Windows\System32;C:\Windows;C:\Windows\System32\wbem;C:\Windows\System32\WindowsPowerShell\v1.0\;C:\Windows\System32\OpenSSH\;C:\Program Files (x86)\IBM\Client Access\Shared;C:\Program Files (x86)\IBM\Client Access\;C:\Program Files (x86)\IVI Foundation\VISA\WinNT\Bin\;C:\Program Files\IVI Foundation\VISA\Win64\Bin\;C:\Program Files (x86)\IVI Foundation\VISA\WinNT\Bin;C:\Program Files (x86)\IVI Foundation\IVI\Bin;C:\Program Files\IVI Foundation\IVI\Bin;C:\Program Files\Intel\WiFi\bin\;C:\Program Files\Common Files\Intel\WirelessCommon\;C:\strawberry\perl\bin\;C:\strawberry\perl\site\bin\;C:\strawberry\c\bin\;C:\strawberry\c\lib\;C:\strawberry\c\include\;C:\Program Files (x86)\Pari64-2-11-2\;C:\Program Files (x86)\Pari64-2-11-2\lib\pari\;C:\Program Files (x86)\Pari64-2-11-2\include\pari\;C:\Program Files\dotnet\;C:\Program Files\Microsoft SQL Server\130\Tools\Binn\;C:\Sysinternals\;C:\ffmpeg\bin;C:\Program Files\Microsoft SQL Server\Client SDK\ODBC\170\Tools\Binn\;C:\OpenSSL\bin;C:\Program Files\Docker\Docker\resources\bin;C:\ProgramData\DockerDesktop\version-bin;C:\Windows\System32;C:\Windows;C:\Windows\System32\wbem;C:\Windows\System32\WindowsPowerShell\v1.0\;C:\Windows\System32\OpenSSH\;C:\Program Files\PowerShell\7-preview\preview;C:\Program Files\TortoiseGit\bin;c:\Program Files (x86)\Intel\Intel(R) Management Engine Components\DAL;c:\Program Files\Intel\Intel(R) Management Engine Components\DAL;C:\Program Files\Git\cmd;C:\Program Files (x86)\Gpg4win\..\GnuPG\bin;C:\Program Files (x86)\dotnet\;C:\Program Files (x86)\GnuWin32\bin;C:\Users\a079126\AppData\Local\Microsoft\WindowsApps;C:\Users\a079126\AppData\Local\Programs\Microsoft VS Code\bin;C:\Program Files\Intel\WiFi\bin\;C:\Program Files\Common Files\Intel\WirelessCommon\;C:\Users\a079126\.dotnet\tools;C:\Program Files (x86)\Sc14n;;C:\Users\a079126\AppData\Local\Programs\EmEditor
    PERL5LIB = 
    PERL5OPT = 
    PERL5_CPANPLUS_IS_RUNNING = 27216
    PERL5_CPAN_IS_RUNNING = 27216
    PERL_MM_USE_DEFAULT = 1
    PERL_USE_UNSAFE_INC = 1
    PROCESSOR_IDENTIFIER = Intel64 Family 6 Model 142 Stepping 10, GenuineIntel
    TEMP = C:\Users\a079126\AppData\Local\Temp

Perl special variables (and OS-specific diagnostics, for MSWin32):

    $^X = C:\strawberry\perl\bin\perl.exe
    $UID/$EUID = 0 / 0
    $GID = 0
    $EGID = 0
    Win32::GetOSName = Win10
    Win32::GetOSVersion = , 10, 0, 19042, 2, 0, 0, 256, 1
    Win32::FsType = NTFS
    Win32::IsAdminUser = 0

Perl module toolchain versions installed:

    Module              Have    
    ------------------- --------
    CPAN                2.28    
    CPAN::Meta          2.150010
    Cwd                 3.78    
    ExtUtils::CBuilder  0.280235
    ExtUtils::Command   7.58    
    ExtUtils::Install   2.20    
    ExtUtils::MakeMaker 7.58    
    ExtUtils::Manifest  1.73    
    ExtUtils::ParseXS   3.40    
    File::Spec          3.78    
    JSON                4.03    
    JSON::PP            4.06    
    Module::Build       0.4231  
    Module::Signature   0.87    
    Parse::CPAN::Meta   2.150010
    Test::Harness       3.42    
    Test::More          1.302183
    YAML                1.30    
    YAML::Syck          1.34    
    version             0.9928  


--

Summary of my perl5 (revision 5 version 32 subversion 1) configuration:
   
  Platform:
    osname=MSWin32
    osvers=10.0.19042.746
    archname=MSWin32-x64-multi-thread
    uname='Win32 strawberry-perl 5.32.1.1 #1 Sun Jan 24 15:00:15 2021 x64'
    config_args='undef'
    hint=recommended
    useposix=true
    d_sigaction=undef
    useithreads=define
    usemultiplicity=define
    use64bitint=define
    use64bitall=undef
    uselongdouble=undef
    usemymalloc=n
    default_inc_excludes_dot=define
    bincompat5005=undef
  Compiler:
    cc='gcc'
    ccflags =' -DWIN32 -DWIN64 -D__USE_MINGW_ANSI_STDIO -DPERL_TEXTMODE_SCRIPTS -DPERL_IMPLICIT_CONTEXT -DPERL_IMPLICIT_SYS -DUSE_PERLIO -fwrapv -fno-strict-aliasing -mms-bitfields'
    optimize='-s -O2'
    cppflags='-DWIN32'
    ccversion=''
    gccversion='8.3.0'
    gccosandvers=''
    intsize=4
    longsize=4
    ptrsize=8
    doublesize=8
    byteorder=12345678
    doublekind=3
    d_longlong=define
    longlongsize=8
    d_longdbl=define
    longdblsize=16
    longdblkind=3
    ivtype='long long'
    ivsize=8
    nvtype='double'
    nvsize=8
    Off_t='long long'
    lseeksize=8
    alignbytes=8
    prototype=define
  Linker and Libraries:
    ld='g++.exe'
    ldflags ='-s -L"C:\strawberry\perl\lib\CORE" -L"C:\strawberry\c\lib"'
    libpth=C:\strawberry\c\lib C:\strawberry\c\x86_64-w64-mingw32\lib C:\strawberry\c\lib\gcc\x86_64-w64-mingw32\8.3.0
    libs= -lmoldname -lkernel32 -luser32 -lgdi32 -lwinspool -lcomdlg32 -ladvapi32 -lshell32 -lole32 -loleaut32 -lnetapi32 -luuid -lws2_32 -lmpr -lwinmm -lversion -lodbc32 -lodbccp32 -lcomctl32
    perllibs= -lmoldname -lkernel32 -luser32 -lgdi32 -lwinspool -lcomdlg32 -ladvapi32 -lshell32 -lole32 -loleaut32 -lnetapi32 -luuid -lws2_32 -lmpr -lwinmm -lversion -lodbc32 -lodbccp32 -lcomctl32
    libc=
    so=dll
    useshrplib=true
    libperl=libperl532.a
    gnulibc_version=''
  Dynamic Linking:
    dlsrc=dl_win32.xs
    dlext=xs.dll
    d_dlsymun=undef
    ccdlflags=' '
    cccdlflags=' '
    lddlflags='-mdll -s -L"C:\strawberry\perl\lib\CORE" -L"C:\strawberry\c\lib"'


Characteristics of this binary (from libperl): 
  Compile-time options:
    HAS_TIMES
    HAVE_INTERP_INTERN
    MULTIPLICITY
    PERLIO_LAYERS
    PERL_COPY_ON_WRITE
    PERL_DONT_CREATE_GVSV
    PERL_IMPLICIT_CONTEXT
    PERL_IMPLICIT_SYS
    PERL_MALLOC_WRAP
    PERL_OP_PARENT
    PERL_PRESERVE_IVUV
    USE_64_BIT_INT
    USE_ITHREADS
    USE_LARGE_FILES
    USE_LOCALE
    USE_LOCALE_COLLATE
    USE_LOCALE_CTYPE
    USE_LOCALE_NUMERIC
    USE_LOCALE_TIME
    USE_PERLIO
    USE_PERL_ATOF
  Built under MSWin32
  Compiled at Jan 24 2021 15:05:42
  %ENV:
    PERL5_CPANPLUS_IS_RUNNING="27216"
    PERL5_CPAN_IS_RUNNING="27216"
    PERL_MM_USE_DEFAULT="1"
    PERL_USE_UNSAFE_INC="1"
  @INC:
    C:/strawberry/perl/site/lib
    C:/strawberry/perl/vendor/lib
    C:/strawberry/perl/lib
    .