Socialtext-WikiTest v0.07 Perl 5 v5.14.2 x86_64-linux-ld

Status
Fail
From
Andreas J. König (ANDK)
Dist
Socialtext-WikiTest v0.07
Platform
Perl 5 v5.14.2 x86_64-linux-ld
Date
2012-09-01 13:29:10
ID
038830a6-f439-11e1-ac58-53247ed9fe3d
This distribution has been tested as part of the CPAN Testers
project, supporting the Perl programming language.  See
http://wiki.cpantesters.org/ for more information or email
questions to cpan-testers-discuss@perl.org


--
Dear Luke Closs,

This is a computer-generated report for Socialtext-WikiTest-0.07
on perl 5.14.2, created by CPAN-Reporter-1.2006.

Thank you for uploading your work to CPAN.  However, there was a problem
testing your distribution.

If you think this report is invalid, please consult the CPAN Testers Wiki
for suggestions on how to avoid getting FAIL reports for missing library
or binary dependencies, unsupported operating systems, and so on:

http://wiki.cpantesters.org/wiki/CPANAuthorNotes

Sections of this report:

    * Tester comments
    * Program output
    * Prerequisites
    * Environment and other context

------------------------------
TESTER COMMENTS
------------------------------

Additional comments from tester:

this report is from an automated smoke testing program
and was not reviewed by a human for accuracy

------------------------------
PROGRAM OUTPUT
------------------------------

Output from '/usr/bin/make test':

PERL_DL_NONLAZY=1 /mnt/k75/homesand/src/perl/repoperls/installed-perls/perl/v5.14.2/a2da/bin/perl "-MExtUtils::Command::MM" "-e" "test_harness(0, 'blib/lib', 'blib/arch')" t/*.t

#   Failed test at t/lib/Test/WWW/Selenium.pm line 30.
#     Structures begin differing at:
#          $got = (?^u:monkey)
#     $expected = (?^:monkey)

#   Failed test at t/lib/Test/WWW/Selenium.pm line 30.
#     Structures begin differing at:
#          $got->[1] = (?^u:water)
#     $expected->[1] = (?^:water)

#   Failed test at t/lib/Test/WWW/Selenium.pm line 30.
#     Structures begin differing at:
#          $got->[1] = (?^u:pen\?)
#     $expected->[1] = (?^:pen\?)

#   Failed test at t/lib/Test/WWW/Selenium.pm line 30.
#     Structures begin differing at:
#          $got = (?^u:pen\?)
#     $expected = (?^:pen\?)

#   Failed test at t/lib/Test/WWW/Selenium.pm line 30.
#     Structures begin differing at:
#          $got->[1] = (?^u:foo)
#     $expected->[1] = (?^:foo)

#   Failed test at t/fixture-selenese.t line 119.
#          got: '(?^u:foo)'
#     expected: '(?^:foo)'
# Looks like you failed 6 tests of 39.
t/fixture-selenese.t .. 
Dubious, test returned 6 (wstat 1536, 0x600)
Failed 6/39 subtests 
# 
# comment: included
# 
# comment: included
# 
# comment: included
# 
# comment: included2
t/fixture.t ........... ok
# Loading test plan Plan1...
# Loading test plan Plan2...
# Loading test plan Plan1...
# Loading test plan Plan2...
t/testplan.t .......... ok

Test Summary Report
-------------------
t/fixture-selenese.t (Wstat: 1536 Tests: 39 Failed: 6)
  Failed tests:  4-6, 8, 29, 34
  Non-zero exit status: 6
Files=3, Tests=76,  0 wallclock secs ( 0.03 usr  0.01 sys +  0.17 cusr  0.02 csys =  0.23 CPU)
Result: FAIL
Failed 1/3 test programs. 6/76 subtests failed.
make: *** [test_dynamic] Error 255

------------------------------
PREREQUISITES
------------------------------

Prerequisite modules loaded:

requires:

    Module                     Need Have
    -------------------------- ---- ----
    mocked                     0    0.09
    Socialtext::Resting        0    0.38
    Socialtext::Resting::Utils 0.04 0.21
    Test::Exception            0    0.31
    Test::More                 0    0.98

build_requires:

    Module                     Need Have
    -------------------------- ---- ----
    ExtUtils::MakeMaker        0    6.62


------------------------------
ENVIRONMENT AND OTHER CONTEXT
------------------------------

Environment variables:

    AUTOMATED_TESTING = 1
    LANG = en_US.UTF-8
    LANGUAGE = en_US:en
    PATH = /home/sand/bin:/usr/local/bin:/usr/bin:/bin:/usr/bin/X11:/usr/games:/usr/local/perl/bin:/usr/X11/bin:/sbin:/usr/sbin
    PERL5LIB = 
    PERL5OPT = 
    PERL5_CPANPLUS_IS_RUNNING = 20941
    PERL5_CPAN_IS_RUNNING = 20941
    PERL_MM_USE_DEFAULT = 1
    SHELL = /usr/bin/zsh
    TERM = screen

Perl special variables (and OS-specific diagnostics, for MSWin32):

    $^X = /mnt/k75/homesand/src/perl/repoperls/installed-perls/perl/v5.14.2/a2da/bin/perl
    $UID/$EUID = 1005 / 1005
    $GID = 1005 1005
    $EGID = 1005 1005

Perl module toolchain versions installed:

    Module              Have    
    ------------------- --------
    CPAN                1.9800  
    CPAN::Meta          2.120921
    Cwd                 3.36    
    ExtUtils::CBuilder  0.280205
    ExtUtils::Command   1.17    
    ExtUtils::Install   1.56    
    ExtUtils::MakeMaker 6.62    
    ExtUtils::Manifest  1.58    
    ExtUtils::ParseXS   3.15    
    File::Spec          3.33    
    JSON                2.53    
    JSON::PP            2.27200 
    Module::Build       0.4002  
    Module::Signature   0.68    
    Parse::CPAN::Meta   1.4404  
    Test::Harness       3.25    
    Test::More          0.98    
    YAML                0.84    
    YAML::Syck          1.21_01 
    version             0.99    


--

Summary of my perl5 (revision 5 version 14 subversion 2) configuration:
  Commit id: dc281e6088d189558b79a5121119b7196c8b3db0
  Platform:
    osname=linux, osvers=3.2.0-3-amd64, archname=x86_64-linux-thread-multi-ld
    uname='linux k83 3.2.0-3-amd64 #1 smp mon jul 23 02:45:17 utc 2012 x86_64 gnulinux '
    config_args='-Dprefix=/home/src/perl/repoperls/installed-perls/perl/v5.14.2/a2da -Dmyhostname=k83 -Dinstallusrbinperl=n -Uversiononly -Dusedevel -des -Ui_db -Duseithreads -Duselongdouble -DDEBUGGING=-g'
    hint=recommended, useposix=true, d_sigaction=define
    useithreads=define, usemultiplicity=define
    useperlio=define, d_sfio=undef, uselargefiles=define, usesocks=undef
    use64bitint=define, use64bitall=define, uselongdouble=define
    usemymalloc=n, bincompat5005=undef
  Compiler:
    cc='cc', ccflags ='-D_REENTRANT -D_GNU_SOURCE -fno-strict-aliasing -pipe -fstack-protector -I/usr/local/include -D_LARGEFILE_SOURCE -D_FILE_OFFSET_BITS=64',
    optimize='-O2 -g',
    cppflags='-D_REENTRANT -D_GNU_SOURCE -fno-strict-aliasing -pipe -fstack-protector -I/usr/local/include'
    ccversion='', gccversion='4.7.1', gccosandvers=''
    intsize=4, longsize=8, ptrsize=8, doublesize=8, byteorder=12345678
    d_longlong=define, longlongsize=8, d_longdbl=define, longdblsize=16
    ivtype='long', ivsize=8, nvtype='long double', nvsize=16, Off_t='off_t', lseeksize=8
    alignbytes=16, prototype=define
  Linker and Libraries:
    ld='cc', ldflags =' -fstack-protector -L/usr/local/lib'
    libpth=/usr/local/lib /lib/x86_64-linux-gnu /lib/../lib /usr/lib/x86_64-linux-gnu /usr/lib/../lib /lib /usr/lib
    libs=-lnsl -ldb -ldl -lm -lcrypt -lutil -lpthread -lc
    perllibs=-lnsl -ldl -lm -lcrypt -lutil -lpthread -lc
    libc=, so=so, useshrplib=false, libperl=libperl.a
    gnulibc_version='2.13'
  Dynamic Linking:
    dlsrc=dl_dlopen.xs, dlext=so, d_dlsymun=undef, ccdlflags='-Wl,-E'
    cccdlflags='-fPIC', lddlflags='-shared -O2 -g -L/usr/local/lib -fstack-protector'


Characteristics of this binary (from libperl): 
  Compile-time options: MULTIPLICITY PERL_DONT_CREATE_GVSV
                        PERL_IMPLICIT_CONTEXT PERL_MALLOC_WRAP
                        PERL_PRESERVE_IVUV PERL_USE_DEVEL USE_64_BIT_ALL
                        USE_64_BIT_INT USE_ITHREADS USE_LARGE_FILES
                        USE_LONG_DOUBLE USE_PERLIO USE_PERL_ATOF
                        USE_REENTRANT_API
  Built under linux
  Compiled at Aug  5 2012 07:07:49
  %ENV:
    PERL5LIB=""
    PERL5OPT=""
    PERL5_CPANPLUS_IS_RUNNING="20941"
    PERL5_CPAN_IS_RUNNING="20941"
    PERL_MM_USE_DEFAULT="1"
  @INC:
    /home/src/perl/repoperls/installed-perls/perl/v5.14.2/a2da/lib/site_perl/5.14.2/x86_64-linux-thread-multi-ld
    /home/src/perl/repoperls/installed-perls/perl/v5.14.2/a2da/lib/site_perl/5.14.2
    /home/src/perl/repoperls/installed-perls/perl/v5.14.2/a2da/lib/5.14.2/x86_64-linux-thread-multi-ld
    /home/src/perl/repoperls/installed-perls/perl/v5.14.2/a2da/lib/5.14.2
    .