Async-Stream v0.02 Perl 5 v5.8.2 armv7l-linux-thread-multi

Status
Fail
From
Nigel Horne
Dist
Async-Stream v0.02
Platform
Perl 5 v5.8.2 armv7l-linux-thread-multi
Date
2017-06-25 16:47:45
ID
0358e2f4-59c6-11e7-8c7b-c7f2659b2034
This distribution has been tested as part of the CPAN Testers
project, supporting the Perl programming language.  See
http://wiki.cpantesters.org/ for more information or email
questions to cpan-testers-discuss@perl.org


--
Dear Author,

This is a computer-generated report for Async-Stream-0.02
on perl 5.8.2, created by CPAN-Reporter-1.2017.

Thank you for uploading your work to CPAN.  However, there was a problem
testing your distribution.

If you think this report is invalid, please consult the CPAN Testers Wiki
for suggestions on how to avoid getting FAIL reports for missing library
or binary dependencies, unsupported operating systems, and so on:

http://wiki.cpantesters.org/wiki/CPANAuthorNotes

Sections of this report:

    * Tester comments
    * Program output
    * Prerequisites
    * Environment and other context

------------------------------
TESTER COMMENTS
------------------------------

Additional comments from tester:

this report is from an automated smoke testing program
and was not reviewed by a human for accuracy

------------------------------
PROGRAM OUTPUT
------------------------------

Output from '/usr/bin/make test':

PERL_DL_NONLAZY=1 "/home/njh/perl5/perlbrew/perls/perl-5.8.2/bin/perl" "-MExtUtils::Command::MM" "-MTest::Harness" "-e" "undef *Test::Harness::Switches; test_harness(0, 'blib/lib', 'blib/arch')" t/*.t
# Testing Async::Stream 0.02, Perl 5.008002, /home/njh/perl5/perlbrew/perls/perl-5.8.2/bin/perl
t/10-item.t ....... ok
t/pod-coverage.t .. skipped: Author tests not required for installation
# Testing Async::Stream 0.02, Perl 5.008002, /home/njh/perl5/perlbrew/perls/perl-5.8.2/bin/perl
t/00-load.t ....... ok
t/manifest.t ...... skipped: Author tests not required for installation
t/pod.t ........... skipped: Author tests not required for installation
# Testing Async::Stream 0.01, Perl 5.008002, /home/njh/perl5/perlbrew/perls/perl-5.8.2/bin/perl
t/20-iterator.t ... ok
Deep recursion on subroutine "Async::Stream::Iterator::next" at /home/njh/.cpan/build/Async-Stream-0.02-2agKzq/blib/lib/Async/Stream.pm line 150.
Deep recursion on subroutine "Async::Stream::Item::next" at /home/njh/.cpan/build/Async-Stream-0.02-2agKzq/blib/lib/Async/Stream/Iterator.pm line 54.
Deep recursion on anonymous subroutine at /home/njh/.cpan/build/Async-Stream-0.02-2agKzq/blib/lib/Async/Stream.pm line 146.
Deep recursion on anonymous subroutine at /home/njh/.cpan/build/Async-Stream-0.02-2agKzq/blib/lib/Async/Stream/Iterator.pm line 71.
Deep recursion on anonymous subroutine at /home/njh/.cpan/build/Async-Stream-0.02-2agKzq/blib/lib/Async/Stream.pm line 148.
Deep recursion on anonymous subroutine at /home/njh/.cpan/build/Async-Stream-0.02-2agKzq/blib/lib/Async/Stream.pm line 565.
Deep recursion on anonymous subroutine at /home/njh/.cpan/build/Async-Stream-0.02-2agKzq/blib/lib/Async/Stream/Item.pm line 89.
Deep recursion on anonymous subroutine at /home/njh/.cpan/build/Async-Stream-0.02-2agKzq/blib/lib/Async/Stream/Iterator.pm line 50.
Out of memory!
t/30-stream.t ..... 
Failed 9/33 subtests 

Test Summary Report
-------------------
t/30-stream.t   (Wstat: 139 Tests: 24 Failed: 0)
  Non-zero wait status: 139
  Parse errors: Bad plan.  You planned 33 tests but ran 24.
Files=7, Tests=32, 279 wallclock secs ( 0.21 usr  0.07 sys + 272.74 cusr  5.90 csys = 278.92 CPU)
Result: FAIL
Failed 1/7 test programs. 0/32 subtests failed.
make: *** [test_dynamic] Error 255

------------------------------
PREREQUISITES
------------------------------

Prerequisite modules loaded:

requires:

    Module              Need  Have    
    ------------------- ----- --------
    perl                5.006 5.008002

build_requires:

    Module              Need  Have    
    ------------------- ----- --------
    Test::More          0     1.001014

configure_requires:

    Module              Need  Have    
    ------------------- ----- --------
    ExtUtils::MakeMaker 0     7.18    


------------------------------
ENVIRONMENT AND OTHER CONTEXT
------------------------------

Environment variables:

    AUTOMATED_TESTING = 1
    HARNESS_OPTIONS = j6
    PATH = /home/njh/perl5/perlbrew/bin:/home/njh/perl5/perlbrew/perls/perl-5.8.2/bin:/home/njh/perl5/perlbrew/bin:/usr/bin:/bin
    PERL5LIB = 
    PERL5OPT = 
    PERL5_CPANPLUS_IS_RUNNING = 27696
    PERL5_CPAN_IS_RUNNING = 27696
    PERLBREW_BASHRC_VERSION = 0.75
    PERLBREW_HOME = /home/njh/.perlbrew
    PERLBREW_LIB = 
    PERLBREW_MANPATH = /home/njh/perl5/perlbrew/perls/perl-5.8.2/man
    PERLBREW_PATH = /home/njh/perl5/perlbrew/bin:/home/njh/perl5/perlbrew/perls/perl-5.8.2/bin
    PERLBREW_PERL = perl-5.8.2
    PERLBREW_ROOT = /home/njh/perl5/perlbrew
    PERLBREW_VERSION = 0.75
    PERL_LOCAL_LIB_ROOT = 
    SHELL = /bin/sh

Perl special variables (and OS-specific diagnostics, for MSWin32):

    $^X = /home/njh/perl5/perlbrew/perls/perl-5.8.2/bin/perl
    $UID/$EUID = 1000 / 1000
    $GID = 1000 1000 4
    $EGID = 1000 1000 4

Perl module toolchain versions installed:

    Module              Have    
    ------------------- --------
    CPAN                2.10    
    CPAN::Meta          2.150001
    Cwd                 3.47    
    ExtUtils::CBuilder  0.280220
    ExtUtils::Command   7.18    
    ExtUtils::Install   2.04    
    ExtUtils::MakeMaker 7.18    
    ExtUtils::Manifest  1.70    
    ExtUtils::ParseXS   3.24    
    File::Spec          3.47    
    JSON                2.90    
    JSON::PP            2.27300 
    Module::Build       0.4212  
    Module::Signature   n/a     
    Parse::CPAN::Meta   1.4414  
    Test::Harness       3.35    
    Test::More          1.001014
    YAML                1.15    
    YAML::Syck          1.29    
    version             0.9912  


--

Summary of my perl5 (revision 5.0 version 8 subversion 2) configuration:
  Platform:
    osname=linux, osvers=3.0.35-cm-fx6-5.5, archname=armv7l-linux-thread-multi
    uname='linux utilite 3.0.35-cm-fx6-5.5 #721 smp sun mar 23 14:12:17 ist 2014 armv7l armv7l armv7l gnulinux '
    config_args='-de -Dprefix=/home/njh/perl5/perlbrew/perls/perl-5.8.2 -Duseithreads -Dusemultiplicity -Dusedevel -Accflags=-O2 -W -Wformat=2 -Wswitch -Wshadow -Wwrite-strings -Wuninitialized -Wall -pipe -fomit-frame-pointer -pedantic -D_FORTIFY_SOURCE=2 -Wpointer-arith -Wstrict-prototypes -fstack-protector -Wstack-protector -Wextra -Wbad-function-cast -Wcast-align -Wcast-qual -Wdisabled-optimization -Wendif-labels -Wfloat-equal -Wformat-nonliteral -Winline -Wmissing-declarations -Wmissing-prototypes -Wnested-externs -Wpointer-arith -Wundef -Wformat-security -march=native -Acc=gcc-4.7 -Aeval:scriptdir=/home/njh/perl5/perlbrew/perls/perl-5.8.2/bin'
    hint=recommended, useposix=true, d_sigaction=define
    usethreads=define use5005threads=undef useithreads=define usemultiplicity=define
    useperlio=define d_sfio=undef uselargefiles=define usesocks=undef
    use64bitint=undef use64bitall=undef uselongdouble=undef
    usemymalloc=n, bincompat5005=undef
  Compiler:
    cc=' gcc-4.7', ccflags ='-D_REENTRANT -D_GNU_SOURCE -O2 -W -Wformat=2 -Wswitch -Wshadow -Wwrite-strings -Wuninitialized -Wall -pipe -fomit-frame-pointer -pedantic -D_FORTIFY_SOURCE=2 -Wpointer-arith -Wstrict-prototypes -fstack-protector -Wstack-protector -Wextra -Wbad-function-cast -Wcast-align -Wcast-qual -Wdisabled-optimization -Wendif-labels -Wfloat-equal -Wformat-nonliteral -Winline -Wmissing-declarations -Wmissing-prototypes -Wnested-externs -Wpointer-arith -Wundef -Wformat-security -march=native -fno-strict-aliasing -I/usr/local/include -D_LARGEFILE_SOURCE -D_FILE_OFFSET_BITS=64',
    optimize='-O2',
    cppflags='-D_REENTRANT -D_GNU_SOURCE -O2 -W -Wformat=2 -Wswitch -Wshadow -Wwrite-strings -Wuninitialized -Wall -pipe -fomit-frame-pointer -pedantic -D_FORTIFY_SOURCE=2 -Wpointer-arith -Wstrict-prototypes -fstack-protector -Wstack-protector -Wextra -Wbad-function-cast -Wcast-align -Wcast-qual -Wdisabled-optimization -Wendif-labels -Wfloat-equal -Wformat-nonliteral -Winline -Wmissing-declarations -Wmissing-prototypes -Wnested-externs -Wpointer-arith -Wundef -Wformat-security -march=native -fno-strict-aliasing -I/usr/local/include'
    ccversion='', gccversion='4.7.2', gccosandvers=''
    intsize=4, longsize=4, ptrsize=4, doublesize=8, byteorder=1234
    d_longlong=define, longlongsize=8, d_longdbl=define, longdblsize=8
    ivtype='long', ivsize=4, nvtype='double', nvsize=8, Off_t='off_t', lseeksize=8
    alignbytes=8, prototype=define
  Linker and Libraries:
    ld=' gcc-4.7', ldflags =' -L/usr/local/lib'
    libpth=/usr/local/lib /lib/arm-linux-gnueabi /lib/../lib /usr/lib/arm-linux-gnueabi /usr/lib/../lib /lib /usr/lib
    libs=-lnsl -lgdbm -ldb -ldl -lm -lcrypt -lutil -lpthread -lc -lgdbm_compat
    perllibs=-lnsl -ldl -lm -lcrypt -lutil -lpthread -lc -lgdbm_compat
    libc=libc-2.15.so, so=so, useshrplib=false, libperl=libperl.a
    gnulibc_version='2.15'
  Dynamic Linking:
    dlsrc=dl_dlopen.xs, dlext=so, d_dlsymun=undef, ccdlflags='-rdynamic'
    cccdlflags='-fpic', lddlflags='-shared -L/usr/local/lib'


Characteristics of this binary (from libperl): 
  Compile-time options: MULTIPLICITY USE_ITHREADS USE_LARGE_FILES PERL_IMPLICIT_CONTEXT
  Built under linux
  Compiled at Jul  2 2014 17:21:45
  %ENV:
    PERL5LIB=""
    PERL5OPT=""
    PERL5_CPANPLUS_IS_RUNNING="27696"
    PERL5_CPAN_IS_RUNNING="27696"
    PERLBREW_BASHRC_VERSION="0.75"
    PERLBREW_HOME="/home/njh/.perlbrew"
    PERLBREW_LIB=""
    PERLBREW_MANPATH="/home/njh/perl5/perlbrew/perls/perl-5.8.2/man"
    PERLBREW_PATH="/home/njh/perl5/perlbrew/bin:/home/njh/perl5/perlbrew/perls/perl-5.8.2/bin"
    PERLBREW_PERL="perl-5.8.2"
    PERLBREW_ROOT="/home/njh/perl5/perlbrew"
    PERLBREW_VERSION="0.75"
    PERL_LOCAL_LIB_ROOT=""
  @INC:
    /home/njh/perl5/perlbrew/perls/perl-5.8.2/lib/5.8.2/armv7l-linux-thread-multi
    /home/njh/perl5/perlbrew/perls/perl-5.8.2/lib/5.8.2
    /home/njh/perl5/perlbrew/perls/perl-5.8.2/lib/site_perl/5.8.2/armv7l-linux-thread-multi
    /home/njh/perl5/perlbrew/perls/perl-5.8.2/lib/site_perl/5.8.2
    /home/njh/perl5/perlbrew/perls/perl-5.8.2/lib/site_perl
    .