signatures v0.06 Perl 5 v5.16.0 RC2 x86_64-linux-thread-multi

Status
Fail
From
Andreas J. König (ANDK)
Dist
signatures v0.06
Platform
Perl 5 v5.16.0 RC2 x86_64-linux-thread-multi
Date
2012-05-21 03:42:39
ID
0347e642-a2f7-11e1-bab5-edebf3b14d39
This distribution has been tested as part of the CPAN Testers
project, supporting the Perl programming language.  See
http://wiki.cpantesters.org/ for more information or email
questions to cpan-testers-discuss@perl.org


--
Dear Florian Ragwitz,

This is a computer-generated report for signatures-0.06
on perl 5.16.0, created by CPAN-Reporter-1.2006.

Thank you for uploading your work to CPAN.  However, there was a problem
testing your distribution.

If you think this report is invalid, please consult the CPAN Testers Wiki
for suggestions on how to avoid getting FAIL reports for missing library
or binary dependencies, unsupported operating systems, and so on:

http://wiki.cpantesters.org/wiki/CPANAuthorNotes

Sections of this report:

    * Tester comments
    * Program output
    * Prerequisites
    * Environment and other context

------------------------------
TESTER COMMENTS
------------------------------

Additional comments from tester:

this report is from an automated smoke testing program
and was not reviewed by a human for accuracy

------------------------------
PROGRAM OUTPUT
------------------------------

Output from '/usr/bin/make test':

/home/sand/src/perl/repoperls/installed-perls/perl/v5.16.0-RC2-4-g2e85f27/9980/bin/perl "-Iinc" "-MModule::Install::ExtraTests" "-e" "Module::Install::ExtraTests::__harness('Test::Harness', 0, 'xt/author', '', '', 0, 'blib/lib', 'blib/arch')" t/*.t
t/anon.t ........... ok
t/basic.t .......... ok
t/bug_junctions.t .. ok

#   Failed test 'signatures parse in eval'
#   at t/eval.t line 8.
# forced to realloc PL_linestr for line use signatures;sub foo ($bar) { $bar }
# ;, bailing out before we crash harder at /tmp/loop_over_bdir-O6oObf/signatures-0.06-hsG45z/blib/lib/signatures.pm line 87.
Undefined subroutine &main::foo called at t/eval.t line 11.
# Looks like you planned 8 tests but ran 2.
# Looks like you failed 1 test of 2 run.
# Looks like your test exited with 255 just after 2.
t/eval.t ........... 
Dubious, test returned 255 (wstat 65280, 0xff00)
Failed 7/8 subtests 
t/proto.t .......... ok
t/subclass.t ....... ok
t/warnings.t ....... ok
t/weird.t .......... ok

Test Summary Report
-------------------
t/eval.t         (Wstat: 65280 Tests: 2 Failed: 1)
  Failed test:  1
  Non-zero exit status: 255
  Parse errors: Bad plan.  You planned 8 tests but ran 2.
Files=8, Tests=24,  0 wallclock secs ( 0.06 usr  0.00 sys +  0.24 cusr  0.05 csys =  0.35 CPU)
Result: FAIL
Failed 1/8 test programs. 1/24 subtests failed.
make: *** [test_dynamic] Error 255

------------------------------
PREREQUISITES
------------------------------

Prerequisite modules loaded:

requires:

    Module               Need  Have   
    -------------------- ----- -------
    B::Hooks::EndOfScope 0.08  0.11   
    B::Hooks::OP::Check  0.17  0.19   
    B::Hooks::OP::PPAddr 0     0.03   
    B::Hooks::Parser     0.07  0.10   
    ExtUtils::Depends    0.302 0.304  
    ExtUtils::MakeMaker  6.42  6.63_02

build_requires:

    Module               Need  Have   
    -------------------- ----- -------
    ExtUtils::MakeMaker  0     6.63_02

configure_requires:

    Module               Need  Have   
    -------------------- ----- -------
    B::Hooks::OP::Check  0.18  0.19   
    B::Hooks::OP::PPAddr 0.03  0.03   
    B::Hooks::Parser     0.07  0.10   
    ExtUtils::Depends    0.302 0.304  
    ExtUtils::MakeMaker  6.42  6.63_02


------------------------------
ENVIRONMENT AND OTHER CONTEXT
------------------------------

Environment variables:

    AUTOMATED_TESTING = 1
    LANG = en_US.UTF-8
    LANGUAGE = en_US:en
    PATH = /home/sand/bin:/usr/local/bin:/usr/bin:/bin:/usr/bin/X11:/usr/games:/usr/local/perl/bin:/usr/X11/bin:/sbin:/usr/sbin
    PERL5LIB = 
    PERL5OPT = 
    PERL5_CPANPLUS_IS_RUNNING = 25661
    PERL5_CPAN_IS_RUNNING = 25661
    PERL_MM_USE_DEFAULT = 1
    SHELL = /usr/bin/zsh
    TERM = screen

Perl special variables (and OS-specific diagnostics, for MSWin32):

    $^X = /home/sand/src/perl/repoperls/installed-perls/perl/v5.16.0-RC2-4-g2e85f27/9980/bin/perl
    $UID/$EUID = 1005 / 1005
    $GID = 1005 1005
    $EGID = 1005 1005

Perl module toolchain versions installed:

    Module              Have    
    ------------------- --------
    CPAN                1.9800  
    CPAN::Meta          2.120921
    Cwd                 3.39_02 
    ExtUtils::CBuilder  0.280206
    ExtUtils::Command   1.17    
    ExtUtils::Install   1.58    
    ExtUtils::MakeMaker 6.63_02 
    ExtUtils::Manifest  1.61    
    ExtUtils::ParseXS   3.16    
    File::Spec          3.39_02 
    JSON                2.53    
    JSON::PP            2.27200 
    Module::Build       0.40    
    Module::Signature   0.68    
    Parse::CPAN::Meta   1.4404  
    Test::Harness       3.23    
    Test::More          0.98    
    YAML                0.81    
    YAML::Syck          1.20    
    version             0.99    


--

Summary of my perl5 (revision 5 version 16 subversion 0) configuration:
  Commit id: 2e85f27811e17c0360d5f88f5276a874a1f361db
  Platform:
    osname=linux, osvers=3.2.0-2-amd64, archname=x86_64-linux-thread-multi
    uname='linux k83 3.2.0-2-amd64 #1 smp mon apr 30 05:20:23 utc 2012 x86_64 gnulinux '
    config_args='-Dprefix=/home/src/perl/repoperls/installed-perls/perl/v5.16.0-RC2-4-g2e85f27/9980 -Dmyhostname=k83 -Dinstallusrbinperl=n -Uversiononly -Dusedevel -des -Ui_db -Duseithreads -Uuselongdouble -DDEBUGGING=-g'
    hint=recommended, useposix=true, d_sigaction=define
    useithreads=define, usemultiplicity=define
    useperlio=define, d_sfio=undef, uselargefiles=define, usesocks=undef
    use64bitint=define, use64bitall=define, uselongdouble=undef
    usemymalloc=n, bincompat5005=undef
  Compiler:
    cc='cc', ccflags ='-D_REENTRANT -D_GNU_SOURCE -fno-strict-aliasing -pipe -fstack-protector -I/usr/local/include -D_LARGEFILE_SOURCE -D_FILE_OFFSET_BITS=64',
    optimize='-O2 -g',
    cppflags='-D_REENTRANT -D_GNU_SOURCE -fno-strict-aliasing -pipe -fstack-protector -I/usr/local/include'
    ccversion='', gccversion='4.6.3', gccosandvers=''
    intsize=4, longsize=8, ptrsize=8, doublesize=8, byteorder=12345678
    d_longlong=define, longlongsize=8, d_longdbl=define, longdblsize=16
    ivtype='long', ivsize=8, nvtype='double', nvsize=8, Off_t='off_t', lseeksize=8
    alignbytes=8, prototype=define
  Linker and Libraries:
    ld='cc', ldflags =' -fstack-protector -L/usr/local/lib'
    libpth=/usr/local/lib /lib/x86_64-linux-gnu /lib/../lib /usr/lib/x86_64-linux-gnu /usr/lib/../lib /lib /usr/lib
    libs=-lnsl -ldb -ldl -lm -lcrypt -lutil -lpthread -lc
    perllibs=-lnsl -ldl -lm -lcrypt -lutil -lpthread -lc
    libc=, so=so, useshrplib=false, libperl=libperl.a
    gnulibc_version='2.13'
  Dynamic Linking:
    dlsrc=dl_dlopen.xs, dlext=so, d_dlsymun=undef, ccdlflags='-Wl,-E'
    cccdlflags='-fPIC', lddlflags='-shared -O2 -g -L/usr/local/lib -fstack-protector'


Characteristics of this binary (from libperl): 
  Compile-time options: HAS_TIMES MULTIPLICITY PERLIO_LAYERS
                        PERL_DONT_CREATE_GVSV PERL_IMPLICIT_CONTEXT
                        PERL_MALLOC_WRAP PERL_PRESERVE_IVUV PERL_USE_DEVEL
                        USE_64_BIT_ALL USE_64_BIT_INT USE_ITHREADS
                        USE_LARGE_FILES USE_LOCALE USE_LOCALE_COLLATE
                        USE_LOCALE_CTYPE USE_LOCALE_NUMERIC USE_PERLIO
                        USE_PERL_ATOF USE_REENTRANT_API
  Locally applied patches:
	RC2
  Built under linux
  Compiled at May 19 2012 16:30:39
  %ENV:
    PERL5LIB=""
    PERL5OPT=""
    PERL5_CPANPLUS_IS_RUNNING="25661"
    PERL5_CPAN_IS_RUNNING="25661"
    PERL_MM_USE_DEFAULT="1"
  @INC:
    /home/src/perl/repoperls/installed-perls/perl/v5.16.0-RC2-4-g2e85f27/9980/lib/site_perl/5.16.0/x86_64-linux-thread-multi
    /home/src/perl/repoperls/installed-perls/perl/v5.16.0-RC2-4-g2e85f27/9980/lib/site_perl/5.16.0
    /home/src/perl/repoperls/installed-perls/perl/v5.16.0-RC2-4-g2e85f27/9980/lib/5.16.0/x86_64-linux-thread-multi
    /home/src/perl/repoperls/installed-perls/perl/v5.16.0-RC2-4-g2e85f27/9980/lib/5.16.0
    .