POE-Component-SmokeBox-Recent v1.36 Perl 5 v5.12.0 i686-gnukfreebsd
- Status
- Fail
- From
- Nigel Horne
- Dist
-
POE-Component-SmokeBox-Recent v1.36
- Platform
- Perl 5 v5.12.0 i686-gnukfreebsd
- Date
- 2012-01-18 16:53:57
- ID
- 0307629c-41f5-11e1-b44c-a499835ccafc
This distribution has been tested as part of the CPAN Testers
project, supporting the Perl programming language. See
http://wiki.cpantesters.org/ for more information or email
questions to cpan-testers-discuss@perl.org
--
Dear Chris Williams,
This is a computer-generated report for POE-Component-SmokeBox-Recent-1.36
on perl 5.12.0, created by CPAN-Reporter-1.2003.
Thank you for uploading your work to CPAN. However, there was a problem
testing your distribution.
If you think this report is invalid, please consult the CPAN Testers Wiki
for suggestions on how to avoid getting FAIL reports for missing library
or binary dependencies, unsupported operating systems, and so on:
http://wiki.cpantesters.org/wiki/CPANAuthorNotes
Sections of this report:
* Tester comments
* Program output
* Prerequisites
* Environment and other context
------------------------------
TESTER COMMENTS
------------------------------
Additional comments from tester:
none provided
------------------------------
PROGRAM OUTPUT
------------------------------
Output from '/usr/bin/make test':
PERL_DL_NONLAZY=1 /home/njh/perl5/perlbrew/perls/perl-5.12.0/bin/perl "-MExtUtils::Command::MM" "-e" "test_harness(0, 'inc', 'blib/lib', 'blib/arch')" t/*.t
# Testing POE::Component::SmokeBox::Recent-1.36, POE-1.350, Perl 5.012000, /home/njh/perl5/perlbrew/perls/perl-5.12.0/bin/perl
t/00_use.t ............. ok
# 127.0.0.1,51244,127.0.0.1,55615
# GET ///pub/CPAN/RECENT
# Host: 127.0.0.1:55615
# User-Agent: POE-Component-SmokeBox-Recent-HTTP/1.36 (perl; N; POE; en; rv:1.360000)
# X-HTTP-Version: 1.1
#
t/01_http.t ............ ok
t/01_http_sockerr.t .... ok
# 127.0.0.1,60403,127.0.0.1,54564
# GET ///pub/CPAN/RECENT
# Host: 127.0.0.1:54564
# User-Agent: POE-Component-SmokeBox-Recent-HTTP/1.36 (perl; N; POE; en; rv:1.360000)
# X-HTTP-Version: 1.1
#
# Timed out connection after 10 seconds.
t/01_http_timeout.t .... ok
# 127.0.0.1,53940,127.0.0.1,59060
# USER anonymous
# PASS anon@anon.org
# PASV
# RETR /pub/CPAN/RECENT
# QUIT
t/01_retr.t ............ ok
t/01_retr_sockerr.t .... ok
# 127.0.0.1,62235,127.0.0.1,52382
# USER anonymous
# PASS anon@anon.org
# PASV
# RETR /pub/CPAN/RECENT
# QUIT
t/02_local_ftp.t ....... ok
Possible attempt to put comments in qw() list at t/02_local_ftp_rss.t line 72.
# 127.0.0.1,59976,127.0.0.1,55412
# USER anonymous
# PASS anon@anon.org
# PASV
# RETR /pub/CPAN/modules/01modules.mtime.rss
# QUIT
t/02_local_ftp_rss.t ... ok
# GET ///RECENT
# Host: 127.0.0.1:58435
# User-Agent: POE-Component-SmokeBox-Recent-HTTP/1.36 (perl; N; POE; en; rv:1.360000)
# X-HTTP-Version: 1.1
#
t/03_local_http.t ...... ok
# GET ///modules/01modules.mtime.rss
# Host: 127.0.0.1:58248
# User-Agent: POE-Component-SmokeBox-Recent-HTTP/1.36 (perl; N; POE; en; rv:1.360000)
# X-HTTP-Version: 1.1
#
t/03_local_http_rss.t .. ok
# A/AB/ABH/Mozilla-CA-20120118.tar.gz
# A/AB/ABW/Badger-0.08.tar.gz
# A/AD/ADAMK/FBP-Perl-0.74.tar.gz
# A/AD/ADAMK/FBP-Perl-0.75.tar.gz
# A/AF/AFF/Parse-Dia-SQL-0.18.tar.gz
# A/AG/AGORDON/Authen-ModAuthToken-0.03.tar.gz
# A/AK/AKHUETTEL/Lab-Measurement-2.94.tar.gz
# A/AL/ALEC/Text-ASCIITable-TW-0.04.tar.gz
# A/AL/ALEXBIO/Algorithm-URL-Shorten-0.06.tar.gz
# A/AL/ALEXBYK/WWW-Yandex-BarTIC-0.04.tar.gz
# A/AL/ALEXM/URI-imaps-1.02.tar.gz
# A/AL/ALUCAS/Criteria-Compile-0.041.tar.gz
# A/AM/AMBS/Benchmark/Benchmark-Apps-0.04.tar.gz
# A/AM/AMBS/Lingua/Lingua-Identify-CLD-0.02.tar.gz
# A/AM/AMBS/Lingua/Lingua-Identify-CLD-0.03_01.tar.gz
# A/AM/AMBS/Text/Text-BibTeX-0.62.tar.gz
# A/AM/AMS/Math-Random-MT-1.13.tar.gz
# A/AM/AMS/Mojolicious-2.44.tar.gz
# A/AN/ANAZAWA/Blosxom-Header-0.01006.tar.gz
# A/AP/APLA/DBI-Easy-0.24.tar.gz
# A/AP/APLA/Web-App-1.21.tar.gz
# A/AQ/AQUILINA/Stringify-Deep-0.02.tar.gz
# A/AR/ARJONES/App-gcal-1.120110.tar.gz
# A/AR/ARJONES/Dist-Zilla-PluginBundle-ARJONES-1.120110.tar.gz
# A/AS/ASKADNA/WebService-Dropbox-1.05.tar.gz
# A/AU/AUBERTG/Email-ExactTarget-1.2.0.tar.gz
# A/AU/AUBERTG/Test-Dist-VersionSync-1.0.0.tar.gz
# A/AU/AUGIE/PowerDNS-Backend-MySQL-0.10.tar.gz
# A/AU/AUGIE/PowerDNS-Backend-MySQL-0.10a.tar.gz
# A/AU/AUGIE/PowerDNS-Control-Client-0.03.tar.gz
# A/AU/AUGIE/PowerDNS-Control-Server-0.03.tar.gz
# A/AY/AYOUNG/Config-NameValue-1.01.tar.gz
# A/AZ/AZAWAWI/Padre-Plugin-PerlTidy-0.21.tar.gz
# B/BB/BBIMBER/Labkey-Query-1.02.tar.gz
# B/BH/BHILDRED/libPam-Perl-0.003.tar.gz
# B/BI/BIGPRESH/Dancer-Plugin-SimpleCRUD-0.40.tar.gz
# B/BI/BIGPRESH/HTML-Table-FromDatabase-1.03.tar.gz
# B/BI/BINGOS/POE-API-Peek-2.20.tar.gz
# B/BI/BINGOS/POE-Loop-AnyEvent-0.002.tar.gz
# B/BI/BINGOS/unless-0.02.tar.gz
# B/BO/BOBTFISH/MooseX-MethodAttributes-0.26.tar.gz
# B/BO/BOOK/Devel-TraceUse-2.06.tar.gz
# B/BO/BOWTIE/Debug-Client-0.17_05.tar.gz
# B/BR/BRADH/HTML-JQuery-0.001.tar.gz
# B/BR/BRAINBUZ/String-Validator-0.90.tar.gz
# B/BR/BRAINBUZ/String-Validator-Password-0.90.tar.gz
# C/CF/CFAERBER/Net-IDN-Encode-2.001.tar.gz
# C/CF/CFAERBER/Net-IDN-Encode-2.002.tar.gz
# C/CH/CHENGANG/Mediainfo-0.07.tar.gz
# C/CH/CHENGANG/System-Timeout-0.07.tar.gz
# C/CH/CHIBA/SQL-Maker-1.04.tar.gz
# C/CH/CHM/PDL-2.4.9_994.tar.gz
# C/CH/CHRISA/Net-SAML2-0.17.tar.gz
# C/CJ/CJFIELDS/Bio-EUtilities-1.70-TRIAL.tar.gz
# C/CJ/CJFIELDS/Bio-EUtilities-1.71.tar.gz
# C/CJ/CJFIELDS/Bio-EUtilities-1.72.tar.gz
# C/CJ/CJM/Win32-IPC-1.09.tar.gz
# C/CO/CORION/HTML-Selector-XPath-0.13.tar.gz
# C/CO/CORION/HTML-Selector-XPath-0.14.tar.gz
# C/CO/CORNELIUS/App-RepoSync-0.01.tar.gz
# C/CO/CORNELIUS/App-RepoSync-0.02.tar.gz
# C/CO/CORNELIUS/App-RepoSync-0.03.tar.gz
# C/CO/CORNELIUS/App-gh-0.57.tar.gz
# C/CO/COSIMO/HTTP-DAV-0.46.tar.gz
# D/DA/DAGOLDEN/Dist-Zilla-Plugin-Twitter-0.014.tar.gz
# D/DA/DAGOLDEN/Pantry-0.001.tar.gz
# D/DA/DAM/DhMakePerl-0.75.tar.gz
# D/DA/DAMOG/Data-Format-HTML-0.5.1.tar.gz
# D/DA/DATA/Nagios-Passive-v0.3.0.tar.gz
# D/DA/DATA/Nagios-Passive-v0.3.1.tar.gz
# D/DA/DAVIDO/Inline-CPP-0.33_004.tar.gz
# D/DJ/DJERIUS/App-Env-0.25.tar.gz
# D/DJ/DJZORT/Net-DHCP-0.672.tar.gz
# D/DJ/DJZORT/Net-DHCP-0.68.tar.gz
# D/DM/DMAKI/ZeroMQ-0.20.tar.gz
# D/DM/DMUEY/Locale-Maketext-Utils-0.20.tar.gz
# D/DO/DOHERTY/Dist-Zilla-PluginBundle-Author-DOHERTY-0.25.tar.gz
# D/DO/DOHERTY/Pod-Weaver-PluginBundle-Author-DOHERTY-0.001.tar.gz
# D/DO/DOHERTY/Pod-Weaver-PluginBundle-Author-DOHERTY-0.006.tar.gz
# D/DO/DOHERTY/Pod-Weaver-Section-Availability-1.102571.tar.gz
# D/DO/DOHERTY/Pod-Weaver-Section-Availability-1.20.tar.gz
# D/DO/DOHERTY/Pod-Weaver-Section-BugsAndLimitations-1.20.tar.gz
# D/DO/DOLMEN/Dist-Zilla-Plugin-Version-FromSubversion-1.000019.tar.gz
# D/DO/DOMM/App-TimeTracker-2.017.tar.gz
# D/DO/DOUGW/Spreadsheet-ParseExcel-Stream-0.06.tar.gz
# D/DR/DROLSKY/MooseX-StrictConstructor-0.19.tar.gz
# D/DW/DWHEELER/Text-Markup-0.15.tar.gz
# F/FA/FALCONE/RT-Extension-QuickDelete-0.05.tar.gz
# F/FA/FASTLY/Net-Fastly-0.96.tar.gz
# F/FR/FREDERICD/Koha-Contrib-Tamil-0.009.tar.gz
# F/FR/FREDERICD/Koha-Contrib-Tamil-0.010.tar.gz
# F/FR/FREDERICD/Koha-Contrib-Tamil-0.011.tar.gz
# F/FR/FROGGS/Alien-Box2D-0.104.tar.gz
# G/GA/GAISSMAI/Net-SNMP-Mixin-CiscoDot1qVlanStaticTrunks-0.01.tar.gz
# G/GA/GAVINC/HTML-Tabulate-0.40.tar.gz
# G/GE/GETTY/CPAN-Repository-0.001.tar.gz
# G/GE/GETTY/CPAN-Repository-0.002.tar.gz
# G/GE/GETTY/CPAN-Repository-0.003.tar.gz
# G/GE/GETTY/CPAN-Repository-0.004.tar.gz
# G/GE/GETTY/Dist-Data-0.001.tar.gz
# G/GE/GETTY/Dist-Data-0.002.tar.gz
# G/GO/GOMOR/Net-Frame-1.08.tar.gz
# G/GP/GPHAT/Dist-Zilla-Plugin-ChangelogFromGit-Debian-0.06.tar.gz
# G/GR/GRAY/POSIX-RT-Spawn-0.01.tar.gz
# G/GR/GRAY/POSIX-RT-Spawn-0.02.tar.gz
# G/GR/GRAY/POSIX-RT-Spawn-0.03.tar.gz
# G/GR/GRAY/POSIX-RT-Spawn-0.04.tar.gz
# G/GR/GRAY/Text-Dice-0.01.tar.gz
# G/GR/GRIAN/Algorithm-TSort-0.03.tar.gz
# G/GR/GRIAN/Algorithm-TSort-0.04.tar.gz
# G/GS/GSULLIVAN/Verilog-VCD-0.02.tar.gz
# G/GS/GSULLIVAN/Verilog-VCD-0.03.tar.gz
# G/GU/GUGOD/Markapl-0.14.tar.gz
# H/HE/HEYTRAV/ParseUtil-Domain-2.10.tar.gz
# I/IO/IOANR/App-FastishCGI-0.002.tar.gz
# I/IO/IOANR/Dist-Zilla-Plugin-ChangelogFromGit-CPAN-Changes-0.0.1.tar.gz
# I/IR/IRONCAMEL/Net-OpenStack-Attack-1.0100.tar.gz
# I/IR/IRONCAMEL/Net-OpenStack-Compute-1.0400.tar.gz
# I/IR/IRONCAMEL/Net-OpenStack-Compute-1.0401.tar.gz
# J/JA/JAITKEN/Dancer-Template-MicroTemplate-0.1.0.tar.gz
# J/JA/JAITKEN/Dancer-Template-MicroTemplate-0.2.0.tar.gz
# J/JA/JAITKEN/Dancer-Template-MicroTemplate-1.0.0.tar.gz
# J/JB/JBERGER/Module-UseFrom-0.03_001.tar.gz
# J/JF/JFRIED/Rex-0.22.0.tar.gz
# J/JF/JFRIED/Rex-0.23.0.tar.gz
# J/JJ/JJACK/Test-Mock-Alarm-0.12.tar.gz
# J/JJ/JJACK/Test-Mock-Alarm-0.13.tar.gz
# J/JJ/JJNAPIORK/MooseX-Attribute-ENV-0.02.tar.gz
# J/JK/JKEGL/Marpa-R2-0.001_018.tar.gz
# J/JL/JLLOYD/WebService-SendGrid-1.0.tar.gz
# J/JO/JOHND/AWS-S3-0.025.tar.gz
# J/JO/JOSEPHW/XML-Writer-0.615.tar.gz
# J/JS/JSOBRIER/Net-Google-SafeBrowsing2-1.05.tar.gz
# J/JS/JSOBRIER/WebService-Browshot-1.4.0.tar.gz
# J/JV/JV/App-Music-PlayTab-2.023.tar.gz
# K/KA/KARASIK/IO-Lambda-1.22.tar.gz
# K/KA/KARMAN/Catalyst-Authentication-AuthTkt-0.12.tar.gz
# K/KA/KARMAN/SWISH-Prog-KSx-0.20.tar.gz
# K/KA/KARMAN/Search-Tools-0.67.tar.gz
# K/KA/KARMAN/Search-Tools-0.68.tar.gz
# K/KA/KAZEBURO/Plack-Middleware-ServerStatus-Lite-0.03.tar.gz
# K/KA/KAZEBURO/Plack-Middleware-ServerStatus-Lite-y.tar.gz
# K/KI/KIMOTO/DBIx-Custom-0.2105.tar.gz
# K/KO/KOLIBRIE/Convert-NLS_DATE_FORMAT-0.04.tar.gz
# K/KO/KOLIBRIE/Convert-NLS_DATE_FORMAT-0.05.tar.gz
# K/KR/KRYDE/Math-PlanePath-64.tar.gz
# K/KR/KRYDE/math-image-90.tar.gz
# L/LA/LAJANDY/Helios-2.31_0231.tar.gz
# L/LA/LAJANDY/HeliosX-Logger-File-0.01_0232.tar.gz
# L/LC/LCARMICH/WWW-DirectAdmin-API-0.01.tar.gz
# L/LE/LEONT/Dist-Zilla-PluginBundle-LEONT-XS-0.004.tar.gz
# L/LE/LEONT/File-Map-0.41.tar.gz
# L/LE/LEV/REST-Client-Simple-0.1.tar.gz
# L/LE/LEV/WWW-BTjunkie-0.01.tar.gz
# L/LG/LGODDARD/Image-Magick-Thumbnail-0.06e.tar.gz
# L/LI/LIFEGUARD/MediaWiki-Bot-3.004003.tar.gz
# M/MA/MALLEN/Authen-HTTP-Signature-0.01.tar.gz
# M/MA/MALLEN/Authen-HTTP-Signature-0.02.tar.gz
# M/MA/MALLEN/Convert-SSH2-0.01.tar.gz
# M/MA/MARKF/Test-DoubleEncodedEntities-2.00.tar.gz
# M/MA/MARKOV/MIME-Types-1.33.tar.gz
# M/MA/MARKOV/MIME-Types-1.34.tar.gz
# M/MA/MAROS/Games-Lacuna-Task-2.00.tar.gz
# M/MA/MASSYN/Auth-Yubikey_WebClient-2.01.tar.gz
# M/ME/MELEZHIK/Bundler-v0.0.29.tar.gz
# M/ME/MELEZHIK/Bundler-v0.0.30.tar.gz
# M/ME/MELO/Redis-1.926.tar.gz
# M/MG/MGOULD/Games-Dice-Loaded-0.001.tar.gz
# M/MI/MIKEM/Authen-TacacsPlus/Authen-TacacsPlus-0.22.tar.gz
# M/MI/MINIMAL/Validate-Tiny-0.31.tar.gz
# M/MI/MINIMAL/Validate-Tiny-0.32a.tar.gz
# M/MI/MINIMAL/Validate-Tiny-0.35.tar.gz
# M/MI/MITHALDU/Parallel-Downloader-0.120120.tar.gz
# M/MI/MITHUN/URI-Encode-0.06.tar.gz
# M/ML/MLEHMANN/AnyEvent-6.13.tar.gz
# M/MN/MNF/Net-Discident-v1.0.1.tar.gz
# M/MN/MNUNBERG/Array-Assign-0.01.tar.gz
# M/MO/MOB/REST-Google-Translate2-1.0.8.tar.gz
# M/MR/MRAMBERG/Catalyst-Plugin-RequireSSL-0.07.tar.gz
# M/MR/MRUIZ/Opsview-REST-0.002.tar.gz
# M/MS/MSISK/Net-Nmsg-0.09.tar.gz
# M/MS/MSTRAT/Catalyst-View-XML-Feed-0.04.tar.gz
# M/MS/MSTRAT/Catalyst-View-XML-Feed-0.05.tar.gz
# M/MU/MURATAYA/MIME-EcoEncode-0.61.tar.gz
# N/NE/NEILB/Geo-Coder-HostIP-0.03.tar.gz
# N/NE/NEILB/Geo-Coder-HostIP-0.04.tar.gz
# N/NE/NEILB/HTML-ParseBrowser-1.01.tar.gz
# N/NE/NEILB/HTML-ParseBrowser-1.02.tar.gz
# N/NE/NEILB/HTML-ParseBrowser-1.03.tar.gz
# N/NE/NEILB/HTML-ParseBrowser-1.04.tar.gz
# N/NE/NEILB/HTTP-Client-1.52.tar.gz
# N/NH/NHEINRIC/Audio-File-Wma-0.02.tar.gz
# N/NH/NHEINRIC/Catalyst-Model-WebService-MyGengo-0.001.tar.gz
# N/NH/NHEINRIC/Catalyst-Model-WebService-MyGengo-0.002.tar.gz
# N/NH/NHEINRIC/WebService-MyGengo-0.010.tar.gz
# N/NH/NHEINRIC/WebService-MyGengo-0.011.tar.gz
# N/NH/NHEINRIC/WebService-MyGengo-0.012.tar.gz
# N/NH/NHORNE/CGI-Buffer-0.23.tar.gz
# N/NH/NHORNE/CGI-Info-0.17.tar.gz
# N/NH/NHORNE/HTML-SocialMedia-0.15.tar.gz
# N/NI/NIXUS/Stuff-0.0.10.tar.gz
# N/NO/NOBODY/KinoSearchX-Simple-0.11.tar.gz
# N/NO/NOBODY/LucyX-Simple-0.001.tar.gz
# N/NO/NOBODY/LucyX-Simple-0.002.tar.gz
# N/NO/NORBU/Data-Validate-Common-0.3.tar.gz
# N/NO/NORBU/Store-CouchDB-2.0.tar.gz
# N/NX/NXADM/App-Unix-RPasswd-0.40.tar.gz
# O/OD/ODYNIEC/Dancer-Plugin-Auth-Htpasswd-0.012.tar.gz
# O/OL/OLEG/AnyEvent-Whois-Raw-0.04.tar.gz
# P/PA/PATCH/Unicode-Util-0.01.tar.gz
# P/PA/PATCH/Unicode-Util-0.02.tar.gz
# P/PE/PERLER/ElasticSearchX-Model-0.0.5.tar.gz
# P/PE/PERLER/ElasticSearchX-Model-0.1.0.tar.gz
# P/PE/PERLER/MooseX-Attribute-Chained-1.0.1.tar.gz
# P/PE/PERLER/Pod-Browser-1.0.1.tar.gz
# P/PF/PFEIFFER/makepp-2.0rc2.tgz
# P/PL/PLU/Gearman-Driver-0.02006.tar.gz
# P/PS/PSHANGOV/MooseX-Params-0.006.tar.gz
# P/PS/PSHANGOV/MooseX-Params-0.007.tar.gz
# P/PY/PYTHIAN/DBD-Oracle-1.38.tar.gz
# R/RC/RCLAMP/Net-DAAP-DMAP-1.27.tar.gz
# R/RE/REEDFISH/Term-Menus-2.05.tar.gz
# R/RE/REEDFISH/Term-Menus-2.06.tar.gz
# R/RE/REEDFISH/Term-Menus-2.07.tar.gz
# R/RE/REVMISCHA/Web-Hippie-PubSub-0.04.tar.gz
# R/RE/REVMISCHA/Web-Hippie-PubSub-0.05.tar.gz
# R/RE/REVMISCHA/Web-Hippie-PubSub-0.06.tar.gz
# R/RH/RHOELZ/Plack-Middleware-Recorder-0.03.tar.gz
# R/RI/RIBASUSHI/Test-EOL-1.1.tar.gz
# R/RJ/RJBS/Email-Address-1.894.tar.gz
# R/RJ/RJBS/Email-Address-1.895.tar.gz
# R/RJ/RJRAY/Test-AgainstSchema-0.100.tar.gz
# R/RO/ROCKY/Devel-Trepan-Disassemble-1.0.tar.gz
# R/RO/ROCKY/Devel-Trepan-Shell-1.0.tar.gz
# R/RO/ROCKY/Devel-Trepan-Shell-1.1.tar.gz
# R/RO/ROCKY/Devel-Trepan-v0.1.9.tar.gz
# R/RO/ROCKY/Task-Trepan-1.0.tar.gz
# R/RO/ROCKY/Task-Trepan-1.1.tar.gz
# R/RS/RSHADOW/Nginx-Module-Gallery-0.2.0.tar.gz
# R/RS/RSHADOW/Nginx-Module-Gallery-0.2.1.tar.gz
# R/RS/RSHADOW/Nginx-Module-Gallery-0.2.2.tar.gz
# R/RS/RSIMOES/WWW-eNom-v1.0.6.tar.gz
# R/RT/RTHOMPSON/Dist-Zilla-Plugin-ReadmeAnyFromPod-0.120120.tar.gz
# R/RT/RTHOMPSON/Dist-Zilla-Plugin-ReadmeMarkdownFromPod-0.120120.tar.gz
# R/RT/RTHOMPSON/Dist-Zilla-PluginBundle-Author-RTHOMPSON-0.120160.tar.gz
# R/RT/RTHOMPSON/Dist-Zilla-PluginBundle-RTHOMPSON-0.120120.tar.gz
# R/RW/RWSTAUNER/Time-Stamp-1.003.tar.gz
# S/SA/SALVA/Linux-Proc-Mounts-0.01.tar.gz
# S/SA/SALVA/Linux-Proc-Net-TCP-0.05.tar.gz
# S/SA/SALVA/Math-Int128-0.06_02.tar.gz
# S/SA/SALVA/Math-Int128-0.06_03.tar.gz
# S/SA/SARGIE/Test-BDD-Cucumber-0.04.tar.gz
# S/SA/SARTAK/MooseX-Role-Parameterized-1.00.tar.gz
# S/SA/SAXJAZMAN/RT/RT-IODEF-0.07.tar.gz
# S/SA/SAXJAZMAN/RT/RT-IODEF-0.08.tar.gz
# S/SA/SAXJAZMAN/cif/CIF-Client-0.02.tar.gz
# S/SA/SAXJAZMAN/cif/CIF-Client-0.02_01.tar.gz
# S/SB/SBECK/Date-Manip-6.30.tar.gz
# S/SC/SCHWIGON/perl-formance/Benchmark-Perl-Formance-Cargo-0.03.tar.gz
# S/SH/SHARYANTO/Riap-1.1.2.tar.gz
# S/SH/SHARYANTO/Rinci-1.1.0.tar.gz
# S/SH/SHARYANTO/Rinci-1.1.1.tar.gz
# S/SH/SHARYANTO/Rinci-HTTP-1.1.0.tar.gz
# S/SH/SHARYANTO/Rinci-HTTP-1.1.1.tar.gz
# S/SH/SHARYANTO/Sub-Spec-1.0.6.tar.gz
# S/SH/SHARYANTO/Sub-Spec-1.0.7.tar.gz
# S/SH/SHARYANTO/Sub-Spec-BashComplete-0.19.tar.gz
# S/SH/SHARYANTO/Sub-Spec-Clause-drops_privilege-0.03.tar.gz
# S/SH/SHARYANTO/Sub-Spec-Examples-0.06.tar.gz
# S/SH/SHARYANTO/Sub-Spec-HTTP-1.0.3.tar.gz
# S/SH/SHARYANTO/Sub-Spec-Object-0.04.tar.gz
# S/SH/SHARYANTO/Sub-Spec-To-POD-0.19.tar.gz
# S/SH/SHARYANTO/Sub-Spec-To-POD-0.20.tar.gz
# S/SH/SHARYANTO/Sub-Spec-To-Pod-0.21.tar.gz
# S/SH/SHLOMIF/XML-LibXSLT-1.76.tar.gz
# S/SK/SKA/Net-ManageSieve-0.12.tar.gz
# S/SL/SLAFFAN/Bundle-Biodiverse-0.16.tar.gz
# S/SL/SLAFFAN/Bundle-BiodiverseNoGUI-0.16.tar.gz
# S/SM/SMUELLER/Dumbbench-0.07.tar.gz
# S/SM/SMUELLER/Statistics-CaseResampling-0.09.tar.gz
# S/SO/SORTIZ/JSPL-1.07.tar.gz
# S/ST/STANS/WebService-Linode-0.06.tar.gz
# S/ST/STEFFENW/PPM-Test-HexDifferences-0.002.tar.gz
# S/ST/STEFFENW/Test-HexDifferences-0.001.tar.gz
# S/ST/STEFFENW/Test-HexDifferences-0.002.tar.gz
# S/SW/SWINED/Attribute-Args-0.04.tar.gz
# T/TI/TIMOS/Net-CSTAv3-Client-0.06.tar.gz
# T/TL/TLINDEN/Dancer-Plugin-HTML-FormDj-0.01.tar.gz
# T/TL/TLINDEN/HTML-FormsDj-0.02.tar.gz
# T/TL/TLINDEN/HTML-FormsDj-0.03.tar.gz
# T/TO/TOBYINK/HTML-HTML5-Entities-0.002.tar.gz
# T/TO/TOBYINK/JSON-JOM-0.501.tar.gz
# T/TO/TOBYINK/Web-Magic-0.005.tar.gz
# T/TO/TOBYINK/Web-Magic-0.006.tar.gz
# T/TO/TOBYINK/XML-LibXML-QuerySelector-0.003.tar.gz
# T/TO/TODDR/Locale-Maketext-1.22.tar.gz
# T/TP/TPEDERSE/Text-NSP-1.25.tar.gz
# T/TS/TSCH/Gtk3-0.003.tar.gz
# U/UW/UWES/Parse-CSV-Colnames-0.05.tar.gz
# V/VO/VOEGELAS/CPANPLUS-Dist-Slackware-0.01.tar.gz
# V/VO/VOJ/Plack-App-DAIA-0.41.tar.gz
# V/VT/VTI/App-TLSMe-0.009004.tar.gz
# W/WR/WREIS/Plack-Middleware-RequestHeaders-0.01.tar.gz
# W/WR/WREIS/Plack-Middleware-RequestHeaders-0.02.tar.gz
# W/WR/WREIS/Plack-Middleware-Session-RemoveCookies-0.01.tar.gz
# W/WR/WROG/Net-OAuth2-Scheme-0.03.tar.gz
# W/WS/WSNYDER/IPC-Locker-1.489.tar.gz
# W/WY/WYANT/Astro-App-Satpass2-0.000_36.tar.gz
# W/WY/WYANT/Astro-App-Satpass2-0.000_37.tar.gz
# X/XA/XAICRON/App-envfile-0.05.tar.gz
# X/XA/XAICRON/WWW-YouTube-Download-0.39.tar.gz
# X/XE/XENO/MooseX-AbstractFactory-0.003003.tar.gz
# X/XE/XENU/Business-PL-PESEL-0.01-withoutworldwriteables.tar.gz
# X/XE/XENU/Business-PL-PESEL-0.01.tar.gz
# X/XE/XENU/Business-PL-PESEL-0.02.tar.gz
# X/XE/XENU/Business-PL-PESEL-0.03.tar.gz
# X/XE/XENU/Business-PL-PESEL-0.04.tar.gz
# X/XE/XENU/Business-PL-PESEL-0.05.tar.gz
# Y/YA/YANICK/Dancer-Template-TemplateDeclare-0.1.1.tar.gz
# Y/YS/YSIMONX/WWW-RobotRules-Extended-0.02.tar.gz
# Z/ZA/ZAG/Plosurin-v0.1.1.tar.gz
# Z/ZP/ZPMORGAN/AI-Nerl-0.001-TRIAL.tar.gz
# Z/ZP/ZPMORGAN/AI-Nerl-0.02.tar.gz
# Z/ZP/ZPMORGAN/AI-Nerl-0.03.tar.gz
# Z/ZW/ZWON/RedisDB-0.27.tar.gz
# Z/ZW/ZWON/RedisDB-0.28_1.tar.gz
# Z/ZW/ZWON/RedisDB-0.29.tar.gz
t/04_live_ftp.t ........ ok
# M/MA/MAROS/Games-Lacuna-Task-2.00.tar.gz
# M/MA/MARKF/Test-DoubleEncodedEntities-2.00.tar.gz
# N/NI/NIXUS/Stuff-0.0.10.tar.gz
# X/XE/XENO/MooseX-AbstractFactory-0.003003.tar.gz
# D/DW/DWHEELER/Text-Markup-0.15.tar.gz
# U/UW/UWES/Parse-CSV-Colnames-0.05.tar.gz
# A/AU/AUGIE/PowerDNS-Backend-MySQL-0.10a.tar.gz
# A/AU/AUGIE/PowerDNS-Control-Server-0.03.tar.gz
# A/AU/AUGIE/PowerDNS-Control-Client-0.03.tar.gz
# D/DJ/DJZORT/Net-DHCP-0.68.tar.gz
# M/MN/MNUNBERG/Array-Assign-0.01.tar.gz
# C/CO/CORNELIUS/App-gh-0.57.tar.gz
# S/SA/SARGIE/Test-BDD-Cucumber-0.04.tar.gz
# S/ST/STEFFENW/Test-HexDifferences-0.001.tar.gz
# G/GO/GOMOR/Net-Frame-1.08.tar.gz
# Y/YS/YSIMONX/WWW-RobotRules-Extended-0.02.tar.gz
# K/KA/KARASIK/IO-Lambda-1.22.tar.gz
# M/MN/MNF/Net-Discident-v1.0.1.tar.gz
# L/LE/LEONT/Dist-Zilla-PluginBundle-LEONT-XS-0.004.tar.gz
# L/LE/LEONT/File-Map-0.41.tar.gz
# S/SW/SWINED/Attribute-Args-0.04.tar.gz
# K/KI/KIMOTO/DBIx-Custom-0.2105.tar.gz
# P/PE/PERLER/MooseX-Attribute-Chained-1.0.1.tar.gz
# D/DA/DATA/Nagios-Passive-v0.3.1.tar.gz
# W/WR/WREIS/Plack-Middleware-RequestHeaders-0.02.tar.gz
# M/MR/MRAMBERG/Catalyst-Plugin-RequireSSL-0.07.tar.gz
# C/CJ/CJM/Win32-IPC-1.09.tar.gz
# B/BO/BOOK/Devel-TraceUse-2.06.tar.gz
# A/AL/ALEXBYK/WWW-Yandex-BarTIC-0.04.tar.gz
# N/NO/NOBODY/KinoSearchX-Simple-0.11.tar.gz
# L/LI/LIFEGUARD/MediaWiki-Bot-3.004003.tar.gz
# B/BR/BRAINBUZ/String-Validator-Password-0.90.tar.gz
# B/BR/BRAINBUZ/String-Validator-0.90.tar.gz
# T/TO/TODDR/Locale-Maketext-1.22.tar.gz
# S/SL/SLAFFAN/Bundle-Biodiverse-0.16.tar.gz
# S/SL/SLAFFAN/Bundle-BiodiverseNoGUI-0.16.tar.gz
# G/GE/GETTY/Dist-Data-0.002.tar.gz
# N/NE/NEILB/Geo-Coder-HostIP-0.04.tar.gz
# S/SM/SMUELLER/Dumbbench-0.07.tar.gz
# Z/ZW/ZWON/RedisDB-0.29.tar.gz
# N/NE/NEILB/HTTP-Client-1.52.tar.gz
# Y/YA/YANICK/Dancer-Template-TemplateDeclare-0.1.1.tar.gz
# T/TP/TPEDERSE/Text-NSP-1.25.tar.gz
# A/AM/AMBS/Benchmark-Apps-0.04.tar.gz
# O/OL/OLEG/AnyEvent-Whois-Raw-0.04.tar.gz
# D/DA/DAM/DhMakePerl-0.75.tar.gz
# R/RJ/RJBS/Email-Address-1.895.tar.gz
# S/ST/STEFFENW/Test-HexDifferences-0.002.tar.gz
# G/GA/GAVINC/HTML-Tabulate-0.40.tar.gz
# O/OD/ODYNIEC/Dancer-Plugin-Auth-Htpasswd-0.012.tar.gz
# K/KA/KAZEBURO/Plack-Middleware-ServerStatus-Lite-0.03.tar.gz
# N/NE/NEILB/HTML-ParseBrowser-1.04.tar.gz
# R/RT/RTHOMPSON/Dist-Zilla-PluginBundle-Author-RTHOMPSON-0.120160.tar.gz
# K/KA/KARMAN/Search-Tools-0.68.tar.gz
# M/MO/MOB/REST-Google-Translate2-1.0.8.tar.gz
# T/TI/TIMOS/Net-CSTAv3-Client-0.06.tar.gz
# S/SM/SMUELLER/Statistics-CaseResampling-0.09.tar.gz
# C/CH/CHENGANG/System-Timeout-0.07.tar.gz
# C/CH/CHENGANG/Mediainfo-0.07.tar.gz
# R/RI/RIBASUSHI/Test-EOL-1.1.tar.gz
# R/RC/RCLAMP/Net-DAAP-DMAP-1.27.tar.gz
# R/RO/ROCKY/Devel-Trepan-v0.1.9.tar.gz
# R/RS/RSIMOES/WWW-eNom-v1.0.6.tar.gz
# J/JO/JOSEPHW/XML-Writer-0.615.tar.gz
# R/RO/ROCKY/Devel-Trepan-Disassemble-1.0.tar.gz
# M/MI/MINIMAL/Validate-Tiny-0.35.tar.gz
# S/SA/SAXJAZMAN/RT-IODEF-0.08.tar.gz
# J/JV/JV/App-Music-PlayTab-2.023.tar.gz
# G/GR/GRIAN/Algorithm-TSort-0.04.tar.gz
# A/AL/ALEXBIO/Algorithm-URL-Shorten-0.06.tar.gz
# G/GR/GRAY/Text-Dice-0.01.tar.gz
# R/RJ/RJRAY/Test-AgainstSchema-0.100.tar.gz
# C/CO/CORION/HTML-Selector-XPath-0.14.tar.gz
# B/BI/BIGPRESH/HTML-Table-FromDatabase-1.03.tar.gz
# B/BI/BIGPRESH/Dancer-Plugin-SimpleCRUD-0.40.tar.gz
# T/TO/TOBYINK/HTML-HTML5-Entities-0.002.tar.gz
# R/RO/ROCKY/Task-Trepan-1.1.tar.gz
# R/RE/REVMISCHA/Web-Hippie-PubSub-0.06.tar.gz
# F/FA/FASTLY/Net-Fastly-0.96.tar.gz
# M/MA/MALLEN/Convert-SSH2-0.01.tar.gz
# D/DM/DMUEY/Locale-Maketext-Utils-0.20.tar.gz
# N/NH/NHEINRIC/Catalyst-Model-WebService-MyGengo-0.002.tar.gz
# A/AU/AUBERTG/Email-ExactTarget-1.2.0.tar.gz
# S/SH/SHARYANTO/Sub-Spec-Examples-0.06.tar.gz
# S/SH/SHARYANTO/Sub-Spec-Object-0.04.tar.gz
# S/SH/SHARYANTO/Sub-Spec-To-POD-0.20.tar.gz
# S/SH/SHARYANTO/Sub-Spec-To-Pod-0.21.tar.gz
# R/RE/REEDFISH/Term-Menus-2.07.tar.gz
# M/ME/MELEZHIK/Bundler-v0.0.30.tar.gz
# T/TO/TOBYINK/XML-LibXML-QuerySelector-0.003.tar.gz
# N/NH/NHEINRIC/Audio-File-Wma-0.02.tar.gz
# A/AN/ANAZAWA/Blosxom-Header-0.01006.tar.gz
# T/TO/TOBYINK/JSON-JOM-0.501.tar.gz
# S/SH/SHARYANTO/Sub-Spec-1.0.7.tar.gz
# S/SH/SHARYANTO/Sub-Spec-BashComplete-0.19.tar.gz
# S/SH/SHARYANTO/Sub-Spec-Clause-drops_privilege-0.03.tar.gz
# L/LE/LEV/REST-Client-Simple-0.1.tar.gz
# L/LE/LEV/WWW-BTjunkie-0.01.tar.gz
# S/SH/SHARYANTO/Sub-Spec-HTTP-1.0.3.tar.gz
# V/VO/VOJ/Plack-App-DAIA-0.41.tar.gz
# G/GS/GSULLIVAN/Verilog-VCD-0.03.tar.gz
# S/SC/SCHWIGON/Benchmark-Perl-Formance-Cargo-0.03.tar.gz
# X/XA/XAICRON/WWW-YouTube-Download-0.39.tar.gz
# X/XE/XENU/Business-PL-PESEL-0.05.tar.gz
# B/BB/BBIMBER/Labkey-Query-1.02.tar.gz
# P/PS/PSHANGOV/MooseX-Params-0.007.tar.gz
# R/RO/ROCKY/Devel-Trepan-Shell-1.1.tar.gz
# M/MA/MALLEN/Authen-HTTP-Signature-0.02.tar.gz
# R/RW/RWSTAUNER/Time-Stamp-1.003.tar.gz
# G/GP/GPHAT/Dist-Zilla-Plugin-ChangelogFromGit-Debian-0.06.tar.gz
# C/CF/CFAERBER/Net-IDN-Encode-2.002.tar.gz
# I/IR/IRONCAMEL/Net-OpenStack-Compute-1.0401.tar.gz
# D/DR/DROLSKY/MooseX-StrictConstructor-0.19.tar.gz
# L/LC/LCARMICH/WWW-DirectAdmin-API-0.01.tar.gz
# A/AM/AMS/Mojolicious-2.44.tar.gz
# W/WR/WREIS/Plack-Middleware-Session-RemoveCookies-0.01.tar.gz
# M/MI/MIKEM/Authen-TacacsPlus-0.22.tar.gz
# G/GE/GETTY/CPAN-Repository-0.004.tar.gz
# D/DO/DOHERTY/Pod-Weaver-Section-Availability-1.20.tar.gz
# D/DO/DOHERTY/Pod-Weaver-Section-BugsAndLimitations-1.20.tar.gz
# D/DO/DOHERTY/Pod-Weaver-PluginBundle-Author-DOHERTY-0.006.tar.gz
# D/DO/DOHERTY/Dist-Zilla-PluginBundle-Author-DOHERTY-0.25.tar.gz
# J/JJ/JJACK/Test-Mock-Alarm-0.13.tar.gz
# K/KO/KOLIBRIE/Convert-NLS_DATE_FORMAT-0.05.tar.gz
# N/NH/NHEINRIC/WebService-MyGengo-0.012.tar.gz
# A/AS/ASKADNA/WebService-Dropbox-1.05.tar.gz
# C/CJ/CJFIELDS/Bio-EUtilities-1.72.tar.gz
# M/MI/MITHUN/URI-Encode-0.06.tar.gz
# A/AM/AMS/Math-Random-MT-1.13.tar.gz
# I/IR/IRONCAMEL/Net-OpenStack-Attack-1.0100.tar.gz
# A/AB/ABH/Mozilla-CA-20120118.tar.gz
# D/DR/DRBEAN/App-Nopaste-Service-Hpaste-0.03.tar.gz
# B/BR/BRADH/HTML-JQuery-0.002.tar.gz
# M/MA/MARKF/String-Fraction-0.30.tar.gz
# O/OK/OKKO/Catalyst-Controller-MovableType-0.004.tar.gz
# N/NO/NOUDARD/DBIx-Class-Result-ExternalAttribute-0.05.tar.gz
# C/CL/CLKAO/Finance-TW-TAIFEX-0.36.tar.gz
# N/NO/NOUDARD/DBIx-Class-Result-Validation-0.09.tar.gz
# A/AL/ALUCAS/Criteria-Compile-0.042.tar.gz
# V/VO/VOJ/Test-JSON-Entails-0.1.tar.gz
# S/SH/SHOOTNIX/Mojolicious-Plugin-AnyData-1.20.tar.gz
# I/IN/INTERMINE/InterMine-Model-0.9900.tar.gz
# P/PA/PATCH/Unicode-Util-0.03.tar.gz
# S/SJ/SJN/CPAN-Mini-FromList-0.05.tar.gz
# I/IN/INTERMINE/Webservice-InterMine-0.9910.tar.gz
# T/TO/TOBYINK/Module-Install-DOAPChangeSets-0.202.tar.gz
# A/AM/AMBS/Lingua-Jspell-1.81.tar.gz
# T/TO/TOBYINK/HTML-HTML5-Parser-0.108.tar.gz
# K/KI/KIMOTO/Validator-Custom-0.1426.tar.gz
# V/VO/VOEGELAS/CPANPLUS-Dist-Slackware-0.03.tar.gz
t/04_live_ftp_rss.t .... ok
# A/AB/ABH/Mozilla-CA-20120118.tar.gz
# A/AB/ABW/Badger-0.08.tar.gz
# A/AD/ADAMK/FBP-Perl-0.74.tar.gz
# A/AD/ADAMK/FBP-Perl-0.75.tar.gz
# A/AF/AFF/Parse-Dia-SQL-0.18.tar.gz
# A/AG/AGORDON/Authen-ModAuthToken-0.03.tar.gz
# A/AK/AKHUETTEL/Lab-Measurement-2.94.tar.gz
# A/AL/ALEC/Text-ASCIITable-TW-0.04.tar.gz
# A/AL/ALEXBIO/Algorithm-URL-Shorten-0.06.tar.gz
# A/AL/ALEXBYK/WWW-Yandex-BarTIC-0.04.tar.gz
# A/AL/ALEXM/URI-imaps-1.02.tar.gz
# A/AL/ALUCAS/Criteria-Compile-0.041.tar.gz
# A/AM/AMBS/Benchmark/Benchmark-Apps-0.04.tar.gz
# A/AM/AMBS/Lingua/Lingua-Identify-CLD-0.02.tar.gz
# A/AM/AMBS/Lingua/Lingua-Identify-CLD-0.03_01.tar.gz
# A/AM/AMBS/Text/Text-BibTeX-0.62.tar.gz
# A/AM/AMS/Math-Random-MT-1.13.tar.gz
# A/AM/AMS/Mojolicious-2.44.tar.gz
# A/AN/ANAZAWA/Blosxom-Header-0.01006.tar.gz
# A/AP/APLA/DBI-Easy-0.24.tar.gz
# A/AP/APLA/Web-App-1.21.tar.gz
# A/AQ/AQUILINA/Stringify-Deep-0.02.tar.gz
# A/AR/ARJONES/App-gcal-1.120110.tar.gz
# A/AR/ARJONES/Dist-Zilla-PluginBundle-ARJONES-1.120110.tar.gz
# A/AS/ASKADNA/WebService-Dropbox-1.05.tar.gz
# A/AU/AUBERTG/Email-ExactTarget-1.2.0.tar.gz
# A/AU/AUBERTG/Test-Dist-VersionSync-1.0.0.tar.gz
# A/AU/AUGIE/PowerDNS-Backend-MySQL-0.10.tar.gz
# A/AU/AUGIE/PowerDNS-Backend-MySQL-0.10a.tar.gz
# A/AU/AUGIE/PowerDNS-Control-Client-0.03.tar.gz
# A/AU/AUGIE/PowerDNS-Control-Server-0.03.tar.gz
# A/AY/AYOUNG/Config-NameValue-1.01.tar.gz
# A/AZ/AZAWAWI/Padre-Plugin-PerlTidy-0.21.tar.gz
# B/BB/BBIMBER/Labkey-Query-1.02.tar.gz
# B/BH/BHILDRED/libPam-Perl-0.003.tar.gz
# B/BI/BIGPRESH/Dancer-Plugin-SimpleCRUD-0.40.tar.gz
# B/BI/BIGPRESH/HTML-Table-FromDatabase-1.03.tar.gz
# B/BI/BINGOS/POE-API-Peek-2.20.tar.gz
# B/BI/BINGOS/POE-Loop-AnyEvent-0.002.tar.gz
# B/BI/BINGOS/unless-0.02.tar.gz
# B/BO/BOBTFISH/MooseX-MethodAttributes-0.26.tar.gz
# B/BO/BOOK/Devel-TraceUse-2.06.tar.gz
# B/BO/BOWTIE/Debug-Client-0.17_05.tar.gz
# B/BR/BRADH/HTML-JQuery-0.001.tar.gz
# B/BR/BRAINBUZ/String-Validator-0.90.tar.gz
# B/BR/BRAINBUZ/String-Validator-Password-0.90.tar.gz
# C/CF/CFAERBER/Net-IDN-Encode-2.001.tar.gz
# C/CF/CFAERBER/Net-IDN-Encode-2.002.tar.gz
# C/CH/CHENGANG/Mediainfo-0.07.tar.gz
# C/CH/CHENGANG/System-Timeout-0.07.tar.gz
# C/CH/CHIBA/SQL-Maker-1.04.tar.gz
# C/CH/CHM/PDL-2.4.9_994.tar.gz
# C/CH/CHRISA/Net-SAML2-0.17.tar.gz
# C/CJ/CJFIELDS/Bio-EUtilities-1.70-TRIAL.tar.gz
# C/CJ/CJFIELDS/Bio-EUtilities-1.71.tar.gz
# C/CJ/CJFIELDS/Bio-EUtilities-1.72.tar.gz
# C/CJ/CJM/Win32-IPC-1.09.tar.gz
# C/CO/CORION/HTML-Selector-XPath-0.13.tar.gz
# C/CO/CORION/HTML-Selector-XPath-0.14.tar.gz
# C/CO/CORNELIUS/App-RepoSync-0.01.tar.gz
# C/CO/CORNELIUS/App-RepoSync-0.02.tar.gz
# C/CO/CORNELIUS/App-RepoSync-0.03.tar.gz
# C/CO/CORNELIUS/App-gh-0.57.tar.gz
# C/CO/COSIMO/HTTP-DAV-0.46.tar.gz
# D/DA/DAGOLDEN/Dist-Zilla-Plugin-Twitter-0.014.tar.gz
# D/DA/DAGOLDEN/Pantry-0.001.tar.gz
# D/DA/DAM/DhMakePerl-0.75.tar.gz
# D/DA/DAMOG/Data-Format-HTML-0.5.1.tar.gz
# D/DA/DATA/Nagios-Passive-v0.3.0.tar.gz
# D/DA/DATA/Nagios-Passive-v0.3.1.tar.gz
# D/DA/DAVIDO/Inline-CPP-0.33_004.tar.gz
# D/DJ/DJERIUS/App-Env-0.25.tar.gz
# D/DJ/DJZORT/Net-DHCP-0.672.tar.gz
# D/DJ/DJZORT/Net-DHCP-0.68.tar.gz
# D/DM/DMAKI/ZeroMQ-0.20.tar.gz
# D/DM/DMUEY/Locale-Maketext-Utils-0.20.tar.gz
# D/DO/DOHERTY/Dist-Zilla-PluginBundle-Author-DOHERTY-0.25.tar.gz
# D/DO/DOHERTY/Pod-Weaver-PluginBundle-Author-DOHERTY-0.001.tar.gz
# D/DO/DOHERTY/Pod-Weaver-PluginBundle-Author-DOHERTY-0.006.tar.gz
# D/DO/DOHERTY/Pod-Weaver-Section-Availability-1.102571.tar.gz
# D/DO/DOHERTY/Pod-Weaver-Section-Availability-1.20.tar.gz
# D/DO/DOHERTY/Pod-Weaver-Section-BugsAndLimitations-1.20.tar.gz
# D/DO/DOLMEN/Dist-Zilla-Plugin-Version-FromSubversion-1.000019.tar.gz
# D/DO/DOMM/App-TimeTracker-2.017.tar.gz
# D/DO/DOUGW/Spreadsheet-ParseExcel-Stream-0.06.tar.gz
# D/DR/DROLSKY/MooseX-StrictConstructor-0.19.tar.gz
# D/DW/DWHEELER/Text-Markup-0.15.tar.gz
# F/FA/FALCONE/RT-Extension-QuickDelete-0.05.tar.gz
# F/FA/FASTLY/Net-Fastly-0.96.tar.gz
# F/FR/FREDERICD/Koha-Contrib-Tamil-0.009.tar.gz
# F/FR/FREDERICD/Koha-Contrib-Tamil-0.010.tar.gz
# F/FR/FREDERICD/Koha-Contrib-Tamil-0.011.tar.gz
# F/FR/FROGGS/Alien-Box2D-0.104.tar.gz
# G/GA/GAISSMAI/Net-SNMP-Mixin-CiscoDot1qVlanStaticTrunks-0.01.tar.gz
# G/GA/GAVINC/HTML-Tabulate-0.40.tar.gz
# G/GE/GETTY/CPAN-Repository-0.001.tar.gz
# G/GE/GETTY/CPAN-Repository-0.002.tar.gz
# G/GE/GETTY/CPAN-Repository-0.003.tar.gz
# G/GE/GETTY/CPAN-Repository-0.004.tar.gz
# G/GE/GETTY/Dist-Data-0.001.tar.gz
# G/GE/GETTY/Dist-Data-0.002.tar.gz
# G/GO/GOMOR/Net-Frame-1.08.tar.gz
# G/GP/GPHAT/Dist-Zilla-Plugin-ChangelogFromGit-Debian-0.06.tar.gz
# G/GR/GRAY/POSIX-RT-Spawn-0.01.tar.gz
# G/GR/GRAY/POSIX-RT-Spawn-0.02.tar.gz
# G/GR/GRAY/POSIX-RT-Spawn-0.03.tar.gz
# G/GR/GRAY/POSIX-RT-Spawn-0.04.tar.gz
# G/GR/GRAY/Text-Dice-0.01.tar.gz
# G/GR/GRIAN/Algorithm-TSort-0.03.tar.gz
# G/GR/GRIAN/Algorithm-TSort-0.04.tar.gz
# G/GS/GSULLIVAN/Verilog-VCD-0.02.tar.gz
# G/GS/GSULLIVAN/Verilog-VCD-0.03.tar.gz
# G/GU/GUGOD/Markapl-0.14.tar.gz
# H/HE/HEYTRAV/ParseUtil-Domain-2.10.tar.gz
# I/IO/IOANR/App-FastishCGI-0.002.tar.gz
# I/IO/IOANR/Dist-Zilla-Plugin-ChangelogFromGit-CPAN-Changes-0.0.1.tar.gz
# I/IR/IRONCAMEL/Net-OpenStack-Attack-1.0100.tar.gz
# I/IR/IRONCAMEL/Net-OpenStack-Compute-1.0400.tar.gz
# I/IR/IRONCAMEL/Net-OpenStack-Compute-1.0401.tar.gz
# J/JA/JAITKEN/Dancer-Template-MicroTemplate-0.1.0.tar.gz
# J/JA/JAITKEN/Dancer-Template-MicroTemplate-0.2.0.tar.gz
# J/JA/JAITKEN/Dancer-Template-MicroTemplate-1.0.0.tar.gz
# J/JB/JBERGER/Module-UseFrom-0.03_001.tar.gz
# J/JF/JFRIED/Rex-0.22.0.tar.gz
# J/JF/JFRIED/Rex-0.23.0.tar.gz
# J/JJ/JJACK/Test-Mock-Alarm-0.12.tar.gz
# J/JJ/JJACK/Test-Mock-Alarm-0.13.tar.gz
# J/JJ/JJNAPIORK/MooseX-Attribute-ENV-0.02.tar.gz
# J/JK/JKEGL/Marpa-R2-0.001_018.tar.gz
# J/JL/JLLOYD/WebService-SendGrid-1.0.tar.gz
# J/JO/JOHND/AWS-S3-0.025.tar.gz
# J/JO/JOSEPHW/XML-Writer-0.615.tar.gz
# J/JS/JSOBRIER/Net-Google-SafeBrowsing2-1.05.tar.gz
# J/JS/JSOBRIER/WebService-Browshot-1.4.0.tar.gz
# J/JV/JV/App-Music-PlayTab-2.023.tar.gz
# K/KA/KARASIK/IO-Lambda-1.22.tar.gz
# K/KA/KARMAN/Catalyst-Authentication-AuthTkt-0.12.tar.gz
# K/KA/KARMAN/SWISH-Prog-KSx-0.20.tar.gz
# K/KA/KARMAN/Search-Tools-0.67.tar.gz
# K/KA/KARMAN/Search-Tools-0.68.tar.gz
# K/KA/KAZEBURO/Plack-Middleware-ServerStatus-Lite-0.03.tar.gz
# K/KA/KAZEBURO/Plack-Middleware-ServerStatus-Lite-y.tar.gz
# K/KI/KIMOTO/DBIx-Custom-0.2105.tar.gz
# K/KO/KOLIBRIE/Convert-NLS_DATE_FORMAT-0.04.tar.gz
# K/KO/KOLIBRIE/Convert-NLS_DATE_FORMAT-0.05.tar.gz
# K/KR/KRYDE/Math-PlanePath-64.tar.gz
# K/KR/KRYDE/math-image-90.tar.gz
# L/LA/LAJANDY/Helios-2.31_0231.tar.gz
# L/LA/LAJANDY/HeliosX-Logger-File-0.01_0232.tar.gz
# L/LC/LCARMICH/WWW-DirectAdmin-API-0.01.tar.gz
# L/LE/LEONT/Dist-Zilla-PluginBundle-LEONT-XS-0.004.tar.gz
# L/LE/LEONT/File-Map-0.41.tar.gz
# L/LE/LEV/REST-Client-Simple-0.1.tar.gz
# L/LE/LEV/WWW-BTjunkie-0.01.tar.gz
# L/LG/LGODDARD/Image-Magick-Thumbnail-0.06e.tar.gz
# L/LI/LIFEGUARD/MediaWiki-Bot-3.004003.tar.gz
# M/MA/MALLEN/Authen-HTTP-Signature-0.01.tar.gz
# M/MA/MALLEN/Authen-HTTP-Signature-0.02.tar.gz
# M/MA/MALLEN/Convert-SSH2-0.01.tar.gz
# M/MA/MARKF/Test-DoubleEncodedEntities-2.00.tar.gz
# M/MA/MARKOV/MIME-Types-1.33.tar.gz
# M/MA/MARKOV/MIME-Types-1.34.tar.gz
# M/MA/MAROS/Games-Lacuna-Task-2.00.tar.gz
# M/MA/MASSYN/Auth-Yubikey_WebClient-2.01.tar.gz
# M/ME/MELEZHIK/Bundler-v0.0.29.tar.gz
# M/ME/MELEZHIK/Bundler-v0.0.30.tar.gz
# M/ME/MELO/Redis-1.926.tar.gz
# M/MG/MGOULD/Games-Dice-Loaded-0.001.tar.gz
# M/MI/MIKEM/Authen-TacacsPlus/Authen-TacacsPlus-0.22.tar.gz
# M/MI/MINIMAL/Validate-Tiny-0.31.tar.gz
# M/MI/MINIMAL/Validate-Tiny-0.32a.tar.gz
# M/MI/MINIMAL/Validate-Tiny-0.35.tar.gz
# M/MI/MITHALDU/Parallel-Downloader-0.120120.tar.gz
# M/MI/MITHUN/URI-Encode-0.06.tar.gz
# M/ML/MLEHMANN/AnyEvent-6.13.tar.gz
# M/MN/MNF/Net-Discident-v1.0.1.tar.gz
# M/MN/MNUNBERG/Array-Assign-0.01.tar.gz
# M/MO/MOB/REST-Google-Translate2-1.0.8.tar.gz
# M/MR/MRAMBERG/Catalyst-Plugin-RequireSSL-0.07.tar.gz
# M/MR/MRUIZ/Opsview-REST-0.002.tar.gz
# M/MS/MSISK/Net-Nmsg-0.09.tar.gz
# M/MS/MSTRAT/Catalyst-View-XML-Feed-0.04.tar.gz
# M/MS/MSTRAT/Catalyst-View-XML-Feed-0.05.tar.gz
# M/MU/MURATAYA/MIME-EcoEncode-0.61.tar.gz
# N/NE/NEILB/Geo-Coder-HostIP-0.03.tar.gz
# N/NE/NEILB/Geo-Coder-HostIP-0.04.tar.gz
# N/NE/NEILB/HTML-ParseBrowser-1.01.tar.gz
# N/NE/NEILB/HTML-ParseBrowser-1.02.tar.gz
# N/NE/NEILB/HTML-ParseBrowser-1.03.tar.gz
# N/NE/NEILB/HTML-ParseBrowser-1.04.tar.gz
# N/NE/NEILB/HTTP-Client-1.52.tar.gz
# N/NH/NHEINRIC/Audio-File-Wma-0.02.tar.gz
# N/NH/NHEINRIC/Catalyst-Model-WebService-MyGengo-0.001.tar.gz
# N/NH/NHEINRIC/Catalyst-Model-WebService-MyGengo-0.002.tar.gz
# N/NH/NHEINRIC/WebService-MyGengo-0.010.tar.gz
# N/NH/NHEINRIC/WebService-MyGengo-0.011.tar.gz
# N/NH/NHEINRIC/WebService-MyGengo-0.012.tar.gz
# N/NH/NHORNE/CGI-Buffer-0.23.tar.gz
# N/NH/NHORNE/CGI-Info-0.17.tar.gz
# N/NH/NHORNE/HTML-SocialMedia-0.15.tar.gz
# N/NI/NIXUS/Stuff-0.0.10.tar.gz
# N/NO/NOBODY/KinoSearchX-Simple-0.11.tar.gz
# N/NO/NOBODY/LucyX-Simple-0.001.tar.gz
# N/NO/NOBODY/LucyX-Simple-0.002.tar.gz
# N/NO/NORBU/Data-Validate-Common-0.3.tar.gz
# N/NO/NORBU/Store-CouchDB-2.0.tar.gz
# N/NX/NXADM/App-Unix-RPasswd-0.40.tar.gz
# O/OD/ODYNIEC/Dancer-Plugin-Auth-Htpasswd-0.012.tar.gz
# O/OL/OLEG/AnyEvent-Whois-Raw-0.04.tar.gz
# P/PA/PATCH/Unicode-Util-0.01.tar.gz
# P/PA/PATCH/Unicode-Util-0.02.tar.gz
# P/PE/PERLER/ElasticSearchX-Model-0.0.5.tar.gz
# P/PE/PERLER/ElasticSearchX-Model-0.1.0.tar.gz
# P/PE/PERLER/MooseX-Attribute-Chained-1.0.1.tar.gz
# P/PE/PERLER/Pod-Browser-1.0.1.tar.gz
# P/PF/PFEIFFER/makepp-2.0rc2.tgz
# P/PL/PLU/Gearman-Driver-0.02006.tar.gz
# P/PS/PSHANGOV/MooseX-Params-0.006.tar.gz
# P/PS/PSHANGOV/MooseX-Params-0.007.tar.gz
# P/PY/PYTHIAN/DBD-Oracle-1.38.tar.gz
# R/RC/RCLAMP/Net-DAAP-DMAP-1.27.tar.gz
# R/RE/REEDFISH/Term-Menus-2.05.tar.gz
# R/RE/REEDFISH/Term-Menus-2.06.tar.gz
# R/RE/REEDFISH/Term-Menus-2.07.tar.gz
# R/RE/REVMISCHA/Web-Hippie-PubSub-0.04.tar.gz
# R/RE/REVMISCHA/Web-Hippie-PubSub-0.05.tar.gz
# R/RE/REVMISCHA/Web-Hippie-PubSub-0.06.tar.gz
# R/RH/RHOELZ/Plack-Middleware-Recorder-0.03.tar.gz
# R/RI/RIBASUSHI/Test-EOL-1.1.tar.gz
# R/RJ/RJBS/Email-Address-1.894.tar.gz
# R/RJ/RJBS/Email-Address-1.895.tar.gz
# R/RJ/RJRAY/Test-AgainstSchema-0.100.tar.gz
# R/RO/ROCKY/Devel-Trepan-Disassemble-1.0.tar.gz
# R/RO/ROCKY/Devel-Trepan-Shell-1.0.tar.gz
# R/RO/ROCKY/Devel-Trepan-Shell-1.1.tar.gz
# R/RO/ROCKY/Devel-Trepan-v0.1.9.tar.gz
# R/RO/ROCKY/Task-Trepan-1.0.tar.gz
# R/RO/ROCKY/Task-Trepan-1.1.tar.gz
# R/RS/RSHADOW/Nginx-Module-Gallery-0.2.0.tar.gz
# R/RS/RSHADOW/Nginx-Module-Gallery-0.2.1.tar.gz
# R/RS/RSHADOW/Nginx-Module-Gallery-0.2.2.tar.gz
# R/RS/RSIMOES/WWW-eNom-v1.0.6.tar.gz
# R/RT/RTHOMPSON/Dist-Zilla-Plugin-ReadmeAnyFromPod-0.120120.tar.gz
# R/RT/RTHOMPSON/Dist-Zilla-Plugin-ReadmeMarkdownFromPod-0.120120.tar.gz
# R/RT/RTHOMPSON/Dist-Zilla-PluginBundle-Author-RTHOMPSON-0.120160.tar.gz
# R/RT/RTHOMPSON/Dist-Zilla-PluginBundle-RTHOMPSON-0.120120.tar.gz
# R/RW/RWSTAUNER/Time-Stamp-1.003.tar.gz
# S/SA/SALVA/Linux-Proc-Mounts-0.01.tar.gz
# S/SA/SALVA/Linux-Proc-Net-TCP-0.05.tar.gz
# S/SA/SALVA/Math-Int128-0.06_02.tar.gz
# S/SA/SALVA/Math-Int128-0.06_03.tar.gz
# S/SA/SARGIE/Test-BDD-Cucumber-0.04.tar.gz
# S/SA/SARTAK/MooseX-Role-Parameterized-1.00.tar.gz
# S/SA/SAXJAZMAN/RT/RT-IODEF-0.07.tar.gz
# S/SA/SAXJAZMAN/RT/RT-IODEF-0.08.tar.gz
# S/SA/SAXJAZMAN/cif/CIF-Client-0.02.tar.gz
# S/SA/SAXJAZMAN/cif/CIF-Client-0.02_01.tar.gz
# S/SB/SBECK/Date-Manip-6.30.tar.gz
# S/SC/SCHWIGON/perl-formance/Benchmark-Perl-Formance-Cargo-0.03.tar.gz
# S/SH/SHARYANTO/Riap-1.1.2.tar.gz
# S/SH/SHARYANTO/Rinci-1.1.0.tar.gz
# S/SH/SHARYANTO/Rinci-1.1.1.tar.gz
# S/SH/SHARYANTO/Rinci-HTTP-1.1.0.tar.gz
# S/SH/SHARYANTO/Rinci-HTTP-1.1.1.tar.gz
# S/SH/SHARYANTO/Sub-Spec-1.0.6.tar.gz
# S/SH/SHARYANTO/Sub-Spec-1.0.7.tar.gz
# S/SH/SHARYANTO/Sub-Spec-BashComplete-0.19.tar.gz
# S/SH/SHARYANTO/Sub-Spec-Clause-drops_privilege-0.03.tar.gz
# S/SH/SHARYANTO/Sub-Spec-Examples-0.06.tar.gz
# S/SH/SHARYANTO/Sub-Spec-HTTP-1.0.3.tar.gz
# S/SH/SHARYANTO/Sub-Spec-Object-0.04.tar.gz
# S/SH/SHARYANTO/Sub-Spec-To-POD-0.19.tar.gz
# S/SH/SHARYANTO/Sub-Spec-To-POD-0.20.tar.gz
# S/SH/SHARYANTO/Sub-Spec-To-Pod-0.21.tar.gz
# S/SH/SHLOMIF/XML-LibXSLT-1.76.tar.gz
# S/SK/SKA/Net-ManageSieve-0.12.tar.gz
# S/SL/SLAFFAN/Bundle-Biodiverse-0.16.tar.gz
# S/SL/SLAFFAN/Bundle-BiodiverseNoGUI-0.16.tar.gz
# S/SM/SMUELLER/Dumbbench-0.07.tar.gz
# S/SM/SMUELLER/Statistics-CaseResampling-0.09.tar.gz
# S/SO/SORTIZ/JSPL-1.07.tar.gz
# S/ST/STANS/WebService-Linode-0.06.tar.gz
# S/ST/STEFFENW/PPM-Test-HexDifferences-0.002.tar.gz
# S/ST/STEFFENW/Test-HexDifferences-0.001.tar.gz
# S/ST/STEFFENW/Test-HexDifferences-0.002.tar.gz
# S/SW/SWINED/Attribute-Args-0.04.tar.gz
# T/TI/TIMOS/Net-CSTAv3-Client-0.06.tar.gz
# T/TL/TLINDEN/Dancer-Plugin-HTML-FormDj-0.01.tar.gz
# T/TL/TLINDEN/HTML-FormsDj-0.02.tar.gz
# T/TL/TLINDEN/HTML-FormsDj-0.03.tar.gz
# T/TO/TOBYINK/HTML-HTML5-Entities-0.002.tar.gz
# T/TO/TOBYINK/JSON-JOM-0.501.tar.gz
# T/TO/TOBYINK/Web-Magic-0.005.tar.gz
# T/TO/TOBYINK/Web-Magic-0.006.tar.gz
# T/TO/TOBYINK/XML-LibXML-QuerySelector-0.003.tar.gz
# T/TO/TODDR/Locale-Maketext-1.22.tar.gz
# T/TP/TPEDERSE/Text-NSP-1.25.tar.gz
# T/TS/TSCH/Gtk3-0.003.tar.gz
# U/UW/UWES/Parse-CSV-Colnames-0.05.tar.gz
# V/VO/VOEGELAS/CPANPLUS-Dist-Slackware-0.01.tar.gz
# V/VO/VOJ/Plack-App-DAIA-0.41.tar.gz
# V/VT/VTI/App-TLSMe-0.009004.tar.gz
# W/WR/WREIS/Plack-Middleware-RequestHeaders-0.01.tar.gz
# W/WR/WREIS/Plack-Middleware-RequestHeaders-0.02.tar.gz
# W/WR/WREIS/Plack-Middleware-Session-RemoveCookies-0.01.tar.gz
# W/WR/WROG/Net-OAuth2-Scheme-0.03.tar.gz
# W/WS/WSNYDER/IPC-Locker-1.489.tar.gz
# W/WY/WYANT/Astro-App-Satpass2-0.000_36.tar.gz
# W/WY/WYANT/Astro-App-Satpass2-0.000_37.tar.gz
# X/XA/XAICRON/App-envfile-0.05.tar.gz
# X/XA/XAICRON/WWW-YouTube-Download-0.39.tar.gz
# X/XE/XENO/MooseX-AbstractFactory-0.003003.tar.gz
# X/XE/XENU/Business-PL-PESEL-0.01-withoutworldwriteables.tar.gz
# X/XE/XENU/Business-PL-PESEL-0.01.tar.gz
# X/XE/XENU/Business-PL-PESEL-0.02.tar.gz
# X/XE/XENU/Business-PL-PESEL-0.03.tar.gz
# X/XE/XENU/Business-PL-PESEL-0.04.tar.gz
# X/XE/XENU/Business-PL-PESEL-0.05.tar.gz
# Y/YA/YANICK/Dancer-Template-TemplateDeclare-0.1.1.tar.gz
# Y/YS/YSIMONX/WWW-RobotRules-Extended-0.02.tar.gz
# Z/ZA/ZAG/Plosurin-v0.1.1.tar.gz
# Z/ZP/ZPMORGAN/AI-Nerl-0.001-TRIAL.tar.gz
# Z/ZP/ZPMORGAN/AI-Nerl-0.02.tar.gz
# Z/ZP/ZPMORGAN/AI-Nerl-0.03.tar.gz
# Z/ZW/ZWON/RedisDB-0.27.tar.gz
# Z/ZW/ZWON/RedisDB-0.28_1.tar.gz
# Z/ZW/ZWON/RedisDB-0.29.tar.gz
t/05_live_http.t ....... ok
# M/MA/MARKF/Test-DoubleEncodedEntities-2.00.tar.gz
# N/NI/NIXUS/Stuff-0.0.10.tar.gz
# X/XE/XENO/MooseX-AbstractFactory-0.003003.tar.gz
# D/DW/DWHEELER/Text-Markup-0.15.tar.gz
# U/UW/UWES/Parse-CSV-Colnames-0.05.tar.gz
# A/AU/AUGIE/PowerDNS-Backend-MySQL-0.10a.tar.gz
# A/AU/AUGIE/PowerDNS-Control-Server-0.03.tar.gz
# A/AU/AUGIE/PowerDNS-Control-Client-0.03.tar.gz
# D/DJ/DJZORT/Net-DHCP-0.68.tar.gz
# M/MN/MNUNBERG/Array-Assign-0.01.tar.gz
# C/CO/CORNELIUS/App-gh-0.57.tar.gz
# S/SA/SARGIE/Test-BDD-Cucumber-0.04.tar.gz
# S/ST/STEFFENW/Test-HexDifferences-0.001.tar.gz
# G/GO/GOMOR/Net-Frame-1.08.tar.gz
# Y/YS/YSIMONX/WWW-RobotRules-Extended-0.02.tar.gz
# K/KA/KARASIK/IO-Lambda-1.22.tar.gz
# M/MN/MNF/Net-Discident-v1.0.1.tar.gz
# L/LE/LEONT/Dist-Zilla-PluginBundle-LEONT-XS-0.004.tar.gz
# L/LE/LEONT/File-Map-0.41.tar.gz
# S/SW/SWINED/Attribute-Args-0.04.tar.gz
# K/KI/KIMOTO/DBIx-Custom-0.2105.tar.gz
# P/PE/PERLER/MooseX-Attribute-Chained-1.0.1.tar.gz
# D/DA/DATA/Nagios-Passive-v0.3.1.tar.gz
# W/WR/WREIS/Plack-Middleware-RequestHeaders-0.02.tar.gz
# M/MR/MRAMBERG/Catalyst-Plugin-RequireSSL-0.07.tar.gz
# C/CJ/CJM/Win32-IPC-1.09.tar.gz
# B/BO/BOOK/Devel-TraceUse-2.06.tar.gz
# A/AL/ALEXBYK/WWW-Yandex-BarTIC-0.04.tar.gz
# N/NO/NOBODY/KinoSearchX-Simple-0.11.tar.gz
# L/LI/LIFEGUARD/MediaWiki-Bot-3.004003.tar.gz
# B/BR/BRAINBUZ/String-Validator-Password-0.90.tar.gz
# B/BR/BRAINBUZ/String-Validator-0.90.tar.gz
# T/TO/TODDR/Locale-Maketext-1.22.tar.gz
# S/SL/SLAFFAN/Bundle-Biodiverse-0.16.tar.gz
# S/SL/SLAFFAN/Bundle-BiodiverseNoGUI-0.16.tar.gz
# G/GE/GETTY/Dist-Data-0.002.tar.gz
# N/NE/NEILB/Geo-Coder-HostIP-0.04.tar.gz
# S/SM/SMUELLER/Dumbbench-0.07.tar.gz
# Z/ZW/ZWON/RedisDB-0.29.tar.gz
# N/NE/NEILB/HTTP-Client-1.52.tar.gz
# Y/YA/YANICK/Dancer-Template-TemplateDeclare-0.1.1.tar.gz
# T/TP/TPEDERSE/Text-NSP-1.25.tar.gz
# A/AM/AMBS/Benchmark-Apps-0.04.tar.gz
# O/OL/OLEG/AnyEvent-Whois-Raw-0.04.tar.gz
# D/DA/DAM/DhMakePerl-0.75.tar.gz
# R/RJ/RJBS/Email-Address-1.895.tar.gz
# S/ST/STEFFENW/Test-HexDifferences-0.002.tar.gz
# G/GA/GAVINC/HTML-Tabulate-0.40.tar.gz
# O/OD/ODYNIEC/Dancer-Plugin-Auth-Htpasswd-0.012.tar.gz
# K/KA/KAZEBURO/Plack-Middleware-ServerStatus-Lite-0.03.tar.gz
# N/NE/NEILB/HTML-ParseBrowser-1.04.tar.gz
# R/RT/RTHOMPSON/Dist-Zilla-PluginBundle-Author-RTHOMPSON-0.120160.tar.gz
# K/KA/KARMAN/Search-Tools-0.68.tar.gz
# M/MO/MOB/REST-Google-Translate2-1.0.8.tar.gz
# T/TI/TIMOS/Net-CSTAv3-Client-0.06.tar.gz
# S/SM/SMUELLER/Statistics-CaseResampling-0.09.tar.gz
# C/CH/CHENGANG/System-Timeout-0.07.tar.gz
# C/CH/CHENGANG/Mediainfo-0.07.tar.gz
# R/RI/RIBASUSHI/Test-EOL-1.1.tar.gz
# R/RC/RCLAMP/Net-DAAP-DMAP-1.27.tar.gz
# R/RO/ROCKY/Devel-Trepan-v0.1.9.tar.gz
# R/RS/RSIMOES/WWW-eNom-v1.0.6.tar.gz
# J/JO/JOSEPHW/XML-Writer-0.615.tar.gz
# R/RO/ROCKY/Devel-Trepan-Disassemble-1.0.tar.gz
# M/MI/MINIMAL/Validate-Tiny-0.35.tar.gz
# S/SA/SAXJAZMAN/RT-IODEF-0.08.tar.gz
# J/JV/JV/App-Music-PlayTab-2.023.tar.gz
# G/GR/GRIAN/Algorithm-TSort-0.04.tar.gz
# A/AL/ALEXBIO/Algorithm-URL-Shorten-0.06.tar.gz
# G/GR/GRAY/Text-Dice-0.01.tar.gz
# R/RJ/RJRAY/Test-AgainstSchema-0.100.tar.gz
# C/CO/CORION/HTML-Selector-XPath-0.14.tar.gz
# B/BI/BIGPRESH/HTML-Table-FromDatabase-1.03.tar.gz
# B/BI/BIGPRESH/Dancer-Plugin-SimpleCRUD-0.40.tar.gz
# T/TO/TOBYINK/HTML-HTML5-Entities-0.002.tar.gz
# R/RO/ROCKY/Task-Trepan-1.1.tar.gz
# R/RE/REVMISCHA/Web-Hippie-PubSub-0.06.tar.gz
# F/FA/FASTLY/Net-Fastly-0.96.tar.gz
# M/MA/MALLEN/Convert-SSH2-0.01.tar.gz
# D/DM/DMUEY/Locale-Maketext-Utils-0.20.tar.gz
# N/NH/NHEINRIC/Catalyst-Model-WebService-MyGengo-0.002.tar.gz
# A/AU/AUBERTG/Email-ExactTarget-1.2.0.tar.gz
# S/SH/SHARYANTO/Sub-Spec-Examples-0.06.tar.gz
# S/SH/SHARYANTO/Sub-Spec-Object-0.04.tar.gz
# S/SH/SHARYANTO/Sub-Spec-To-POD-0.20.tar.gz
# S/SH/SHARYANTO/Sub-Spec-To-Pod-0.21.tar.gz
# R/RE/REEDFISH/Term-Menus-2.07.tar.gz
# M/ME/MELEZHIK/Bundler-v0.0.30.tar.gz
# T/TO/TOBYINK/XML-LibXML-QuerySelector-0.003.tar.gz
# N/NH/NHEINRIC/Audio-File-Wma-0.02.tar.gz
# A/AN/ANAZAWA/Blosxom-Header-0.01006.tar.gz
# T/TO/TOBYINK/JSON-JOM-0.501.tar.gz
# S/SH/SHARYANTO/Sub-Spec-1.0.7.tar.gz
# S/SH/SHARYANTO/Sub-Spec-BashComplete-0.19.tar.gz
# S/SH/SHARYANTO/Sub-Spec-Clause-drops_privilege-0.03.tar.gz
# L/LE/LEV/REST-Client-Simple-0.1.tar.gz
# L/LE/LEV/WWW-BTjunkie-0.01.tar.gz
# S/SH/SHARYANTO/Sub-Spec-HTTP-1.0.3.tar.gz
# G/GS/GSULLIVAN/Verilog-VCD-0.03.tar.gz
# S/SC/SCHWIGON/Benchmark-Perl-Formance-Cargo-0.03.tar.gz
# X/XA/XAICRON/WWW-YouTube-Download-0.39.tar.gz
# X/XE/XENU/Business-PL-PESEL-0.05.tar.gz
# B/BB/BBIMBER/Labkey-Query-1.02.tar.gz
# P/PS/PSHANGOV/MooseX-Params-0.007.tar.gz
# R/RO/ROCKY/Devel-Trepan-Shell-1.1.tar.gz
# M/MA/MALLEN/Authen-HTTP-Signature-0.02.tar.gz
# R/RW/RWSTAUNER/Time-Stamp-1.003.tar.gz
# G/GP/GPHAT/Dist-Zilla-Plugin-ChangelogFromGit-Debian-0.06.tar.gz
# C/CF/CFAERBER/Net-IDN-Encode-2.002.tar.gz
# I/IR/IRONCAMEL/Net-OpenStack-Compute-1.0401.tar.gz
# D/DR/DROLSKY/MooseX-StrictConstructor-0.19.tar.gz
# L/LC/LCARMICH/WWW-DirectAdmin-API-0.01.tar.gz
# W/WR/WREIS/Plack-Middleware-Session-RemoveCookies-0.01.tar.gz
# M/MI/MIKEM/Authen-TacacsPlus-0.22.tar.gz
# G/GE/GETTY/CPAN-Repository-0.004.tar.gz
# D/DO/DOHERTY/Pod-Weaver-Section-Availability-1.20.tar.gz
# D/DO/DOHERTY/Pod-Weaver-Section-BugsAndLimitations-1.20.tar.gz
# D/DO/DOHERTY/Pod-Weaver-PluginBundle-Author-DOHERTY-0.006.tar.gz
# D/DO/DOHERTY/Dist-Zilla-PluginBundle-Author-DOHERTY-0.25.tar.gz
# J/JJ/JJACK/Test-Mock-Alarm-0.13.tar.gz
# K/KO/KOLIBRIE/Convert-NLS_DATE_FORMAT-0.05.tar.gz
# N/NH/NHEINRIC/WebService-MyGengo-0.012.tar.gz
# A/AS/ASKADNA/WebService-Dropbox-1.05.tar.gz
# C/CJ/CJFIELDS/Bio-EUtilities-1.72.tar.gz
# M/MI/MITHUN/URI-Encode-0.06.tar.gz
# A/AM/AMS/Math-Random-MT-1.13.tar.gz
# I/IR/IRONCAMEL/Net-OpenStack-Attack-1.0100.tar.gz
# A/AB/ABH/Mozilla-CA-20120118.tar.gz
# D/DR/DRBEAN/App-Nopaste-Service-Hpaste-0.03.tar.gz
# B/BR/BRADH/HTML-JQuery-0.002.tar.gz
# M/MA/MARKF/String-Fraction-0.30.tar.gz
# O/OK/OKKO/Catalyst-Controller-MovableType-0.004.tar.gz
# N/NO/NOUDARD/DBIx-Class-Result-ExternalAttribute-0.05.tar.gz
# C/CL/CLKAO/Finance-TW-TAIFEX-0.36.tar.gz
# N/NO/NOUDARD/DBIx-Class-Result-Validation-0.09.tar.gz
# A/AL/ALUCAS/Criteria-Compile-0.042.tar.gz
# V/VO/VOJ/Test-JSON-Entails-0.1.tar.gz
# S/SH/SHOOTNIX/Mojolicious-Plugin-AnyData-1.20.tar.gz
# I/IN/INTERMINE/InterMine-Model-0.9900.tar.gz
# P/PA/PATCH/Unicode-Util-0.03.tar.gz
# S/SJ/SJN/CPAN-Mini-FromList-0.05.tar.gz
# I/IN/INTERMINE/Webservice-InterMine-0.9910.tar.gz
# T/TO/TOBYINK/Module-Install-DOAPChangeSets-0.202.tar.gz
# A/AM/AMBS/Lingua-Jspell-1.81.tar.gz
# T/TO/TOBYINK/HTML-HTML5-Parser-0.108.tar.gz
# K/KI/KIMOTO/Validator-Custom-0.1426.tar.gz
# V/VO/VOEGELAS/CPANPLUS-Dist-Slackware-0.03.tar.gz
# S/SR/SRI/Mojolicious-2.45.tar.gz
# V/VO/VOJ/Plack-App-DAIA-0.42.tar.gz
# N/NH/NHORNE/CGI-Untaint-CSP-0.01.tar.gz
t/05_live_http_rss.t ... ok
# Failed test 'We got a RECENT listing'
# at t/06_cpantesters.t line 40.
# Looks like you failed 1 test of 4.
t/06_cpantesters.t .....
Dubious, test returned 1 (wstat 256, 0x100)
Failed 1/4 subtests
# A/AB/ABH/Geo-Coder-Yahoo-0.45.tar.gz
# A/AB/ABURS/DateTime-Format-Excel-0.30.tar.gz
# A/AD/ADAMK/Devel-Leak-Object-1.01.tar.gz
# A/AD/ADAMK/Module-Manifest-1.08.tar.gz
# A/AF/AFFC/Parse-Log-Smbd-0.01.tar.gz
# A/AF/AFFC/Parse-Log-Smbd-0.01_01.tar.gz
# A/AF/AFFC/Parse-Log-Smbd-0.01_02.tar.gz
# A/AF/AFFC/Parse-Log-Smbd-0.01_03.tar.gz
# A/AF/AFFC/Parse-Log-Smbd-0.01_04.tar.gz
# A/AL/ALEXBIO/TwitShell-4.08.tar.gz
# A/AL/ALFILLE/OWNet-1.20.tar.gz
# A/AL/ALINKE/Lingua-Lid-0.02.tar.gz
# A/AL/ALPHAZULU/TM-View-0.7.tar.gz
# A/AM/AMBS/Lingua/Lingua-Jspell-1.65.tar.gz
# A/AN/ANDK/Devel-SawAmpersand-0.32.tar.gz
# A/AS/ASH/Class-Discover-1.000003.tar.gz
# A/AV/AVAR/Crypt-CVS-0.02.tar.gz
# A/AV/AVAR/Dist-Zilla-PluginBundle-AVAR-0.20.tar.gz
# A/AV/AVAR/Net-FCP-Tiny-0.01.tar.gz
# A/AV/AVAR/Net-FCP-Tiny-0.02.tar.gz
# A/AV/AVAR/Net-FCP-Tiny-0.03.tar.gz
# B/BB/BBAXTER/FlatFile-DataStore-0.11.tar.gz
# B/BB/BBAXTER/FlatFile-DataStore-0.12.tar.gz
# B/BB/BBAXTER/FlatFile-DataStore-0.13.tar.gz
# B/BB/BBAXTER/FlatFile-DataStore-0.14.tar.gz
# B/BI/BIGPRESH/Dancer-Plugin-Database-0.05.tar.gz
# B/BI/BIGPRESH/Dancer-Plugin-Database-0.06.tar.gz
# B/BI/BIGPRESH/Dancer-Template-HtmlTemplate-0.04.tar.gz
# B/BI/BINGOS/Dist-Zilla-Plugin-GithubMeta-0.10.tar.gz
# B/BI/BINGOS/Dist-Zilla-PluginBundle-BINGOS-0.02.tar.gz
# B/BI/BINGOS/Dist-Zooky-0.02.tar.gz
# B/BI/BINGOS/Dist-Zooky-0.04.tar.gz
# B/BI/BINGOS/POE-Component-Client-NNTP-2.20.tar.gz
# B/BJ/BJOERN/Geo-MedianCenter-XS-0.01.tar.gz
# B/BO/BOBTFISH/Catalyst-Devel-1.28.tar.gz
# B/BO/BOBTFISH/Catalyst-Plugin-I18N-0.10.tar.gz
# B/BO/BOBTFISH/MooseX-MethodAttributes-0.23.tar.gz
# B/BO/BOOK/Git-Repository-1.01.tar.gz
# B/BO/BOOK/Git-Repository-1.02.tar.gz
# B/BO/BOOK/Git-Repository-1.03.tar.gz
# B/BR/BRICAS/Geo-IPfree-1.101650.tar.gz
# B/BR/BRICAS/WWW-Wikipedia-1.97.tar.gz
# B/BT/BTMCINNES/UMLS-Interface-0.63.tar.gz
# B/BT/BTMCINNES/UMLS-Similarity-0.57.tar.gz
# C/CA/CAMELCASE/HTML-TurboForm-0.630.tar.gz
# C/CE/CEBJYRE/Net-Google-FederatedLogin-0.4.0.tar.gz
# C/CH/CHRISA/MooseX-Types-Varchar-0.02.tar.gz
# C/CI/CINDY/Plack-Middleware-Session-SerializedCookie-1.01.tar.gz
# C/CJ/CJM/MooseX-AttributeTree-0.02.tar.gz
# C/CJ/CJM/PostScript-Report-0.07.tar.gz
# C/CS/CSTEPHENE/BioX-SeqUtils-Promoter-0.0.4.tar.gz
# C/CS/CSTEPHENE/BioX-SeqUtils-Promoter-0.0.5.tar.gz
# C/CU/CUB/Catalyst-TraitFor-Model-DBIC-Schema-ConnectInfo-Several-0.06.tar.gz
# D/DA/DAGOLDEN/CPAN-Meta-2.101670.tar.gz
# D/DA/DAGOLDEN/Capture-Tiny-0.08.tar.gz
# D/DA/DANNY/Rose-DBx-Object-Renderer-0.72.tar.gz
# D/DA/DAVIDP/Xymon-Client-0.03.tar.gz
# D/DA/DAVIDP/Xymon-Server-History-0.03.tar.gz
# D/DH/DHOUSTON/CatalystX-Controller-Pluggable-0.01.tar.gz
# D/DH/DHOUSTON/CatalystX-Controller-Pluggable-0.02.tar.gz
# D/DJ/DJIBEL/Tk-Canvas-GradientColor-1.03.tar.gz
# D/DJ/DJIBEL/Tk-Canvas-GradientColor-1.04.tar.gz
# D/DJ/DJIBEL/Tk-ColoredButton-1.00.tar.gz
# D/DJ/DJIBEL/Tk-ColoredButton-1.01.tar.gz
# D/DJ/DJIBEL/Tk-ForDummies-Graph-1.13.tar.gz
# D/DM/DMITRYNOD/AnyEvent-ImageShack-0.01.tar.gz
# D/DO/DOLMEN/Parse-nm-0.06.tar.gz
# D/DO/DOOM/Emacs-Rep-0.05.tar.gz
# D/DO/DORMANDO/Cache-Memcached-1.29.tar.gz
# D/DO/DORMANDO/Perlbal-1.76.tar.gz
# D/DO/DOY/App-Termcast-0.07.tar.gz
# D/DO/DOY/Carp-Always-Color-0.04.tar.gz
# D/DO/DOY/Dist-Zilla-PluginBundle-DOY-0.03.tar.gz
# D/DO/DOY/Moose-1.08.tar.gz
# D/DO/DOY/MooseX-Constructor-AllErrors-0.011.tar.gz
# D/DO/DOY/MooseX-NonMoose-0.09.tar.gz
# D/DO/DOY/Package-Stash-0.05.tar.gz
# D/DR/DRBEAN/Dist-Zilla-Plugin-SVK-0.02.tar.gz
# D/DR/DRBEAN/Grades-0.10.tar.gz
# D/DR/DRBEAN/Grades-0.11.tar.gz
# D/DR/DROLSKY/Fey-0.35.tar.gz
# D/DU/DUNCAND/Muldis-D-0.130.0.tar.gz
# D/DU/DUNCAND/Muldis-D-Manual-0.7.0.tar.gz
# D/DU/DUNCS/App-ClusterSSH-4.00_02.tar.gz
# D/DU/DUNCS/App-ClusterSSH-4.00_03.tar.gz
# D/DU/DUNCS/App-ClusterSSH-4.00_04.tar.gz
# D/DU/DUNCS/App-ClusterSSH-4.00_05.tar.gz
# D/DW/DWHEELER/Encode-ZapCP1252-0.31.tar.gz
# D/DW/DWHEELER/Encode-ZapCP1252-0.32.tar.gz
# E/ED/EDECA/HTTP-Parser-0.05.tar.gz
# E/EG/EGILES/X11-Terminal-0.2.tar.gz
# E/EG/EGILES/X11-Terminal-0.3.tar.gz
# E/EL/ELLIOTJS/MooseX-Getopt-Defanged-v1.17.0.tar.gz
# E/EL/ELLIOTJS/Perl-Critic-1.107_001.tar.gz
# E/EM/EMAZEP/DBIx-MultiStatementDo-0.05000.tar.gz
# E/EM/EMAZEP/SQL-SplitStatement-0.05000.tar.gz
# E/EM/EMAZEP/SQL-SplitStatement-0.05001.tar.gz
# E/EM/EMAZEP/SQL-SplitStatement-0.05002.tar.gz
# E/EM/EMAZEP/SQL-SplitStatement-0.05003.tar.gz
# F/FL/FLORA/Catalyst-Authentication-Store-DBIx-Class-0.1300.tar.gz
# F/FL/FLORA/Class-C3-0.23.tar.gz
# F/FL/FLORA/Dist-Zilla-PluginBundle-FLORA-0.12.tar.gz
# F/FL/FLORA/MooseX-Getopt-0.29.tar.gz
# F/FL/FLORA/Test-EOL-0.9.tar.gz
# F/FR/FRANCKC/Dancer-Debug-0.01.tar.gz
# F/FR/FRANCKC/Dancer-Logger-PSGI-0.02.tar.gz
# F/FR/FRANCKC/Net-Riak-0.01.tar.gz
# F/FR/FRANCKC/Net-Riak-0.02.tar.gz
# F/FR/FRANCKC/Net-Riak-0.03.tar.gz
# F/FR/FRANCKC/Net-Riak-0.04.tar.gz
# F/FR/FREW/Devel-REPL-1.003011.tar.gz
# F/FR/FRODWITH/Flea-0.02.tar.gz
# F/FR/FRODWITH/Plack-Middleware-Inline-0.01.tar.gz
# F/FR/FRODWITH/Plack-Middleware-Inline-0.02.tar.gz
# F/FS/FSEITZ/ClassLoader-1.00006.tar.gz
# G/GA/GARU/Alien-SDL-1.407.tar.gz
# G/GB/GBROWN/WWW-CNic-0.37.tar.gz
# G/GE/GENE/MIDI-Simple-Drummer-0.00_22.tar.gz
# G/GE/GENE/MIDI-Simple-Drummer-0.00_23.tar.gz
# G/GF/GFUJI/Mouse-0.61.tar.gz
# G/GF/GFUJI/Test-LeakTrace-0.11.tar.gz
# G/GF/GFUJI/Text-Xslate-0.1034.tar.gz
# G/GF/GFUJI/Text-Xslate-0.1035.tar.gz
# G/GO/GOMOR/Lib-Sonypi-0.80.tar.gz
# G/GP/GPHAT/Test-Net-RabbitMQ-0.04.tar.gz
# G/GR/GRAY/Geo-Coder-Bing-0.08.tar.gz
# G/GR/GRAY/Geo-Coder-Bing-0.09.tar.gz
# G/GR/GRAY/Geo-Coder-Mapquest-0.04.tar.gz
# G/GR/GREENBEAN/Asterisk-AMI-v0.2.0.tar.gz
# G/GU/GUGOD/Binding-0.06.tar.gz
# G/GU/GUGOD/Object-Method-0.01.tar.gz
# G/GU/GUGOD/PerlX-MethodCallWithBlock-0.05.tar.gz
# G/GW/GWILLIAMS/RDF-Trine-0.124_01.tar.gz
# G/GW/GWILLIAMS/RDF-Trine-0.124_02.tar.gz
# G/GW/GWILLIAMS/RDF-Trine-0.124_03.tar.gz
# G/GW/GWILLIAMS/RDF-Trine-0.124_04.tar.gz
# H/HI/HINRIK/grok-0.20.tar.gz
# H/HI/HINRIK/grok-0.21.tar.gz
# I/IN/INA/HP15/HP15-0.60.tar.gz
# I/IN/INA/INFORMIXV6ALS/INFORMIXV6ALS-0.60.tar.gz
# I/IN/INA/Sjis/Sjis-0.60.tar.gz
# I/IN/INGY/JSYNC-0.01.tar.gz
# I/IN/INGY/JSYNC-0.02.tar.gz
# I/IN/INGY/JSYNC-0.03.tar.gz
# I/IN/INGY/XXX-0.16.tar.gz
# J/JE/JETEVE/Class-TLB-0.01.tar.gz
# J/JF/JFITZ/List-Uniq-0.13.tar.gz
# J/JF/JFITZ/List-Uniq-0.20.tar.gz
# J/JG/JGAMBLE/Math-Polynomial-Solve-2.52.tar.gz
# J/JH/JHTHORSEN/App-Mypp-0.09.tar.gz
# J/JH/JHTHORSEN/Fuse-Template-0.02.tar.gz
# J/JH/JHTHORSEN/Fuse-Template-0.0201.tar.gz
# J/JH/JHTHORSEN/Net-ISC-DHCPd-0.06.tar.gz
# J/JH/JHTHORSEN/Net-ISC-DHCPd-0.07.tar.gz
# J/JH/JHTHORSEN/POE-Filter-DHCPd-Lease-0.0502.tar.gz
# J/JH/JHTHORSEN/SNMP-Effective-1.07.tar.gz
# J/JH/JHTHORSEN/Var-State-0.05.tar.gz
# J/JJ/JJORE/Alien-Judy-0.17.tar.gz
# J/JJ/JJORE/Alien-Judy-0.18.tar.gz
# J/JJ/JJORE/Data-Dump-Streamer-2.19.tar.gz
# J/JJ/JJORE/Data-Dump-Streamer-2.21.tar.gz
# J/JJ/JJORE/Judy-0.35.tar.gz
# J/JJ/JJORE/Judy-0.36.tar.gz
# J/JJ/JJORE/Judy-0.37.tar.gz
# J/JK/JKEGL/Marpa-0.103_001.tar.gz
# J/JK/JKEGL/Marpa-0.103_002.tar.gz
# J/JK/JKUTEJ/App-whichpm-0.02.tar.gz
# J/JK/JKUTEJ/App-whichpm-0.03.tar.gz
# J/JK/JKVA/Postscript-TextDecode-0.2.tar.gz
# J/JM/JMATES/Config-OpenSSH-Authkey-0.99.tar.gz
# J/JM/JMATES/File-AtomicWrite-1.02.tar.gz
# J/JM/JMATES/Term-CallEditor-0.60.tar.gz
# J/JM/JMGDOC/ODF-lpOD-0.110.tar.gz
# J/JN/JNW/Text-GuessEncoding-0.06.tar.gz
# J/JO/JOHAYEK/app-xlstar-1-36.tar.gz
# J/JO/JONADAB/resched-0.7.8.zip
# J/JP/JPIERCE/clobber-0.02.tgz
# J/JP/JPIERCE/clobber-0.04.tgz
# J/JP/JPIERCE/clobber-0.10_1.tgz
# J/JQ/JQUELIN/Dist-Zilla-Plugin-Git-1.101650.tar.gz
# J/JQ/JQUELIN/Dist-Zilla-Plugin-Git-1.101680.tar.gz
# J/JS/JSIRACUSA/Time-Clock-1.02.tar.gz
# J/JS/JSWARTZ/CHI-Driver-BerkeleyDB-0.02.tar.gz
# J/JS/JSWARTZ/CHI-Driver-BerkeleyDB-0.03.tar.gz
# J/JV/JV/PostScript-Font-1.10.02.tar.gz
# K/KA/KARMAN/Net-LDAP-Server-Test-0.10.tar.gz
# K/KG/KGRENNAN/Net-OAuth-0.26.tar.gz
# K/KG/KGRENNAN/Net-OAuth-0.27.tar.gz
# K/KN/KNORR/File-Checksum-0.01.tar.gz
# K/KN/KNTH/ProgressMonitor-0.33.tar.gz
# K/KR/KRISTINA/MongoDB-0.34.tar.gz
# K/KR/KRYDE/rss2leafnode-29.tar.gz
# K/KT/KTAT/Data-RuledValidator-0.12.tar.gz
# K/KU/KURIANJA/HTML-Defang-1.03.tar.gz
# L/LD/LDS/Bio-Graphics-2.10.tar.gz
# L/LD/LDS/GBrowse-2.10.tar.gz
# L/LE/LEEDO/IRC-Formatting-HTML-0.21.tar.gz
# L/LE/LEEDO/IRC-Formatting-HTML-0.22.tar.gz
# L/LE/LEEDO/WWW-Discogs-0.09.tar.gz
# L/LE/LEONT/POSIX-RT-Timer-0.001.tar.gz
# L/LE/LEONT/POSIX-RT-Timer-0.002.tar.gz
# L/LE/LEONT/POSIX-RT-Timer-0.003.tar.gz
# L/LE/LEONT/POSIX-RT-Timer-0.004.tar.gz
# L/LG/LGEHLEN/SVG-Rasterize-0.003004.tar.gz
# M/MA/MAKAMAKA/Text-CSV-1.18.tar.gz
# M/MA/MAMAWE/GeNUScreen-Config-0.0.5.tar.gz
# M/MA/MAMAWE/GeNUScreen-Config-0.0.6.tar.gz
# M/MA/MAMAWE/GeNUScreen-Config-0.0.7.tar.gz
# M/MA/MARCEL/Attribute-TieClasses-1.101700.tar.gz
# M/MA/MARCEL/Class-Value-Net-1.101690.tar.gz
# M/MA/MARCEL/Data-Conveyor-1.101690.tar.gz
# M/MA/MARCEL/Data-Storage-1.101700.tar.gz
# M/MA/MARCEL/Dist-Zilla-Plugin-ReportVersions-1.101700.tar.gz
# M/MA/MARCEL/Dist-Zilla-PluginBundle-MARCEL-1.101700.tar.gz
# M/MA/MARCEL/Error-Hierarchy-1.101690.tar.gz
# M/MA/MARCEL/Getopt-Attribute-2.101700.tar.gz
# M/MA/MARCEL/Mail-Field-Received-0.25.tar.gz
# M/MA/MARCEL/Mail-Field-Received-0.26.tar.gz
# M/MA/MARCEL/Net-IP-Match-1.101700.tar.gz
# M/MA/MARCEL/Text-Pipe-Encoding-1.101700.tar.gz
# M/MA/MARKOV/Data-DublinCore-0.04.tar.gz
# M/MA/MARKOV/XML-Compile-1.16.tar.gz
# M/MA/MARKOV/XML-Compile-RPC-0.15.tar.gz
# M/MA/MARKOV/XML-Compile-SOAP-2.15.tar.gz
# M/MA/MARKOV/XML-Compile-SOAP-WSA-0.10.tar.gz
# M/MA/MARKOV/XML-Compile-SOAP-WSA-0.11.tar.gz
# M/MA/MARKOV/XML-Compile-Tester-0.06.tar.gz
# M/MA/MARKSTOS/MojoX-Encode-Gzip-1.10.tar.gz
# M/MA/MAROS/Business-UPS-Tracking-1.06.tar.gz
# M/MC/MCMAHON/Test-WWW-Simple-0.30.tar.gz
# M/ME/MEMOWE/Mojolicious-Plugin-ContentManagement-0.011.tar.gz
# M/ME/MENDEL/DBIx-Class-MooseColumns-0.06.tar.gz
# M/ME/MENDEL/DBIx-Class-MooseColumns-0.07.tar.gz
# M/ME/MENDEL/MooseX-DBIC-AddColumn-0.05.tar.gz
# M/ME/MERIXZON/WebService-Google-Closure-0.05.tar.gz
# M/MK/MKANAT/RPC-Any-1.00.tar.gz
# M/MK/MKANAT/RPC-Any-1.00_1.tar.gz
# M/MK/MKANAT/RPC-Any-1.00_2.tar.gz
# M/MK/MKANAT/RPC-Any-1.00_3.tar.gz
# M/ML/MLEHMANN/AnyEvent-DBus-0.1.tar.gz
# M/ML/MLEHMANN/AnyEvent-HTTP-1.45.tar.gz
# M/MM/MMCLERIC/Ubic-1.06.tar.gz
# M/MM/MMIMS/Net-Twitter-3.13004.tar.gz
# M/MM/MMIMS/Net-Twitter-3.13005.tar.gz
# M/MM/MMIMS/Net-Twitter-3.13006.tar.gz
# M/MP/MPIOTR/Lingua-Ident-1.7.tar.gz
# M/MR/MRAMBERG/WebService-PutIo-0.1.tar.gz
# M/MS/MSCHILLI/Log-Log4perl-1.29.tar.gz
# M/MS/MSTPLBG/AnyEvent-I3-0.06.tar.gz
# M/MY/MYSTERYTE/Gallery-Remote-API-v0.1.1.tar.gz
# M/MY/MYSTERYTE/Gallery-Remote-API-v0.1.4.tar.gz
# N/NA/NAIM/AnyEvent-HTTPBenchmark-0.05.tar.gz
# N/NA/NAIM/AnyEvent-HTTPBenchmark-0.06.tar.gz
# N/NA/NAIM/AnyEvent-HTTPBenchmark-0.07.tar.gz
# N/NE/NEZUMI/MIME-EncWords-1.012.tar.gz
# N/NI/NIERLEIN/Monitoring-Availability-0.14.tar.gz
# N/NP/NPEREZ/Fancy-Middleware-1.101680.tar.gz
# N/NU/NUFFIN/Data-UUID-LibUUID-0.05_01.tar.gz
# N/NU/NUFFIN/Directory-Transactional-0.09.tar.gz
# N/NU/NUFFIN/KiokuDB-0.46_01.tar.gz
# N/NX/NXONEP/Acme-AGMorse-0.01.tar.gz
# N/NX/NXONEP/Acme-AGMorse-0.02.tar.gz
# O/OP/OPI/IPC-ScoreBoard-0.01.tar.gz
# O/OP/OPI/TX-0.09.tar.gz
# O/OP/OPI/Text-Template-Library-0.04.tar.gz
# P/PA/PAIXAOP/WWW-Salesforce-Report-0.02.tar.gz
# P/PA/PAIXAOP/WWW-Salesforce-Report-0.03.tar.gz
# P/PD/PDONELAN/Plack-App-JSP-0.101680.tar.gz
# P/PE/PERIGRIN/Adam-0.08.tar.gz
# P/PE/PERIGRIN/Git-Wrapper-0.010.tar.gz
# P/PE/PERLER/CatalystX-ExtJS-1.101670.tar.gz
# P/PE/PERLER/CatalystX-ExtJS-1.101700.tar.gz
# P/PE/PERLER/MooseX-Attribute-Deflator-1.101670.tar.gz
# P/PE/PETDANCE/podium-0.01.tar.gz
# P/PI/PIP/Math-BaseCnv-1.4.A6FAbEb.tgz
# P/PI/PIP/Math-BaseCnv-1.6.A6FGHKE.tgz
# P/PI/PIP/Time-DayOfWeek-1.4.A6FCO7V.tgz
# P/PI/PIP/Time-DayOfWeek-1.6.A6FFxZB.tgz
# P/PM/PMAKHOLM/Encode-IMAPUTF7-1.05.tar.gz
# P/PR/PRIVI/POE-Component-SSLify-NonBlock-0.41.tar.gz
# P/PR/PRIVI/POE-Filter-SSL-0.01.tar.gz
# P/PR/PRIVI/POE-Filter-SSL-0.02.tar.gz
# P/PR/PRIVI/POE-Filter-SSL-0.03.tar.gz
# P/PR/PRIVI/POE-Filter-SSL-0.04.tar.gz
# P/PR/PRIVI/POE-Filter-SSL-0.05.tar.gz
# P/PR/PRIVI/POE-Filter-SSL-0.06.tar.gz
# P/PR/PRIVI/POE-Filter-SSL-0.07.tar.gz
# P/PR/PRIVI/POE-Filter-SSL-0.08.tar.gz
# P/PR/PRIVI/POE-Filter-SSL-0.09.tar.gz
# P/PR/PRIVI/POE-Filter-SSL-0.10.tar.gz
# P/PR/PRIVI/POE-Filter-SSL-0.11.tar.gz
# P/PR/PRO/Net-DirectConnect-0.06.tar.gz
# R/RE/REHSACK/SQL-Statement-1.27_01.tar.gz
# R/RJ/RJBS/App-Cronjob-1.101660.tar.gz
# R/RJ/RJBS/CPAN-Uploader-0.101670.tar.gz
# R/RJ/RJBS/Config-MVP-2.101650.tar.gz
# R/RO/ROKR/App-PAUSE-cleanup-0.0011.tar.gz
# R/RO/ROKR/Config-Identity-0.0016.tar.gz
# R/RO/ROKR/Doc-Simply-0.032.tar.gz
# R/RO/ROKR/Net-ClientServer-0.0007.tar.gz
# R/RO/ROKR/Path-Mapper-0.012.tar.gz
# R/RO/ROKR/Term-EditorEdit-0.0011.tar.gz
# R/RO/ROSCIO/Term-Emit-0.0.3.tar.gz
# R/RO/ROSCIO/Tk-FmtEntry-0.1.tar.gz
# R/RO/ROSCIO/Tk-FullKeypad-1.0.tar.gz
# R/RO/ROSCIO/Tk-NumKeypad-1.0.tar.gz
# R/RP/RPETTETT/Bio-Das-Lite-2.04.tar.gz
# R/RP/RPETTETT/ClearPress-372.tar.gz
# R/RS/RSRCHBOY/Archive-RPM-0.07.tar.gz
# R/RS/RSRCHBOY/MooseX-MarkAsMethods-0.10.tar.gz
# R/RY/RYBSKEJ/forks-0.34.tar.gz
# S/SA/SABECK/Data-SPath-0.0001.tar.gz
# S/SA/SABECK/Data-SPath-0.0002.tar.gz
# S/SA/SABECK/Data-SPath-0.0003.tar.gz
# S/SA/SANKO/AnyEvent-Handle-Throttle-0.000001.tar.gz
# S/SA/SANKO/AnyEvent-Handle-Throttle-0.000002.tar.gz
# S/SA/SANKO/AnyEvent-Handle-Throttle-0.000002001.tar.gz
# S/SA/SAPER/Module-ThirdParty-0.27.tar.gz
# S/SA/SAPER/Time-Duration-fr-1.00.tar.gz
# S/SA/SAPER/Time-Duration-fr-1.01.tar.gz
# S/SC/SCHUBIGER/DateTime-Format-Natural-0.88.tar.gz
# S/SE/SEKIA/Math-Random-Xorshift-0.02.tar.gz
# S/SE/SEKIA/Math-Random-Xorshift-0.03.tar.gz
# S/SE/SEKIA/Math-Random-Xorshift-0.04.tar.gz
# S/SH/SHARIFULN/Acme-CPANAuthors-Russian-1.02.tar.gz
# S/SH/SHARIFULN/Acme-CPANAuthors-Ukrainian-0.15.tar.gz
# S/SH/SHARYANTO/Finance-Bank-ID-BCA-0.09.tar.gz
# S/SH/SHARYANTO/Finance-Bank-ID-Mandiri-0.09.tar.gz
# S/SH/SHARYANTO/Language-Expr-0.04.tar.gz
# S/SH/SHARYANTO/Language-Expr-0.05.tar.gz
# S/SH/SHLOMIF/Statistics-Descriptive-3.0101.tar.gz
# S/SH/SHLOMIF/Statistics-Descriptive-3.0102.tar.gz
# S/SH/SHLOMIF/Statistics-Descriptive-3.0200.tar.gz
# S/SH/SHLOMIF/Test-Run-Plugin-CollectStats-0.0102.tar.gz
# S/SH/SHLOMIF/Test-WWW-Mechanize-Mojo-v0.0.5.tar.gz
# S/SI/SILASMONK/CGI-Application-Plugin-Authentication-0.17_7.tar.gz
# S/SI/SISYPHUS/Math-GMPf-0.32.tar.gz
# S/SI/SISYPHUS/Math-GMPq-0.31.tar.gz
# S/SI/SISYPHUS/Math-GMPz-0.31.tar.gz
# S/SJ/SJN/App-Kaizendo-0.000_001.tar.gz
# S/SL/SLAFFAN/Geo-Converter-dms2dd-0.02.tar.gz
# S/SO/SOREAR/Devel-CountOps-0.01.tar.gz
# S/SO/SORTIZ/JSP-1.01.tar.gz
# S/SP/SPROUT/JE-0.049.tar.gz
# S/SP/SPROUT/Module-ConfigureRequires-0.01.tar.gz
# S/SP/SPROUT/Module-ConfigureRequires-0.02.tar.gz
# S/SP/SPROUT/MoneyWorks-pm-0.07.tar.gz
# S/SP/SPROUT/WWW-Scripter-0.015.tar.gz
# S/SP/SPROUT/WWW-Scripter-Plugin-Ajax-0.07.tar.gz
# S/SQ/SQUEEK/WWW-Pusher-0.05.tar.gz
# S/ST/STELLAR/HTML-CTPP2-2.6.1.tar.gz
# S/SU/SUKRIA/Dancer-1.1804.tar.gz
# T/TB/TBONE/Parse-RecDescent-FAQ-7.2.tar.gz
# T/TB/TBONE/Parse-RecDescent-FAQ-7.3.tar.gz
# T/TI/TIMB/DBI-1.611_91.tar.gz
# T/TI/TIMB/DBI-1.611_92.tar.gz
# T/TI/TIMB/Devel-NYTProf-4.01.tar.gz
# T/TI/TIMB/Devel-NYTProf-4.01_90.tar.gz
# T/TI/TIMB/Devel-NYTProf-4.02.tar.gz
# T/TI/TIMB/Devel-NYTProf-4.03.tar.gz
# T/TI/TIMB/Yahoo-Search-1.11.1.tar.gz
# T/TI/TIMB/Yahoo-Search-1.11.2.tar.gz
# T/TI/TIMB/Yahoo-Search-1.11.3.tar.gz
# T/TI/TINITA/Parse-BBCode-0.10.tar.gz
# T/TK/TKEEFER/eBay-API-Simple-0.15.tar.gz
# T/TL/TLOUSKY/Algorithm-Shape-RandomTree-0.01.tar.gz
# T/TO/TOBYINK/RDF-ACL-0.100.tar.gz
# T/TO/TOBYINK/RDF-RDFa-Parser-1.09_11.tar.gz
# T/TO/TOBYINK/Spreadsheet-Write-0.100.tar.gz
# T/TO/TOBYINK/Spreadsheet-Write-0.101_01.tar.gz
# T/TO/TODDR/Net-Ident-1.23.tar.gz
# T/TO/TOKUHIROM/Geo-Coordinates-Converter-iArea-0.11.tar.gz
# T/TO/TOKUHIROM/HTML-DateSelector-0.03.tar.gz
# T/TO/TOKUHIROM/HTML-DateSelector-0.04.tar.gz
# T/TO/TOKUHIROM/Net-POP3-SSLWrapper-0.04.tar.gz
# T/TO/TOKUHIROM/Proc-Guard-0.01.tar.gz
# T/TO/TOKUHIROM/Router-Simple-0.06.tar.gz
# T/TO/TONYC/Imager-0.75.tar.gz
# T/TO/TONYC/Imager-Screenshot-0.009.tar.gz
# T/TU/TURNERJW/Net-xFTP-0.41.tar.gz
# T/TY/TYPESTER/FormValidator-Lite-0.14.tar.gz
# T/TY/TYPESTER/FormValidator-Lite-0.15.tar.gz
# V/VI/VIY/HTML-Template-Pro-0.9501.tar.gz
# W/WS/WSNYDER/Parallel-Forker-1.230.tar.gz
# W/WY/WYANT/Geo-WebService-Elevation-USGS-0.005_01.tar.gz
# W/WY/WYANT/Geo-WebService-Elevation-USGS-0.005_02.tar.gz
# X/XE/XENO/Dist-Zilla-Plugin-SubmittingPatches-0.02.tar.gz
# X/XE/XENO/Software-License-GPL3andArtistic2-0.07.tar.gz
# X/XE/XENO/Template-ShowStartStop-0.12.tar.gz
# X/XS/XSAWYERX/Module-Version-0.09.tar.gz
# Z/ZA/ZAG/Flow-0.1.tar.gz
t/06_fileurl.t ......... ok
# X/XE/XENU/Business-PL-PESEL-0.05.tar.gz
# B/BB/BBIMBER/Labkey-Query-1.02.tar.gz
# P/PS/PSHANGOV/MooseX-Params-0.007.tar.gz
# R/RO/ROCKY/Devel-Trepan-Shell-1.1.tar.gz
# S/SH/SHARYANTO/Riap-1.1.2.tar.gz
# S/SH/SHARYANTO/Rinci-1.1.1.tar.gz
# M/MA/MALLEN/Authen-HTTP-Signature-0.01.tar.gz
# M/MA/MALLEN/Authen-HTTP-Signature-0.02.tar.gz
# R/RW/RWSTAUNER/Time-Stamp-1.003.tar.gz
# G/GP/GPHAT/Dist-Zilla-Plugin-ChangelogFromGit-Debian-0.06.tar.gz
# C/CF/CFAERBER/Net-IDN-Encode-2.002.tar.gz
# I/IR/IRONCAMEL/Net-OpenStack-Compute-1.0401.tar.gz
# D/DR/DROLSKY/MooseX-StrictConstructor-0.19.tar.gz
# L/LC/LCARMICH/WWW-DirectAdmin-API-0.01.tar.gz
# A/AM/AMS/Mojolicious-2.44.tar.gz
# W/WR/WREIS/Plack-Middleware-Session-RemoveCookies-0.01.tar.gz
# M/MI/MIKEM/Authen-TacacsPlus/Authen-TacacsPlus-0.22.tar.gz
# G/GE/GETTY/CPAN-Repository-0.004.tar.gz
# D/DO/DOHERTY/Pod-Weaver-Section-Availability-1.102571.tar.gz
# D/DO/DOHERTY/Pod-Weaver-Section-Availability-1.20.tar.gz
# D/DO/DOHERTY/Pod-Weaver-Section-BugsAndLimitations-1.20.tar.gz
# D/DO/DOHERTY/Pod-Weaver-PluginBundle-Author-DOHERTY-0.001.tar.gz
# D/DO/DOHERTY/Pod-Weaver-PluginBundle-Author-DOHERTY-0.006.tar.gz
# D/DO/DOHERTY/Dist-Zilla-PluginBundle-Author-DOHERTY-0.25.tar.gz
# J/JJ/JJACK/Test-Mock-Alarm-0.13.tar.gz
# K/KO/KOLIBRIE/Convert-NLS_DATE_FORMAT-0.05.tar.gz
# N/NH/NHEINRIC/WebService-MyGengo-0.012.tar.gz
# A/AS/ASKADNA/WebService-Dropbox-1.05.tar.gz
# C/CJ/CJFIELDS/Bio-EUtilities-1.72.tar.gz
# M/MI/MITHUN/URI-Encode-0.06.tar.gz
# A/AM/AMS/Math-Random-MT-1.13.tar.gz
# P/PA/PATCH/Unicode-Util-0.02.tar.gz
# I/IR/IRONCAMEL/Net-OpenStack-Attack-1.0100.tar.gz
# A/AB/ABH/Mozilla-CA-20120118.tar.gz
# R/RI/RIBASUSHI/SQL-Translator-0.11010_01.tar.gz
# D/DR/DRBEAN/App-Nopaste-Service-Hpaste-0.03.tar.gz
# B/BR/BRADH/HTML-JQuery-0.002.tar.gz
# M/MA/MARKF/String-Fraction-0.30.tar.gz
# O/OK/OKKO/Catalyst-Controller-MovableType-0.004.tar.gz
# N/NO/NOUDARD/DBIx-Class-Result-ExternalAttribute-0.05.tar.gz
# C/CL/CLKAO/Finance-TW-TAIFEX-0.36.tar.gz
# N/NO/NOUDARD/DBIx-Class-Result-Validation-0.09.tar.gz
# V/VO/VOEGELAS/CPANPLUS-Dist-Slackware-0.02.tar.gz
# A/AL/ALUCAS/Criteria-Compile-0.042.tar.gz
# V/VO/VOJ/Test-JSON-Entails-0.1.tar.gz
# V/VT/VTI/Protocol-XMLRPC-0.10.tar.gz
# I/IN/INTERMINE/InterMine-Model-0.9900.tar.gz
# P/PA/PATCH/Unicode-Util-0.03.tar.gz
# S/SJ/SJN/CPAN-Mini-FromList-0.05.tar.gz
# I/IN/INTERMINE/Webservice-InterMine-0.9910.tar.gz
# T/TO/TOBYINK/Module-Install-DOAPChangeSets-0.202.tar.gz
# A/AM/AMBS/Lingua/Lingua-Jspell-1.81.tar.gz
# T/TO/TOBYINK/HTML-HTML5-Parser-0.108.tar.gz
# K/KI/KIMOTO/Validator-Custom-0.1426.tar.gz
# V/VO/VOEGELAS/CPANPLUS-Dist-Slackware-0.03.tar.gz
# S/SH/SHOOTNIX/Mojolicious-Plugin-AnyData-1.20.tar.gz
# S/SR/SRI/Mojolicious-2.45.tar.gz
# V/VO/VOJ/Plack-App-DAIA-0.42.tar.gz
# N/NH/NHORNE/CGI-Untaint-CSP-0.01.tar.gz
t/06_live_epoch.t ...... ok
# GET ///authors/RECENT-1h.yaml
# Connection: TE, close
# Host: 127.0.0.1:57664
# TE: deflate,gzip;q=0.3
# User-Agent: libwww-perl/6.03
# X-HTTP-Version: 1.1
#
# GET ///RECENT
# Host: 127.0.0.1:57664
# User-Agent: POE-Component-SmokeBox-Recent-HTTP/1.36 (perl; N; POE; en; rv:1.360000)
# X-HTTP-Version: 1.1
#
t/07_epoch_fail.t ...... ok
Test Summary Report
-------------------
t/06_cpantesters.t (Wstat: 256 Tests: 4 Failed: 1)
Failed test: 2
Non-zero exit status: 1
Files=18, Tests=235, 21 wallclock secs ( 0.15 usr 0.20 sys + 4.10 cusr 1.17 csys = 5.62 CPU)
Result: FAIL
Failed 1/18 test programs. 1/235 subtests failed.
make: *** [test_dynamic] Error 255
------------------------------
PREREQUISITES
------------------------------
Prerequisite modules loaded:
requires:
Module Need Have
--------------------------- ----- --------
CPAN::Recent::Uploads 0.06 0.06
HTTP::Request 0 6.00
Net::IP::Minimal 0 0.02
perl 5.006 5.012000
POE 0.38 1.350
POE::Component::Client::DNS 1.02 1.051
POE::Filter::HTTP::Parser 1.06 1.06
Test::POE::Client::TCP 0.08 1.10
URI 0 1.59
build_requires:
Module Need Have
--------------------------- ----- --------
ExtUtils::MakeMaker 6.62 6.62
HTTP::Date 0 6.00
HTTP::Response 0 6.01
Test::More 0.47 0.94
Test::POE::Server::TCP 0.14 1.16
configure_requires:
Module Need Have
--------------------------- ----- --------
ExtUtils::MakeMaker 6.62 6.62
------------------------------
ENVIRONMENT AND OTHER CONTEXT
------------------------------
Environment variables:
MANPATH_WITHOUT_PERLBREW =
PATH = /home/njh/perl5/perlbrew/bin:/home/njh/perl5/perlbrew/perls/perl-5.12.0/bin:/usr/local/bin:/usr/bin:/bin:/usr/games
PATH_WITHOUT_PERLBREW = /usr/local/bin:/usr/bin:/bin:/usr/games
PERL5LIB =
PERL5OPT =
PERL5_CPANPLUS_IS_RUNNING = 33430
PERL5_CPAN_IS_RUNNING = 33430
PERLBREW_BASHRC_VERSION = 0.39
PERLBREW_HOME = /home/njh/.perlbrew
PERLBREW_MANPATH = /home/njh/perl5/perlbrew/perls/perl-5.12.0/man
PERLBREW_PATH = /home/njh/perl5/perlbrew/bin:/home/njh/perl5/perlbrew/perls/perl-5.12.0/bin
PERLBREW_PERL = perl-5.12.0
PERLBREW_ROOT = /home/njh/perl5/perlbrew
PERLBREW_VERSION = 0.39
SHELL = /bin/bash
TERM = xterm
Perl special variables (and OS-specific diagnostics, for MSWin32):
$^X = /home/njh/perl5/perlbrew/perls/perl-5.12.0/bin/perl
$UID/$EUID = 1000 / 1000
$GID = 1000 1000
$EGID = 1000 1000
Perl module toolchain versions installed:
Module Have
------------------- --------
CPAN 1.94_56
CPAN::Meta 2.112150
Cwd 3.31
ExtUtils::CBuilder 0.27
ExtUtils::Command 1.16
ExtUtils::Install 1.55
ExtUtils::MakeMaker 6.62
ExtUtils::Manifest 1.58
ExtUtils::ParseXS 2.21
File::Spec 3.31
JSON n/a
JSON::PP 2.27104
Module::Build 0.3603
Module::Signature n/a
Parse::CPAN::Meta 1.4401
Test::Harness 3.17
Test::More 0.94
YAML n/a
YAML::Syck 1.19
version 0.88
--
Summary of my perl5 (revision 5 version 12 subversion 0) configuration:
Platform:
osname=gnukfreebsd, osvers=7.3-1-486, archname=i686-gnukfreebsd
uname='gnukfreebsd qemu-kfreebsd.bandsman.co.uk 7.3-1-486 #0 fri aug 6 08:51:19 cest 2010 i686 i386 qemu virtual cpu version 0.14.50 gnukfreebsd '
config_args='-de -Dprefix=/home/njh/perl5/perlbrew/perls/perl-5.12.0 -Accflags=-O2'
hint=recommended, useposix=true, d_sigaction=define
useithreads=undef, usemultiplicity=undef
useperlio=define, d_sfio=undef, uselargefiles=define, usesocks=undef
use64bitint=undef, use64bitall=undef, uselongdouble=undef
usemymalloc=n, bincompat5005=undef
Compiler:
cc='cc', ccflags ='-O2 -fno-strict-aliasing -pipe -fstack-protector -I/usr/local/include -D_LARGEFILE_SOURCE -D_FILE_OFFSET_BITS=64',
optimize='-O2',
cppflags='-O2 -fno-strict-aliasing -pipe -fstack-protector -I/usr/local/include'
ccversion='', gccversion='4.4.5', gccosandvers=''
intsize=4, longsize=4, ptrsize=4, doublesize=8, byteorder=1234
d_longlong=define, longlongsize=8, d_longdbl=define, longdblsize=12
ivtype='long', ivsize=4, nvtype='double', nvsize=8, Off_t='off_t', lseeksize=8
alignbytes=4, prototype=define
Linker and Libraries:
ld='cc', ldflags =' -fstack-protector -L/usr/local/lib'
libpth=/usr/local/lib /lib /usr/lib
libs=-lnsl -ldb -ldl -lm -lcrypt -lutil -lc
perllibs=-lnsl -ldl -lm -lcrypt -lutil -lc
libc=, so=so, useshrplib=false, libperl=libperl.a
gnulibc_version='2.11.2'
Dynamic Linking:
dlsrc=dl_dlopen.xs, dlext=so, d_dlsymun=undef, ccdlflags='-Wl,-E'
cccdlflags='-fpic', lddlflags='-shared -L/usr/local/lib -fstack-protector'
Characteristics of this binary (from libperl):
Compile-time options: PERL_DONT_CREATE_GVSV PERL_MALLOC_WRAP
USE_LARGE_FILES USE_PERLIO USE_PERL_ATOF
Built under gnukfreebsd
Compiled at Jan 18 2012 14:41:30
%ENV:
PERL5LIB=""
PERL5OPT=""
PERL5_CPANPLUS_IS_RUNNING="33430"
PERL5_CPAN_IS_RUNNING="33430"
PERLBREW_BASHRC_VERSION="0.39"
PERLBREW_HOME="/home/njh/.perlbrew"
PERLBREW_MANPATH="/home/njh/perl5/perlbrew/perls/perl-5.12.0/man"
PERLBREW_PATH="/home/njh/perl5/perlbrew/bin:/home/njh/perl5/perlbrew/perls/perl-5.12.0/bin"
PERLBREW_PERL="perl-5.12.0"
PERLBREW_ROOT="/home/njh/perl5/perlbrew"
PERLBREW_VERSION="0.39"
@INC:
/home/njh/perl5/perlbrew/perls/perl-5.12.0/lib/site_perl/5.12.0/i686-gnukfreebsd
/home/njh/perl5/perlbrew/perls/perl-5.12.0/lib/site_perl/5.12.0
/home/njh/perl5/perlbrew/perls/perl-5.12.0/lib/5.12.0/i686-gnukfreebsd
/home/njh/perl5/perlbrew/perls/perl-5.12.0/lib/5.12.0
.