MongoDB-Simple v0.005 Perl 5 v5.26.2 OpenBSD.amd64-openbsd-thread-multi

Status
Fail
From
Alceu Rodrigues de Freitas Junior
Dist
MongoDB-Simple v0.005
Platform
Perl 5 v5.26.2 OpenBSD.amd64-openbsd-thread-multi
Date
2018-07-12 14:15:21
ID
02fc10fc-85de-11e8-8109-a5dd66d3aebd
This distribution has been tested as part of the CPAN Testers
project, supporting the Perl programming language.  See
http://wiki.cpantesters.org/ for more information or email
questions to cpan-testers-discuss@perl.org


--
Dear Ian Kent,

This is a computer-generated report for MongoDB-Simple-0.005
on perl 5.26.2, created by CPAN-Reporter-1.2018.

Thank you for uploading your work to CPAN.  However, there was a problem
testing your distribution.

If you think this report is invalid, please consult the CPAN Testers Wiki
for suggestions on how to avoid getting FAIL reports for missing library
or binary dependencies, unsupported operating systems, and so on:

http://wiki.cpantesters.org/wiki/CPANAuthorNotes

Sections of this report:

    * Tester comments
    * Program output
    * Prerequisites
    * Environment and other context

------------------------------
TESTER COMMENTS
------------------------------

Additional comments from tester:

this report is from an automated smoke testing program
and was not reviewed by a human for accuracy

------------------------------
PROGRAM OUTPUT
------------------------------

Output from '/usr/bin/make test':

PERL_DL_NONLAZY=1 "/home/goku/perl5/perlbrew/perls/perl-5.26.2/bin/perl" "-MExtUtils::Command::MM" "-MTest::Harness" "-e" "undef *Test::Harness::Switches; test_harness(0, 'blib/lib', 'blib/arch')" t/*.t
Experimental push on scalar is now forbidden at t/arrays.t line 47, near "$label;"
Experimental push on scalar is now forbidden at t/arrays.t line 84, near ");"
Experimental push on scalar is now forbidden at t/arrays.t line 118, near "'Push test';"
Experimental unshift on scalar is now forbidden at t/arrays.t line 143, near "'Unshift test';"
Type of arg 1 to Test::Warn::warnings_are must be block or sub {} (not reference constructor) at t/arrays.t line 143, near "'Use of unshift without forceUnshiftOperator generates warning';"
Experimental unshift on scalar is now forbidden at t/arrays.t line 164, near "'Unshift test';"
Type of arg 1 to Test::Warn::warnings_are must be block or sub {} (not reference constructor) at t/arrays.t line 164, near "'Use of unshift with warnOnUnshiftOperator disabled generates no warnings';"
Experimental unshift on scalar is now forbidden at t/arrays.t line 172, near "'Unshift test';"
Experimental pop on scalar is now forbidden at t/arrays.t line 195, near "->tags;"
Experimental shift on scalar is now forbidden at t/arrays.t line 218, near "->tags;"
t/arrays.t has too many errors.
# Looks like your test exited with 255 before it could output anything.
Undefined subroutine &Test2::API::Breakage::pkg_to_file called at /home/goku/perl5/perlbrew/perls/perl-5.26.2/lib/site_perl/5.26.2/Test2/API/Breakage.pm line 72.
END failed--call queue aborted at t/arrays.t line 218.
t/arrays.t ..... 
Dubious, test returned 255 (wstat 65280, 0xff00)
Failed 4/4 subtests 
Experimental push on scalar is now forbidden at t/callbacks.t line 47, near "$label;"
Experimental push on scalar is now forbidden at t/callbacks.t line 129, near ""test";"
Experimental pop on scalar is now forbidden at t/callbacks.t line 133, near "->callbacks;"
Experimental unshift on scalar is now forbidden at t/callbacks.t line 138, near ""unshift";"
Experimental unshift on scalar is now forbidden at t/callbacks.t line 143, near ""real unshift";"
Experimental shift on scalar is now forbidden at t/callbacks.t line 147, near "->callbacks;"
Execution of t/callbacks.t aborted due to compilation errors.
# Looks like your test exited with 255 before it could output anything.
Undefined subroutine &Test2::API::Breakage::pkg_to_file called at /home/goku/perl5/perlbrew/perls/perl-5.26.2/lib/site_perl/5.26.2/Test2/API/Breakage.pm line 72.
END failed--call queue aborted at t/callbacks.t line 151.
t/callbacks.t .. 
Dubious, test returned 255 (wstat 65280, 0xff00)
Failed 2/2 subtests 
Experimental push on scalar is now forbidden at t/objects.t line 47, near "$label;"
Experimental push on scalar is now forbidden at t/objects.t line 155, near "'Inner push';"
Execution of t/objects.t aborted due to compilation errors.
# Looks like your test exited with 255 before it could output anything.
Undefined subroutine &Test2::API::Breakage::pkg_to_file called at /home/goku/perl5/perlbrew/perls/perl-5.26.2/lib/site_perl/5.26.2/Test2/API/Breakage.pm line 72.
END failed--call queue aborted at t/objects.t line 165.
t/objects.t .... 
Dubious, test returned 255 (wstat 65280, 0xff00)
Failed 2/2 subtests 
Experimental push on scalar is now forbidden at t/scalars.t line 47, near "$label;"
Execution of t/scalars.t aborted due to compilation errors.
# Looks like your test exited with 255 before it could output anything.
Undefined subroutine &Test2::API::Breakage::pkg_to_file called at /home/goku/perl5/perlbrew/perls/perl-5.26.2/lib/site_perl/5.26.2/Test2/API/Breakage.pm line 72.
END failed--call queue aborted at t/scalars.t line 119.
t/scalars.t .... 
Dubious, test returned 255 (wstat 65280, 0xff00)
Failed 1/1 subtests 
Experimental push on scalar is now forbidden at t/simple.t line 48, near "$label;"
Experimental push on scalar is now forbidden at t/simple.t line 122, near "$label;"
Execution of t/simple.t aborted due to compilation errors.
# Looks like your test exited with 255 before it could output anything.
Undefined subroutine &Test2::API::Breakage::pkg_to_file called at /home/goku/perl5/perlbrew/perls/perl-5.26.2/lib/site_perl/5.26.2/Test2/API/Breakage.pm line 72.
END failed--call queue aborted at t/simple.t line 182.
t/simple.t ..... 
Dubious, test returned 255 (wstat 65280, 0xff00)
Failed 5/5 subtests 

Test Summary Report
-------------------
t/arrays.t   (Wstat: 65280 Tests: 0 Failed: 0)
  Non-zero exit status: 255
  Parse errors: Bad plan.  You planned 4 tests but ran 0.
t/callbacks.t (Wstat: 65280 Tests: 0 Failed: 0)
  Non-zero exit status: 255
  Parse errors: Bad plan.  You planned 2 tests but ran 0.
t/objects.t  (Wstat: 65280 Tests: 0 Failed: 0)
  Non-zero exit status: 255
  Parse errors: Bad plan.  You planned 2 tests but ran 0.
t/scalars.t  (Wstat: 65280 Tests: 0 Failed: 0)
  Non-zero exit status: 255
  Parse errors: Bad plan.  You planned 1 tests but ran 0.
t/simple.t   (Wstat: 65280 Tests: 0 Failed: 0)
  Non-zero exit status: 255
  Parse errors: Bad plan.  You planned 5 tests but ran 0.
Files=5, Tests=0, 11 wallclock secs ( 0.03 usr  0.05 sys +  8.33 cusr  1.79 csys = 10.20 CPU)
Result: FAIL
Failed 5/5 test programs. 0/0 subtests failed.
*** Error 255 in /mnt/cpan_build_dir/goku/MongoDB-Simple-0.005-0 (Makefile:853 'test_dynamic')

------------------------------
PREREQUISITES
------------------------------

Prerequisite modules loaded:

requires:

    Module                   Need   Have   
    ------------------------ ------ -------
    DateTime                 1.03   1.49   
    DateTime::Format::W3CDTF 0.06   0.07_01
    Exporter                 5.6403 5.72   
    MongoDB                  0.7    v1.8.3 
    Switch                   2.16   2.17   
    Tie::Array               1.04   1.06   

build_requires:

    Module                   Need   Have   
    ------------------------ ------ -------
    ExtUtils::MakeMaker      0      7.34   

configure_requires:

    Module                   Need   Have   
    ------------------------ ------ -------
    ExtUtils::MakeMaker      0      7.34   


------------------------------
ENVIRONMENT AND OTHER CONTEXT
------------------------------

Environment variables:

    AUTOMATED_TESTING = 1
    DBD_MYSQL_TESTDB = test
    DBD_MYSQL_TESTHOST = localhost
    DBD_MYSQL_TESTPASSWORD = 
    DBD_MYSQL_TESTPORT = 3306
    DBD_MYSQL_TESTUSER = goku
    EXTENDED_TESTING = 1
    PATH = /home/goku/perl5/perlbrew/bin:/home/goku/perl5/perlbrew/perls/perl-5.26.2/bin:/home/goku/bin:/usr/bin:/bin:/usr/sbin:/sbin:/usr/X11R6/bin:/usr/local/bin:/usr/local/sbin
    PERL5LIB = 
    PERL5OPT = 
    PERL5_CPANPLUS_IS_RUNNING = 31133
    PERL5_CPAN_IS_RUNNING = 31133
    PERL5_CPAN_IS_RUNNING_IN_RECURSION = 71156,31133
    PERLBREW_HOME = /home/goku/.perlbrew
    PERLBREW_MANPATH = /home/goku/perl5/perlbrew/perls/perl-5.26.2/man
    PERLBREW_PATH = /home/goku/perl5/perlbrew/bin:/home/goku/perl5/perlbrew/perls/perl-5.26.2/bin
    PERLBREW_PERL = perl-5.26.2
    PERLBREW_ROOT = /home/goku/perl5/perlbrew
    PERLBREW_SHELLRC_VERSION = 0.84
    PERLBREW_VERSION = 0.84
    PERL_CR_SMOKER_CURRENT = MongoDB-Simple-0.005
    PERL_EXTUTILS_AUTOINSTALL = --defaultdeps
    PERL_MM_USE_DEFAULT = 1
    SHELL = /usr/local/bin/bash
    TERM = xterm

Perl special variables (and OS-specific diagnostics, for MSWin32):

    $^X = /home/goku/perl5/perlbrew/perls/perl-5.26.2/bin/perl
    $UID/$EUID = 1002 / 1002
    $GID = 1002 1002 1001
    $EGID = 1002 1002 1001

Perl module toolchain versions installed:

    Module              Have    
    ------------------- --------
    CPAN                2.16    
    CPAN::Meta          2.150010
    Cwd                 3.74    
    ExtUtils::CBuilder  0.280230
    ExtUtils::Command   7.34    
    ExtUtils::Install   2.14    
    ExtUtils::MakeMaker 7.34    
    ExtUtils::Manifest  1.71    
    ExtUtils::ParseXS   3.35    
    File::Spec          3.74    
    JSON                2.90    
    JSON::PP            2.97001 
    Module::Build       0.4224  
    Module::Signature   0.81    
    Parse::CPAN::Meta   2.150010
    Test::Harness       3.42    
    Test::More          1.302136
    YAML                1.26    
    YAML::Syck          1.30    
    version             0.9924  


--

Summary of my perl5 (revision 5 version 26 subversion 2) configuration:
   
  Platform:
    osname=openbsd
    osvers=6.3
    archname=OpenBSD.amd64-openbsd-thread-multi
    uname='openbsd cpan-smoker-openbsd 6.3 generic.mp#107 amd64 '
    config_args='-de -Dprefix=/home/goku/perl5/perlbrew/perls/perl-5.26.2 -Dman1dir=none -Dman3dir=none -Duse64bitall -Dusethreads -Dusemultiplicity -Duse64bitint -Aeval:scriptdir=/home/goku/perl5/perlbrew/perls/perl-5.26.2/bin'
    hint=recommended
    useposix=true
    d_sigaction=define
    useithreads=define
    usemultiplicity=define
    use64bitint=define
    use64bitall=define
    uselongdouble=undef
    usemymalloc=n
    default_inc_excludes_dot=define
    bincompat5005=undef
  Compiler:
    cc='cc'
    ccflags ='-pthread -fno-strict-aliasing -pipe -fstack-protector-strong -I/usr/local/include -D_FORTIFY_SOURCE=2'
    optimize='-O2'
    cppflags='-pthread -fno-strict-aliasing -pipe -fstack-protector-strong -I/usr/local/include'
    ccversion=''
    gccversion='4.2.1 Compatible OpenBSD Clang 5.0.1 (tags/RELEASE_501/final)'
    gccosandvers=''
    intsize=4
    longsize=8
    ptrsize=8
    doublesize=8
    byteorder=12345678
    doublekind=3
    d_longlong=define
    longlongsize=8
    d_longdbl=define
    longdblsize=16
    longdblkind=3
    ivtype='long'
    ivsize=8
    nvtype='double'
    nvsize=8
    Off_t='off_t'
    lseeksize=8
    alignbytes=8
    prototype=define
  Linker and Libraries:
    ld='cc'
    ldflags ='-pthread -Wl,-E  -fstack-protector-strong -L/usr/local/lib'
    libpth=/usr/lib /usr/local/lib
    libs=-lpthread -lm -lutil -lc
    perllibs=-lpthread -lm -lutil -lc
    libc=/usr/lib/libc.so.92.3
    so=so
    useshrplib=false
    libperl=libperl.a
    gnulibc_version=''
  Dynamic Linking:
    dlsrc=dl_dlopen.xs
    dlext=so
    d_dlsymun=undef
    ccdlflags=' '
    cccdlflags='-DPIC -fPIC '
    lddlflags='-shared -fPIC  -L/usr/local/lib -fstack-protector-strong'


Characteristics of this binary (from libperl): 
  Compile-time options:
    HAS_TIMES
    MULTIPLICITY
    PERLIO_LAYERS
    PERL_COPY_ON_WRITE
    PERL_DONT_CREATE_GVSV
    PERL_IMPLICIT_CONTEXT
    PERL_MALLOC_WRAP
    PERL_OP_PARENT
    PERL_PRESERVE_IVUV
    USE_64_BIT_ALL
    USE_64_BIT_INT
    USE_ITHREADS
    USE_LARGE_FILES
    USE_LOCALE
    USE_LOCALE_COLLATE
    USE_LOCALE_CTYPE
    USE_LOCALE_NUMERIC
    USE_LOCALE_TIME
    USE_PERLIO
    USE_PERL_ATOF
    USE_REENTRANT_API
  Locally applied patches:
    Devel::PatchPerl 1.48
  Built under openbsd
  Compiled at Jun 10 2018 14:27:37
  %ENV:
    PERL5LIB=""
    PERL5OPT=""
    PERL5_CPANPLUS_IS_RUNNING="31133"
    PERL5_CPAN_IS_RUNNING="31133"
    PERL5_CPAN_IS_RUNNING_IN_RECURSION="71156,31133"
    PERLBREW_HOME="/home/goku/.perlbrew"
    PERLBREW_MANPATH="/home/goku/perl5/perlbrew/perls/perl-5.26.2/man"
    PERLBREW_PATH="/home/goku/perl5/perlbrew/bin:/home/goku/perl5/perlbrew/perls/perl-5.26.2/bin"
    PERLBREW_PERL="perl-5.26.2"
    PERLBREW_ROOT="/home/goku/perl5/perlbrew"
    PERLBREW_SHELLRC_VERSION="0.84"
    PERLBREW_VERSION="0.84"
    PERL_CR_SMOKER_CURRENT="MongoDB-Simple-0.005"
    PERL_EXTUTILS_AUTOINSTALL="--defaultdeps"
    PERL_MM_USE_DEFAULT="1"
  @INC:
    /home/goku/perl5/perlbrew/perls/perl-5.26.2/lib/site_perl/5.26.2/OpenBSD.amd64-openbsd-thread-multi
    /home/goku/perl5/perlbrew/perls/perl-5.26.2/lib/site_perl/5.26.2
    /home/goku/perl5/perlbrew/perls/perl-5.26.2/lib/5.26.2/OpenBSD.amd64-openbsd-thread-multi
    /home/goku/perl5/perlbrew/perls/perl-5.26.2/lib/5.26.2