Tk-Zinc v3.306 Perl 5 v5.10.1 x86_64-linux
- Status
- Fail
- From
- Andreas J. König (ANDK)
- Dist
-
Tk-Zinc v3.306
- Platform
- Perl 5 v5.10.1 x86_64-linux
- Date
- 2025-04-13 03:47:24
- ID
- 02f8d664-181a-11f0-907d-cc142fff2713
This distribution has been tested as part of the CPAN Testers
project, supporting the Perl programming language. See
http://wiki.cpantesters.org/ for more information or email
questions to cpan-testers-discuss@perl.org
--
Dear Alexander Becker,
This is a computer-generated report for Tk-Zinc-3.306
on perl 5.10.1, created by CPAN-Reporter-1.2018.
Thank you for uploading your work to CPAN. However, there was a problem
testing your distribution.
If you think this report is invalid, please consult the CPAN Testers Wiki
for suggestions on how to avoid getting FAIL reports for missing library
or binary dependencies, unsupported operating systems, and so on:
http://wiki.cpantesters.org/wiki/CPANAuthorNotes
Sections of this report:
* Tester comments
* Program output
* Prerequisites
* Environment and other context
------------------------------
TESTER COMMENTS
------------------------------
Additional comments from tester:
this report is from an automated smoke testing program
and was not reviewed by a human for accuracy
------------------------------
PROGRAM OUTPUT
------------------------------
Output from '/usr/bin/make test':
"/home/sand/src/perl/repoperls/installed-perls/host/k93msid/v5.10.1/da1c/bin/perl" -MExtUtils::Command::MM -e 'cp_nonempty' -- Zinc.bs blib/arch/auto/Tk/Zinc/Zinc.bs 644
make[1]: Entering directory '/tmp/loop_over_bdir-2639088-eewxzq/Tk-Zinc-3.306-0/demos'
Manifying 1 pod document
make[1]: Leaving directory '/tmp/loop_over_bdir-2639088-eewxzq/Tk-Zinc-3.306-0/demos'
make[1]: Entering directory '/tmp/loop_over_bdir-2639088-eewxzq/Tk-Zinc-3.306-0/demos'
"/home/sand/src/perl/repoperls/installed-perls/host/k93msid/v5.10.1/da1c/bin/perl" "-MExtUtils::Command::MM" "-MTest::Harness" "-e" "undef *Test::Harness::Switches; test_harness(0, '../blib/lib', '../blib/arch')" t/*.t
t/no-test.t .. ok
All tests successful.
Files=1, Tests=1, 0 wallclock secs ( 0.01 usr + 0.00 sys = 0.01 CPU)
Result: PASS
make[1]: Leaving directory '/tmp/loop_over_bdir-2639088-eewxzq/Tk-Zinc-3.306-0/demos'
"/home/sand/src/perl/repoperls/installed-perls/host/k93msid/v5.10.1/da1c/bin/perl" "-MExtUtils::Command::MM" "-MTest::Harness" "-e" "undef *Test::Harness::Switches; test_harness(0, 'blib/lib', 'blib/arch')" t/*.t
X Error of failed request: BadMatch (invalid parameter attributes)
Major opcode of failed request: 139 (RENDER)
Minor opcode of failed request: 4 (RenderCreatePicture)
Serial number of failed request: 400
Current serial number in output stream: 1003
t/AnimatedGradient.t ..........
Dubious, test returned 1 (wstat 256, 0x100)
Failed 10/11 subtests
X Error of failed request: BadMatch (invalid parameter attributes)
Major opcode of failed request: 139 (RENDER)
Minor opcode of failed request: 4 (RenderCreatePicture)
Serial number of failed request: 399
Current serial number in output stream: 1002
t/Bbox-curve-multi-contour.t ..
Dubious, test returned 1 (wstat 256, 0x100)
Failed 3/4 subtests
# ############## bbox test
t/Bbox.t ...................... ok
# ############## coords test
t/Coords.t .................... ok
# ############## Images test
t/find.t ...................... ok
X Error of failed request: BadMatch (invalid parameter attributes)
Major opcode of failed request: 139 (RENDER)
Minor opcode of failed request: 4 (RenderCreatePicture)
Serial number of failed request: 399
Current serial number in output stream: 1002
t/Images.t ....................
Dubious, test returned 1 (wstat 256, 0x100)
Failed 35/36 subtests
# ############## all imports
t/Import.t .................... ok
t/Maps.t ...................... ok
# ############## all known bugs
t/PreviousKnownBugs.t ......... ok
# ############## Scale clipped group test
t/Scale_clipped_group.t ....... ok
# ############## text items test
t/Text.t ...................... ok
X Error of failed request: BadMatch (invalid parameter attributes)
Major opcode of failed request: 139 (RENDER)
Minor opcode of failed request: 4 (RenderCreatePicture)
Serial number of failed request: 397
Current serial number in output stream: 1000
t/Text2.t .....................
Dubious, test returned 1 (wstat 256, 0x100)
Failed 49/51 subtests
# ############## Tk::Zinc::TraceUtils test
t/traceutils.t ................ ok
# ############## transformations test
t/Transformations.t ........... ok
Test Summary Report
-------------------
t/AnimatedGradient.t (Wstat: 256 (exited 1) Tests: 1 Failed: 0)
Non-zero exit status: 1
Parse errors: Bad plan. You planned 11 tests but ran 1.
t/Bbox-curve-multi-contour.t (Wstat: 256 (exited 1) Tests: 1 Failed: 0)
Non-zero exit status: 1
Parse errors: Bad plan. You planned 4 tests but ran 1.
t/Images.t (Wstat: 256 (exited 1) Tests: 1 Failed: 0)
Non-zero exit status: 1
Parse errors: Bad plan. You planned 36 tests but ran 1.
t/Text2.t (Wstat: 256 (exited 1) Tests: 2 Failed: 0)
Non-zero exit status: 1
Parse errors: Bad plan. You planned 51 tests but ran 2.
Files=14, Tests=117, 6 wallclock secs ( 0.06 usr 0.03 sys + 1.62 cusr 0.51 csys = 2.22 CPU)
Result: FAIL
Failed 4/14 test programs. 0/117 subtests failed.
make: *** [Makefile:1140: test_dynamic] Error 255
------------------------------
PREREQUISITES
------------------------------
Prerequisite modules loaded:
requires:
Module Need Have
------------------- ------- --------
ExtUtils::MakeMaker 6.98 7.70
perl 5.006 5.010001
Tk 800.004 804.036
build_requires:
Module Need Have
------------------- ------- --------
ExtUtils::MakeMaker 0 7.70
Test::More 0.98 1.302209
configure_requires:
Module Need Have
------------------- ------- --------
ExtUtils::MakeMaker 0 7.70
Tk 0 804.036
------------------------------
ENVIRONMENT AND OTHER CONTEXT
------------------------------
Environment variables:
AUTOMATED_TESTING = 1
LANG = en_US.UTF-8
LANGUAGE = en_US:en
PATH = /home/sand/bin:/usr/local/bin:/usr/bin:/bin:/usr/games:/usr/local/perl/bin:/usr/X11/bin:/sbin:/usr/sbin
PERL5LIB =
PERL5OPT =
PERL5_CPANPLUS_IS_RUNNING = 3555299
PERL5_CPAN_IS_RUNNING = 3555299
PERL_CANARY_STABILITY_NOPROMPT = 1
PERL_MM_USE_DEFAULT = 1
PERL_USE_UNSAFE_INC = 1
SHELL = /usr/bin/zsh
TERM = screen
Perl special variables (and OS-specific diagnostics, for MSWin32):
$^X = /home/sand/src/perl/repoperls/installed-perls/host/k93msid/v5.10.1/da1c/bin/perl
$UID/$EUID = 1005 / 1005
$GID = 1005 1005
$EGID = 1005 1005
Perl module toolchain versions installed:
Module Have
------------------- --------
CPAN 2.38
CPAN::Meta 2.150010
Cwd 3.75
ExtUtils::CBuilder 0.280236
ExtUtils::Command 7.70
ExtUtils::Install 2.22
ExtUtils::MakeMaker 7.70
ExtUtils::Manifest 1.75
ExtUtils::ParseXS 3.44
File::Spec 3.75
JSON 4.10
JSON::PP 4.17_01
Module::Build 0.4234
Module::Signature 0.89
Parse::CPAN::Meta 2.150010
Test::Harness 3.43_06
Test::More 1.302209
YAML 1.30
YAML::Syck 1.34
version 0.9932
--
Summary of my perl5 (revision 5 version 10 subversion 1) configuration:
Commit id: 5348debf9fd57fc15c26529386769684fab96e57
Platform:
osname=linux, osvers=5.16.0-5-amd64, archname=x86_64-linux
uname='linux k93msid 5.16.0-5-amd64 #1 smp preempt debian 5.16.14-1 (2022-03-15) x86_64 gnulinux '
config_args='-Dprefix=/home/sand/src/perl/repoperls/installed-perls/host/k93msid/v5.10.1/da1c -Dmyhostname=k93msid -Dinstallusrbinperl=n -Uversiononly -Dusedevel -des -Ui_db -Dlibswanted=cl pthread socket inet nsl gdbm dbm malloc dl ld sun m crypt sec util c cposix posix ucb BSD gdbm_compat -Uuseithreads -Uuselongdouble -DEBUGGING=-g'
hint=recommended, useposix=true, d_sigaction=define
useithreads=undef, usemultiplicity=undef
useperlio=define, d_sfio=undef, uselargefiles=define, usesocks=undef
use64bitint=define, use64bitall=define, uselongdouble=undef
usemymalloc=n, bincompat5005=undef
Compiler:
cc='cc', ccflags ='-fwrapv -fno-strict-aliasing -pipe -fstack-protector -I/usr/local/include -D_LARGEFILE_SOURCE -D_FILE_OFFSET_BITS=64',
optimize='-O2 -g',
cppflags='-fwrapv -fno-strict-aliasing -pipe -fstack-protector -I/usr/local/include'
ccversion='', gccversion='11.2.0', gccosandvers=''
intsize=4, longsize=8, ptrsize=8, doublesize=8, byteorder=12345678
d_longlong=define, longlongsize=8, d_longdbl=define, longdblsize=16
ivtype='long', ivsize=8, nvtype='double', nvsize=8, Off_t='off_t', lseeksize=8
alignbytes=8, prototype=define
Linker and Libraries:
ld='cc', ldflags =' -fstack-protector -L/usr/local/lib'
libpth=/usr/local/lib /lib/x86_64-linux-gnu /lib/../lib /usr/lib/x86_64-linux-gnu /usr/lib/../lib /lib /usr/lib
libs=-lpthread -lnsl -ldl -lm -lcrypt -lutil -lc
perllibs=-lpthread -lnsl -ldl -lm -lcrypt -lutil -lc
libc=libc-2.33.so, so=so, useshrplib=false, libperl=libperl.a
gnulibc_version='2.33'
Dynamic Linking:
dlsrc=dl_dlopen.xs, dlext=so, d_dlsymun=undef, ccdlflags='-Wl,-E'
cccdlflags='-fPIC', lddlflags='-shared -O2 -g -L/usr/local/lib -fstack-protector'
Characteristics of this binary (from libperl):
Compile-time options: PERL_DONT_CREATE_GVSV PERL_MALLOC_WRAP PERL_USE_DEVEL
USE_64_BIT_ALL USE_64_BIT_INT USE_LARGE_FILES
USE_PERLIO
Built under linux
Compiled at Mar 20 2022 12:37:09
%ENV:
PERL5LIB=""
PERL5OPT=""
PERL5_CPANPLUS_IS_RUNNING="3555299"
PERL5_CPAN_IS_RUNNING="3555299"
PERL_CANARY_STABILITY_NOPROMPT="1"
PERL_MM_USE_DEFAULT="1"
PERL_USE_UNSAFE_INC="1"
@INC:
/home/sand/src/perl/repoperls/installed-perls/host/k93msid/v5.10.1/da1c/lib/5.10.1/x86_64-linux
/home/sand/src/perl/repoperls/installed-perls/host/k93msid/v5.10.1/da1c/lib/5.10.1
/home/sand/src/perl/repoperls/installed-perls/host/k93msid/v5.10.1/da1c/lib/site_perl/5.10.1/x86_64-linux
/home/sand/src/perl/repoperls/installed-perls/host/k93msid/v5.10.1/da1c/lib/site_perl/5.10.1
.