Module-Build-Functions v0.04 Perl 5 v5.15.7 x86_64-linux

Status
Fail
From
Andreas J. König (ANDK)
Dist
Module-Build-Functions v0.04
Platform
Perl 5 v5.15.7 x86_64-linux
Date
2012-02-06 09:43:23
ID
02e76148-50a7-11e1-a4b2-e25c9aeef8c6
This distribution has been tested as part of the CPAN Testers
project, supporting the Perl programming language.  See
http://wiki.cpantesters.org/ for more information or email
questions to cpan-testers-discuss@perl.org


--
Dear Nickolay Platonov,

This is a computer-generated report for Module-Build-Functions-0.04
on perl 5.15.7, created by CPAN-Reporter-1.2003.

Thank you for uploading your work to CPAN.  However, there was a problem
testing your distribution.

If you think this report is invalid, please consult the CPAN Testers Wiki
for suggestions on how to avoid getting FAIL reports for missing library
or binary dependencies, unsupported operating systems, and so on:

http://wiki.cpantesters.org/wiki/CPANAuthorNotes

Sections of this report:

    * Tester comments
    * Program output
    * Prerequisites
    * Environment and other context

------------------------------
TESTER COMMENTS
------------------------------

Additional comments from tester:

this report is from an automated smoke testing program
and was not reviewed by a human for accuracy

------------------------------
PROGRAM OUTPUT
------------------------------

Output from './Build test':

t/00_load.t ....................... ok
# Using Module::Build 0.3901
t/01_basic_and_share.t ............ ok

#   Failed test 'Module::Build was added to 'configure_requires''
#   at t/02_all_from.t line 21.
# Looks like you failed 1 test of 8.
t/02_all_from.t ................... 
Dubious, test returned 1 (wstat 256, 0x100)
Failed 1/8 subtests 
t/03_meta.t ....................... ok
# Using Module::Build 0.3901
t/04_basic_and_share_with_dsl.t ... ok
t/05_dsl.t ........................ ok
t/06_no_littering.t ............... ok
t/07_test_prereq.t ................ ok
# Using Module::Build 0.3901
t/081_custom_subclass_with_dsl.t .. ok
# Using Module::Build 0.3901
t/08_custom_subclass.t ............ ok
t/80_perlcritic.t ................. skipped: Author tests not required for installation
t/81_pod.t ........................ skipped: Author tests not required for installation
t/82_pod-coverage.t ............... skipped: Author tests not required for installation
t/83_version.t .................... skipped: Author tests not required for installation
t/84_minimumversion.t ............. skipped: Author tests not required for installation
t/85_meta.t ....................... skipped: Author tests not required for installation
t/86_manifest.t ................... skipped: Author tests not required for installation
t/89_prereq.t ..................... skipped: Author tests not required for installation

Test Summary Report
-------------------
t/02_all_from.t                 (Wstat: 256 Tests: 8 Failed: 1)
  Failed test:  1
  Non-zero exit status: 1
Files=18, Tests=72, 17 wallclock secs ( 0.07 usr  0.02 sys + 15.61 cusr  0.68 csys = 16.38 CPU)
Result: FAIL
Failed 1/18 test programs. 1/72 subtests failed.

------------------------------
PREREQUISITES
------------------------------

Prerequisite modules loaded:

requires:

    Module        Need    Have    
    ------------- ------- --------
    File::Slurp   0       9999.19 
    Module::Build 0.07    0.39_01 
    perl          5.00503 5.015007

build_requires:

    Module        Need    Have    
    ------------- ------- --------
    Capture::Tiny 0.06    0.15    
    Module::Build 0.31    0.39_01 
    Test::Compile 0       0.15    
    Test::More    0       0.98    

configure_requires:

    Module        Need    Have    
    ------------- ------- --------
    Module::Build 0.31    0.39_01 


------------------------------
ENVIRONMENT AND OTHER CONTEXT
------------------------------

Environment variables:

    AUTOMATED_TESTING = 1
    LANG = en_US.UTF-8
    LANGUAGE = en_US:en
    PATH = /home/sand/bin:/usr/local/bin:/usr/bin:/bin:/usr/bin/X11:/usr/games:/usr/local/perl/bin:/usr/X11/bin:/sbin:/usr/sbin
    PERL5LIB = 
    PERL5OPT = 
    PERL5_CPANPLUS_IS_RUNNING = 21144
    PERL5_CPAN_IS_RUNNING = 21144
    PERL_MM_USE_DEFAULT = 1
    SHELL = /usr/bin/zsh
    TERM = screen

Perl special variables (and OS-specific diagnostics, for MSWin32):

    $^X = /home/sand/src/perl/repoperls/installed-perls/perl/v5.15.7-107-g422d641/a2da/bin/perl
    $UID/$EUID = 1005 / 1005
    $GID = 1005 1005
    $EGID = 1005 1005

Perl module toolchain versions installed:

    Module              Have    
    ------------------- --------
    CPAN                1.9800  
    CPAN::Meta          2.120351
    Cwd                 3.39_01 
    ExtUtils::CBuilder  0.280205
    ExtUtils::Command   1.17    
    ExtUtils::Install   1.57    
    ExtUtils::MakeMaker 6.63_02 
    ExtUtils::Manifest  1.61    
    ExtUtils::ParseXS   3.15    
    File::Spec          3.39_01 
    JSON                2.53    
    JSON::PP            2.27200 
    Module::Build       0.39_01 
    Module::Signature   0.68    
    Parse::CPAN::Meta   1.4401  
    Test::Harness       3.23    
    Test::More          0.98    
    YAML                0.78    
    YAML::Syck          1.19    
    version             0.96    


--

Summary of my perl5 (revision 5 version 15 subversion 7) configuration:
  Commit id: 422d6414d26e413a69e401207deaf53fb640b369
  Platform:
    osname=linux, osvers=2.6.32-5-amd64, archname=x86_64-linux-thread-multi-ld
    uname='linux k83 2.6.32-5-amd64 #1 smp thu nov 3 03:41:26 utc 2011 x86_64 gnulinux '
    config_args='-Dprefix=/home/src/perl/repoperls/installed-perls/perl/v5.15.7-107-g422d641/a2da -Dmyhostname=k83 -Dinstallusrbinperl=n -Uversiononly -Dusedevel -des -Ui_db -Duseithreads -Duselongdouble -DDEBUGGING=-g'
    hint=recommended, useposix=true, d_sigaction=define
    useithreads=define, usemultiplicity=define
    useperlio=define, d_sfio=undef, uselargefiles=define, usesocks=undef
    use64bitint=define, use64bitall=define, uselongdouble=define
    usemymalloc=n, bincompat5005=undef
  Compiler:
    cc='cc', ccflags ='-D_REENTRANT -D_GNU_SOURCE -fno-strict-aliasing -pipe -fstack-protector -I/usr/local/include -D_LARGEFILE_SOURCE -D_FILE_OFFSET_BITS=64',
    optimize='-O2 -g',
    cppflags='-D_REENTRANT -D_GNU_SOURCE -fno-strict-aliasing -pipe -fstack-protector -I/usr/local/include'
    ccversion='', gccversion='4.4.5', gccosandvers=''
    intsize=4, longsize=8, ptrsize=8, doublesize=8, byteorder=12345678
    d_longlong=define, longlongsize=8, d_longdbl=define, longdblsize=16
    ivtype='long', ivsize=8, nvtype='long double', nvsize=16, Off_t='off_t', lseeksize=8
    alignbytes=16, prototype=define
  Linker and Libraries:
    ld='cc', ldflags =' -fstack-protector -L/usr/local/lib'
    libpth=/usr/local/lib /lib/../lib /usr/lib/../lib /lib /usr/lib /lib64 /usr/lib64
    libs=-lnsl -ldb -ldl -lm -lcrypt -lutil -lpthread -lc
    perllibs=-lnsl -ldl -lm -lcrypt -lutil -lpthread -lc
    libc=/lib/libc-2.11.2.so, so=so, useshrplib=false, libperl=libperl.a
    gnulibc_version='2.11.2'
  Dynamic Linking:
    dlsrc=dl_dlopen.xs, dlext=so, d_dlsymun=undef, ccdlflags='-Wl,-E'
    cccdlflags='-fPIC', lddlflags='-shared -O2 -g -L/usr/local/lib -fstack-protector'


Characteristics of this binary (from libperl): 
  Compile-time options: HAS_TIMES MULTIPLICITY PERLIO_LAYERS
                        PERL_DONT_CREATE_GVSV PERL_IMPLICIT_CONTEXT
                        PERL_MALLOC_WRAP PERL_PRESERVE_IVUV PERL_USE_DEVEL
                        USE_64_BIT_ALL USE_64_BIT_INT USE_ITHREADS
                        USE_LARGE_FILES USE_LOCALE USE_LOCALE_COLLATE
                        USE_LOCALE_CTYPE USE_LOCALE_NUMERIC USE_LONG_DOUBLE
                        USE_PERLIO USE_PERL_ATOF USE_REENTRANT_API
  Built under linux
  Compiled at Jan 29 2012 03:17:14
  %ENV:
    PERL5LIB=""
    PERL5OPT=""
    PERL5_CPANPLUS_IS_RUNNING="21144"
    PERL5_CPAN_IS_RUNNING="21144"
    PERL_MM_USE_DEFAULT="1"
  @INC:
    /home/src/perl/repoperls/installed-perls/perl/v5.15.7-107-g422d641/a2da/lib/site_perl/5.15.7/x86_64-linux-thread-multi-ld
    /home/src/perl/repoperls/installed-perls/perl/v5.15.7-107-g422d641/a2da/lib/site_perl/5.15.7
    /home/src/perl/repoperls/installed-perls/perl/v5.15.7-107-g422d641/a2da/lib/5.15.7/x86_64-linux-thread-multi-ld
    /home/src/perl/repoperls/installed-perls/perl/v5.15.7-107-g422d641/a2da/lib/5.15.7
    .