Spreadsheet-XLSX-Reader-LibXML vv0.44.6 Perl 5 v5.22.1 x86_64-linux-thread-multi
- Status
- Fail
- From
- David Cantrell (DCANTRELL)
- Dist
-
Spreadsheet-XLSX-Reader-LibXML vv0.44.6
- Platform
- Perl 5 v5.22.1 x86_64-linux-thread-multi
- Date
- 2016-06-30 15:40:45
- ID
- 02c840fe-3ed9-11e6-86d2-a71d2ec07716
This distribution has been tested as part of the CPAN Testers
project, supporting the Perl programming language. See
http://wiki.cpantesters.org/ for more information or email
questions to cpan-testers-discuss@perl.org
--
Dear Jed Lund,
This is a computer-generated report for Spreadsheet-XLSX-Reader-LibXML-v0.44.6
on perl 5.22.1, created by CPAN-Reporter-1.2015.
Thank you for uploading your work to CPAN. However, there was a problem
testing your distribution.
If you think this report is invalid, please consult the CPAN Testers Wiki
for suggestions on how to avoid getting FAIL reports for missing library
or binary dependencies, unsupported operating systems, and so on:
http://wiki.cpantesters.org/wiki/CPANAuthorNotes
Sections of this report:
* Tester comments
* Program output
* Prerequisites
* Environment and other context
------------------------------
TESTER COMMENTS
------------------------------
Additional comments from tester:
this report is from an automated smoke testing program
and was not reviewed by a human for accuracy
------------------------------
PROGRAM OUTPUT
------------------------------
Output from '/usr/bin/make test':
PERL_DL_NONLAZY=1 "/home/david/cpantesting/perl-5.22.1/bin/perl" "-MExtUtils::Command::MM" "-MTest::Harness" "-e" "undef *Test::Harness::Switches; test_harness(0, 'blib/lib', 'blib/arch')" t/Spreadsheet/XLSX/Reader/*.t t/Spreadsheet/XLSX/Reader/LibXML/*.t t/Spreadsheet/XLSX/Reader/LibXML/XMLReader/*.t
t/Spreadsheet/XLSX/Reader/01-libxml.t ...........................
All 103 subtests passed
t/Spreadsheet/XLSX/Reader/02-open_by_worksheet_bug.t ............
All 23 subtests passed
t/Spreadsheet/XLSX/Reader/03-temp_dir_bug.t .....................
Failed 1/3 subtests
t/Spreadsheet/XLSX/Reader/04-no_pivot_bug.t .....................
All 6 subtests passed
t/Spreadsheet/XLSX/Reader/05-chart_bug.t ........................
All 30 subtests passed
t/Spreadsheet/XLSX/Reader/06-stacked_flags.t .................... ok
t/Spreadsheet/XLSX/Reader/07-losing_is_hidden_bug.t .............
All 4 subtests passed
t/Spreadsheet/XLSX/Reader/08-open_spreadsheet_ml_files.t ........
All 75 subtests passed
# Failed test 'Write any error messages from the file load'
# at t/Spreadsheet/XLSX/Reader/09-open_MySQL_data.t line 176.
# undef
# doesn't match '(?^:No \'Styles\' element with content found)'
# Looks like you failed 1 test of 36.
t/Spreadsheet/XLSX/Reader/09-open_MySQL_data.t ..................
Failed 1/36 subtests
t/Spreadsheet/XLSX/Reader/49-shared_strings_bug.t ...............
All 29 subtests passed
t/Spreadsheet/XLSX/Reader/51-percent_file_bug.t ................. ok
t/Spreadsheet/XLSX/Reader/60-hidden_formatting_bug.t ............
All 88 subtests passed
t/Spreadsheet/XLSX/Reader/68-read_xlsm_feature.t ................
All 5 subtests passed
t/Spreadsheet/XLSX/Reader/LibXML/01-types.t ..................... ok
t/Spreadsheet/XLSX/Reader/LibXML/02-error.t ..................... ok
t/Spreadsheet/XLSX/Reader/LibXML/04-xml_reader.t ................ ok
t/Spreadsheet/XLSX/Reader/LibXML/05-cell_to_column_row.t ........ ok
t/Spreadsheet/XLSX/Reader/LibXML/07-fmt_default.t ............... ok
t/Spreadsheet/XLSX/Reader/LibXML/08-parse_excel_fmt_string.t .... ok
t/Spreadsheet/XLSX/Reader/LibXML/09-cell.t ...................... ok
# Failed test 'Check row -2- and column -7- (end of row position) should return undef'
# at t/Spreadsheet/XLSX/Reader/LibXML/10-worksheet.t line 575.
# got: 'EOR'
# expected: undef
# Failed test 'Check row -14- and -0- (end of file position) should return undef'
# at t/Spreadsheet/XLSX/Reader/LibXML/10-worksheet.t line 577.
# got: 'EOF'
# expected: undef
# Failed test 'Checking the method -cell_id- value at position -4- is: B7'
# at t/Spreadsheet/XLSX/Reader/LibXML/10-worksheet.t line 626.
# got: 'B6'
# expected: 'B7'
# Failed test 'Checking the method -type- value at position -4- is: Numeric'
# at t/Spreadsheet/XLSX/Reader/LibXML/10-worksheet.t line 626.
# got: 'Text'
# expected: 'Numeric'
# Failed test 'Checking the method -unformatted- value at position -4- is: 69'
# at t/Spreadsheet/XLSX/Reader/LibXML/10-worksheet.t line 626.
# got: undef
# expected: '69'
# Failed test 'Checking the method -value- value at position -4- is: 69'
# at t/Spreadsheet/XLSX/Reader/LibXML/10-worksheet.t line 626.
# got: undef
# expected: '69'
# Failed test 'Checking the method -row- value at position -4- is: 6'
# at t/Spreadsheet/XLSX/Reader/LibXML/10-worksheet.t line 626.
# got: '5'
# expected: '6'
# Failed test 'Checking the method -unformatted- value at position -5- is: 27'
# at t/Spreadsheet/XLSX/Reader/LibXML/10-worksheet.t line 626.
# got: '69'
# expected: '27'
# Failed test 'Checking the method -value- value at position -5- is: 27'
# at t/Spreadsheet/XLSX/Reader/LibXML/10-worksheet.t line 626.
# got: '69'
# expected: '27'
# Failed test 'Checking the method -row- value at position -5- is: 7'
# at t/Spreadsheet/XLSX/Reader/LibXML/10-worksheet.t line 626.
# got: '6'
# expected: '7'
# Failed test 'Checking the method -cell_id- value at position -5- is: B8'
# at t/Spreadsheet/XLSX/Reader/LibXML/10-worksheet.t line 626.
# got: 'B7'
# expected: 'B8'
# Failed test 'Checking the method -col- value at position -6- is: 4'
# at t/Spreadsheet/XLSX/Reader/LibXML/10-worksheet.t line 626.
# got: '1'
# expected: '4'
# Failed test 'Checking the method -type- value at position -6- is: Date'
# at t/Spreadsheet/XLSX/Reader/LibXML/10-worksheet.t line 626.
# got: 'Numeric'
# expected: 'Date'
Cannot delegate coercion_name to display_name because the value of cell_coercion is not defined at /home/david/cpantesting/perl-5.22.1/lib/site_perl/5.22.1/x86_64-linux-thread-multi/Moose/Meta/Method/Delegation.pm line 95
Spreadsheet::XLSX::Reader::LibXML::Cell::coercion_name('Spreadsheet::XLSX::Reader::LibXML::Cell=HASH(0x4b1b7a8)') called at t/Spreadsheet/XLSX/Reader/LibXML/10-worksheet.t line 626
t/Spreadsheet/XLSX/Reader/LibXML/10-worksheet.t .................
Failed 384/784 subtests
t/Spreadsheet/XLSX/Reader/LibXML/11-xml_to_perl_data.t .......... ok
t/Spreadsheet/XLSX/Reader/LibXML/12-format_interface.t .......... ok
t/Spreadsheet/XLSX/Reader/LibXML/13-sharedstrings_interface.t ...
Failed 18/66 subtests
# Failed test 'Check that the excel number coercion at format position 2 is named: Excel_date_164'
# at t/Spreadsheet/XLSX/Reader/LibXML/15-styles_interface.t line 255.
# got: 'DATESTRING_0'
# expected: 'Excel_date_164'
# Looks like you failed 1 test of 17.
t/Spreadsheet/XLSX/Reader/LibXML/15-styles_interface.t ..........
Dubious, test returned 1 (wstat 256, 0x100)
Failed 1/17 subtests
t/Spreadsheet/XLSX/Reader/LibXML/16-worksheet_to_row.t ..........
Failed 691/1185 subtests
t/Spreadsheet/XLSX/Reader/LibXML/20-empty_sharedstrings_bug.t ... ok
t/Spreadsheet/XLSX/Reader/LibXML/52-merge_function_alignment.t ..
All 38 subtests passed
t/Spreadsheet/XLSX/Reader/LibXML/81-text_in_worksheet_bug.t ..... ok
t/Spreadsheet/XLSX/Reader/LibXML/91-quote_in_style_line_bug.t ... ok
t/Spreadsheet/XLSX/Reader/LibXML/XMLReader/01-extract_file.t .... ok
Test Summary Report
-------------------
t/Spreadsheet/XLSX/Reader/01-libxml.t (Wstat: 11 Tests: 103 Failed: 0)
Non-zero wait status: 11
Parse errors: No plan found in TAP output
t/Spreadsheet/XLSX/Reader/02-open_by_worksheet_bug.t (Wstat: 6 Tests: 23 Failed: 0)
Non-zero wait status: 6
t/Spreadsheet/XLSX/Reader/03-temp_dir_bug.t (Wstat: 11 Tests: 2 Failed: 0)
Non-zero wait status: 11
Parse errors: Bad plan. You planned 3 tests but ran 2.
t/Spreadsheet/XLSX/Reader/04-no_pivot_bug.t (Wstat: 6 Tests: 6 Failed: 0)
Non-zero wait status: 6
t/Spreadsheet/XLSX/Reader/05-chart_bug.t (Wstat: 11 Tests: 30 Failed: 0)
Non-zero wait status: 11
t/Spreadsheet/XLSX/Reader/07-losing_is_hidden_bug.t (Wstat: 6 Tests: 4 Failed: 0)
Non-zero wait status: 6
t/Spreadsheet/XLSX/Reader/08-open_spreadsheet_ml_files.t (Wstat: 6 Tests: 75 Failed: 0)
Non-zero wait status: 6
t/Spreadsheet/XLSX/Reader/09-open_MySQL_data.t (Wstat: 6 Tests: 36 Failed: 1)
Failed test: 2
Non-zero wait status: 6
t/Spreadsheet/XLSX/Reader/49-shared_strings_bug.t (Wstat: 11 Tests: 29 Failed: 0)
Non-zero wait status: 11
t/Spreadsheet/XLSX/Reader/60-hidden_formatting_bug.t (Wstat: 11 Tests: 88 Failed: 0)
Non-zero wait status: 11
t/Spreadsheet/XLSX/Reader/68-read_xlsm_feature.t (Wstat: 11 Tests: 5 Failed: 0)
Non-zero wait status: 11
t/Spreadsheet/XLSX/Reader/LibXML/10-worksheet.t (Wstat: 11 Tests: 413 Failed: 13)
Failed tests: 363-364, 398, 400-403, 405-408, 412-413
Non-zero wait status: 11
Parse errors: Bad plan. You planned 784 tests but ran 413.
t/Spreadsheet/XLSX/Reader/LibXML/13-sharedstrings_interface.t (Wstat: 6 Tests: 48 Failed: 0)
Non-zero wait status: 6
Parse errors: Bad plan. You planned 66 tests but ran 48.
t/Spreadsheet/XLSX/Reader/LibXML/15-styles_interface.t (Wstat: 256 Tests: 17 Failed: 1)
Failed test: 14
Non-zero exit status: 1
t/Spreadsheet/XLSX/Reader/LibXML/16-worksheet_to_row.t (Wstat: 6 Tests: 494 Failed: 0)
Non-zero wait status: 6
Parse errors: Bad plan. You planned 1185 tests but ran 494.
t/Spreadsheet/XLSX/Reader/LibXML/52-merge_function_alignment.t (Wstat: 11 Tests: 38 Failed: 0)
Non-zero wait status: 11
Files=31, Tests=3398, 42 wallclock secs ( 0.29 usr 0.14 sys + 20.78 cusr 1.51 csys = 22.72 CPU)
Result: FAIL
Failed 16/31 test programs. 15/3398 subtests failed.
make: *** [test_dynamic] Error 255
------------------------------
PREREQUISITES
------------------------------
Prerequisite modules loaded:
requires:
Module Need Have
------------------------------- -------- ----------
Archive::Zip 0 1.57
Capture::Tiny 0 0.30
Carp 0 1.36
Clone 0 0.38
Data::Dumper 0 2.158
DateTime 0 1.33
DateTime::Format::Flexible 0 0.26
DateTimeX::Format::Excel 0.012 v0.14.0
Devel::StackTrace 0 2.01
Encode 0 2.72
File::Temp 0 0.2304
IO::File 0 1.16
lib 0 0.63
List::Util 1.33 1.41
Modern::Perl 0 1.20150127
Moose 2.1213 2.1804
Moose::Role 0 2.1804
MooseX::HasDefaults::RO 0 0
MooseX::ShortCut::BuildInstance 1.032 v1.40.2
MooseX::StrictConstructor 0 0.19
perl 5.010 5.022001
strict 0 1.09
Try::Tiny 0 0.24
Type::Coercion 0 1.000005
Type::Library 1.000 1.000005
Type::Tiny 1.000 1.000005
Type::Utils 0 1.000005
Types::Standard 0 1.000005
version 0.77 0.9909
warnings 0 1.34
XML::LibXML 0 2.0126
XML::LibXML::Reader 0 2.0126
build_requires:
Module Need Have
------------------------------- -------- ----------
Archive::Zip 0 1.57
Carp 0 1.36
Clone 0 0.38
DateTime::Format::Flexible 0 0.26
DateTimeX::Format::Excel 0.012 v0.14.0
ExtUtils::MakeMaker 7.04 7.04_01
IO::File 0 1.16
List::Util 1.33 1.41
Moose 2.1213 2.1804
Moose::Role 0 2.1804
MooseX::HasDefaults::RO 0 0
MooseX::ShortCut::BuildInstance 1.032 v1.40.2
MooseX::StrictConstructor 0 0.19
Spreadsheet::ParseExcel 0 0.65
Sub::Exporter::ForMethods 0.100052 0.100052
Test::Moose 0 2.1804
Test::Most 0 0.34
Test::TypeTiny 0 1.000005
Text::Diff 0 1.44
Type::Tiny 1.000 1.000005
version 0.77 0.9909
XML::LibXML 0 2.0126
XML::LibXML::Reader 0 2.0126
configure_requires:
Module Need Have
------------------------------- -------- ----------
Alien::LibXML 0.003 0.003
ExtUtils::MakeMaker 7.04 7.04_01
------------------------------
ENVIRONMENT AND OTHER CONTEXT
------------------------------
Environment variables:
AUTOMATED_TESTING = 1
NONINTERACTIVE_TESTING = 1
PATH = /usr/local/bin:/usr/bin:/bin:/usr/games
PERL = 5.22.1
PERL5LIB =
PERL5OPT =
PERL5_CPANPLUS_IS_RUNNING = 18368
PERL5_CPAN_IS_RUNNING = 18368
PERLVER = 5.22.1
PERL_INLINE_DIRECTORY = /home/david/.Inline-5.22.1
PERL_MM_USE_DEFAULT = 1
SHELL = /bin/bash
TERM = screen
Perl special variables (and OS-specific diagnostics, for MSWin32):
$^X = /home/david/cpantesting/perl-5.22.1/bin/perl
$UID/$EUID = 1000 / 1000
$GID = 1000 1000
$EGID = 1000 1000
Perl module toolchain versions installed:
Module Have
------------------- --------
CPAN 2.11
CPAN::Meta 2.150001
Cwd 3.56
ExtUtils::CBuilder 0.280221
ExtUtils::Command 1.20
ExtUtils::Install 2.04
ExtUtils::MakeMaker 7.04_01
ExtUtils::Manifest 1.70
ExtUtils::ParseXS 3.28
File::Spec 3.56
JSON 2.90
JSON::PP 2.27300
Module::Build 0.4214
Module::Signature n/a
Parse::CPAN::Meta 1.4414
Test::Harness 3.35
Test::More 1.302035
YAML 1.15
YAML::Syck n/a
version 0.9909
--
Summary of my perl5 (revision 5 version 22 subversion 1) configuration:
Platform:
osname=linux, osvers=3.16.0-4-amd64, archname=x86_64-linux-thread-multi
uname='linux pigsty.barnyard.co.uk 3.16.0-4-amd64 #1 smp debian 3.16.7-ckt2-1 (2014-12-08) x86_64 gnulinux '
config_args='-de -Dprefix=/home/david/cpantesting/perl-5.22.1 -Dusethreads -Duse64bitall'
hint=recommended, useposix=true, d_sigaction=define
useithreads=define, usemultiplicity=define
use64bitint=define, use64bitall=define, uselongdouble=undef
usemymalloc=n, bincompat5005=undef
Compiler:
cc='cc', ccflags ='-D_REENTRANT -D_GNU_SOURCE -fno-strict-aliasing -pipe -fstack-protector -I/usr/local/include -D_LARGEFILE_SOURCE -D_FILE_OFFSET_BITS=64 -D_FORTIFY_SOURCE=2',
optimize='-O2',
cppflags='-D_REENTRANT -D_GNU_SOURCE -fno-strict-aliasing -pipe -fstack-protector -I/usr/local/include'
ccversion='', gccversion='4.1.2 20061115 (prerelease) (Debian 4.1.1-21)', gccosandvers=''
intsize=4, longsize=8, ptrsize=8, doublesize=8, byteorder=12345678, doublekind=3
d_longlong=define, longlongsize=8, d_longdbl=define, longdblsize=16, longdblkind=3
ivtype='long', ivsize=8, nvtype='double', nvsize=8, Off_t='off_t', lseeksize=8
alignbytes=8, prototype=define
Linker and Libraries:
ld='cc', ldflags =' -fstack-protector -L/usr/local/lib'
libpth=/usr/local/lib /usr/lib /lib /lib64 /usr/lib64
libs=-lpthread -lnsl -lgdbm -ldb -ldl -lm -lcrypt -lutil -lc -lgdbm_compat
perllibs=-lpthread -lnsl -ldl -lm -lcrypt -lutil -lc
libc=libc-2.3.6.so, so=so, useshrplib=false, libperl=libperl.a
gnulibc_version='2.3.6'
Dynamic Linking:
dlsrc=dl_dlopen.xs, dlext=so, d_dlsymun=undef, ccdlflags='-Wl,-E'
cccdlflags='-fPIC', lddlflags='-shared -O2 -L/usr/local/lib -fstack-protector'
Characteristics of this binary (from libperl):
Compile-time options: HAS_TIMES MULTIPLICITY PERLIO_LAYERS
PERL_DONT_CREATE_GVSV
PERL_HASH_FUNC_ONE_AT_A_TIME_HARD
PERL_IMPLICIT_CONTEXT PERL_MALLOC_WRAP
PERL_NEW_COPY_ON_WRITE PERL_PRESERVE_IVUV
USE_64_BIT_ALL USE_64_BIT_INT USE_ITHREADS
USE_LARGE_FILES USE_LOCALE USE_LOCALE_COLLATE
USE_LOCALE_CTYPE USE_LOCALE_NUMERIC USE_LOCALE_TIME
USE_PERLIO USE_PERL_ATOF USE_REENTRANT_API
Built under linux
Compiled at Jan 7 2016 17:43:18
%ENV:
PERL="5.22.1"
PERL5LIB=""
PERL5OPT=""
PERL5_CPANPLUS_IS_RUNNING="18368"
PERL5_CPAN_IS_RUNNING="18368"
PERLVER="5.22.1"
PERL_INLINE_DIRECTORY="/home/david/.Inline-5.22.1"
PERL_MM_USE_DEFAULT="1"
@INC:
/home/david/cpantesting/perl-5.22.1/lib/site_perl/5.22.1/x86_64-linux-thread-multi
/home/david/cpantesting/perl-5.22.1/lib/site_perl/5.22.1
/home/david/cpantesting/perl-5.22.1/lib/5.22.1/x86_64-linux-thread-multi
/home/david/cpantesting/perl-5.22.1/lib/5.22.1
.