HTML-Tested v0.57 Perl 5 v5.13.4 i386-freebsd

Status
Fail
From
Slaven Rezić (SREZIC)
Dist
HTML-Tested v0.57
Platform
Perl 5 v5.13.4 i386-freebsd
Date
2010-09-10 21:11:41
ID
02046f12-bd20-11df-93e6-9c67b8c0eaaf
This distribution has been tested as part of the CPAN Testers
project, supporting the Perl programming language.  See
http://wiki.cpantesters.org/ for more information or email
questions to cpan-testers-discuss@perl.org


--
Dear Boris Sukholitko,

This is a computer-generated report for HTML-Tested-0.57
on perl 5.13.4, created by CPAN-Reporter-1.18.

Thank you for uploading your work to CPAN.  However, there was a problem
testing your distribution.

If you think this report is invalid, please consult the CPAN Testers Wiki
for suggestions on how to avoid getting FAIL reports for missing library
or binary dependencies, unsupported operating systems, and so on:

http://wiki.cpantesters.org/wiki/CPANAuthorNotes

Sections of this report:

    * Tester comments
    * Program output
    * Prerequisites
    * Environment and other context

------------------------------
TESTER COMMENTS
------------------------------

Additional comments from tester:

none provided

------------------------------
PROGRAM OUTPUT
------------------------------

Output from '/usr/bin/make test':

PERL_DL_NONLAZY=1 /usr/home/cpansand/var/ctps/5134/install/perl-5.13.4/bin/perl "-MExtUtils::Command::MM" "-e" "test_harness(0, 'blib/lib', 'blib/arch')" t/*.t
t/001_load.t .......... ok
t/010_value.t ......... ok
t/020_list.t .......... ok
t/030_edit_box.t ...... ok
t/040_textarea.t ...... ok
t/050_tree.t .......... ok
t/060_pager.t ......... ok
t/070_password_box.t .. ok
t/080_dropdown.t ...... ok
t/090_checkbox.t ...... ok
t/100_link.t .......... ok
t/110_upload.t ........ ok
t/120_form.t .......... ok
t/130_submit.t ........ ok
t/140_hidden.t ........ ok
t/150_radio.t ......... ok
t/160_seal.t .......... ok
t/170_list_table.t .... ok
t/180_unicode.t ....... ok

#   Failed test at t/190_datetime.t line 54.
#     Structures begin differing at:
#          $got->{e} = ''
#     $expected->{e} = '27.10.1976'

#   Failed test at t/190_datetime.t line 62.
#                   'hello?id=dcf6e9741aeac913&e='
#     doesn't match '(?-xism:&e=27\.10\.1976)'
Can't call method "year" on an undefined value at t/190_datetime.t line 76.
 at t/190_datetime.t line 20
	main::__ANON__('Can\'t call method "year" on an undefined value at t/190_date...') called at t/190_datetime.t line 76
# Looks like you planned 37 tests but ran 19.
# Looks like you failed 2 tests of 19 run.
# Looks like your test exited with 2 just after 19.
t/190_datetime.t ...... 
Dubious, test returned 2 (wstat 512, 0x200)
Failed 20/37 subtests 
t/200_snippet.t ....... ok

Test Summary Report
-------------------
t/190_datetime.t    (Wstat: 512 Tests: 19 Failed: 2)
  Failed tests:  11, 14
  Non-zero exit status: 2
  Parse errors: Bad plan.  You planned 37 tests but ran 19.
Files=21, Tests=458,  3 wallclock secs ( 0.15 usr  0.04 sys +  2.05 cusr  0.33 csys =  2.57 CPU)
Result: FAIL
Failed 1/21 test programs. 2/458 subtests failed.
*** Error code 255

Stop in /var/tmp/CPAN-build/HTML-Tested-0.57-EoOPDv.

------------------------------
PREREQUISITES
------------------------------

Prerequisite modules loaded:

requires:

    Module                     Need Have   
    -------------------------- ---- -------
    Class::Accessor                 0.34   
    Class::Data::Inheritable        0.08   
    Class::Singleton                1.4    
    Crypt::Blowfish                 2.12   
    Crypt::CBC                 2.22 2.30   
    Data::Dumper                    2.126  
    DateTime                        0.61   
    DateTime::Format::Strptime      1.4000 
    Digest::CRC                     0.14   
    File::Slurp                     9999.13
    HTML::Entities                  3.68   
    Math::Combinatorics             0.09   
    Template                        2.22   
    Test::Simple               0.44 0.96   
    Text::Diff                      1.37   


------------------------------
ENVIRONMENT AND OTHER CONTEXT
------------------------------

Environment variables:

    DBIC_NO_WARN_BAD_PERL = 1
    PATH = /usr/local/bin:/usr/X11R6/bin:/usr/X11/bin:/usr/perl5.8.0/bin:/usr/bin:/bin:/usr/local/sbin:/usr/sbin:/sbin:/usr/local/pilot/bin:/home/cpansand/bin/freebsd8.0:/home/cpansand/bin/sh:/home/cpansand/bin:/usr/X386/bin:/usr/games:/home/cpansand/devel:/usr/home/e/eserte/src/perl/CPAN-Testers-ParallelSmoker/utils
    PERL = /usr/home/cpansand/var/ctps/5134/install/perl-5.13.4/bin/perl
    PERL5LIB = 
    PERL5OPT = 
    PERL5_CPANPLUS_IS_RUNNING = 11947
    PERL5_CPAN_IS_RUNNING = 11947
    PERL5_CPAN_IS_RUNNING_IN_RECURSION = 9925,11947
    PERL_BATCH = yes
    PERL_CPAN_REPORTER_DIR = /home/cpansand/var/ctps/5134/config/perl-5.13.4/cpanreporter
    PERL_EXTUTILS_AUTOINSTALL = --defaultdeps
    PERL_HTML_DISPLAY_CLASS = HTML::Display::Mozilla
    SHELL = /usr/local/bin/zsh
    TERM = xterm
    TMPDIR = /tmp/cpansmoker-1023

Perl special variables (and OS-specific diagnostics, for MSWin32):

    $^X = /usr/home/cpansand/var/ctps/5134/install/perl-5.13.4/bin/perl
    $UID/$EUID = 1023 / 1023
    $GID = 1023 1023
    $EGID = 1023 1023

Perl module toolchain versions installed:

    Module              Have   
    ------------------- -------
    CPAN                1.94_57
    Cwd                 3.31   
    ExtUtils::CBuilder  0.2703 
    ExtUtils::Command   1.16   
    ExtUtils::Install   1.55   
    ExtUtils::MakeMaker 6.5601 
    ExtUtils::Manifest  1.58   
    ExtUtils::ParseXS   2.2207 
    File::Spec          3.31_01
    Module::Build       0.3607 
    Module::Signature   0.66   
    Test::Harness       3.22   
    Test::More          0.96   
    YAML                0.72   
    YAML::Syck          1.14   
    version             0.82   


--

Summary of my perl5 (revision 5 version 13 subversion 4) configuration:
   
  Platform:
    osname=freebsd, osvers=8.0-release, archname=i386-freebsd
    uname='freebsd biokovo.herceg.de 8.0-release freebsd 8.0-release #0: sat nov 21 15:48:17 utc 2009 root@almeida.cse.buffalo.edu:usrobjusrsrcsysgeneric i386 '
    config_args='-ds -e -Uversiononly -Dinstallusrbinperl=n -Dusedevel -Dprefix=/home/cpansand/var/ctps/5134/install/perl-5.13.4'
    hint=recommended, useposix=true, d_sigaction=define
    useithreads=undef, usemultiplicity=undef
    useperlio=define, d_sfio=undef, uselargefiles=define, usesocks=undef
    use64bitint=undef, use64bitall=undef, uselongdouble=undef
    usemymalloc=n, bincompat5005=undef
  Compiler:
    cc='cc', ccflags ='-DHAS_FPSETMASK -DHAS_FLOATINGPOINT_H -fno-strict-aliasing -pipe -fstack-protector -I/usr/local/include',
    optimize='-O',
    cppflags='-DHAS_FPSETMASK -DHAS_FLOATINGPOINT_H -fno-strict-aliasing -pipe -fstack-protector -I/usr/local/include'
    ccversion='', gccversion='4.2.1 20070719  [FreeBSD]', gccosandvers=''
    intsize=4, longsize=4, ptrsize=4, doublesize=8, byteorder=1234
    d_longlong=define, longlongsize=8, d_longdbl=define, longdblsize=12
    ivtype='long', ivsize=4, nvtype='double', nvsize=8, Off_t='off_t', lseeksize=8
    alignbytes=4, prototype=define
  Linker and Libraries:
    ld='cc', ldflags ='-Wl,-E  -fstack-protector -L/usr/local/lib'
    libpth=/usr/lib /usr/local/lib
    libs=-lgdbm -lm -lcrypt -lutil -lc
    perllibs=-lm -lcrypt -lutil -lc
    libc=, so=so, useshrplib=false, libperl=libperl.a
    gnulibc_version=''
  Dynamic Linking:
    dlsrc=dl_dlopen.xs, dlext=so, d_dlsymun=undef, ccdlflags=' '
    cccdlflags='-DPIC -fPIC', lddlflags='-shared  -L/usr/local/lib -fstack-protector'


Characteristics of this binary (from libperl): 
  Compile-time options: PERL_DONT_CREATE_GVSV PERL_MALLOC_WRAP PERL_USE_DEVEL
                        USE_LARGE_FILES USE_PERLIO USE_PERL_ATOF
  Built under freebsd
  Compiled at Sep  7 2010 20:45:15
  %ENV:
    PERL="/usr/home/cpansand/var/ctps/5134/install/perl-5.13.4/bin/perl"
    PERL5LIB=""
    PERL5OPT=""
    PERL5_CPANPLUS_IS_RUNNING="11947"
    PERL5_CPAN_IS_RUNNING="11947"
    PERL5_CPAN_IS_RUNNING_IN_RECURSION="9925,11947"
    PERL_BATCH="yes"
    PERL_CPAN_REPORTER_DIR="/home/cpansand/var/ctps/5134/config/perl-5.13.4/cpanreporter"
    PERL_EXTUTILS_AUTOINSTALL="--defaultdeps"
    PERL_HTML_DISPLAY_CLASS="HTML::Display::Mozilla"
  @INC:
    /home/cpansand/var/ctps/5134/install/perl-5.13.4/lib/site_perl/5.13.4/i386-freebsd
    /home/cpansand/var/ctps/5134/install/perl-5.13.4/lib/site_perl/5.13.4
    /home/cpansand/var/ctps/5134/install/perl-5.13.4/lib/5.13.4/i386-freebsd
    /home/cpansand/var/ctps/5134/install/perl-5.13.4/lib/5.13.4
    .