Mail-SpamAssassin-Plugin-OpenPGP v1.0.4 Perl 5 v5.14.0 i686-linux

Status
Fail
From
Leon Brocard
Dist
Mail-SpamAssassin-Plugin-OpenPGP v1.0.4
Platform
Perl 5 v5.14.0 i686-linux
Date
2011-06-03 16:24:51
ID
01c0580e-8dfe-11e0-bf0c-ff7a4b218b54
This distribution has been tested as part of the CPAN Testers
project, supporting the Perl programming language.  See
http://wiki.cpantesters.org/ for more information or email
questions to cpan-testers-discuss@perl.org


--
Dear Dave Brondsema,

This is a computer-generated report for Mail-SpamAssassin-Plugin-OpenPGP-1.0.4
on perl 5.14.0, created by CPAN-Reporter-1.1902.

Thank you for uploading your work to CPAN.  However, there was a problem
testing your distribution.

If you think this report is invalid, please consult the CPAN Testers Wiki
for suggestions on how to avoid getting FAIL reports for missing library
or binary dependencies, unsupported operating systems, and so on:

http://wiki.cpantesters.org/wiki/CPANAuthorNotes

Sections of this report:

    * Tester comments
    * Program output
    * Prerequisites
    * Environment and other context

------------------------------
TESTER COMMENTS
------------------------------

Additional comments from tester:

this report is from an automated smoke testing program
and was not reviewed by a human for accuracy

------------------------------
PROGRAM OUTPUT
------------------------------

Output from './Build test':

defined(%hash) is deprecated at /home/lonesome/perl-5.14.0/lib/site_perl/5.14.0/Mail/SpamAssassin/Dns.pm line 762.
	(Maybe you should just omit the defined()?)
# Testing Mail::SpamAssassin::Plugin::OpenPGP 1.0.4, Perl 5.014000, /home/lonesome/perl-5.14.0/bin/perl
t/00-load.t ............... ok
# Make sure you set environment variable SCRIPT to point to your spamassassin executable (used by SATest.pm)
which: no spamassassin in (/usr/lib/ccache:/usr/local/bin:/bin:/usr/bin:/usr/local/sbin:/usr/sbin:/sbin:/home/lonesome/bin)
# Setting SCRIPT=
which: no spamc in (/usr/lib/ccache:/usr/local/bin:/bin:/usr/bin:/usr/local/sbin:/usr/sbin:/sbin:/home/lonesome/bin)
Can't exec "../spamc/spamc": No such file or directory at t/SATest.pm line 90.
Use of uninitialized value in pattern match (m//) at t/SATest.pm line 90.
Use of uninitialized value $Test::ntest in concatenation (.) or string at t/SATest.pm line 247.
Can't open perl script "../spamassassin": No such file or directory
	Not found: signed = OPENPGP_SIGNED

#   Failed test at t/SATest.pm line 592.
	Not found: signed_bad = OPENPGP_SIGNED_BAD

#   Failed test at t/SATest.pm line 592.
Use of uninitialized value $Test::ntest in concatenation (.) or string at t/SATest.pm line 247.
Can't open perl script "../spamassassin": No such file or directory
	Not found: signed = OPENPGP_SIGNED

#   Failed test at t/SATest.pm line 592.
	Not found: signed_bad = OPENPGP_SIGNED_BAD

#   Failed test at t/SATest.pm line 592.
Use of uninitialized value $Test::ntest in concatenation (.) or string at t/SATest.pm line 247.
Can't open perl script "../spamassassin": No such file or directory
	Not found: signed = OPENPGP_SIGNED

#   Failed test at t/SATest.pm line 592.
	Not found: signed_bad = OPENPGP_SIGNED_BAD

#   Failed test at t/SATest.pm line 592.
# Looks like you failed 6 tests of 9.
t/acceptance-bad.t ........ 
Dubious, test returned 6 (wstat 1536, 0x600)
Failed 6/9 subtests 
# Make sure you set environment variable SCRIPT to point to your spamassassin executable (used by SATest.pm)
which: no spamassassin in (/usr/lib/ccache:/usr/local/bin:/bin:/usr/bin:/usr/local/sbin:/usr/sbin:/sbin:/home/lonesome/bin)
# Setting SCRIPT=
which: no spamc in (/usr/lib/ccache:/usr/local/bin:/bin:/usr/bin:/usr/local/sbin:/usr/sbin:/sbin:/home/lonesome/bin)
Can't exec "../spamc/spamc": No such file or directory at t/SATest.pm line 90.
Use of uninitialized value in pattern match (m//) at t/SATest.pm line 90.
Use of uninitialized value $Test::ntest in concatenation (.) or string at t/SATest.pm line 247.
Can't open perl script "../spamassassin": No such file or directory
	Not found: encrypted = OPENPGP_ENCRYPTED

#   Failed test at t/SATest.pm line 592.
# Looks like you failed 1 test of 4.
t/acceptance-encrypted.t .. 
Dubious, test returned 1 (wstat 256, 0x100)
Failed 1/4 subtests 
# Make sure you set environment variable SCRIPT to point to your spamassassin executable (used by SATest.pm)
which: no spamassassin in (/usr/lib/ccache:/usr/local/bin:/bin:/usr/bin:/usr/local/sbin:/usr/sbin:/sbin:/home/lonesome/bin)
# Setting SCRIPT=
which: no spamc in (/usr/lib/ccache:/usr/local/bin:/bin:/usr/bin:/usr/local/sbin:/usr/sbin:/sbin:/home/lonesome/bin)
Can't exec "../spamc/spamc": No such file or directory at t/SATest.pm line 90.
Use of uninitialized value in pattern match (m//) at t/SATest.pm line 90.
Use of uninitialized value $Test::ntest in concatenation (.) or string at t/SATest.pm line 247.
Can't open perl script "../spamassassin": No such file or directory
	Not found: signed = OPENPGP_SIGNED

#   Failed test at t/SATest.pm line 592.
	Not found: signed_good = OPENPGP_SIGNED_GOOD

#   Failed test at t/SATest.pm line 592.
Use of uninitialized value $Test::ntest in concatenation (.) or string at t/SATest.pm line 247.
Can't open perl script "../spamassassin": No such file or directory
	Not found: signed = OPENPGP_SIGNED

#   Failed test at t/SATest.pm line 592.
	Not found: signed_good = OPENPGP_SIGNED_GOOD

#   Failed test at t/SATest.pm line 592.
Use of uninitialized value $Test::ntest in concatenation (.) or string at t/SATest.pm line 247.
Can't open perl script "../spamassassin": No such file or directory
	Not found: openpgp fingerprint = EAB0FABEDEA81AD4086902FE56F0526F9BB3CE70

#   Failed test at t/SATest.pm line 592.
	Not found: signed = OPENPGP_SIGNED

#   Failed test at t/SATest.pm line 592.
	Not found: signed_good = OPENPGP_SIGNED_GOOD

#   Failed test at t/SATest.pm line 592.
Use of uninitialized value $Test::ntest in concatenation (.) or string at t/SATest.pm line 247.
Can't open perl script "../spamassassin": No such file or directory
	Not found: signed = OPENPGP_SIGNED

#   Failed test at t/SATest.pm line 592.
	Not found: signed_good = OPENPGP_SIGNED_GOOD

#   Failed test at t/SATest.pm line 592.
Use of uninitialized value $Test::ntest in concatenation (.) or string at t/SATest.pm line 247.
Can't open perl script "../spamassassin": No such file or directory
	Not found: signed = OPENPGP_SIGNED

#   Failed test at t/SATest.pm line 592.
	Not found: signed_good = OPENPGP_SIGNED_GOOD

#   Failed test at t/SATest.pm line 592.
Use of uninitialized value $Test::ntest in concatenation (.) or string at t/SATest.pm line 247.
Can't open perl script "../spamassassin": No such file or directory
	Not found: signed = OPENPGP_SIGNED

#   Failed test at t/SATest.pm line 592.
	Not found: signed_good = OPENPGP_SIGNED_GOOD

#   Failed test at t/SATest.pm line 592.
Use of uninitialized value $Test::ntest in concatenation (.) or string at t/SATest.pm line 247.
Can't open perl script "../spamassassin": No such file or directory
	Not found: signed = OPENPGP_SIGNED

#   Failed test at t/SATest.pm line 592.
	Not found: signed_good = OPENPGP_SIGNED_GOOD

#   Failed test at t/SATest.pm line 592.
Use of uninitialized value $Test::ntest in concatenation (.) or string at t/SATest.pm line 247.
Can't open perl script "../spamassassin": No such file or directory
	Not found: signed = OPENPGP_SIGNED

#   Failed test at t/SATest.pm line 592.
	Not found: signed_good = OPENPGP_SIGNED_GOOD

#   Failed test at t/SATest.pm line 592.
Use of uninitialized value $Test::ntest in concatenation (.) or string at t/SATest.pm line 247.
Can't open perl script "../spamassassin": No such file or directory
	Not found: signed = OPENPGP_SIGNED

#   Failed test at t/SATest.pm line 592.
	Not found: signed_good = OPENPGP_SIGNED_GOOD

#   Failed test at t/SATest.pm line 592.
Use of uninitialized value $Test::ntest in concatenation (.) or string at t/SATest.pm line 247.
Can't open perl script "../spamassassin": No such file or directory
	Not found: signed = OPENPGP_SIGNED

#   Failed test at t/SATest.pm line 592.
	Not found: signed_good = OPENPGP_SIGNED_GOOD

#   Failed test at t/SATest.pm line 592.
# Looks like you failed 21 tests of 31.
t/acceptance-good.t ....... 
Dubious, test returned 21 (wstat 5376, 0x1500)
Failed 21/31 subtests 
# Make sure you set environment variable SCRIPT to point to your spamassassin executable (used by SATest.pm)
which: no spamassassin in (/usr/lib/ccache:/usr/local/bin:/bin:/usr/bin:/usr/local/sbin:/usr/sbin:/sbin:/home/lonesome/bin)
# Setting SCRIPT=
which: no spamc in (/usr/lib/ccache:/usr/local/bin:/bin:/usr/bin:/usr/local/sbin:/usr/sbin:/sbin:/home/lonesome/bin)
Can't exec "../spamc/spamc": No such file or directory at t/SATest.pm line 90.
Use of uninitialized value in pattern match (m//) at t/SATest.pm line 90.
Use of uninitialized value $Test::ntest in concatenation (.) or string at t/SATest.pm line 247.
Can't open perl script "../spamassassin": No such file or directory
Use of uninitialized value $Test::ntest in concatenation (.) or string at t/SATest.pm line 247.
Can't open perl script "../spamassassin": No such file or directory
Use of uninitialized value $Test::ntest in concatenation (.) or string at t/SATest.pm line 247.
Can't open perl script "../spamassassin": No such file or directory
t/acceptance-normal.t ..... ok
# Make sure you set environment variable SCRIPT to point to your spamassassin executable (used by SATest.pm)
which: no spamassassin in (/usr/lib/ccache:/usr/local/bin:/bin:/usr/bin:/usr/local/sbin:/usr/sbin:/sbin:/home/lonesome/bin)
# Setting SCRIPT=
which: no spamc in (/usr/lib/ccache:/usr/local/bin:/bin:/usr/bin:/usr/local/sbin:/usr/sbin:/sbin:/home/lonesome/bin)
Can't exec "../spamc/spamc": No such file or directory at t/SATest.pm line 90.
Use of uninitialized value in pattern match (m//) at t/SATest.pm line 90.
Use of uninitialized value $Test::ntest in concatenation (.) or string at t/SATest.pm line 247.
Can't open perl script "../spamassassin": No such file or directory
	Not found: signed = OPENPGP_SIGNED

#   Failed test at t/SATest.pm line 592.
# Looks like you failed 1 test of 3.
t/acceptance-unknown.t .... 
Dubious, test returned 1 (wstat 256, 0x100)
Failed 1/3 subtests 
t/boilerplate.t ........... ok
t/pod.t ................... ok

Test Summary Report
-------------------
t/acceptance-bad.t      (Wstat: 1536 Tests: 9 Failed: 6)
  Failed tests:  1-2, 4-5, 7-8
  Non-zero exit status: 6
t/acceptance-encrypted.t (Wstat: 256 Tests: 4 Failed: 1)
  Failed test:  1
  Non-zero exit status: 1
t/acceptance-good.t     (Wstat: 5376 Tests: 31 Failed: 21)
  Failed tests:  1-2, 4-5, 7-9, 11-12, 14-15, 17-18, 20-21
                23-24, 26-27, 29-30
  Non-zero exit status: 21
t/acceptance-unknown.t  (Wstat: 256 Tests: 3 Failed: 1)
  Failed test:  1
  Non-zero exit status: 1
Files=8, Tests=61,  1 wallclock secs ( 0.05 usr  0.01 sys +  1.07 cusr  0.28 csys =  1.41 CPU)
Result: FAIL
Failed 4/8 test programs. 29/61 subtests failed.

------------------------------
PREREQUISITES
------------------------------

Prerequisite modules loaded:

build_requires:

    Module             Need   Have    
    ------------------ ------ --------
    Mail::GPG          v1.0.6 1.0.6   
    Mail::SpamAssassin 3.001  3.002005
    Module::Build      0.26   0.3800  
    Test::More         0      0.98    


------------------------------
ENVIRONMENT AND OTHER CONTEXT
------------------------------

Environment variables:

    AUTOMATED_TESTING = 1
    LANG = en_GB.UTF-8
    PATH = /usr/lib/ccache:/usr/local/bin:/bin:/usr/bin:/usr/local/sbin:/usr/sbin:/sbin:/home/lonesome/bin
    PERL5LIB = 
    PERL5OPT = 
    PERL5_CPANPLUS_IS_RUNNING = 20034
    PERL5_CPAN_IS_RUNNING = 20034
    PERL5_CPAN_IS_RUNNING_IN_RECURSION = 9665,20034
    PERL_CR_SMOKER_CURRENT = Mail-SpamAssassin-Plugin-OpenPGP-1.0.4
    PERL_EXTUTILS_AUTOINSTALL = --defaultdeps
    PERL_MM_USE_DEFAULT = 1
    SHELL = /bin/bash
    TERM = screen

Perl special variables (and OS-specific diagnostics, for MSWin32):

    $^X = /home/lonesome/perl-5.14.0/bin/perl
    $UID/$EUID = 500 / 500
    $GID = 500 10 500
    $EGID = 500 10 500

Perl module toolchain versions installed:

    Module              Have    
    ------------------- --------
    CPAN                1.9600  
    Cwd                 3.33    
    ExtUtils::CBuilder  0.280202
    ExtUtils::Command   1.17    
    ExtUtils::Install   1.52    
    ExtUtils::MakeMaker 6.57_11 
    ExtUtils::Manifest  1.58    
    ExtUtils::ParseXS   2.2206  
    File::Spec          3.33    
    Module::Build       0.3800  
    Module::Signature   0.68    
    Test::Harness       3.23    
    Test::More          0.98    
    YAML                0.73    
    YAML::Syck          1.17    
    version             0.90    


--

Summary of my perl5 (revision 5 version 14 subversion 0) configuration:
   
  Platform:
    osname=linux, osvers=2.6.38.6-27.fc15.i686, archname=i686-linux
    uname='linux fedora15 2.6.38.6-27.fc15.i686 #1 smp sun may 15 17:57:13 utc 2011 i686 i686 i386 gnulinux '
    config_args='-des -Dcc=ccache gcc -Dld=gcc -Dprefix=/home/lonesome/perl-5.14.0'
    hint=recommended, useposix=true, d_sigaction=define
    useithreads=undef, usemultiplicity=undef
    useperlio=define, d_sfio=undef, uselargefiles=define, usesocks=undef
    use64bitint=undef, use64bitall=undef, uselongdouble=undef
    usemymalloc=n, bincompat5005=undef
  Compiler:
    cc='ccache gcc', ccflags ='-fno-strict-aliasing -pipe -fstack-protector -I/usr/local/include -D_LARGEFILE_SOURCE -D_FILE_OFFSET_BITS=64',
    optimize='-O2',
    cppflags='-fno-strict-aliasing -pipe -fstack-protector -I/usr/local/include'
    ccversion='', gccversion='4.6.0 20110509 (Red Hat 4.6.0-7)', gccosandvers=''
    intsize=4, longsize=4, ptrsize=4, doublesize=8, byteorder=1234
    d_longlong=define, longlongsize=8, d_longdbl=define, longdblsize=12
    ivtype='long', ivsize=4, nvtype='double', nvsize=8, Off_t='off_t', lseeksize=8
    alignbytes=4, prototype=define
  Linker and Libraries:
    ld='gcc', ldflags =' -fstack-protector -L/usr/local/lib'
    libpth=/usr/local/lib /lib /usr/lib
    libs=-lnsl -ldl -lm -lcrypt -lutil -lc
    perllibs=-lnsl -ldl -lm -lcrypt -lutil -lc
    libc=/lib/libc-2.13.90.so, so=so, useshrplib=false, libperl=libperl.a
    gnulibc_version='2.13.90'
  Dynamic Linking:
    dlsrc=dl_dlopen.xs, dlext=so, d_dlsymun=undef, ccdlflags='-Wl,-E'
    cccdlflags='-fPIC', lddlflags='-shared -O2 -L/usr/local/lib -fstack-protector'


Characteristics of this binary (from libperl): 
  Compile-time options: PERL_DONT_CREATE_GVSV PERL_MALLOC_WRAP
                        PERL_PRESERVE_IVUV USE_LARGE_FILES USE_PERLIO
                        USE_PERL_ATOF
  Built under linux
  Compiled at Jun  1 2011 10:32:53
  %ENV:
    PERL5LIB=""
    PERL5OPT=""
    PERL5_CPANPLUS_IS_RUNNING="20034"
    PERL5_CPAN_IS_RUNNING="20034"
    PERL5_CPAN_IS_RUNNING_IN_RECURSION="9665,20034"
    PERL_CR_SMOKER_CURRENT="Mail-SpamAssassin-Plugin-OpenPGP-1.0.4"
    PERL_EXTUTILS_AUTOINSTALL="--defaultdeps"
    PERL_MM_USE_DEFAULT="1"
  @INC:
    /home/lonesome/perl-5.14.0/lib/site_perl/5.14.0/i686-linux
    /home/lonesome/perl-5.14.0/lib/site_perl/5.14.0
    /home/lonesome/perl-5.14.0/lib/5.14.0/i686-linux
    /home/lonesome/perl-5.14.0/lib/5.14.0
    .