Forks-Queue v0.15 Perl 5 v5.41.4 x86_64-linux

Status
Fail
From
Slaven Rezić
Dist
Forks-Queue v0.15
Platform
Perl 5 v5.41.4 x86_64-linux
Date
2024-10-16 02:11:51
ID
01a2be26-8b64-11ef-af6f-a3426e8775ea
This distribution has been tested as part of the CPAN Testers
project, supporting the Perl programming language.  See
http://wiki.cpantesters.org/ for more information or email
questions to cpan-testers-discuss@perl.org


--
Dear Marty O'Brien,

This is a computer-generated report for Forks-Queue-0.15
on perl 5.41.4, created by CPAN-Reporter-1.2020.

Thank you for uploading your work to CPAN.  However, there was a problem
testing your distribution.

If you think this report is invalid, please consult the CPAN Testers Wiki
for suggestions on how to avoid getting FAIL reports for missing library
or binary dependencies, unsupported operating systems, and so on:

http://wiki.cpantesters.org/wiki/CPANAuthorNotes

Sections of this report:

    * Tester comments
    * Program output
    * Prerequisites
    * Environment and other context

------------------------------
TESTER COMMENTS
------------------------------

Additional comments from tester:

none provided

------------------------------
PROGRAM OUTPUT
------------------------------

Output from '/usr/bin/make test':

PERL_DL_NONLAZY=1 "/opt/perl-5.41.4/bin/perl5.41.4" "-MExtUtils::Command::MM" "-MTest::Harness" "-e" "undef *Test::Harness::Switches; test_harness(0, 'blib/lib', 'blib/arch')" t/[0-9]*.t
# Forks::Queue test on linux 5.041004
# Forks::Queue 0.15
# Dir::Flock 0.08_01
t/00-load.t ............. ok

# >>> Expect 'put call after end call' warning
Forks::Queue: put call from process 19839 after end call from process 19839! at t/exercises.tt line 74.
t/01-fifo-file.t ........ ok

# >>> Expect 'put call after end call' warning
Forks::Queue: put call from process 19841 after end call from process 19841! at t/exercises.tt line 74.
t/01-fifo-shmem.t ....... ok

# >>> Expect 'put call after end call' warning
Forks::Queue: put call from process 19844 after end call from process 19844 at t/exercises.tt line 74.
t/01-fifo-sqlite.t ...... ok

# >>> Expect 'put call after end call' warning
Forks::Queue: put call from process 19869 after end call from process 19869! at t/exercises.tt line 206.
t/02-lifo-file.t ........ ok

# >>> Expect 'put call after end call' warning
Forks::Queue: put call from process 19878 after end call from process 19878! at t/exercises.tt line 206.
t/02-lifo-shmem.t ....... ok

# >>> Expect 'put call after end call' warning
Forks::Queue: put call from process 19880 after end call from process 19880 at t/exercises.tt line 206.
t/02-lifo-sqlite.t ...... ok
# Using '/tmp' for queue file
t/03-forks-file.t ....... ok
# Using '/dev/shm' for queue file.
t/03-forks-shmem.t ...... ok
t/03-forks-sqlite.t ..... ok
# put time=5.00441002845764s
t/04-blocking-file.t .... ok
# put time=5.00971794128418s
t/04-blocking-shmem.t ... ok
# put time=5.01111006736755s
t/04-blocking-sqlite.t .. ok

# >>> Expect 'buffer is full' warning
Forks::Queue: queue buffer is full and 1 items were not added at t/exercises.tt line 249.
# >>> Expect 'buffer is full' warning
Forks::Queue: queue buffer is full and 2 items were not added at t/exercises.tt line 256.
t/05-limits-file.t ...... ok

# >>> Expect 'buffer is full' warning
Forks::Queue: queue buffer is full and 1 items were not added at t/exercises.tt line 249.
# >>> Expect 'buffer is full' warning
Forks::Queue: queue buffer is full and 2 items were not added at t/exercises.tt line 256.
t/05-limits-shmem.t ..... ok

# >>> Expect 'buffer is full' warning
Forks::Queue: queue buffer is full and 1 items were not added at t/exercises.tt line 249.
# >>> Expect 'buffer is full' warning
Forks::Queue: queue buffer is full and 2 items were not added at t/exercises.tt line 256.
t/05-limits-sqlite.t .... ok
t/06-peek-file.t ........ ok
t/06-peek-shmem.t ....... ok
t/06-peek-sqlite.t ...... ok
# waiting on /tmp/q7f-19971 (1)

# >>> Expect 'file already exists' warning:
Forks::Queue: Queue file /tmp/q7f-19971 already exists. Expect trouble if another process created this file. at t/exercises.tt line 443.
# Process 19973 no longer using original queue in /tmp/q7f-19971
# child 19976 [persist=>1] created new queue
# child 19976 [persist=>1] exiting
t/07-join-file.t ........ ok
# t/07-join-shmem.t: temp dir is /dev/shm
# waiting on /dev/shm/q7m-19979 (1)

# >>> Expect 'file already exists' warning:
Forks::Queue: Queue file /dev/shm/q7m-19979 already exists. Expect trouble if another process created this file. at t/exercises.tt line 443.
# Process 19980 no longer using original queue in /dev/shm/q7m-19979
# child 19990 [persist=>1] created new queue
# child 19990 [persist=>1] exiting
t/07-join-shmem.t ....... ok
# waiting on /tmp/q7s-19991 (1)

# >>> Expect 'file already exists' warning:
Forks::Queue: sqlite db file /tmp/q7s-19991 already exists! at t/exercises.tt line 443.
# Process 19993 no longer using original queue in /tmp/q7s-19991
# child 19994 [persist=>1] created new queue
# child 19994 [persist=>1] exiting
t/07-join-sqlite.t ...... ok
# Using '/tmp' for queue file

#   Failed test 'forks: 30 items on queue'
#   at t/exercises.tt line 130.
# 29

#   Failed test 'forks: get(30) retrieved 30 items from queue'
#   at t/exercises.tt line 133.
# 0 []

#   Failed test 'forks: all expected items removed from queue'
#   at t/exercises.tt line 148.
# Looks like you failed 3 tests of 76.
t/08-dflock-file.t ...... 
Dubious, test returned 3 (wstat 768, 0x300)
Failed 3/76 subtests 
t/10-eol.t .............. ok
t/11-clear.t ............ ok
t/12-list.t ............. ok
t/13-extract.t .......... ok
t/14-extract-lifo.t ..... ok
# 
# >>> Expect 'buffer is full' warning
# 
# >>> Expect 'buffer is full' warning
# 
# >>> Expect 'buffer is full' warning
Forks::Queue: queue buffer is full and 2 items were not inserted at t/15-insert.t line 39.
t/15-insert.t ........... ok
# 
# >>> Expect 'buffer is full' warning
# 
# >>> Expect 'buffer is full' warning
# 
# >>> Expect 'buffer is full' warning
Forks::Queue: queue buffer is full and 2 items were not inserted at t/16-insert-lifo.t line 39.
t/16-insert-lifo.t ...... ok
# >>> Expect 'buffer is full' warning
Forks::Queue: queue buffer is full and 10 items were not added at t/17-limit.t line 17.
# 
# >>> Expect 'buffer is full' warning
Forks::Queue: queue buffer is full and 3 items were not added at t/17-limit.t line 52.
# >>> Expect 'buffer is full' warning
Forks::Queue: queue buffer is full and 34 items were not added at t/17-limit.t line 65.
# >>> Expect 'buffer is full' warning
Forks::Queue: queue buffer is full and 10 items were not added at t/17-limit.t line 17.
# 
# >>> Expect 'buffer is full' warning
Forks::Queue: queue buffer is full and 3 items were not added at t/17-limit.t line 52.
# >>> Expect 'buffer is full' warning
Forks::Queue: queue buffer is full and 34 items were not added at t/17-limit.t line 65.
# >>> Expect 'buffer is full' warning
Forks::Queue: queue buffer is full and 10 items were not added at t/17-limit.t line 17.
# 
# >>> Expect 'buffer is full' warning
Forks::Queue: queue buffer is full and 3 items were not added at t/17-limit.t line 52.
# >>> Expect 'buffer is full' warning
Forks::Queue: queue buffer is full and 34 items were not added at t/17-limit.t line 65.
t/17-limit.t ............ ok
t/18-timed.t ............ ok
t/20-threads.t .......... ok
t/21-threads-basic.t .... skipped: Perl not compiled with 'useithreads'
t/23-threads-peek.t ..... skipped: Perl not compiled with 'useithreads'
t/24-threads-errs.t ..... ok
t/25-threads-extract.t .. skipped: Perl not compiled with 'useithreads'
t/26-threads-insert.t ... skipped: Perl not compiled with 'useithreads'
t/29-threads-ended.t .... skipped: Perl not compiled with 'useithreads'
t/30-threads-timed.t .... skipped: Perl not compiled with 'useithreads'
t/31-threads-limit.t .... skipped: Perl not compiled with 'useithreads'

Test Summary Report
-------------------
t/08-dflock-file.t    (Wstat: 768 (exited 3) Tests: 76 Failed: 3)
  Failed tests:  43-44, 74
  Non-zero exit status: 3
Files=41, Tests=1114, 207 wallclock secs ( 0.40 usr  0.14 sys + 11.09 cusr  4.20 csys = 15.83 CPU)
Result: FAIL
Failed 1/41 test programs. 3/1114 subtests failed.
make: *** [Makefile:882: test_dynamic] Error 255

------------------------------
PREREQUISITES
------------------------------

Prerequisite modules loaded:

requires:

    Module              Need Have  
    ------------------- ---- ------
    File::Temp          0    0.2311
    JSON                2.0  4.10  
    Time::HiRes         0    1.9777

build_requires:

    Module              Need Have  
    ------------------- ---- ------
    ExtUtils::MakeMaker 0    7.70  

configure_requires:

    Module              Need Have  
    ------------------- ---- ------
    ExtUtils::MakeMaker 0    7.70  


------------------------------
ENVIRONMENT AND OTHER CONTEXT
------------------------------

Environment variables:

    LANG = C
    PATH = /usr/local/bin:/usr/bin:/bin:/usr/local/sbin:/usr/sbin:/sbin:/home/cpansand/bin/linux-gnu:/home/cpansand/bin/sh:/home/cpansand/bin:/usr/games:/home/cpansand/devel:/home/eserte/src/srezic-misc/scripts
    PERL5LIB = 
    PERL5OPT = 
    PERL5_CPANPLUS_IS_RUNNING = 19749
    PERL5_CPAN_IS_RUNNING = 19749
    PERL5_CPAN_IS_RUNNING_IN_RECURSION = 4107253,19749
    PERLDOC = -MPod::Perldoc::ToTextOverstrike
    PERL_BATCH = yes
    PERL_CANARY_STABILITY_NOPROMPT = 1
    PERL_CPAN_REPORTER_CONFIG = /var/tmp/cpansmoker-1023/2024101418/cpanreporter_000_config.ini
    PERL_EXTUTILS_AUTOINSTALL = --defaultdeps
    PERL_USE_UNSAFE_INC = 1
    SHELL = /usr/bin/zsh
    TERM = screen
    TMPDIR = /var/tmp/cpansmoker-1023/2024101418

Perl special variables (and OS-specific diagnostics, for MSWin32):

    $^X = /opt/perl-5.41.4/bin/perl5.41.4
    $UID/$EUID = 1023 / 1023
    $GID = 1023 1023
    $EGID = 1023 1023

Perl module toolchain versions installed:

    Module              Have    
    ------------------- --------
    CPAN                2.37    
    CPAN::Meta          2.150010
    Cwd                 3.92    
    ExtUtils::CBuilder  0.280240
    ExtUtils::Command   7.70    
    ExtUtils::Install   2.22    
    ExtUtils::MakeMaker 7.70    
    ExtUtils::Manifest  1.75    
    ExtUtils::ParseXS   3.54    
    File::Spec          3.93    
    JSON                4.10    
    JSON::PP            4.16    
    Module::Build       0.4234  
    Module::Signature   n/a     
    Parse::CPAN::Meta   2.150010
    Test2               1.302204
    Test::Harness       3.50    
    Test::More          1.302204
    YAML                1.31    
    YAML::Syck          1.34    
    version             0.9933  


--

Summary of my perl5 (revision 5 version 41 subversion 4) configuration:
   
  Platform:
    osname=linux
    osvers=6.1.0-25-amd64
    archname=x86_64-linux
    uname='linux cloud5.bbbike.org 6.1.0-25-amd64 #1 smp preempt_dynamic debian 6.1.106-3 (2024-08-26) x86_64 gnulinux '
    config_args='-ds -e -Dprefix=/opt/perl-5.41.4 -Dusedevel -Dusemallocwrap=no -Dcf_email=srezic@cpan.org'
    hint=recommended
    useposix=true
    d_sigaction=define
    useithreads=undef
    usemultiplicity=undef
    use64bitint=define
    use64bitall=define
    uselongdouble=undef
    usemymalloc=n
    default_inc_excludes_dot=define
  Compiler:
    cc='cc'
    ccflags ='-fwrapv -fno-strict-aliasing -pipe -fstack-protector-strong -I/usr/local/include -D_LARGEFILE_SOURCE -D_FILE_OFFSET_BITS=64 -D_FORTIFY_SOURCE=2'
    optimize='-O2'
    cppflags='-fwrapv -fno-strict-aliasing -pipe -fstack-protector-strong -I/usr/local/include'
    ccversion=''
    gccversion='12.2.0'
    gccosandvers=''
    intsize=4
    longsize=8
    ptrsize=8
    doublesize=8
    byteorder=12345678
    doublekind=3
    d_longlong=define
    longlongsize=8
    d_longdbl=define
    longdblsize=16
    longdblkind=3
    ivtype='long'
    ivsize=8
    nvtype='double'
    nvsize=8
    Off_t='off_t'
    lseeksize=8
    alignbytes=8
    prototype=define
  Linker and Libraries:
    ld='cc'
    ldflags =' -fstack-protector-strong -L/usr/local/lib'
    libpth=/usr/local/lib /usr/lib/x86_64-linux-gnu /usr/lib /usr/lib64
    libs=-lpthread -lgdbm -ldb -ldl -lm -lcrypt -lutil -lc
    perllibs=-lpthread -ldl -lm -lcrypt -lutil -lc
    libc=/lib/x86_64-linux-gnu/libc.so.6
    so=so
    useshrplib=false
    libperl=libperl.a
    gnulibc_version='2.36'
  Dynamic Linking:
    dlsrc=dl_dlopen.xs
    dlext=so
    d_dlsymun=undef
    ccdlflags='-Wl,-E'
    cccdlflags='-fPIC'
    lddlflags='-shared -O2 -L/usr/local/lib -fstack-protector-strong'


Characteristics of this binary (from libperl): 
  Compile-time options:
    HAS_LONG_DOUBLE
    HAS_STRTOLD
    HAS_TIMES
    PERLIO_LAYERS
    PERL_COPY_ON_WRITE
    PERL_DONT_CREATE_GVSV
    PERL_HASH_FUNC_SIPHASH13
    PERL_HASH_USE_SBOX32
    PERL_OP_PARENT
    PERL_PRESERVE_IVUV
    PERL_USE_DEVEL
    PERL_USE_SAFE_PUTENV
    USE_64_BIT_ALL
    USE_64_BIT_INT
    USE_LARGE_FILES
    USE_LOCALE
    USE_LOCALE_COLLATE
    USE_LOCALE_CTYPE
    USE_LOCALE_NUMERIC
    USE_LOCALE_TIME
    USE_PERLIO
    USE_PERL_ATOF
  Built under linux
  Compiled at Sep 28 2024 08:44:34
  %ENV:
    PERL5LIB=""
    PERL5OPT=""
    PERL5_CPANPLUS_IS_RUNNING="19749"
    PERL5_CPAN_IS_RUNNING="19749"
    PERL5_CPAN_IS_RUNNING_IN_RECURSION="4107253,19749"
    PERLDOC="-MPod::Perldoc::ToTextOverstrike"
    PERL_BATCH="yes"
    PERL_CANARY_STABILITY_NOPROMPT="1"
    PERL_CPAN_REPORTER_CONFIG="/var/tmp/cpansmoker-1023/2024101418/cpanreporter_000_config.ini"
    PERL_EXTUTILS_AUTOINSTALL="--defaultdeps"
    PERL_USE_UNSAFE_INC="1"
  @INC:
    /opt/perl-5.41.4/lib/site_perl/5.41.4/x86_64-linux
    /opt/perl-5.41.4/lib/site_perl/5.41.4
    /opt/perl-5.41.4/lib/5.41.4/x86_64-linux
    /opt/perl-5.41.4/lib/5.41.4
    .