WWW-Blog-Metadata-Language v0.01 Perl 5 v5.12.1 i686-linux-thread-multi-64int-ld
- Status
- Fail
- From
- Graham Crookham (GRAHAMC)
- Dist
-
WWW-Blog-Metadata-Language v0.01
- Platform
- Perl 5 v5.12.1 i686-linux-thread-multi-64int-ld
- Date
- 2010-09-03 21:12:49
- ID
- 0193bb9e-b7a0-11df-a43f-e3c4cd5d55bf
This distribution has been tested as part of the CPAN Testers
project, supporting the Perl programming language. See
http://wiki.cpantesters.org/ for more information or email
questions to cpan-testers-discuss@perl.org
--
Dear Darko Obradovic,
This is a computer-generated report for WWW-Blog-Metadata-Language-0.01
on perl 5.12.1, created by CPAN-Reporter-1.18.
Thank you for uploading your work to CPAN. However, there was a problem
testing your distribution.
If you think this report is invalid, please consult the CPAN Testers Wiki
for suggestions on how to avoid getting FAIL reports for missing library
or binary dependencies, unsupported operating systems, and so on:
http://wiki.cpantesters.org/wiki/CPANAuthorNotes
Sections of this report:
* Tester comments
* Program output
* Prerequisites
* Environment and other context
------------------------------
TESTER COMMENTS
------------------------------
Additional comments from tester:
this report is from an automated smoke testing program
and was not reviewed by a human for accuracy
------------------------------
PROGRAM OUTPUT
------------------------------
Output from './Build test':
# Testing WWW::Blog::Metadata::Language 0.01
t/00.load.t ..... ok
Parsing of undecoded UTF-8 will give garbage when decoding entities at /home/graham/perltest/th_ld_perl5121/perl/lib/site_perl/5.12.1/Feed/Find.pm line 56.
Use of uninitialized value in lc at /home/graham/perltest/th_ld_perl5121/perl/lib/site_perl/5.12.1/Feed/Find.pm line 66.
Use of uninitialized value in lc at /home/graham/perltest/th_ld_perl5121/perl/lib/site_perl/5.12.1/Feed/Find.pm line 66.
Use of uninitialized value in lc at /home/graham/perltest/th_ld_perl5121/perl/lib/site_perl/5.12.1/Feed/Find.pm line 66.
Use of uninitialized value in lc at /home/graham/perltest/th_ld_perl5121/perl/lib/site_perl/5.12.1/Feed/Find.pm line 66.
Use of uninitialized value in lc at /home/graham/perltest/th_ld_perl5121/perl/lib/site_perl/5.12.1/Feed/Find.pm line 66.
Use of uninitialized value in lc at /home/graham/perltest/th_ld_perl5121/perl/lib/site_perl/5.12.1/Feed/Find.pm line 66.
Parsing of undecoded UTF-8 will give garbage when decoding entities at /home/graham/perltest/th_ld_perl5121/perl/lib/site_perl/5.12.1/WWW/Blog/Metadata.pm line 35.
Use of uninitialized value in lc at /home/graham/perltest/th_ld_perl5121/perl/lib/site_perl/5.12.1/WWW/Blog/Metadata.pm line 65.
Use of uninitialized value in lc at /home/graham/perltest/th_ld_perl5121/perl/lib/site_perl/5.12.1/WWW/Blog/Metadata.pm line 55.
Use of uninitialized value in lc at /home/graham/perltest/th_ld_perl5121/perl/lib/site_perl/5.12.1/WWW/Blog/Metadata.pm line 55.
Use of uninitialized value in lc at /home/graham/perltest/th_ld_perl5121/perl/lib/site_perl/5.12.1/WWW/Blog/Metadata.pm line 65.
Use of uninitialized value in lc at /home/graham/perltest/th_ld_perl5121/perl/lib/site_perl/5.12.1/WWW/Blog/Metadata.pm line 55.
Use of uninitialized value in lc at /home/graham/perltest/th_ld_perl5121/perl/lib/site_perl/5.12.1/WWW/Blog/Metadata.pm line 55.
Use of uninitialized value in lc at /home/graham/perltest/th_ld_perl5121/perl/lib/site_perl/5.12.1/WWW/Blog/Metadata.pm line 55.
Use of uninitialized value in lc at /home/graham/perltest/th_ld_perl5121/perl/lib/site_perl/5.12.1/WWW/Blog/Metadata.pm line 55.
# Failed test at t/01.extract.t line 9.
# got: 'it'
# expected: 'en'
Use of uninitialized value in lc at /home/graham/perltest/th_ld_perl5121/perl/lib/site_perl/5.12.1/Feed/Find.pm line 66.
Use of uninitialized value in lc at /home/graham/perltest/th_ld_perl5121/perl/lib/site_perl/5.12.1/Feed/Find.pm line 66.
Use of uninitialized value in lc at /home/graham/perltest/th_ld_perl5121/perl/lib/site_perl/5.12.1/WWW/Blog/Metadata.pm line 65.
Use of uninitialized value in lc at /home/graham/perltest/th_ld_perl5121/perl/lib/site_perl/5.12.1/WWW/Blog/Metadata.pm line 55.
Use of uninitialized value in lc at /home/graham/perltest/th_ld_perl5121/perl/lib/site_perl/5.12.1/WWW/Blog/Metadata.pm line 55.
# Looks like you failed 1 test of 2.
t/01.extract.t ..
Dubious, test returned 1 (wstat 256, 0x100)
Failed 1/2 subtests
t/pod.t ......... ok
Test Summary Report
-------------------
t/01.extract.t (Wstat: 256 Tests: 2 Failed: 1)
Failed test: 1
Non-zero exit status: 1
Files=3, Tests=4, 3 wallclock secs ( 0.06 usr 0.01 sys + 1.17 cusr 0.19 csys = 1.43 CPU)
Result: FAIL
Failed 1/3 test programs. 1/4 subtests failed.
------------------------------
PREREQUISITES
------------------------------
Prerequisite modules loaded:
requires:
Module Need Have
--------------------- ---- -------
Test::More 0 0.97_01
Text::Language::Guess 0 0.02
version 0 0.82
WWW::Blog::Metadata 0 0.03
------------------------------
ENVIRONMENT AND OTHER CONTEXT
------------------------------
Environment variables:
AUTOMATED_TESTING = 1
LANG = C
PATH = /home/graham/perltest/th_ld_perl5121/perl/bin:/bin:/usr/bin:/sbin:/usr/sbin:/opt/java/bin:/opt/java/jre/bin:/opt/kde/bin:/usr/bin/perlbin/site:/usr/bin/perlbin/vendor:/usr/bin/perlbin/core:/opt/qt/bin
PERL5LIB =
PERL5OPT =
PERL5_CPANPLUS_IS_RUNNING = 23359
PERL5_CPAN_IS_RUNNING = 23359
PERL5_CPAN_IS_RUNNING_IN_RECURSION = 1128,23359
PERL_CR_SMOKER_CURRENT = WWW-Blog-Metadata-Language-0.01
PERL_EXTUTILS_AUTOINSTALL = --defaultdeps
PERL_MM_USE_DEFAULT = 1
SHELL = /bin/bash
TERM = xterm
Perl special variables (and OS-specific diagnostics, for MSWin32):
$^X = /home/graham/perltest/th_ld_perl5121/perl/bin/perl
$UID/$EUID = 1000 / 1000
$GID = 1000 7 10 91 92 93 95 98 100 108 1000 1001
$EGID = 1000 7 10 91 92 93 95 98 100 108 1000 1001
Perl module toolchain versions installed:
Module Have
------------------- -------
CPAN 1.9304
Cwd 3.31
ExtUtils::CBuilder 0.27_05
ExtUtils::Command 1.16
ExtUtils::Install 1.52
ExtUtils::MakeMaker 6.56
ExtUtils::Manifest 1.58
ExtUtils::ParseXS 2.2206
File::Spec 3.31
Module::Build 0.36_16
Module::Signature 0.64
Test::Harness 3.22
Test::More 0.97_01
YAML 0.72
YAML::Syck 1.14
version 0.82
--
Summary of my perl5 (revision 5 version 12 subversion 1) configuration:
Platform:
osname=linux, osvers=2.6.33-arch, archname=i686-linux-thread-multi-64int-ld
uname='linux lorant 2.6.33-arch #1 smp preempt thu may 13 12:06:25 cest 2010 i686 intel(r) pentium(r) 4 cpu 2.80ghz genuineintel gnulinux '
config_args=''
hint=recommended, useposix=true, d_sigaction=define
useithreads=define, usemultiplicity=define
useperlio=define, d_sfio=undef, uselargefiles=define, usesocks=undef
use64bitint=define, use64bitall=undef, uselongdouble=define
usemymalloc=n, bincompat5005=undef
Compiler:
cc='cc', ccflags ='-D_REENTRANT -D_GNU_SOURCE -fno-strict-aliasing -pipe -fstack-protector -I/usr/local/include -D_LARGEFILE_SOURCE -D_FILE_OFFSET_BITS=64',
optimize='-O2',
cppflags='-D_REENTRANT -D_GNU_SOURCE -fno-strict-aliasing -pipe -fstack-protector -I/usr/local/include'
ccversion='', gccversion='4.5.0 20100520 (prerelease)', gccosandvers=''
intsize=4, longsize=4, ptrsize=4, doublesize=8, byteorder=12345678
d_longlong=define, longlongsize=8, d_longdbl=define, longdblsize=12
ivtype='long long', ivsize=8, nvtype='long double', nvsize=12, Off_t='off_t', lseeksize=8
alignbytes=4, prototype=define
Linker and Libraries:
ld='cc', ldflags =' -fstack-protector -L/usr/local/lib'
libpth=/usr/local/lib /lib /usr/lib
libs=-lnsl -lgdbm -ldb -ldl -lm -lcrypt -lutil -lpthread -lc -lgdbm_compat
perllibs=-lnsl -ldl -lm -lcrypt -lutil -lpthread -lc
libc=/lib/libc-2.12.so, so=so, useshrplib=true, libperl=libperl.so
gnulibc_version='2.12'
Dynamic Linking:
dlsrc=dl_dlopen.xs, dlext=so, d_dlsymun=undef, ccdlflags='-Wl,-E -Wl,-rpath,/home/graham/perltest/th_ld_perl5121/perl/lib/5.12.1/i686-linux-thread-multi-64int-ld/CORE'
cccdlflags='-fPIC', lddlflags='-shared -O2 -L/usr/local/lib -fstack-protector'
Characteristics of this binary (from libperl):
Compile-time options: MULTIPLICITY PERL_DONT_CREATE_GVSV
PERL_IMPLICIT_CONTEXT PERL_MALLOC_WRAP USE_64_BIT_INT
USE_FAST_STDIO USE_ITHREADS USE_LARGE_FILES
USE_LONG_DOUBLE USE_PERLIO USE_PERL_ATOF
USE_REENTRANT_API
Built under linux
Compiled at Aug 7 2010 12:43:27
%ENV:
PERL5LIB=""
PERL5OPT=""
PERL5_CPANPLUS_IS_RUNNING="23359"
PERL5_CPAN_IS_RUNNING="23359"
PERL5_CPAN_IS_RUNNING_IN_RECURSION="1128,23359"
PERL_CR_SMOKER_CURRENT="WWW-Blog-Metadata-Language-0.01"
PERL_EXTUTILS_AUTOINSTALL="--defaultdeps"
PERL_MM_USE_DEFAULT="1"
@INC:
/home/graham/perltest/th_ld_perl5121/perl/lib/site_perl/5.12.1/i686-linux-thread-multi-64int-ld
/home/graham/perltest/th_ld_perl5121/perl/lib/site_perl/5.12.1
/home/graham/perltest/th_ld_perl5121/perl/lib/5.12.1/i686-linux-thread-multi-64int-ld
/home/graham/perltest/th_ld_perl5121/perl/lib/5.12.1
.