Pg-SQL-PrettyPrinter v0.9 Perl 5 v5.20.1 amd64-freebsd-ld

Status
Na
From
Slaven Rezić
Dist
Pg-SQL-PrettyPrinter v0.9
Platform
Perl 5 v5.20.1 amd64-freebsd-ld
Date
2023-09-24 07:07:21
ID
01641ab4-5aa9-11ee-ae3e-76496e8775ea
This distribution has been tested as part of the CPAN Testers
project, supporting the Perl programming language.  See
http://wiki.cpantesters.org/ for more information or email
questions to cpan-testers-discuss@perl.org


--
Dear Hubert depesz Lubaczewski,

This is a computer-generated report for Pg-SQL-PrettyPrinter-0.9
on perl 5.20.1, created by CPAN-Reporter-1.2018.

Thank you for uploading your work to CPAN.  While attempting to build or test
this distribution, the distribution signaled that support is not available
either for this operating system or this version of Perl.  Nevertheless, any
diagnostic output produced is provided below for reference.  If this is not
what you expect, you may wish to consult the CPAN Testers Wiki:

http://wiki.cpantesters.org/wiki/CPANAuthorNotes

Sections of this report:

    * Tester comments
    * Program output
    * Prerequisites
    * Environment and other context

------------------------------
TESTER COMMENTS
------------------------------

Additional comments from tester:

none provided

------------------------------
PROGRAM OUTPUT
------------------------------

Output from './Build test':


#   Failed test 'use Pg::SQL::PrettyPrinter;'
#   at t/00-load.t line 17.
#     Tried to use 'Pg::SQL::PrettyPrinter'.
#     Error:  Perl v5.26.0 required--this is only v5.20.1, stopped at /home/cpansand/.cpan/build/2023092409/Pg-SQL-PrettyPrinter-0.9-TlXNiC/blib/lib/Pg/SQL/PrettyPrinter.pm line 4.
# BEGIN failed--compilation aborted at /home/cpansand/.cpan/build/2023092409/Pg-SQL-PrettyPrinter-0.9-TlXNiC/blib/lib/Pg/SQL/PrettyPrinter.pm line 4.
# Compilation failed in require at t/00-load.t line 17.
# BEGIN failed--compilation aborted at t/00-load.t line 17.

#   Failed test 'use Pg::SQL::PrettyPrinter::Node;'
#   at t/00-load.t line 17.
#     Tried to use 'Pg::SQL::PrettyPrinter::Node'.
#     Error:  Perl v5.26.0 required--this is only v5.20.1, stopped at /home/cpansand/.cpan/build/2023092409/Pg-SQL-PrettyPrinter-0.9-TlXNiC/blib/lib/Pg/SQL/PrettyPrinter/Node.pm line 4.
# BEGIN failed--compilation aborted at /home/cpansand/.cpan/build/2023092409/Pg-SQL-PrettyPrinter-0.9-TlXNiC/blib/lib/Pg/SQL/PrettyPrinter/Node.pm line 4.
# Compilation failed in require at t/00-load.t line 17.
# BEGIN failed--compilation aborted at t/00-load.t line 17.

#   Failed test 'use Pg::SQL::PrettyPrinter::Node::A_ArrayExpr;'
#   at t/00-load.t line 17.
#     Tried to use 'Pg::SQL::PrettyPrinter::Node::A_ArrayExpr'.
#     Error:  Perl v5.26.0 required--this is only v5.20.1, stopped at /home/cpansand/.cpan/build/2023092409/Pg-SQL-PrettyPrinter-0.9-TlXNiC/blib/lib/Pg/SQL/PrettyPrinter/Node/A_ArrayExpr.pm line 4.
# BEGIN failed--compilation aborted at /home/cpansand/.cpan/build/2023092409/Pg-SQL-PrettyPrinter-0.9-TlXNiC/blib/lib/Pg/SQL/PrettyPrinter/Node/A_ArrayExpr.pm line 4.
# Compilation failed in require at t/00-load.t line 17.
# BEGIN failed--compilation aborted at t/00-load.t line 17.

#   Failed test 'use Pg::SQL::PrettyPrinter::Node::A_Const;'
#   at t/00-load.t line 17.
#     Tried to use 'Pg::SQL::PrettyPrinter::Node::A_Const'.
#     Error:  Perl v5.26.0 required--this is only v5.20.1, stopped at /home/cpansand/.cpan/build/2023092409/Pg-SQL-PrettyPrinter-0.9-TlXNiC/blib/lib/Pg/SQL/PrettyPrinter/Node/A_Const.pm line 4.
# BEGIN failed--compilation aborted at /home/cpansand/.cpan/build/2023092409/Pg-SQL-PrettyPrinter-0.9-TlXNiC/blib/lib/Pg/SQL/PrettyPrinter/Node/A_Const.pm line 4.
# Compilation failed in require at t/00-load.t line 17.
# BEGIN failed--compilation aborted at t/00-load.t line 17.

#   Failed test 'use Pg::SQL::PrettyPrinter::Node::A_Expr;'
#   at t/00-load.t line 17.
#     Tried to use 'Pg::SQL::PrettyPrinter::Node::A_Expr'.
#     Error:  Perl v5.26.0 required--this is only v5.20.1, stopped at /home/cpansand/.cpan/build/2023092409/Pg-SQL-PrettyPrinter-0.9-TlXNiC/blib/lib/Pg/SQL/PrettyPrinter/Node/A_Expr.pm line 4.
# BEGIN failed--compilation aborted at /home/cpansand/.cpan/build/2023092409/Pg-SQL-PrettyPrinter-0.9-TlXNiC/blib/lib/Pg/SQL/PrettyPrinter/Node/A_Expr.pm line 4.
# Compilation failed in require at t/00-load.t line 17.
# BEGIN failed--compilation aborted at t/00-load.t line 17.

#   Failed test 'use Pg::SQL::PrettyPrinter::Node::A_Indices;'
#   at t/00-load.t line 17.
#     Tried to use 'Pg::SQL::PrettyPrinter::Node::A_Indices'.
#     Error:  Perl v5.26.0 required--this is only v5.20.1, stopped at /home/cpansand/.cpan/build/2023092409/Pg-SQL-PrettyPrinter-0.9-TlXNiC/blib/lib/Pg/SQL/PrettyPrinter/Node/A_Indices.pm line 3.
# BEGIN failed--compilation aborted at /home/cpansand/.cpan/build/2023092409/Pg-SQL-PrettyPrinter-0.9-TlXNiC/blib/lib/Pg/SQL/PrettyPrinter/Node/A_Indices.pm line 3.
# Compilation failed in require at t/00-load.t line 17.
# BEGIN failed--compilation aborted at t/00-load.t line 17.

#   Failed test 'use Pg::SQL::PrettyPrinter::Node::A_Indirection;'
#   at t/00-load.t line 17.
#     Tried to use 'Pg::SQL::PrettyPrinter::Node::A_Indirection'.
#     Error:  Perl v5.26.0 required--this is only v5.20.1, stopped at /home/cpansand/.cpan/build/2023092409/Pg-SQL-PrettyPrinter-0.9-TlXNiC/blib/lib/Pg/SQL/PrettyPrinter/Node/A_Indirection.pm line 4.
# BEGIN failed--compilation aborted at /home/cpansand/.cpan/build/2023092409/Pg-SQL-PrettyPrinter-0.9-TlXNiC/blib/lib/Pg/SQL/PrettyPrinter/Node/A_Indirection.pm line 4.
# Compilation failed in require at t/00-load.t line 17.
# BEGIN failed--compilation aborted at t/00-load.t line 17.

#   Failed test 'use Pg::SQL::PrettyPrinter::Node::A_Star;'
#   at t/00-load.t line 17.
#     Tried to use 'Pg::SQL::PrettyPrinter::Node::A_Star'.
#     Error:  Perl v5.26.0 required--this is only v5.20.1, stopped at /home/cpansand/.cpan/build/2023092409/Pg-SQL-PrettyPrinter-0.9-TlXNiC/blib/lib/Pg/SQL/PrettyPrinter/Node/A_Star.pm line 4.
# BEGIN failed--compilation aborted at /home/cpansand/.cpan/build/2023092409/Pg-SQL-PrettyPrinter-0.9-TlXNiC/blib/lib/Pg/SQL/PrettyPrinter/Node/A_Star.pm line 4.
# Compilation failed in require at t/00-load.t line 17.
# BEGIN failed--compilation aborted at t/00-load.t line 17.

#   Failed test 'use Pg::SQL::PrettyPrinter::Node::BitString;'
#   at t/00-load.t line 17.
#     Tried to use 'Pg::SQL::PrettyPrinter::Node::BitString'.
#     Error:  Perl v5.26.0 required--this is only v5.20.1, stopped at /home/cpansand/.cpan/build/2023092409/Pg-SQL-PrettyPrinter-0.9-TlXNiC/blib/lib/Pg/SQL/PrettyPrinter/Node/BitString.pm line 4.
# BEGIN failed--compilation aborted at /home/cpansand/.cpan/build/2023092409/Pg-SQL-PrettyPrinter-0.9-TlXNiC/blib/lib/Pg/SQL/PrettyPrinter/Node/BitString.pm line 4.
# Compilation failed in require at t/00-load.t line 17.
# BEGIN failed--compilation aborted at t/00-load.t line 17.

#   Failed test 'use Pg::SQL::PrettyPrinter::Node::BooleanTest;'
#   at t/00-load.t line 17.
#     Tried to use 'Pg::SQL::PrettyPrinter::Node::BooleanTest'.
#     Error:  Perl v5.26.0 required--this is only v5.20.1, stopped at /home/cpansand/.cpan/build/2023092409/Pg-SQL-PrettyPrinter-0.9-TlXNiC/blib/lib/Pg/SQL/PrettyPrinter/Node/BooleanTest.pm line 4.
# BEGIN failed--compilation aborted at /home/cpansand/.cpan/build/2023092409/Pg-SQL-PrettyPrinter-0.9-TlXNiC/blib/lib/Pg/SQL/PrettyPrinter/Node/BooleanTest.pm line 4.
# Compilation failed in require at t/00-load.t line 17.
# BEGIN failed--compilation aborted at t/00-load.t line 17.

#   Failed test 'use Pg::SQL::PrettyPrinter::Node::BoolExpr;'
#   at t/00-load.t line 17.
#     Tried to use 'Pg::SQL::PrettyPrinter::Node::BoolExpr'.
#     Error:  Perl v5.26.0 required--this is only v5.20.1, stopped at /home/cpansand/.cpan/build/2023092409/Pg-SQL-PrettyPrinter-0.9-TlXNiC/blib/lib/Pg/SQL/PrettyPrinter/Node/BoolExpr.pm line 4.
# BEGIN failed--compilation aborted at /home/cpansand/.cpan/build/2023092409/Pg-SQL-PrettyPrinter-0.9-TlXNiC/blib/lib/Pg/SQL/PrettyPrinter/Node/BoolExpr.pm line 4.
# Compilation failed in require at t/00-load.t line 17.
# BEGIN failed--compilation aborted at t/00-load.t line 17.

#   Failed test 'use Pg::SQL::PrettyPrinter::Node::CaseExpr;'
#   at t/00-load.t line 17.
#     Tried to use 'Pg::SQL::PrettyPrinter::Node::CaseExpr'.
#     Error:  Perl v5.26.0 required--this is only v5.20.1, stopped at /home/cpansand/.cpan/build/2023092409/Pg-SQL-PrettyPrinter-0.9-TlXNiC/blib/lib/Pg/SQL/PrettyPrinter/Node/CaseExpr.pm line 4.
# BEGIN failed--compilation aborted at /home/cpansand/.cpan/build/2023092409/Pg-SQL-PrettyPrinter-0.9-TlXNiC/blib/lib/Pg/SQL/PrettyPrinter/Node/CaseExpr.pm line 4.
# Compilation failed in require at t/00-load.t line 17.
# BEGIN failed--compilation aborted at t/00-load.t line 17.

#   Failed test 'use Pg::SQL::PrettyPrinter::Node::CaseWhen;'
#   at t/00-load.t line 17.
#     Tried to use 'Pg::SQL::PrettyPrinter::Node::CaseWhen'.
#     Error:  Perl v5.26.0 required--this is only v5.20.1, stopped at /home/cpansand/.cpan/build/2023092409/Pg-SQL-PrettyPrinter-0.9-TlXNiC/blib/lib/Pg/SQL/PrettyPrinter/Node/CaseWhen.pm line 4.
# BEGIN failed--compilation aborted at /home/cpansand/.cpan/build/2023092409/Pg-SQL-PrettyPrinter-0.9-TlXNiC/blib/lib/Pg/SQL/PrettyPrinter/Node/CaseWhen.pm line 4.
# Compilation failed in require at t/00-load.t line 17.
# BEGIN failed--compilation aborted at t/00-load.t line 17.

#   Failed test 'use Pg::SQL::PrettyPrinter::Node::CoalesceExpr;'
#   at t/00-load.t line 17.
#     Tried to use 'Pg::SQL::PrettyPrinter::Node::CoalesceExpr'.
#     Error:  Perl v5.26.0 required--this is only v5.20.1, stopped at /home/cpansand/.cpan/build/2023092409/Pg-SQL-PrettyPrinter-0.9-TlXNiC/blib/lib/Pg/SQL/PrettyPrinter/Node/CoalesceExpr.pm line 4.
# BEGIN failed--compilation aborted at /home/cpansand/.cpan/build/2023092409/Pg-SQL-PrettyPrinter-0.9-TlXNiC/blib/lib/Pg/SQL/PrettyPrinter/Node/CoalesceExpr.pm line 4.
# Compilation failed in require at t/00-load.t line 17.
# BEGIN failed--compilation aborted at t/00-load.t line 17.

#   Failed test 'use Pg::SQL::PrettyPrinter::Node::CollateClause;'
#   at t/00-load.t line 17.
#     Tried to use 'Pg::SQL::PrettyPrinter::Node::CollateClause'.
#     Error:  Perl v5.26.0 required--this is only v5.20.1, stopped at /home/cpansand/.cpan/build/2023092409/Pg-SQL-PrettyPrinter-0.9-TlXNiC/blib/lib/Pg/SQL/PrettyPrinter/Node/CollateClause.pm line 4.
# BEGIN failed--compilation aborted at /home/cpansand/.cpan/build/2023092409/Pg-SQL-PrettyPrinter-0.9-TlXNiC/blib/lib/Pg/SQL/PrettyPrinter/Node/CollateClause.pm line 4.
# Compilation failed in require at t/00-load.t line 17.
# BEGIN failed--compilation aborted at t/00-load.t line 17.

#   Failed test 'use Pg::SQL::PrettyPrinter::Node::ColumnRef;'
#   at t/00-load.t line 17.
#     Tried to use 'Pg::SQL::PrettyPrinter::Node::ColumnRef'.
#     Error:  Perl v5.26.0 required--this is only v5.20.1, stopped at /home/cpansand/.cpan/build/2023092409/Pg-SQL-PrettyPrinter-0.9-TlXNiC/blib/lib/Pg/SQL/PrettyPrinter/Node/ColumnRef.pm line 4.
# BEGIN failed--compilation aborted at /home/cpansand/.cpan/build/2023092409/Pg-SQL-PrettyPrinter-0.9-TlXNiC/blib/lib/Pg/SQL/PrettyPrinter/Node/ColumnRef.pm line 4.
# Compilation failed in require at t/00-load.t line 17.
# BEGIN failed--compilation aborted at t/00-load.t line 17.

#   Failed test 'use Pg::SQL::PrettyPrinter::Node::CommonTableExpr;'
#   at t/00-load.t line 17.
#     Tried to use 'Pg::SQL::PrettyPrinter::Node::CommonTableExpr'.
#     Error:  Perl v5.26.0 required--this is only v5.20.1, stopped at /home/cpansand/.cpan/build/2023092409/Pg-SQL-PrettyPrinter-0.9-TlXNiC/blib/lib/Pg/SQL/PrettyPrinter/Node/CommonTableExpr.pm line 4.
# BEGIN failed--compilation aborted at /home/cpansand/.cpan/build/2023092409/Pg-SQL-PrettyPrinter-0.9-TlXNiC/blib/lib/Pg/SQL/PrettyPrinter/Node/CommonTableExpr.pm line 4.
# Compilation failed in require at t/00-load.t line 17.
# BEGIN failed--compilation aborted at t/00-load.t line 17.

#   Failed test 'use Pg::SQL::PrettyPrinter::Node::DefElem;'
#   at t/00-load.t line 17.
#     Tried to use 'Pg::SQL::PrettyPrinter::Node::DefElem'.
#     Error:  Perl v5.26.0 required--this is only v5.20.1, stopped at /home/cpansand/.cpan/build/2023092409/Pg-SQL-PrettyPrinter-0.9-TlXNiC/blib/lib/Pg/SQL/PrettyPrinter/Node/DefElem.pm line 4.
# BEGIN failed--compilation aborted at /home/cpansand/.cpan/build/2023092409/Pg-SQL-PrettyPrinter-0.9-TlXNiC/blib/lib/Pg/SQL/PrettyPrinter/Node/DefElem.pm line 4.
# Compilation failed in require at t/00-load.t line 17.
# BEGIN failed--compilation aborted at t/00-load.t line 17.

#   Failed test 'use Pg::SQL::PrettyPrinter::Node::DeleteStmt;'
#   at t/00-load.t line 17.
#     Tried to use 'Pg::SQL::PrettyPrinter::Node::DeleteStmt'.
#     Error:  Perl v5.26.0 required--this is only v5.20.1, stopped at /home/cpansand/.cpan/build/2023092409/Pg-SQL-PrettyPrinter-0.9-TlXNiC/blib/lib/Pg/SQL/PrettyPrinter/Node/DeleteStmt.pm line 4.
# BEGIN failed--compilation aborted at /home/cpansand/.cpan/build/2023092409/Pg-SQL-PrettyPrinter-0.9-TlXNiC/blib/lib/Pg/SQL/PrettyPrinter/Node/DeleteStmt.pm line 4.
# Compilation failed in require at t/00-load.t line 17.
# BEGIN failed--compilation aborted at t/00-load.t line 17.

#   Failed test 'use Pg::SQL::PrettyPrinter::Node::ExplainStmt;'
#   at t/00-load.t line 17.
#     Tried to use 'Pg::SQL::PrettyPrinter::Node::ExplainStmt'.
#     Error:  Perl v5.26.0 required--this is only v5.20.1, stopped at /home/cpansand/.cpan/build/2023092409/Pg-SQL-PrettyPrinter-0.9-TlXNiC/blib/lib/Pg/SQL/PrettyPrinter/Node/ExplainStmt.pm line 4.
# BEGIN failed--compilation aborted at /home/cpansand/.cpan/build/2023092409/Pg-SQL-PrettyPrinter-0.9-TlXNiC/blib/lib/Pg/SQL/PrettyPrinter/Node/ExplainStmt.pm line 4.
# Compilation failed in require at t/00-load.t line 17.
# BEGIN failed--compilation aborted at t/00-load.t line 17.

#   Failed test 'use Pg::SQL::PrettyPrinter::Node::Float;'
#   at t/00-load.t line 17.
#     Tried to use 'Pg::SQL::PrettyPrinter::Node::Float'.
#     Error:  Perl v5.26.0 required--this is only v5.20.1, stopped at /home/cpansand/.cpan/build/2023092409/Pg-SQL-PrettyPrinter-0.9-TlXNiC/blib/lib/Pg/SQL/PrettyPrinter/Node/Float.pm line 4.
# BEGIN failed--compilation aborted at /home/cpansand/.cpan/build/2023092409/Pg-SQL-PrettyPrinter-0.9-TlXNiC/blib/lib/Pg/SQL/PrettyPrinter/Node/Float.pm line 4.
# Compilation failed in require at t/00-load.t line 17.
# BEGIN failed--compilation aborted at t/00-load.t line 17.

#   Failed test 'use Pg::SQL::PrettyPrinter::Node::FuncCall;'
#   at t/00-load.t line 17.
#     Tried to use 'Pg::SQL::PrettyPrinter::Node::FuncCall'.
#     Error:  Perl v5.26.0 required--this is only v5.20.1, stopped at /home/cpansand/.cpan/build/2023092409/Pg-SQL-PrettyPrinter-0.9-TlXNiC/blib/lib/Pg/SQL/PrettyPrinter/Node/FuncCall.pm line 4.
# BEGIN failed--compilation aborted at /home/cpansand/.cpan/build/2023092409/Pg-SQL-PrettyPrinter-0.9-TlXNiC/blib/lib/Pg/SQL/PrettyPrinter/Node/FuncCall.pm line 4.
# Compilation failed in require at t/00-load.t line 17.
# BEGIN failed--compilation aborted at t/00-load.t line 17.

#   Failed test 'use Pg::SQL::PrettyPrinter::Node::GroupingFunc;'
#   at t/00-load.t line 17.
#     Tried to use 'Pg::SQL::PrettyPrinter::Node::GroupingFunc'.
#     Error:  Perl v5.26.0 required--this is only v5.20.1, stopped at /home/cpansand/.cpan/build/2023092409/Pg-SQL-PrettyPrinter-0.9-TlXNiC/blib/lib/Pg/SQL/PrettyPrinter/Node/GroupingFunc.pm line 4.
# BEGIN failed--compilation aborted at /home/cpansand/.cpan/build/2023092409/Pg-SQL-PrettyPrinter-0.9-TlXNiC/blib/lib/Pg/SQL/PrettyPrinter/Node/GroupingFunc.pm line 4.
# Compilation failed in require at t/00-load.t line 17.
# BEGIN failed--compilation aborted at t/00-load.t line 17.

#   Failed test 'use Pg::SQL::PrettyPrinter::Node::GroupingSet;'
#   at t/00-load.t line 17.
#     Tried to use 'Pg::SQL::PrettyPrinter::Node::GroupingSet'.
#     Error:  Perl v5.26.0 required--this is only v5.20.1, stopped at /home/cpansand/.cpan/build/2023092409/Pg-SQL-PrettyPrinter-0.9-TlXNiC/blib/lib/Pg/SQL/PrettyPrinter/Node/GroupingSet.pm line 4.
# BEGIN failed--compilation aborted at /home/cpansand/.cpan/build/2023092409/Pg-SQL-PrettyPrinter-0.9-TlXNiC/blib/lib/Pg/SQL/PrettyPrinter/Node/GroupingSet.pm line 4.
# Compilation failed in require at t/00-load.t line 17.
# BEGIN failed--compilation aborted at t/00-load.t line 17.

#   Failed test 'use Pg::SQL::PrettyPrinter::Node::IndexElem;'
#   at t/00-load.t line 17.
#     Tried to use 'Pg::SQL::PrettyPrinter::Node::IndexElem'.
#     Error:  Perl v5.26.0 required--this is only v5.20.1, stopped at /home/cpansand/.cpan/build/2023092409/Pg-SQL-PrettyPrinter-0.9-TlXNiC/blib/lib/Pg/SQL/PrettyPrinter/Node/IndexElem.pm line 4.
# BEGIN failed--compilation aborted at /home/cpansand/.cpan/build/2023092409/Pg-SQL-PrettyPrinter-0.9-TlXNiC/blib/lib/Pg/SQL/PrettyPrinter/Node/IndexElem.pm line 4.
# Compilation failed in require at t/00-load.t line 17.
# BEGIN failed--compilation aborted at t/00-load.t line 17.

#   Failed test 'use Pg::SQL::PrettyPrinter::Node::InsertStmt;'
#   at t/00-load.t line 17.
#     Tried to use 'Pg::SQL::PrettyPrinter::Node::InsertStmt'.
#     Error:  Perl v5.26.0 required--this is only v5.20.1, stopped at /home/cpansand/.cpan/build/2023092409/Pg-SQL-PrettyPrinter-0.9-TlXNiC/blib/lib/Pg/SQL/PrettyPrinter/Node/InsertStmt.pm line 4.
# BEGIN failed--compilation aborted at /home/cpansand/.cpan/build/2023092409/Pg-SQL-PrettyPrinter-0.9-TlXNiC/blib/lib/Pg/SQL/PrettyPrinter/Node/InsertStmt.pm line 4.
# Compilation failed in require at t/00-load.t line 17.
# BEGIN failed--compilation aborted at t/00-load.t line 17.

#   Failed test 'use Pg::SQL::PrettyPrinter::Node::Integer;'
#   at t/00-load.t line 17.
#     Tried to use 'Pg::SQL::PrettyPrinter::Node::Integer'.
#     Error:  Perl v5.26.0 required--this is only v5.20.1, stopped at /home/cpansand/.cpan/build/2023092409/Pg-SQL-PrettyPrinter-0.9-TlXNiC/blib/lib/Pg/SQL/PrettyPrinter/Node/Integer.pm line 4.
# BEGIN failed--compilation aborted at /home/cpansand/.cpan/build/2023092409/Pg-SQL-PrettyPrinter-0.9-TlXNiC/blib/lib/Pg/SQL/PrettyPrinter/Node/Integer.pm line 4.
# Compilation failed in require at t/00-load.t line 17.
# BEGIN failed--compilation aborted at t/00-load.t line 17.

#   Failed test 'use Pg::SQL::PrettyPrinter::Node::JoinExpr;'
#   at t/00-load.t line 17.
#     Tried to use 'Pg::SQL::PrettyPrinter::Node::JoinExpr'.
#     Error:  Perl v5.26.0 required--this is only v5.20.1, stopped at /home/cpansand/.cpan/build/2023092409/Pg-SQL-PrettyPrinter-0.9-TlXNiC/blib/lib/Pg/SQL/PrettyPrinter/Node/JoinExpr.pm line 4.
# BEGIN failed--compilation aborted at /home/cpansand/.cpan/build/2023092409/Pg-SQL-PrettyPrinter-0.9-TlXNiC/blib/lib/Pg/SQL/PrettyPrinter/Node/JoinExpr.pm line 4.
# Compilation failed in require at t/00-load.t line 17.
# BEGIN failed--compilation aborted at t/00-load.t line 17.

#   Failed test 'use Pg::SQL::PrettyPrinter::Node::List;'
#   at t/00-load.t line 17.
#     Tried to use 'Pg::SQL::PrettyPrinter::Node::List'.
#     Error:  Perl v5.26.0 required--this is only v5.20.1, stopped at /home/cpansand/.cpan/build/2023092409/Pg-SQL-PrettyPrinter-0.9-TlXNiC/blib/lib/Pg/SQL/PrettyPrinter/Node/List.pm line 4.
# BEGIN failed--compilation aborted at /home/cpansand/.cpan/build/2023092409/Pg-SQL-PrettyPrinter-0.9-TlXNiC/blib/lib/Pg/SQL/PrettyPrinter/Node/List.pm line 4.
# Compilation failed in require at t/00-load.t line 17.
# BEGIN failed--compilation aborted at t/00-load.t line 17.

#   Failed test 'use Pg::SQL::PrettyPrinter::Node::LockingClause;'
#   at t/00-load.t line 17.
#     Tried to use 'Pg::SQL::PrettyPrinter::Node::LockingClause'.
#     Error:  Perl v5.26.0 required--this is only v5.20.1, stopped at /home/cpansand/.cpan/build/2023092409/Pg-SQL-PrettyPrinter-0.9-TlXNiC/blib/lib/Pg/SQL/PrettyPrinter/Node/LockingClause.pm line 4.
# BEGIN failed--compilation aborted at /home/cpansand/.cpan/build/2023092409/Pg-SQL-PrettyPrinter-0.9-TlXNiC/blib/lib/Pg/SQL/PrettyPrinter/Node/LockingClause.pm line 4.
# Compilation failed in require at t/00-load.t line 17.
# BEGIN failed--compilation aborted at t/00-load.t line 17.

#   Failed test 'use Pg::SQL::PrettyPrinter::Node::MinMaxExpr;'
#   at t/00-load.t line 17.
#     Tried to use 'Pg::SQL::PrettyPrinter::Node::MinMaxExpr'.
#     Error:  Perl v5.26.0 required--this is only v5.20.1, stopped at /home/cpansand/.cpan/build/2023092409/Pg-SQL-PrettyPrinter-0.9-TlXNiC/blib/lib/Pg/SQL/PrettyPrinter/Node/MinMaxExpr.pm line 4.
# BEGIN failed--compilation aborted at /home/cpansand/.cpan/build/2023092409/Pg-SQL-PrettyPrinter-0.9-TlXNiC/blib/lib/Pg/SQL/PrettyPrinter/Node/MinMaxExpr.pm line 4.
# Compilation failed in require at t/00-load.t line 17.
# BEGIN failed--compilation aborted at t/00-load.t line 17.

#   Failed test 'use Pg::SQL::PrettyPrinter::Node::MultiAssignRef;'
#   at t/00-load.t line 17.
#     Tried to use 'Pg::SQL::PrettyPrinter::Node::MultiAssignRef'.
#     Error:  Perl v5.26.0 required--this is only v5.20.1, stopped at /home/cpansand/.cpan/build/2023092409/Pg-SQL-PrettyPrinter-0.9-TlXNiC/blib/lib/Pg/SQL/PrettyPrinter/Node/MultiAssignRef.pm line 4.
# BEGIN failed--compilation aborted at /home/cpansand/.cpan/build/2023092409/Pg-SQL-PrettyPrinter-0.9-TlXNiC/blib/lib/Pg/SQL/PrettyPrinter/Node/MultiAssignRef.pm line 4.
# Compilation failed in require at t/00-load.t line 17.
# BEGIN failed--compilation aborted at t/00-load.t line 17.

#   Failed test 'use Pg::SQL::PrettyPrinter::Node::NamedArgExpr;'
#   at t/00-load.t line 17.
#     Tried to use 'Pg::SQL::PrettyPrinter::Node::NamedArgExpr'.
#     Error:  Perl v5.26.0 required--this is only v5.20.1, stopped at /home/cpansand/.cpan/build/2023092409/Pg-SQL-PrettyPrinter-0.9-TlXNiC/blib/lib/Pg/SQL/PrettyPrinter/Node/NamedArgExpr.pm line 4.
# BEGIN failed--compilation aborted at /home/cpansand/.cpan/build/2023092409/Pg-SQL-PrettyPrinter-0.9-TlXNiC/blib/lib/Pg/SQL/PrettyPrinter/Node/NamedArgExpr.pm line 4.
# Compilation failed in require at t/00-load.t line 17.
# BEGIN failed--compilation aborted at t/00-load.t line 17.

#   Failed test 'use Pg::SQL::PrettyPrinter::Node::Null;'
#   at t/00-load.t line 17.
#     Tried to use 'Pg::SQL::PrettyPrinter::Node::Null'.
#     Error:  Perl v5.26.0 required--this is only v5.20.1, stopped at /home/cpansand/.cpan/build/2023092409/Pg-SQL-PrettyPrinter-0.9-TlXNiC/blib/lib/Pg/SQL/PrettyPrinter/Node/Null.pm line 4.
# BEGIN failed--compilation aborted at /home/cpansand/.cpan/build/2023092409/Pg-SQL-PrettyPrinter-0.9-TlXNiC/blib/lib/Pg/SQL/PrettyPrinter/Node/Null.pm line 4.
# Compilation failed in require at t/00-load.t line 17.
# BEGIN failed--compilation aborted at t/00-load.t line 17.

#   Failed test 'use Pg::SQL::PrettyPrinter::Node::NullTest;'
#   at t/00-load.t line 17.
#     Tried to use 'Pg::SQL::PrettyPrinter::Node::NullTest'.
#     Error:  Perl v5.26.0 required--this is only v5.20.1, stopped at /home/cpansand/.cpan/build/2023092409/Pg-SQL-PrettyPrinter-0.9-TlXNiC/blib/lib/Pg/SQL/PrettyPrinter/Node/NullTest.pm line 4.
# BEGIN failed--compilation aborted at /home/cpansand/.cpan/build/2023092409/Pg-SQL-PrettyPrinter-0.9-TlXNiC/blib/lib/Pg/SQL/PrettyPrinter/Node/NullTest.pm line 4.
# Compilation failed in require at t/00-load.t line 17.
# BEGIN failed--compilation aborted at t/00-load.t line 17.

#   Failed test 'use Pg::SQL::PrettyPrinter::Node::ParamRef;'
#   at t/00-load.t line 17.
#     Tried to use 'Pg::SQL::PrettyPrinter::Node::ParamRef'.
#     Error:  Perl v5.26.0 required--this is only v5.20.1, stopped at /home/cpansand/.cpan/build/2023092409/Pg-SQL-PrettyPrinter-0.9-TlXNiC/blib/lib/Pg/SQL/PrettyPrinter/Node/ParamRef.pm line 4.
# BEGIN failed--compilation aborted at /home/cpansand/.cpan/build/2023092409/Pg-SQL-PrettyPrinter-0.9-TlXNiC/blib/lib/Pg/SQL/PrettyPrinter/Node/ParamRef.pm line 4.
# Compilation failed in require at t/00-load.t line 17.
# BEGIN failed--compilation aborted at t/00-load.t line 17.

#   Failed test 'use Pg::SQL::PrettyPrinter::Node::RangeFunction;'
#   at t/00-load.t line 17.
#     Tried to use 'Pg::SQL::PrettyPrinter::Node::RangeFunction'.
#     Error:  Perl v5.26.0 required--this is only v5.20.1, stopped at /home/cpansand/.cpan/build/2023092409/Pg-SQL-PrettyPrinter-0.9-TlXNiC/blib/lib/Pg/SQL/PrettyPrinter/Node/RangeFunction.pm line 4.
# BEGIN failed--compilation aborted at /home/cpansand/.cpan/build/2023092409/Pg-SQL-PrettyPrinter-0.9-TlXNiC/blib/lib/Pg/SQL/PrettyPrinter/Node/RangeFunction.pm line 4.
# Compilation failed in require at t/00-load.t line 17.
# BEGIN failed--compilation aborted at t/00-load.t line 17.

#   Failed test 'use Pg::SQL::PrettyPrinter::Node::RangeSubselect;'
#   at t/00-load.t line 17.
#     Tried to use 'Pg::SQL::PrettyPrinter::Node::RangeSubselect'.
#     Error:  Perl v5.26.0 required--this is only v5.20.1, stopped at /home/cpansand/.cpan/build/2023092409/Pg-SQL-PrettyPrinter-0.9-TlXNiC/blib/lib/Pg/SQL/PrettyPrinter/Node/RangeSubselect.pm line 4.
# BEGIN failed--compilation aborted at /home/cpansand/.cpan/build/2023092409/Pg-SQL-PrettyPrinter-0.9-TlXNiC/blib/lib/Pg/SQL/PrettyPrinter/Node/RangeSubselect.pm line 4.
# Compilation failed in require at t/00-load.t line 17.
# BEGIN failed--compilation aborted at t/00-load.t line 17.

#   Failed test 'use Pg::SQL::PrettyPrinter::Node::RangeTableSample;'
#   at t/00-load.t line 17.
#     Tried to use 'Pg::SQL::PrettyPrinter::Node::RangeTableSample'.
#     Error:  Perl v5.26.0 required--this is only v5.20.1, stopped at /home/cpansand/.cpan/build/2023092409/Pg-SQL-PrettyPrinter-0.9-TlXNiC/blib/lib/Pg/SQL/PrettyPrinter/Node/RangeTableSample.pm line 4.
# BEGIN failed--compilation aborted at /home/cpansand/.cpan/build/2023092409/Pg-SQL-PrettyPrinter-0.9-TlXNiC/blib/lib/Pg/SQL/PrettyPrinter/Node/RangeTableSample.pm line 4.
# Compilation failed in require at t/00-load.t line 17.
# BEGIN failed--compilation aborted at t/00-load.t line 17.

#   Failed test 'use Pg::SQL::PrettyPrinter::Node::RangeVar;'
#   at t/00-load.t line 17.
#     Tried to use 'Pg::SQL::PrettyPrinter::Node::RangeVar'.
#     Error:  Perl v5.26.0 required--this is only v5.20.1, stopped at /home/cpansand/.cpan/build/2023092409/Pg-SQL-PrettyPrinter-0.9-TlXNiC/blib/lib/Pg/SQL/PrettyPrinter/Node/RangeVar.pm line 4.
# BEGIN failed--compilation aborted at /home/cpansand/.cpan/build/2023092409/Pg-SQL-PrettyPrinter-0.9-TlXNiC/blib/lib/Pg/SQL/PrettyPrinter/Node/RangeVar.pm line 4.
# Compilation failed in require at t/00-load.t line 17.
# BEGIN failed--compilation aborted at t/00-load.t line 17.

#   Failed test 'use Pg::SQL::PrettyPrinter::Node::ResTarget;'
#   at t/00-load.t line 17.
#     Tried to use 'Pg::SQL::PrettyPrinter::Node::ResTarget'.
#     Error:  Perl v5.26.0 required--this is only v5.20.1, stopped at /home/cpansand/.cpan/build/2023092409/Pg-SQL-PrettyPrinter-0.9-TlXNiC/blib/lib/Pg/SQL/PrettyPrinter/Node/ResTarget.pm line 4.
# BEGIN failed--compilation aborted at /home/cpansand/.cpan/build/2023092409/Pg-SQL-PrettyPrinter-0.9-TlXNiC/blib/lib/Pg/SQL/PrettyPrinter/Node/ResTarget.pm line 4.
# Compilation failed in require at t/00-load.t line 17.
# BEGIN failed--compilation aborted at t/00-load.t line 17.

#   Failed test 'use Pg::SQL::PrettyPrinter::Node::RowExpr;'
#   at t/00-load.t line 17.
#     Tried to use 'Pg::SQL::PrettyPrinter::Node::RowExpr'.
#     Error:  Perl v5.26.0 required--this is only v5.20.1, stopped at /home/cpansand/.cpan/build/2023092409/Pg-SQL-PrettyPrinter-0.9-TlXNiC/blib/lib/Pg/SQL/PrettyPrinter/Node/RowExpr.pm line 4.
# BEGIN failed--compilation aborted at /home/cpansand/.cpan/build/2023092409/Pg-SQL-PrettyPrinter-0.9-TlXNiC/blib/lib/Pg/SQL/PrettyPrinter/Node/RowExpr.pm line 4.
# Compilation failed in require at t/00-load.t line 17.
# BEGIN failed--compilation aborted at t/00-load.t line 17.

#   Failed test 'use Pg::SQL::PrettyPrinter::Node::SelectStmt;'
#   at t/00-load.t line 17.
#     Tried to use 'Pg::SQL::PrettyPrinter::Node::SelectStmt'.
#     Error:  Perl v5.26.0 required--this is only v5.20.1, stopped at /home/cpansand/.cpan/build/2023092409/Pg-SQL-PrettyPrinter-0.9-TlXNiC/blib/lib/Pg/SQL/PrettyPrinter/Node/SelectStmt.pm line 4.
# BEGIN failed--compilation aborted at /home/cpansand/.cpan/build/2023092409/Pg-SQL-PrettyPrinter-0.9-TlXNiC/blib/lib/Pg/SQL/PrettyPrinter/Node/SelectStmt.pm line 4.
# Compilation failed in require at t/00-load.t line 17.
# BEGIN failed--compilation aborted at t/00-load.t line 17.

#   Failed test 'use Pg::SQL::PrettyPrinter::Node::SetToDefault;'
#   at t/00-load.t line 17.
#     Tried to use 'Pg::SQL::PrettyPrinter::Node::SetToDefault'.
#     Error:  Perl v5.26.0 required--this is only v5.20.1, stopped at /home/cpansand/.cpan/build/2023092409/Pg-SQL-PrettyPrinter-0.9-TlXNiC/blib/lib/Pg/SQL/PrettyPrinter/Node/SetToDefault.pm line 4.
# BEGIN failed--compilation aborted at /home/cpansand/.cpan/build/2023092409/Pg-SQL-PrettyPrinter-0.9-TlXNiC/blib/lib/Pg/SQL/PrettyPrinter/Node/SetToDefault.pm line 4.
# Compilation failed in require at t/00-load.t line 17.
# BEGIN failed--compilation aborted at t/00-load.t line 17.

#   Failed test 'use Pg::SQL::PrettyPrinter::Node::SortBy;'
#   at t/00-load.t line 17.
#     Tried to use 'Pg::SQL::PrettyPrinter::Node::SortBy'.
#     Error:  Perl v5.26.0 required--this is only v5.20.1, stopped at /home/cpansand/.cpan/build/2023092409/Pg-SQL-PrettyPrinter-0.9-TlXNiC/blib/lib/Pg/SQL/PrettyPrinter/Node/SortBy.pm line 4.
# BEGIN failed--compilation aborted at /home/cpansand/.cpan/build/2023092409/Pg-SQL-PrettyPrinter-0.9-TlXNiC/blib/lib/Pg/SQL/PrettyPrinter/Node/SortBy.pm line 4.
# Compilation failed in require at t/00-load.t line 17.
# BEGIN failed--compilation aborted at t/00-load.t line 17.

#   Failed test 'use Pg::SQL::PrettyPrinter::Node::SQLValueFunction;'
#   at t/00-load.t line 17.
#     Tried to use 'Pg::SQL::PrettyPrinter::Node::SQLValueFunction'.
#     Error:  Perl v5.26.0 required--this is only v5.20.1, stopped at /home/cpansand/.cpan/build/2023092409/Pg-SQL-PrettyPrinter-0.9-TlXNiC/blib/lib/Pg/SQL/PrettyPrinter/Node/SQLValueFunction.pm line 4.
# BEGIN failed--compilation aborted at /home/cpansand/.cpan/build/2023092409/Pg-SQL-PrettyPrinter-0.9-TlXNiC/blib/lib/Pg/SQL/PrettyPrinter/Node/SQLValueFunction.pm line 4.
# Compilation failed in require at t/00-load.t line 17.
# BEGIN failed--compilation aborted at t/00-load.t line 17.

#   Failed test 'use Pg::SQL::PrettyPrinter::Node::String;'
#   at t/00-load.t line 17.
#     Tried to use 'Pg::SQL::PrettyPrinter::Node::String'.
#     Error:  Perl v5.26.0 required--this is only v5.20.1, stopped at /home/cpansand/.cpan/build/2023092409/Pg-SQL-PrettyPrinter-0.9-TlXNiC/blib/lib/Pg/SQL/PrettyPrinter/Node/String.pm line 4.
# BEGIN failed--compilation aborted at /home/cpansand/.cpan/build/2023092409/Pg-SQL-PrettyPrinter-0.9-TlXNiC/blib/lib/Pg/SQL/PrettyPrinter/Node/String.pm line 4.
# Compilation failed in require at t/00-load.t line 17.
# BEGIN failed--compilation aborted at t/00-load.t line 17.

#   Failed test 'use Pg::SQL::PrettyPrinter::Node::SubLink;'
#   at t/00-load.t line 17.
#     Tried to use 'Pg::SQL::PrettyPrinter::Node::SubLink'.
#     Error:  Perl v5.26.0 required--this is only v5.20.1, stopped at /home/cpansand/.cpan/build/2023092409/Pg-SQL-PrettyPrinter-0.9-TlXNiC/blib/lib/Pg/SQL/PrettyPrinter/Node/SubLink.pm line 4.
# BEGIN failed--compilation aborted at /home/cpansand/.cpan/build/2023092409/Pg-SQL-PrettyPrinter-0.9-TlXNiC/blib/lib/Pg/SQL/PrettyPrinter/Node/SubLink.pm line 4.
# Compilation failed in require at t/00-load.t line 17.
# BEGIN failed--compilation aborted at t/00-load.t line 17.

#   Failed test 'use Pg::SQL::PrettyPrinter::Node::TransactionStmt;'
#   at t/00-load.t line 17.
#     Tried to use 'Pg::SQL::PrettyPrinter::Node::TransactionStmt'.
#     Error:  Perl v5.26.0 required--this is only v5.20.1, stopped at /home/cpansand/.cpan/build/2023092409/Pg-SQL-PrettyPrinter-0.9-TlXNiC/blib/lib/Pg/SQL/PrettyPrinter/Node/TransactionStmt.pm line 4.
# BEGIN failed--compilation aborted at /home/cpansand/.cpan/build/2023092409/Pg-SQL-PrettyPrinter-0.9-TlXNiC/blib/lib/Pg/SQL/PrettyPrinter/Node/TransactionStmt.pm line 4.
# Compilation failed in require at t/00-load.t line 17.
# BEGIN failed--compilation aborted at t/00-load.t line 17.

#   Failed test 'use Pg::SQL::PrettyPrinter::Node::TypeCast;'
#   at t/00-load.t line 17.
#     Tried to use 'Pg::SQL::PrettyPrinter::Node::TypeCast'.
#     Error:  Perl v5.26.0 required--this is only v5.20.1, stopped at /home/cpansand/.cpan/build/2023092409/Pg-SQL-PrettyPrinter-0.9-TlXNiC/blib/lib/Pg/SQL/PrettyPrinter/Node/TypeCast.pm line 4.
# BEGIN failed--compilation aborted at /home/cpansand/.cpan/build/2023092409/Pg-SQL-PrettyPrinter-0.9-TlXNiC/blib/lib/Pg/SQL/PrettyPrinter/Node/TypeCast.pm line 4.
# Compilation failed in require at t/00-load.t line 17.
# BEGIN failed--compilation aborted at t/00-load.t line 17.

#   Failed test 'use Pg::SQL::PrettyPrinter::Node::UpdateStmt;'
#   at t/00-load.t line 17.
#     Tried to use 'Pg::SQL::PrettyPrinter::Node::UpdateStmt'.
#     Error:  Perl v5.26.0 required--this is only v5.20.1, stopped at /home/cpansand/.cpan/build/2023092409/Pg-SQL-PrettyPrinter-0.9-TlXNiC/blib/lib/Pg/SQL/PrettyPrinter/Node/UpdateStmt.pm line 4.
# BEGIN failed--compilation aborted at /home/cpansand/.cpan/build/2023092409/Pg-SQL-PrettyPrinter-0.9-TlXNiC/blib/lib/Pg/SQL/PrettyPrinter/Node/UpdateStmt.pm line 4.
# Compilation failed in require at t/00-load.t line 17.
# BEGIN failed--compilation aborted at t/00-load.t line 17.

#   Failed test 'use Pg::SQL::PrettyPrinter::Node::XmlExpr;'
#   at t/00-load.t line 17.
#     Tried to use 'Pg::SQL::PrettyPrinter::Node::XmlExpr'.
#     Error:  Perl v5.26.0 required--this is only v5.20.1, stopped at /home/cpansand/.cpan/build/2023092409/Pg-SQL-PrettyPrinter-0.9-TlXNiC/blib/lib/Pg/SQL/PrettyPrinter/Node/XmlExpr.pm line 4.
# BEGIN failed--compilation aborted at /home/cpansand/.cpan/build/2023092409/Pg-SQL-PrettyPrinter-0.9-TlXNiC/blib/lib/Pg/SQL/PrettyPrinter/Node/XmlExpr.pm line 4.
# Compilation failed in require at t/00-load.t line 17.
# BEGIN failed--compilation aborted at t/00-load.t line 17.

#   Failed test 'use Pg::SQL::PrettyPrinter::Node::XmlSerialize;'
#   at t/00-load.t line 17.
#     Tried to use 'Pg::SQL::PrettyPrinter::Node::XmlSerialize'.
#     Error:  Perl v5.26.0 required--this is only v5.20.1, stopped at /home/cpansand/.cpan/build/2023092409/Pg-SQL-PrettyPrinter-0.9-TlXNiC/blib/lib/Pg/SQL/PrettyPrinter/Node/XmlSerialize.pm line 4.
# BEGIN failed--compilation aborted at /home/cpansand/.cpan/build/2023092409/Pg-SQL-PrettyPrinter-0.9-TlXNiC/blib/lib/Pg/SQL/PrettyPrinter/Node/XmlSerialize.pm line 4.
# Compilation failed in require at t/00-load.t line 17.
# BEGIN failed--compilation aborted at t/00-load.t line 17.
# Looks like you failed 53 tests of 53.
t/00-load.t ............. 
Dubious, test returned 53 (wstat 13568, 0x3500)
Failed 53/53 subtests 
t/01-pod.t .............. ok

#   Failed test 'Pod coverage on Pg::SQL::PrettyPrinter'
#   at /usr/perl5.20.1Dp/lib/site_perl/5.20.1/Test/Pod/Coverage.pm line 133.
# Pg::SQL::PrettyPrinter: requiring 'Pg::SQL::PrettyPrinter' failed

#   Failed test 'Pod coverage on Pg::SQL::PrettyPrinter::Node'
#   at /usr/perl5.20.1Dp/lib/site_perl/5.20.1/Test/Pod/Coverage.pm line 133.
# Pg::SQL::PrettyPrinter::Node: requiring 'Pg::SQL::PrettyPrinter::Node' failed

#   Failed test 'Pod coverage on Pg::SQL::PrettyPrinter::Node::BooleanTest'
#   at /usr/perl5.20.1Dp/lib/site_perl/5.20.1/Test/Pod/Coverage.pm line 133.
# Pg::SQL::PrettyPrinter::Node::BooleanTest: requiring 'Pg::SQL::PrettyPrinter::Node::BooleanTest' failed

#   Failed test 'Pod coverage on Pg::SQL::PrettyPrinter::Node::A_Expr'
#   at /usr/perl5.20.1Dp/lib/site_perl/5.20.1/Test/Pod/Coverage.pm line 133.
# Pg::SQL::PrettyPrinter::Node::A_Expr: requiring 'Pg::SQL::PrettyPrinter::Node::A_Expr' failed

#   Failed test 'Pod coverage on Pg::SQL::PrettyPrinter::Node::CommonTableExpr'
#   at /usr/perl5.20.1Dp/lib/site_perl/5.20.1/Test/Pod/Coverage.pm line 133.
# Pg::SQL::PrettyPrinter::Node::CommonTableExpr: requiring 'Pg::SQL::PrettyPrinter::Node::CommonTableExpr' failed

#   Failed test 'Pod coverage on Pg::SQL::PrettyPrinter::Node::SetToDefault'
#   at /usr/perl5.20.1Dp/lib/site_perl/5.20.1/Test/Pod/Coverage.pm line 133.
# Pg::SQL::PrettyPrinter::Node::SetToDefault: requiring 'Pg::SQL::PrettyPrinter::Node::SetToDefault' failed

#   Failed test 'Pod coverage on Pg::SQL::PrettyPrinter::Node::FuncCall'
#   at /usr/perl5.20.1Dp/lib/site_perl/5.20.1/Test/Pod/Coverage.pm line 133.
# Pg::SQL::PrettyPrinter::Node::FuncCall: requiring 'Pg::SQL::PrettyPrinter::Node::FuncCall' failed

#   Failed test 'Pod coverage on Pg::SQL::PrettyPrinter::Node::ParamRef'
#   at /usr/perl5.20.1Dp/lib/site_perl/5.20.1/Test/Pod/Coverage.pm line 133.
# Pg::SQL::PrettyPrinter::Node::ParamRef: requiring 'Pg::SQL::PrettyPrinter::Node::ParamRef' failed

#   Failed test 'Pod coverage on Pg::SQL::PrettyPrinter::Node::ResTarget'
#   at /usr/perl5.20.1Dp/lib/site_perl/5.20.1/Test/Pod/Coverage.pm line 133.
# Pg::SQL::PrettyPrinter::Node::ResTarget: requiring 'Pg::SQL::PrettyPrinter::Node::ResTarget' failed

#   Failed test 'Pod coverage on Pg::SQL::PrettyPrinter::Node::A_ArrayExpr'
#   at /usr/perl5.20.1Dp/lib/site_perl/5.20.1/Test/Pod/Coverage.pm line 133.
# Pg::SQL::PrettyPrinter::Node::A_ArrayExpr: requiring 'Pg::SQL::PrettyPrinter::Node::A_ArrayExpr' failed

#   Failed test 'Pod coverage on Pg::SQL::PrettyPrinter::Node::MinMaxExpr'
#   at /usr/perl5.20.1Dp/lib/site_perl/5.20.1/Test/Pod/Coverage.pm line 133.
# Pg::SQL::PrettyPrinter::Node::MinMaxExpr: requiring 'Pg::SQL::PrettyPrinter::Node::MinMaxExpr' failed

#   Failed test 'Pod coverage on Pg::SQL::PrettyPrinter::Node::Null'
#   at /usr/perl5.20.1Dp/lib/site_perl/5.20.1/Test/Pod/Coverage.pm line 133.
# Pg::SQL::PrettyPrinter::Node::Null: requiring 'Pg::SQL::PrettyPrinter::Node::Null' failed

#   Failed test 'Pod coverage on Pg::SQL::PrettyPrinter::Node::DefElem'
#   at /usr/perl5.20.1Dp/lib/site_perl/5.20.1/Test/Pod/Coverage.pm line 133.
# Pg::SQL::PrettyPrinter::Node::DefElem: requiring 'Pg::SQL::PrettyPrinter::Node::DefElem' failed

#   Failed test 'Pod coverage on Pg::SQL::PrettyPrinter::Node::GroupingSet'
#   at /usr/perl5.20.1Dp/lib/site_perl/5.20.1/Test/Pod/Coverage.pm line 133.
# Pg::SQL::PrettyPrinter::Node::GroupingSet: requiring 'Pg::SQL::PrettyPrinter::Node::GroupingSet' failed

#   Failed test 'Pod coverage on Pg::SQL::PrettyPrinter::Node::RowExpr'
#   at /usr/perl5.20.1Dp/lib/site_perl/5.20.1/Test/Pod/Coverage.pm line 133.
# Pg::SQL::PrettyPrinter::Node::RowExpr: couldn't find pod

#   Failed test 'Pod coverage on Pg::SQL::PrettyPrinter::Node::A_Indices'
#   at /usr/perl5.20.1Dp/lib/site_perl/5.20.1/Test/Pod/Coverage.pm line 133.
# Pg::SQL::PrettyPrinter::Node::A_Indices: requiring 'Pg::SQL::PrettyPrinter::Node::A_Indices' failed

#   Failed test 'Pod coverage on Pg::SQL::PrettyPrinter::Node::CaseExpr'
#   at /usr/perl5.20.1Dp/lib/site_perl/5.20.1/Test/Pod/Coverage.pm line 133.
# Pg::SQL::PrettyPrinter::Node::CaseExpr: requiring 'Pg::SQL::PrettyPrinter::Node::CaseExpr' failed

#   Failed test 'Pod coverage on Pg::SQL::PrettyPrinter::Node::RangeVar'
#   at /usr/perl5.20.1Dp/lib/site_perl/5.20.1/Test/Pod/Coverage.pm line 133.
# Pg::SQL::PrettyPrinter::Node::RangeVar: requiring 'Pg::SQL::PrettyPrinter::Node::RangeVar' failed

#   Failed test 'Pod coverage on Pg::SQL::PrettyPrinter::Node::RangeSubselect'
#   at /usr/perl5.20.1Dp/lib/site_perl/5.20.1/Test/Pod/Coverage.pm line 133.
# Pg::SQL::PrettyPrinter::Node::RangeSubselect: requiring 'Pg::SQL::PrettyPrinter::Node::RangeSubselect' failed

#   Failed test 'Pod coverage on Pg::SQL::PrettyPrinter::Node::NamedArgExpr'
#   at /usr/perl5.20.1Dp/lib/site_perl/5.20.1/Test/Pod/Coverage.pm line 133.
# Pg::SQL::PrettyPrinter::Node::NamedArgExpr: requiring 'Pg::SQL::PrettyPrinter::Node::NamedArgExpr' failed

#   Failed test 'Pod coverage on Pg::SQL::PrettyPrinter::Node::A_Const'
#   at /usr/perl5.20.1Dp/lib/site_perl/5.20.1/Test/Pod/Coverage.pm line 133.
# Pg::SQL::PrettyPrinter::Node::A_Const: requiring 'Pg::SQL::PrettyPrinter::Node::A_Const' failed

#   Failed test 'Pod coverage on Pg::SQL::PrettyPrinter::Node::RangeFunction'
#   at /usr/perl5.20.1Dp/lib/site_perl/5.20.1/Test/Pod/Coverage.pm line 133.
# Pg::SQL::PrettyPrinter::Node::RangeFunction: requiring 'Pg::SQL::PrettyPrinter::Node::RangeFunction' failed

#   Failed test 'Pod coverage on Pg::SQL::PrettyPrinter::Node::UpdateStmt'
#   at /usr/perl5.20.1Dp/lib/site_perl/5.20.1/Test/Pod/Coverage.pm line 133.
# Pg::SQL::PrettyPrinter::Node::UpdateStmt: requiring 'Pg::SQL::PrettyPrinter::Node::UpdateStmt' failed

#   Failed test 'Pod coverage on Pg::SQL::PrettyPrinter::Node::IndexElem'
#   at /usr/perl5.20.1Dp/lib/site_perl/5.20.1/Test/Pod/Coverage.pm line 133.
# Pg::SQL::PrettyPrinter::Node::IndexElem: requiring 'Pg::SQL::PrettyPrinter::Node::IndexElem' failed

#   Failed test 'Pod coverage on Pg::SQL::PrettyPrinter::Node::CollateClause'
#   at /usr/perl5.20.1Dp/lib/site_perl/5.20.1/Test/Pod/Coverage.pm line 133.
# Pg::SQL::PrettyPrinter::Node::CollateClause: requiring 'Pg::SQL::PrettyPrinter::Node::CollateClause' failed

#   Failed test 'Pod coverage on Pg::SQL::PrettyPrinter::Node::InsertStmt'
#   at /usr/perl5.20.1Dp/lib/site_perl/5.20.1/Test/Pod/Coverage.pm line 133.
# Pg::SQL::PrettyPrinter::Node::InsertStmt: requiring 'Pg::SQL::PrettyPrinter::Node::InsertStmt' failed

#   Failed test 'Pod coverage on Pg::SQL::PrettyPrinter::Node::LockingClause'
#   at /usr/perl5.20.1Dp/lib/site_perl/5.20.1/Test/Pod/Coverage.pm line 133.
# Pg::SQL::PrettyPrinter::Node::LockingClause: requiring 'Pg::SQL::PrettyPrinter::Node::LockingClause' failed

#   Failed test 'Pod coverage on Pg::SQL::PrettyPrinter::Node::BitString'
#   at /usr/perl5.20.1Dp/lib/site_perl/5.20.1/Test/Pod/Coverage.pm line 133.
# Pg::SQL::PrettyPrinter::Node::BitString: requiring 'Pg::SQL::PrettyPrinter::Node::BitString' failed

#   Failed test 'Pod coverage on Pg::SQL::PrettyPrinter::Node::A_Indirection'
#   at /usr/perl5.20.1Dp/lib/site_perl/5.20.1/Test/Pod/Coverage.pm line 133.
# Pg::SQL::PrettyPrinter::Node::A_Indirection: requiring 'Pg::SQL::PrettyPrinter::Node::A_Indirection' failed

#   Failed test 'Pod coverage on Pg::SQL::PrettyPrinter::Node::Float'
#   at /usr/perl5.20.1Dp/lib/site_perl/5.20.1/Test/Pod/Coverage.pm line 133.
# Pg::SQL::PrettyPrinter::Node::Float: requiring 'Pg::SQL::PrettyPrinter::Node::Float' failed

#   Failed test 'Pod coverage on Pg::SQL::PrettyPrinter::Node::RangeTableSample'
#   at /usr/perl5.20.1Dp/lib/site_perl/5.20.1/Test/Pod/Coverage.pm line 133.
# Pg::SQL::PrettyPrinter::Node::RangeTableSample: requiring 'Pg::SQL::PrettyPrinter::Node::RangeTableSample' failed

#   Failed test 'Pod coverage on Pg::SQL::PrettyPrinter::Node::DeleteStmt'
#   at /usr/perl5.20.1Dp/lib/site_perl/5.20.1/Test/Pod/Coverage.pm line 133.
# Pg::SQL::PrettyPrinter::Node::DeleteStmt: requiring 'Pg::SQL::PrettyPrinter::Node::DeleteStmt' failed

#   Failed test 'Pod coverage on Pg::SQL::PrettyPrinter::Node::TransactionStmt'
#   at /usr/perl5.20.1Dp/lib/site_perl/5.20.1/Test/Pod/Coverage.pm line 133.
# Pg::SQL::PrettyPrinter::Node::TransactionStmt: requiring 'Pg::SQL::PrettyPrinter::Node::TransactionStmt' failed

#   Failed test 'Pod coverage on Pg::SQL::PrettyPrinter::Node::TypeCast'
#   at /usr/perl5.20.1Dp/lib/site_perl/5.20.1/Test/Pod/Coverage.pm line 133.
# Pg::SQL::PrettyPrinter::Node::TypeCast: requiring 'Pg::SQL::PrettyPrinter::Node::TypeCast' failed

#   Failed test 'Pod coverage on Pg::SQL::PrettyPrinter::Node::XmlSerialize'
#   at /usr/perl5.20.1Dp/lib/site_perl/5.20.1/Test/Pod/Coverage.pm line 133.
# Pg::SQL::PrettyPrinter::Node::XmlSerialize: requiring 'Pg::SQL::PrettyPrinter::Node::XmlSerialize' failed

#   Failed test 'Pod coverage on Pg::SQL::PrettyPrinter::Node::String'
#   at /usr/perl5.20.1Dp/lib/site_perl/5.20.1/Test/Pod/Coverage.pm line 133.
# Pg::SQL::PrettyPrinter::Node::String: requiring 'Pg::SQL::PrettyPrinter::Node::String' failed

#   Failed test 'Pod coverage on Pg::SQL::PrettyPrinter::Node::SortBy'
#   at /usr/perl5.20.1Dp/lib/site_perl/5.20.1/Test/Pod/Coverage.pm line 133.
# Pg::SQL::PrettyPrinter::Node::SortBy: requiring 'Pg::SQL::PrettyPrinter::Node::SortBy' failed

#   Failed test 'Pod coverage on Pg::SQL::PrettyPrinter::Node::SQLValueFunction'
#   at /usr/perl5.20.1Dp/lib/site_perl/5.20.1/Test/Pod/Coverage.pm line 133.
# Pg::SQL::PrettyPrinter::Node::SQLValueFunction: requiring 'Pg::SQL::PrettyPrinter::Node::SQLValueFunction' failed

#   Failed test 'Pod coverage on Pg::SQL::PrettyPrinter::Node::CoalesceExpr'
#   at /usr/perl5.20.1Dp/lib/site_perl/5.20.1/Test/Pod/Coverage.pm line 133.
# Pg::SQL::PrettyPrinter::Node::CoalesceExpr: requiring 'Pg::SQL::PrettyPrinter::Node::CoalesceExpr' failed

#   Failed test 'Pod coverage on Pg::SQL::PrettyPrinter::Node::XmlExpr'
#   at /usr/perl5.20.1Dp/lib/site_perl/5.20.1/Test/Pod/Coverage.pm line 133.
# Pg::SQL::PrettyPrinter::Node::XmlExpr: requiring 'Pg::SQL::PrettyPrinter::Node::XmlExpr' failed

#   Failed test 'Pod coverage on Pg::SQL::PrettyPrinter::Node::List'
#   at /usr/perl5.20.1Dp/lib/site_perl/5.20.1/Test/Pod/Coverage.pm line 133.
# Pg::SQL::PrettyPrinter::Node::List: requiring 'Pg::SQL::PrettyPrinter::Node::List' failed

#   Failed test 'Pod coverage on Pg::SQL::PrettyPrinter::Node::MultiAssignRef'
#   at /usr/perl5.20.1Dp/lib/site_perl/5.20.1/Test/Pod/Coverage.pm line 133.
# Pg::SQL::PrettyPrinter::Node::MultiAssignRef: requiring 'Pg::SQL::PrettyPrinter::Node::MultiAssignRef' failed

#   Failed test 'Pod coverage on Pg::SQL::PrettyPrinter::Node::ColumnRef'
#   at /usr/perl5.20.1Dp/lib/site_perl/5.20.1/Test/Pod/Coverage.pm line 133.
# Pg::SQL::PrettyPrinter::Node::ColumnRef: requiring 'Pg::SQL::PrettyPrinter::Node::ColumnRef' failed

#   Failed test 'Pod coverage on Pg::SQL::PrettyPrinter::Node::A_Star'
#   at /usr/perl5.20.1Dp/lib/site_perl/5.20.1/Test/Pod/Coverage.pm line 133.
# Pg::SQL::PrettyPrinter::Node::A_Star: requiring 'Pg::SQL::PrettyPrinter::Node::A_Star' failed

#   Failed test 'Pod coverage on Pg::SQL::PrettyPrinter::Node::JoinExpr'
#   at /usr/perl5.20.1Dp/lib/site_perl/5.20.1/Test/Pod/Coverage.pm line 133.
# Pg::SQL::PrettyPrinter::Node::JoinExpr: requiring 'Pg::SQL::PrettyPrinter::Node::JoinExpr' failed

#   Failed test 'Pod coverage on Pg::SQL::PrettyPrinter::Node::ExplainStmt'
#   at /usr/perl5.20.1Dp/lib/site_perl/5.20.1/Test/Pod/Coverage.pm line 133.
# Pg::SQL::PrettyPrinter::Node::ExplainStmt: requiring 'Pg::SQL::PrettyPrinter::Node::ExplainStmt' failed

#   Failed test 'Pod coverage on Pg::SQL::PrettyPrinter::Node::SubLink'
#   at /usr/perl5.20.1Dp/lib/site_perl/5.20.1/Test/Pod/Coverage.pm line 133.
# Pg::SQL::PrettyPrinter::Node::SubLink: requiring 'Pg::SQL::PrettyPrinter::Node::SubLink' failed

#   Failed test 'Pod coverage on Pg::SQL::PrettyPrinter::Node::NullTest'
#   at /usr/perl5.20.1Dp/lib/site_perl/5.20.1/Test/Pod/Coverage.pm line 133.
# Pg::SQL::PrettyPrinter::Node::NullTest: requiring 'Pg::SQL::PrettyPrinter::Node::NullTest' failed

#   Failed test 'Pod coverage on Pg::SQL::PrettyPrinter::Node::BoolExpr'
#   at /usr/perl5.20.1Dp/lib/site_perl/5.20.1/Test/Pod/Coverage.pm line 133.
# Pg::SQL::PrettyPrinter::Node::BoolExpr: requiring 'Pg::SQL::PrettyPrinter::Node::BoolExpr' failed

#   Failed test 'Pod coverage on Pg::SQL::PrettyPrinter::Node::SelectStmt'
#   at /usr/perl5.20.1Dp/lib/site_perl/5.20.1/Test/Pod/Coverage.pm line 133.
# Pg::SQL::PrettyPrinter::Node::SelectStmt: requiring 'Pg::SQL::PrettyPrinter::Node::SelectStmt' failed

#   Failed test 'Pod coverage on Pg::SQL::PrettyPrinter::Node::CaseWhen'
#   at /usr/perl5.20.1Dp/lib/site_perl/5.20.1/Test/Pod/Coverage.pm line 133.
# Pg::SQL::PrettyPrinter::Node::CaseWhen: requiring 'Pg::SQL::PrettyPrinter::Node::CaseWhen' failed

#   Failed test 'Pod coverage on Pg::SQL::PrettyPrinter::Node::GroupingFunc'
#   at /usr/perl5.20.1Dp/lib/site_perl/5.20.1/Test/Pod/Coverage.pm line 133.
# Pg::SQL::PrettyPrinter::Node::GroupingFunc: requiring 'Pg::SQL::PrettyPrinter::Node::GroupingFunc' failed

#   Failed test 'Pod coverage on Pg::SQL::PrettyPrinter::Node::Integer'
#   at /usr/perl5.20.1Dp/lib/site_perl/5.20.1/Test/Pod/Coverage.pm line 133.
# Pg::SQL::PrettyPrinter::Node::Integer: requiring 'Pg::SQL::PrettyPrinter::Node::Integer' failed
# Looks like you failed 53 tests of 53.
t/02-pod-coverage.t ..... 
Dubious, test returned 53 (wstat 13568, 0x3500)
Failed 53/53 subtests 
t/03-perl-critic.t ...... skipped: Author test.  Set $ENV{TEST_AUTHOR} to a true value to run.
t/04-perltidy.t ......... skipped: Author test.  Set $ENV{TEST_AUTHOR} to a true value to run.
t/05-manifest.t ......... skipped: Author tests not required for installation
Perl v5.26.0 required--this is only v5.20.1, stopped at /home/cpansand/.cpan/build/2023092409/Pg-SQL-PrettyPrinter-0.9-TlXNiC/blib/lib/Pg/SQL/PrettyPrinter.pm line 4.
BEGIN failed--compilation aborted at /home/cpansand/.cpan/build/2023092409/Pg-SQL-PrettyPrinter-0.9-TlXNiC/blib/lib/Pg/SQL/PrettyPrinter.pm line 4.
Compilation failed in require at t/06-invalid-args.t line 5.
BEGIN failed--compilation aborted at t/06-invalid-args.t line 5.
# Looks like your test exited with 255 before it could output anything.

You have loaded versions of test modules known to have problems with Test2.
This could explain some test failures.
 * Module 'Test::Exception' is outdated, we recommed updating above 0.42. error was: 'Test::Exception version 0.42 required--this is only version 0.36 at /usr/perl5.20.1Dp/lib/site_perl/5.20.1/Test2/API/Breakage.pm line 75.'; INC is /usr/perl5.20.1Dp/lib/site_perl/5.20.1/Test/Exception.pm

t/06-invalid-args.t ..... 
Dubious, test returned 255 (wstat 65280, 0xff00)
Failed 12/12 subtests 
Perl v5.26.0 required--this is only v5.20.1, stopped at /home/cpansand/.cpan/build/2023092409/Pg-SQL-PrettyPrinter-0.9-TlXNiC/blib/lib/Pg/SQL/PrettyPrinter.pm line 4.
BEGIN failed--compilation aborted at /home/cpansand/.cpan/build/2023092409/Pg-SQL-PrettyPrinter-0.9-TlXNiC/blib/lib/Pg/SQL/PrettyPrinter.pm line 4.
Compilation failed in require at t/07-http-test.t line 5.
BEGIN failed--compilation aborted at t/07-http-test.t line 5.

You have loaded versions of test modules known to have problems with Test2.
This could explain some test failures.
 * Module 'Test::Exception' is outdated, we recommed updating above 0.42. error was: 'Test::Exception version 0.42 required--this is only version 0.36 at /usr/perl5.20.1Dp/lib/site_perl/5.20.1/Test2/API/Breakage.pm line 75.'; INC is /usr/perl5.20.1Dp/lib/site_perl/5.20.1/Test/Exception.pm

t/07-http-test.t ........ 
Dubious, test returned 255 (wstat 65280, 0xff00)
No subtests run 
Perl v5.26.0 required--this is only v5.20.1, stopped at /home/cpansand/.cpan/build/2023092409/Pg-SQL-PrettyPrinter-0.9-TlXNiC/blib/lib/Pg/SQL/PrettyPrinter.pm line 4.
BEGIN failed--compilation aborted at /home/cpansand/.cpan/build/2023092409/Pg-SQL-PrettyPrinter-0.9-TlXNiC/blib/lib/Pg/SQL/PrettyPrinter.pm line 4.
Compilation failed in require at t/08-selects.t line 7.
BEGIN failed--compilation aborted at t/08-selects.t line 7.
t/08-selects.t .......... 
Dubious, test returned 255 (wstat 65280, 0xff00)
No subtests run 
Perl v5.26.0 required--this is only v5.20.1, stopped at /home/cpansand/.cpan/build/2023092409/Pg-SQL-PrettyPrinter-0.9-TlXNiC/blib/lib/Pg/SQL/PrettyPrinter.pm line 4.
BEGIN failed--compilation aborted at /home/cpansand/.cpan/build/2023092409/Pg-SQL-PrettyPrinter-0.9-TlXNiC/blib/lib/Pg/SQL/PrettyPrinter.pm line 4.
Compilation failed in require at t/09-inserts.t line 7.
BEGIN failed--compilation aborted at t/09-inserts.t line 7.
t/09-inserts.t .......... 
Dubious, test returned 255 (wstat 65280, 0xff00)
No subtests run 
Perl v5.26.0 required--this is only v5.20.1, stopped at /home/cpansand/.cpan/build/2023092409/Pg-SQL-PrettyPrinter-0.9-TlXNiC/blib/lib/Pg/SQL/PrettyPrinter.pm line 4.
BEGIN failed--compilation aborted at /home/cpansand/.cpan/build/2023092409/Pg-SQL-PrettyPrinter-0.9-TlXNiC/blib/lib/Pg/SQL/PrettyPrinter.pm line 4.
Compilation failed in require at t/10-updates.t line 7.
BEGIN failed--compilation aborted at t/10-updates.t line 7.
t/10-updates.t .......... 
Dubious, test returned 255 (wstat 65280, 0xff00)
No subtests run 
Perl v5.26.0 required--this is only v5.20.1, stopped at /home/cpansand/.cpan/build/2023092409/Pg-SQL-PrettyPrinter-0.9-TlXNiC/blib/lib/Pg/SQL/PrettyPrinter.pm line 4.
BEGIN failed--compilation aborted at /home/cpansand/.cpan/build/2023092409/Pg-SQL-PrettyPrinter-0.9-TlXNiC/blib/lib/Pg/SQL/PrettyPrinter.pm line 4.
Compilation failed in require at t/11-deletes.t line 7.
BEGIN failed--compilation aborted at t/11-deletes.t line 7.
t/11-deletes.t .......... 
Dubious, test returned 255 (wstat 65280, 0xff00)
No subtests run 
Perl v5.26.0 required--this is only v5.20.1, stopped at /home/cpansand/.cpan/build/2023092409/Pg-SQL-PrettyPrinter-0.9-TlXNiC/blib/lib/Pg/SQL/PrettyPrinter.pm line 4.
BEGIN failed--compilation aborted at /home/cpansand/.cpan/build/2023092409/Pg-SQL-PrettyPrinter-0.9-TlXNiC/blib/lib/Pg/SQL/PrettyPrinter.pm line 4.
Compilation failed in require at t/12-explains.t line 7.
BEGIN failed--compilation aborted at t/12-explains.t line 7.
t/12-explains.t ......... 
Dubious, test returned 255 (wstat 65280, 0xff00)
No subtests run 
Perl v5.26.0 required--this is only v5.20.1, stopped at /home/cpansand/.cpan/build/2023092409/Pg-SQL-PrettyPrinter-0.9-TlXNiC/blib/lib/Pg/SQL/PrettyPrinter.pm line 4.
BEGIN failed--compilation aborted at /home/cpansand/.cpan/build/2023092409/Pg-SQL-PrettyPrinter-0.9-TlXNiC/blib/lib/Pg/SQL/PrettyPrinter.pm line 4.
Compilation failed in require at t/13-tablesample.t line 7.
BEGIN failed--compilation aborted at t/13-tablesample.t line 7.
t/13-tablesample.t ...... 
Dubious, test returned 255 (wstat 65280, 0xff00)
No subtests run 
Perl v5.26.0 required--this is only v5.20.1, stopped at /home/cpansand/.cpan/build/2023092409/Pg-SQL-PrettyPrinter-0.9-TlXNiC/blib/lib/Pg/SQL/PrettyPrinter.pm line 4.
BEGIN failed--compilation aborted at /home/cpansand/.cpan/build/2023092409/Pg-SQL-PrettyPrinter-0.9-TlXNiC/blib/lib/Pg/SQL/PrettyPrinter.pm line 4.
Compilation failed in require at t/14-xml.t line 7.
BEGIN failed--compilation aborted at t/14-xml.t line 7.
t/14-xml.t .............. 
Dubious, test returned 255 (wstat 65280, 0xff00)
No subtests run 
Perl v5.26.0 required--this is only v5.20.1, stopped at /home/cpansand/.cpan/build/2023092409/Pg-SQL-PrettyPrinter-0.9-TlXNiC/blib/lib/Pg/SQL/PrettyPrinter.pm line 4.
BEGIN failed--compilation aborted at /home/cpansand/.cpan/build/2023092409/Pg-SQL-PrettyPrinter-0.9-TlXNiC/blib/lib/Pg/SQL/PrettyPrinter.pm line 4.
Compilation failed in require at t/15-prompt.t line 7.
BEGIN failed--compilation aborted at t/15-prompt.t line 7.
t/15-prompt.t ........... 
Dubious, test returned 255 (wstat 65280, 0xff00)
No subtests run 
Perl v5.26.0 required--this is only v5.20.1, stopped at /home/cpansand/.cpan/build/2023092409/Pg-SQL-PrettyPrinter-0.9-TlXNiC/blib/lib/Pg/SQL/PrettyPrinter.pm line 4.
BEGIN failed--compilation aborted at /home/cpansand/.cpan/build/2023092409/Pg-SQL-PrettyPrinter-0.9-TlXNiC/blib/lib/Pg/SQL/PrettyPrinter.pm line 4.
Compilation failed in require at t/16-bugs.t line 7.
BEGIN failed--compilation aborted at t/16-bugs.t line 7.
t/16-bugs.t ............. 
Dubious, test returned 255 (wstat 65280, 0xff00)
No subtests run 
Perl v5.26.0 required--this is only v5.20.1, stopped at /home/cpansand/.cpan/build/2023092409/Pg-SQL-PrettyPrinter-0.9-TlXNiC/blib/lib/Pg/SQL/PrettyPrinter.pm line 4.
BEGIN failed--compilation aborted at /home/cpansand/.cpan/build/2023092409/Pg-SQL-PrettyPrinter-0.9-TlXNiC/blib/lib/Pg/SQL/PrettyPrinter.pm line 4.
Compilation failed in require at t/17-locking-selects.t line 7.
BEGIN failed--compilation aborted at t/17-locking-selects.t line 7.
t/17-locking-selects.t .. 
Dubious, test returned 255 (wstat 65280, 0xff00)
No subtests run 
Perl v5.26.0 required--this is only v5.20.1, stopped at /home/cpansand/.cpan/build/2023092409/Pg-SQL-PrettyPrinter-0.9-TlXNiC/blib/lib/Pg/SQL/PrettyPrinter.pm line 4.
BEGIN failed--compilation aborted at /home/cpansand/.cpan/build/2023092409/Pg-SQL-PrettyPrinter-0.9-TlXNiC/blib/lib/Pg/SQL/PrettyPrinter.pm line 4.
Compilation failed in require at t/18-conflicts.t line 7.
BEGIN failed--compilation aborted at t/18-conflicts.t line 7.
t/18-conflicts.t ........ 
Dubious, test returned 255 (wstat 65280, 0xff00)
No subtests run 
Perl v5.26.0 required--this is only v5.20.1, stopped at /home/cpansand/.cpan/build/2023092409/Pg-SQL-PrettyPrinter-0.9-TlXNiC/blib/lib/Pg/SQL/PrettyPrinter.pm line 4.
BEGIN failed--compilation aborted at /home/cpansand/.cpan/build/2023092409/Pg-SQL-PrettyPrinter-0.9-TlXNiC/blib/lib/Pg/SQL/PrettyPrinter.pm line 4.
Compilation failed in require at t/19-transactions.t line 7.
BEGIN failed--compilation aborted at t/19-transactions.t line 7.
t/19-transactions.t ..... 
Dubious, test returned 255 (wstat 65280, 0xff00)
No subtests run 

Test Summary Report
-------------------
t/00-load.t           (Wstat: 13568 Tests: 53 Failed: 53)
  Failed tests:  1-53
  Non-zero exit status: 53
t/02-pod-coverage.t   (Wstat: 13568 Tests: 53 Failed: 53)
  Failed tests:  1-53
  Non-zero exit status: 53
t/06-invalid-args.t   (Wstat: 65280 Tests: 0 Failed: 0)
  Non-zero exit status: 255
  Parse errors: Bad plan.  You planned 12 tests but ran 0.
t/07-http-test.t      (Wstat: 65280 Tests: 0 Failed: 0)
  Non-zero exit status: 255
  Parse errors: No plan found in TAP output
t/08-selects.t        (Wstat: 65280 Tests: 0 Failed: 0)
  Non-zero exit status: 255
  Parse errors: No plan found in TAP output
t/09-inserts.t        (Wstat: 65280 Tests: 0 Failed: 0)
  Non-zero exit status: 255
  Parse errors: No plan found in TAP output
t/10-updates.t        (Wstat: 65280 Tests: 0 Failed: 0)
  Non-zero exit status: 255
  Parse errors: No plan found in TAP output
t/11-deletes.t        (Wstat: 65280 Tests: 0 Failed: 0)
  Non-zero exit status: 255
  Parse errors: No plan found in TAP output
t/12-explains.t       (Wstat: 65280 Tests: 0 Failed: 0)
  Non-zero exit status: 255
  Parse errors: No plan found in TAP output
t/13-tablesample.t    (Wstat: 65280 Tests: 0 Failed: 0)
  Non-zero exit status: 255
  Parse errors: No plan found in TAP output
t/14-xml.t            (Wstat: 65280 Tests: 0 Failed: 0)
  Non-zero exit status: 255
  Parse errors: No plan found in TAP output
t/15-prompt.t         (Wstat: 65280 Tests: 0 Failed: 0)
  Non-zero exit status: 255
  Parse errors: No plan found in TAP output
t/16-bugs.t           (Wstat: 65280 Tests: 0 Failed: 0)
  Non-zero exit status: 255
  Parse errors: No plan found in TAP output
t/17-locking-selects.t (Wstat: 65280 Tests: 0 Failed: 0)
  Non-zero exit status: 255
  Parse errors: No plan found in TAP output
t/18-conflicts.t      (Wstat: 65280 Tests: 0 Failed: 0)
  Non-zero exit status: 255
  Parse errors: No plan found in TAP output
t/19-transactions.t   (Wstat: 65280 Tests: 0 Failed: 0)
  Non-zero exit status: 255
  Parse errors: No plan found in TAP output
Files=20, Tests=212,  1 wallclock secs ( 0.01 usr  0.05 sys +  0.70 cusr  0.55 csys =  1.30 CPU)
Result: FAIL
Failed 16/20 test programs. 106/212 subtests failed.

------------------------------
PREREQUISITES
------------------------------

Prerequisite modules loaded:

requires:

    Module          Need Have    
    --------------- ---- --------
    Clone           0    0.38    
    HTTP::Tiny      0    0.043   
    JSON::MaybeXS   0    1.003003
    Module::Runtime 0    0.014   

build_requires:

    Module          Need Have    
    --------------- ---- --------
    autodie         0    2.23    
    Test::Exception 0    0.36    
    Test::More      0    1.302183

configure_requires:

    Module          Need Have    
    --------------- ---- --------
    Module::Build   0.38 0.4211  


------------------------------
ENVIRONMENT AND OTHER CONTEXT
------------------------------

Environment variables:

    LC_ALL = de_DE.ISO8859-1
    PATH = /usr/local/bin:/usr/bin:/bin:/usr/local/sbin:/usr/sbin:/sbin:/home/cpansand/bin/freebsd10.3:/home/cpansand/bin/sh:/home/cpansand/bin:/usr/games:/home/cpansand/devel:/home/eserte/src/srezic-misc/scripts
    PERL5LIB = 
    PERL5OPT = 
    PERL5_CPANPLUS_IS_RUNNING = 43754
    PERL5_CPAN_IS_RUNNING = 43754
    PERL5_CPAN_IS_RUNNING_IN_RECURSION = 43717,43754
    PERLDOC = -MPod::Perldoc::ToTextOverstrike
    PERL_BATCH = yes
    PERL_CANARY_STABILITY_NOPROMPT = 1
    PERL_CPAN_REPORTER_CONFIG = /var/tmp/cpansmoker-1023/2023092409/cpanreporter_000_config.ini
    PERL_EXTUTILS_AUTOINSTALL = --defaultdeps
    SHELL = /usr/local/bin/zsh
    TERM = screen
    TMPDIR = /var/tmp/cpansmoker-1023/2023092409

Perl special variables (and OS-specific diagnostics, for MSWin32):

    $^X = /usr/local/bin/perl5.20.1D
    $UID/$EUID = 1023 / 1023
    $GID = 1023 1023
    $EGID = 1023 1023

Perl module toolchain versions installed:

    Module              Have    
    ------------------- --------
    CPAN                2.05    
    CPAN::Meta          2.143240
    Cwd                 3.48    
    ExtUtils::CBuilder  0.280217
    ExtUtils::Command   7.58    
    ExtUtils::Install   2.06    
    ExtUtils::MakeMaker 7.58    
    ExtUtils::Manifest  1.70    
    ExtUtils::ParseXS   3.35    
    File::Spec          3.48    
    JSON                2.90    
    JSON::PP            2.27400 
    Module::Build       0.4211  
    Module::Signature   n/a     
    Parse::CPAN::Meta   1.4422  
    Test::Harness       3.30    
    Test::More          1.302183
    YAML                1.14    
    YAML::Syck          1.29    
    version             0.9909  


--

Summary of my perl5 (revision 5 version 20 subversion 1) configuration:
   
  Platform:
    osname=freebsd, osvers=10.1-release, archname=amd64-freebsd-ld
    uname='freebsd cvrsnica-freebsd-101.herceg.de 10.1-release freebsd 10.1-release #0 r274401: tue nov 11 21:02:49 utc 2014 root@releng1.nyi.freebsd.org:usrobjusrsrcsysgeneric amd64 '
    config_args='-ds -e -Dprefix=/usr/perl5.20.1Dp -Duselongdouble'
    hint=recommended, useposix=true, d_sigaction=define
    useithreads=undef, usemultiplicity=undef
    use64bitint=define, use64bitall=define, uselongdouble=define
    usemymalloc=n, bincompat5005=undef
  Compiler:
    cc='cc', ccflags ='-DHAS_FPSETMASK -DHAS_FLOATINGPOINT_H -fno-strict-aliasing -pipe -fstack-protector -I/usr/local/include',
    optimize='-O',
    cppflags='-DHAS_FPSETMASK -DHAS_FLOATINGPOINT_H -fno-strict-aliasing -pipe -fstack-protector -I/usr/local/include'
    ccversion='', gccversion='4.2.1 Compatible FreeBSD Clang 3.4.1 (tags/RELEASE_34/dot1-final 208032)', gccosandvers=''
    intsize=4, longsize=8, ptrsize=8, doublesize=8, byteorder=12345678
    d_longlong=define, longlongsize=8, d_longdbl=define, longdblsize=16
    ivtype='long', ivsize=8, nvtype='long double', nvsize=16, Off_t='off_t', lseeksize=8
    alignbytes=16, prototype=define
  Linker and Libraries:
    ld='cc', ldflags ='-pthread -Wl,-E  -fstack-protector -L/usr/local/lib'
    libpth=/usr/lib /usr/local/lib /usr/include/clang/3.4.1 /usr/lib
    libs=-lgdbm -lm -lcrypt -lutil -lc
    perllibs=-lm -lcrypt -lutil -lc
    libc=, so=so, useshrplib=false, libperl=libperl.a
    gnulibc_version=''
  Dynamic Linking:
    dlsrc=dl_dlopen.xs, dlext=so, d_dlsymun=undef, ccdlflags=' '
    cccdlflags='-DPIC -fPIC', lddlflags='-shared  -L/usr/local/lib -fstack-protector'


Characteristics of this binary (from libperl): 
  Compile-time options: HAS_TIMES PERLIO_LAYERS PERL_DONT_CREATE_GVSV
                        PERL_HASH_FUNC_ONE_AT_A_TIME_HARD PERL_MALLOC_WRAP
                        PERL_NEW_COPY_ON_WRITE PERL_PRESERVE_IVUV
                        USE_64_BIT_ALL USE_64_BIT_INT USE_LARGE_FILES
                        USE_LOCALE USE_LOCALE_COLLATE USE_LOCALE_CTYPE
                        USE_LOCALE_NUMERIC USE_LONG_DOUBLE USE_PERLIO
                        USE_PERL_ATOF
  Built under freebsd
  Compiled at Feb 13 2015 08:17:27
  %ENV:
    PERL5LIB=""
    PERL5OPT=""
    PERL5_CPANPLUS_IS_RUNNING="43754"
    PERL5_CPAN_IS_RUNNING="43754"
    PERL5_CPAN_IS_RUNNING_IN_RECURSION="43717,43754"
    PERLDOC="-MPod::Perldoc::ToTextOverstrike"
    PERL_BATCH="yes"
    PERL_CANARY_STABILITY_NOPROMPT="1"
    PERL_CPAN_REPORTER_CONFIG="/var/tmp/cpansmoker-1023/2023092409/cpanreporter_000_config.ini"
    PERL_EXTUTILS_AUTOINSTALL="--defaultdeps"
  @INC:
    /usr/perl5.20.1Dp/lib/site_perl/5.20.1/amd64-freebsd-ld
    /usr/perl5.20.1Dp/lib/site_perl/5.20.1
    /usr/perl5.20.1Dp/lib/5.20.1/amd64-freebsd-ld
    /usr/perl5.20.1Dp/lib/5.20.1
    .