DBI-Test v0.001 Perl 5 v5.19.11 MSWin32-x86-multi-thread-64int
- Status
- Fail
- From
- Alexandr Ciornii (CHORNY)
- Dist
-
DBI-Test v0.001
- Platform
- Perl 5 v5.19.11 MSWin32-x86-multi-thread-64int
- Date
- 2014-05-09 13:18:41
- ID
- 013a358b-6c00-1014-b6fb-463b96628b1f
This distribution has been tested as part of the CPAN Testers
project, supporting the Perl programming language. See
http://wiki.cpantesters.org/ for more information or email
questions to cpan-testers-discuss@perl.org
--
Dear Jens Rehsack,
This is a computer-generated report for DBI-Test-0.001
on perl 5.19.11, created by CPAN-Reporter-1.2011.
Thank you for uploading your work to CPAN. However, there was a problem
testing your distribution.
If you think this report is invalid, please consult the CPAN Testers Wiki
for suggestions on how to avoid getting FAIL reports for missing library
or binary dependencies, unsupported operating systems, and so on:
http://wiki.cpantesters.org/wiki/CPANAuthorNotes
Sections of this report:
* Tester comments
* Program output
* Prerequisites
* Environment and other context
------------------------------
TESTER COMMENTS
------------------------------
Additional comments from tester:
this report is from an automated smoke testing program
and was not reviewed by a human for accuracy
------------------------------
PROGRAM OUTPUT
------------------------------
Output from 'C:\strawberry1911\c\bin\dmake.exe test':
C:\strawberry1911\perl\bin\perl.exe "-MExtUtils::Command::MM" "-MTest::Harness" "-e" "undef *Test::Harness::Switches; test_harness(0, 'blib\lib', 'blib\arch')" xt/*.t t\basic\*.t
DBI connect('','',...) failed: Can't Open Connection ''
Package : DBD::ADO::dr
Filename : C:/strawberry1911/perl/vendor/lib/DBD/ADO.pm
Line : 158
Last error : -2147467259
OLE exception from "Microsoft OLE DB Provider for ODBC Drivers":
[Microsoft][Ãèñïåò÷åð äðà éâåðîâ ODBC] Ãñòî÷Ãèê äà ÃÃûõ ÃÃ¥ Ãà éäåà è ÃÃ¥ óêà çà Ã
äðà éâåð, èñïîëüçóåìûé ïî óìîë÷à Ãèþ
Win32::OLE(0.1711) error 0x80004005: "ÃåîïîçÃà ÃÃà ÿ "
in METHOD/PROPERTYGET "Open" at C:\strawberry1911\cpan\build\DBI-Test-0.001-HVdjLP\blib\lib/DBI/Test.pm line 31.
# Failed test 'basic connect'
# at C:\strawberry1911\cpan\build\DBI-Test-0.001-HVdjLP\blib\lib/DBI/Test/Case/basic/connect.pm line 16.
# Failed test 'dbh is active'
# at C:\strawberry1911\cpan\build\DBI-Test-0.001-HVdjLP\blib\lib/DBI/Test/Case/basic/connect.pm line 20.
DBI connect('','',...) failed: Can't Open Connection ''
Package : DBD::ADO::dr
Filename : C:/strawberry1911/perl/vendor/lib/DBD/ADO.pm
Line : 158
Last error : -2147467259
OLE exception from "Microsoft OLE DB Provider for ODBC Drivers":
[Microsoft][Ãèñïåò÷åð äðà éâåðîâ ODBC] Ãñòî÷Ãèê äà ÃÃûõ ÃÃ¥ Ãà éäåà è ÃÃ¥ óêà çà Ã
äðà éâåð, èñïîëüçóåìûé ïî óìîë÷à Ãèþ
Win32::OLE(0.1711) error 0x80004005: "ÃåîïîçÃà ÃÃà ÿ "
in METHOD/PROPERTYGET "Open" at C:\strawberry1911\cpan\build\DBI-Test-0.001-HVdjLP\blib\lib/DBI/Test.pm line 31.
# Failed test 'basic connect'
# at C:\strawberry1911\cpan\build\DBI-Test-0.001-HVdjLP\blib\lib/DBI/Test/Case/basic/connect.pm line 29.
DBI connect('','',...) failed: Can't Open Connection ''
Package : DBD::ADO::dr
Filename : C:/strawberry1911/perl/vendor/lib/DBD/ADO.pm
Line : 158
Last error : -2147467259
OLE exception from "Microsoft OLE DB Provider for ODBC Drivers":
[Microsoft][Ãèñïåò÷åð äðà éâåðîâ ODBC] Ãñòî÷Ãèê äà ÃÃûõ ÃÃ¥ Ãà éäåà è ÃÃ¥ óêà çà Ã
äðà éâåð, èñïîëüçóåìûé ïî óìîë÷à Ãèþ
Win32::OLE(0.1711) error 0x80004005: "ÃåîïîçÃà ÃÃà ÿ "
in METHOD/PROPERTYGET "Open" at C:\strawberry1911\cpan\build\DBI-Test-0.001-HVdjLP\blib\lib/DBI/Test.pm line 31.
# Failed test 'connect without attr'
# at C:\strawberry1911\cpan\build\DBI-Test-0.001-HVdjLP\blib\lib/DBI/Test/Case/basic/connect.pm line 46.
Use of uninitialized value $got in numeric eq (==) at (eval in cmp_ok) C:\strawberry1911\cpan\build\DBI-Test-0.001-HVdjLP\blib\lib/DBI/Test/Case/basic/connect.pm line 50.
# Failed test 'AutoCommit == 1'
# at C:\strawberry1911\cpan\build\DBI-Test-0.001-HVdjLP\blib\lib/DBI/Test/Case/basic/connect.pm line 50.
Use of uninitialized value $val in addition (+) at C:/strawberry1911/perl/lib/Test/Builder.pm line 960.
# got: undef
# expected: 1
Can't call method "FETCH" on unblessed reference at C:\strawberry1911\cpan\build\DBI-Test-0.001-HVdjLP\blib\lib/DBI/Test/Case/basic/connect.pm line 51.
# Tests were run but no plan was declared and done_testing() was not seen.
# Looks like your test exited with 255 just after 5.
t\basic\dva_connect.t .........
Dubious, test returned 255 (wstat 65280, 0xff00)
Failed 5/5 subtests
DBI connect('','',...) failed: Can't Open Connection ''
Package : DBD::ADO::dr
Filename : C:/strawberry1911/perl/vendor/lib/DBD/ADO.pm
Line : 158
Last error : -2147467259
OLE exception from "Microsoft OLE DB Provider for ODBC Drivers":
[Microsoft][Ãèñïåò÷åð äðà éâåðîâ ODBC] Ãñòî÷Ãèê äà ÃÃûõ ÃÃ¥ Ãà éäåà è ÃÃ¥ óêà çà Ã
äðà éâåð, èñïîëüçóåìûé ïî óìîë÷à Ãèþ
Win32::OLE(0.1711) error 0x80004005: "ÃåîïîçÃà ÃÃà ÿ "
in METHOD/PROPERTYGET "Open" at C:\strawberry1911\cpan\build\DBI-Test-0.001-HVdjLP\blib\lib/DBI/Test.pm line 31.
# Failed test 'basic connect'
# at C:\strawberry1911\cpan\build\DBI-Test-0.001-HVdjLP\blib\lib/DBI/Test/Case/basic/disconnect.pm line 20.
Can't call method "disconnect" on an undefined value at C:\strawberry1911\cpan\build\DBI-Test-0.001-HVdjLP\blib\lib/DBI/Test/Case/basic/disconnect.pm line 22.
# Tests were run but no plan was declared and done_testing() was not seen.
# Looks like your test exited with 255 just after 1.
t\basic\dva_disconnect.t ......
Dubious, test returned 255 (wstat 65280, 0xff00)
Failed 1/1 subtests
t\basic\dvc_connect.t ......... ok
t\basic\dvc_disconnect.t ...... ok
t\basic\dvd_connect.t ......... ok
t\basic\dvd_disconnect.t ...... ok
t\basic\dve_connect.t ......... ok
t\basic\dve_disconnect.t ...... ok
t\basic\dvf_connect.t ......... ok
t\basic\dvf_disconnect.t ...... ok
install_driver(mysql) failed: Attempt to reload DBD/mysql.pm aborted.
Compilation failed in require at (eval 148) line 3.
at C:\strawberry1911\cpan\build\DBI-Test-0.001-HVdjLP\blib\lib/DBI/Test.pm line 31.
t\basic\dvm_connect.t .........
Dubious, test returned 2 (wstat 512, 0x200)
No subtests run
install_driver(mysql) failed: Attempt to reload DBD/mysql.pm aborted.
Compilation failed in require at (eval 148) line 3.
at C:\strawberry1911\cpan\build\DBI-Test-0.001-HVdjLP\blib\lib/DBI/Test.pm line 31.
t\basic\dvm_disconnect.t ......
Dubious, test returned 2 (wstat 512, 0x200)
No subtests run
t\basic\dvn_connect.t ......... ok
t\basic\dvn_disconnect.t ...... ok
install_driver(ODBC) failed: Attempt to reload DBD/ODBC.pm aborted.
Compilation failed in require at (eval 148) line 3.
at C:\strawberry1911\cpan\build\DBI-Test-0.001-HVdjLP\blib\lib/DBI/Test.pm line 31.
t\basic\dvo_connect.t .........
Dubious, test returned 2 (wstat 512, 0x200)
No subtests run
install_driver(ODBC) failed: Attempt to reload DBD/ODBC.pm aborted.
Compilation failed in require at (eval 148) line 3.
at C:\strawberry1911\cpan\build\DBI-Test-0.001-HVdjLP\blib\lib/DBI/Test.pm line 31.
t\basic\dvo_disconnect.t ......
Dubious, test returned 2 (wstat 512, 0x200)
No subtests run
install_driver(Pg) failed: Attempt to reload DBD/Pg.pm aborted.
Compilation failed in require at (eval 148) line 3.
at C:\strawberry1911\cpan\build\DBI-Test-0.001-HVdjLP\blib\lib/DBI/Test.pm line 31.
t\basic\dvp_connect.t .........
Dubious, test returned 2 (wstat 512, 0x200)
No subtests run
install_driver(Pg) failed: Attempt to reload DBD/Pg.pm aborted.
Compilation failed in require at (eval 148) line 3.
at C:\strawberry1911\cpan\build\DBI-Test-0.001-HVdjLP\blib\lib/DBI/Test.pm line 31.
t\basic\dvp_disconnect.t ......
Dubious, test returned 2 (wstat 512, 0x200)
No subtests run
install_driver(SQLite) failed: Attempt to reload DBD/SQLite.pm aborted.
Compilation failed in require at (eval 148) line 3.
at C:\strawberry1911\cpan\build\DBI-Test-0.001-HVdjLP\blib\lib/DBI/Test.pm line 31.
t\basic\dvs_connect.t .........
Dubious, test returned 2 (wstat 512, 0x200)
No subtests run
install_driver(SQLite) failed: Attempt to reload DBD/SQLite.pm aborted.
Compilation failed in require at (eval 148) line 3.
at C:\strawberry1911\cpan\build\DBI-Test-0.001-HVdjLP\blib\lib/DBI/Test.pm line 31.
t\basic\dvs_disconnect.t ......
Dubious, test returned 2 (wstat 512, 0x200)
No subtests run
t\basic\dvx_connect.t ......... ok
# Failed test 'dbh is inactive'
# at C:\strawberry1911\cpan\build\DBI-Test-0.001-HVdjLP\blib\lib/DBI/Test/Case/basic/disconnect.pm line 25.
# Looks like you failed 1 test of 19.
t\basic\dvx_disconnect.t ......
Dubious, test returned 1 (wstat 256, 0x100)
Failed 1/19 subtests
(less 1 skipped subtest: 17 okay)
(6 TODO tests unexpectedly succeeded)
t\basic\mvb_dvn_connect.t ..... ok
t\basic\mvb_dvn_disconnect.t .. ok
Test Summary Report
-------------------
t\basic\dva_connect.t (Wstat: 65280 Tests: 5 Failed: 5)
Failed tests: 1-5
Non-zero exit status: 255
Parse errors: No plan found in TAP output
t\basic\dva_disconnect.t (Wstat: 65280 Tests: 1 Failed: 1)
Failed test: 1
Non-zero exit status: 255
Parse errors: No plan found in TAP output
t\basic\dvc_disconnect.t (Wstat: 0 Tests: 19 Failed: 0)
TODO passed: 8-9, 14-15, 18
t\basic\dvd_disconnect.t (Wstat: 0 Tests: 19 Failed: 0)
TODO passed: 8-9, 14-15, 18
t\basic\dve_disconnect.t (Wstat: 0 Tests: 19 Failed: 0)
TODO passed: 8-9, 14-15, 18
t\basic\dvf_disconnect.t (Wstat: 0 Tests: 19 Failed: 0)
TODO passed: 8-9, 14-15, 18
t\basic\dvm_connect.t (Wstat: 512 Tests: 0 Failed: 0)
Non-zero exit status: 2
Parse errors: No plan found in TAP output
t\basic\dvm_disconnect.t (Wstat: 512 Tests: 0 Failed: 0)
Non-zero exit status: 2
Parse errors: No plan found in TAP output
t\basic\dvn_disconnect.t (Wstat: 0 Tests: 19 Failed: 0)
TODO passed: 8-9, 14-15, 18
t\basic\dvo_connect.t (Wstat: 512 Tests: 0 Failed: 0)
Non-zero exit status: 2
Parse errors: No plan found in TAP output
t\basic\dvo_disconnect.t (Wstat: 512 Tests: 0 Failed: 0)
Non-zero exit status: 2
Parse errors: No plan found in TAP output
t\basic\dvp_connect.t (Wstat: 512 Tests: 0 Failed: 0)
Non-zero exit status: 2
Parse errors: No plan found in TAP output
t\basic\dvp_disconnect.t (Wstat: 512 Tests: 0 Failed: 0)
Non-zero exit status: 2
Parse errors: No plan found in TAP output
t\basic\dvs_connect.t (Wstat: 512 Tests: 0 Failed: 0)
Non-zero exit status: 2
Parse errors: No plan found in TAP output
t\basic\dvs_disconnect.t (Wstat: 512 Tests: 0 Failed: 0)
Non-zero exit status: 2
Parse errors: No plan found in TAP output
t\basic\dvx_connect.t (Wstat: 0 Tests: 16 Failed: 0)
TODO passed: 13-16
t\basic\dvx_disconnect.t (Wstat: 256 Tests: 19 Failed: 1)
Failed test: 4
TODO passed: 8-9, 13-15, 18
Non-zero exit status: 1
t\basic\mvb_dvn_connect.t (Wstat: 0 Tests: 16 Failed: 0)
TODO passed: 12
t\basic\mvb_dvn_disconnect.t (Wstat: 0 Tests: 19 Failed: 0)
TODO passed: 8-9, 14-15, 18
Files=24, Tests=257, 12 wallclock secs ( 0.08 usr + 0.07 sys = 0.15 CPU)
Result: FAIL
Failed 11/24 test programs. 7/257 subtests failed.
dmake.exe: Error code 255, while making 'test_dynamic'
------------------------------
PREREQUISITES
------------------------------
Prerequisite modules loaded:
requires:
Module Need Have
------------------- -------- --------
perl 5.008001 5.019011
build_requires:
Module Need Have
------------------- -------- --------
Test::Simple 0.90 1.001003
configure_requires:
Module Need Have
------------------- -------- --------
ExtUtils::MakeMaker 0 6.96
------------------------------
ENVIRONMENT AND OTHER CONTEXT
------------------------------
Environment variables:
AUTOMATED_TESTING = 1
COMSPEC = C:\WINDOWS\system32\cmd.exe
NUMBER_OF_PROCESSORS = 1
PATH = C:\Program Files\Far Manager\;C:\WINDOWS\system32;C:\WINDOWS;C:\WINDOWS\System32\Wbem;C:\strawberry1911\c\bin;C:\strawberry1911\perl\site\bin;C:\strawberry1911\perl\bin
PERL5LIB =
PERL5OPT =
PERL5_CPANPLUS_IS_RUNNING = 1156
PERL5_CPAN_IS_RUNNING = 1156
PERL5_CPAN_IS_RUNNING_IN_RECURSION = 1252,1156
PERL_CR_SMOKER_CURRENT = DBI-Test-0.001
PERL_EXTUTILS_AUTOINSTALL = --defaultdeps
PERL_HASH_SEED = 0x11111111
PERL_MM_USE_DEFAULT = 1
PROCESSOR_IDENTIFIER = x86 Family 16 Model 5 Stepping 3, AuthenticAMD
TEMP = C:\DOCUME~1\c\LOCALS~1\Temp
TERM = dumb
Perl special variables (and OS-specific diagnostics, for MSWin32):
$^X = C:\strawberry1911\perl\bin\perl.exe
$UID/$EUID = 0 / 0
$GID = 0
$EGID = 0
Win32::GetOSName = WinXP/.Net
Win32::GetOSVersion = Service Pack 3, 5, 1, 2600, 2, 3, 0, 256, 1
Win32::FsType = NTFS
Win32::IsAdminUser = 1
Perl module toolchain versions installed:
Module Have
------------------- --------
CPAN 2.05
CPAN::Meta 2.140640
Cwd 3.47
ExtUtils::CBuilder 0.280216
ExtUtils::Command 1.18
ExtUtils::Install 1.67
ExtUtils::MakeMaker 6.96
ExtUtils::Manifest 1.63
ExtUtils::ParseXS 3.24
File::Spec 3.47
JSON 2.90
JSON::PP 2.27203
Module::Build 0.4205
Module::Signature n/a
Parse::CPAN::Meta 1.4414
Test::Harness 3.30
Test::More 1.001003
YAML 0.90
YAML::Syck 1.27
version 0.9908
--
Summary of my perl5 (revision 5 version 19 subversion 11) configuration:
Platform:
osname=MSWin32, osvers=6.2, archname=MSWin32-x86-multi-thread-64int
uname='Win32 strawberry-perl 5.19.11.1 #1 Tue Apr 22 08:40:30 2014 i386'
config_args='undef'
hint=recommended, useposix=true, d_sigaction=undef
useithreads=define, usemultiplicity=define
use64bitint=define, use64bitall=undef, uselongdouble=undef
usemymalloc=n, bincompat5005=undef
Compiler:
cc='gcc', ccflags =' -s -O2 -DWIN32 -DPERL_TEXTMODE_SCRIPTS -DPERL_IMPLICIT_CONTEXT -DPERL_IMPLICIT_SYS -DUSE_PERLIO -fno-strict-aliasing -mms-bitfields',
optimize='-s -O2',
cppflags='-DWIN32'
ccversion='', gccversion='4.8.2', gccosandvers=''
intsize=4, longsize=4, ptrsize=4, doublesize=8, byteorder=12345678
d_longlong=define, longlongsize=8, d_longdbl=define, longdblsize=12
ivtype='long long', ivsize=8, nvtype='double', nvsize=8, Off_t='long long', lseeksize=8
alignbytes=8, prototype=define
Linker and Libraries:
ld='g++', ldflags ='-s -L"C:\strawberry1911\perl\lib\CORE" -L"C:\strawberry1911\c\lib"'
libpth=C:\strawberry1911\c\lib C:\strawberry1911\c\i686-w64-mingw32\lib C:\strawberry1911\c\lib\gcc\i686-w64-mingw32\4.8.2
libs=-lmoldname -lkernel32 -luser32 -lgdi32 -lwinspool -lcomdlg32 -ladvapi32 -lshell32 -lole32 -loleaut32 -lnetapi32 -luuid -lws2_32 -lmpr -lwinmm -lversion -lodbc32 -lodbccp32 -lcomctl32
perllibs=-lmoldname -lkernel32 -luser32 -lgdi32 -lwinspool -lcomdlg32 -ladvapi32 -lshell32 -lole32 -loleaut32 -lnetapi32 -luuid -lws2_32 -lmpr -lwinmm -lversion -lodbc32 -lodbccp32 -lcomctl32
libc=, so=dll, useshrplib=true, libperl=libperl519.a
gnulibc_version=''
Dynamic Linking:
dlsrc=dl_win32.xs, dlext=xs.dll, d_dlsymun=undef, ccdlflags=' '
cccdlflags=' ', lddlflags='-mdll -s -L"C:\strawberry1911\perl\lib\CORE" -L"C:\strawberry1911\c\lib"'
Characteristics of this binary (from libperl):
Compile-time options: HAS_TIMES HAVE_INTERP_INTERN MULTIPLICITY
PERLIO_LAYERS PERL_DONT_CREATE_GVSV
PERL_HASH_FUNC_ONE_AT_A_TIME_HARD
PERL_IMPLICIT_CONTEXT PERL_IMPLICIT_SYS
PERL_MALLOC_WRAP PERL_NEW_COPY_ON_WRITE
PERL_PRESERVE_IVUV USE_64_BIT_INT USE_ITHREADS
USE_LARGE_FILES USE_LOCALE USE_LOCALE_COLLATE
USE_LOCALE_CTYPE USE_LOCALE_NUMERIC USE_PERLIO
USE_PERL_ATOF
Built under MSWin32
Compiled at Apr 22 2014 08:44:41
%ENV:
PERL5_CPANPLUS_IS_RUNNING="1156"
PERL5_CPAN_IS_RUNNING="1156"
PERL5_CPAN_IS_RUNNING_IN_RECURSION="1252,1156"
PERL_CR_SMOKER_CURRENT="DBI-Test-0.001"
PERL_EXTUTILS_AUTOINSTALL="--defaultdeps"
PERL_HASH_SEED="0x11111111"
PERL_MM_USE_DEFAULT="1"
@INC:
C:/strawberry1911/perl/site/lib
C:/strawberry1911/perl/vendor/lib
C:/strawberry1911/perl/lib
.