Sub-Called v0.03 Perl 5 v5.22.0 amd64-freebsd
- Status
- Fail
- From
- Slaven Rezić (SREZIC)
- Dist
-
Sub-Called v0.03
- Platform
- Perl 5 v5.22.0 amd64-freebsd
- Date
- 2015-11-21 21:08:25
- ID
- 0121165c-9094-11e5-a8bb-56d0e0bfc7aa
This distribution has been tested as part of the CPAN Testers
project, supporting the Perl programming language. See
http://wiki.cpantesters.org/ for more information or email
questions to cpan-testers-discuss@perl.org
--
Dear Renee Baecker,
This is a computer-generated report for Sub-Called-0.03
on perl 5.22.0, created by CPAN-Reporter-1.2015.
Thank you for uploading your work to CPAN. However, there was a problem
testing your distribution.
If you think this report is invalid, please consult the CPAN Testers Wiki
for suggestions on how to avoid getting FAIL reports for missing library
or binary dependencies, unsupported operating systems, and so on:
http://wiki.cpantesters.org/wiki/CPANAuthorNotes
Sections of this report:
* Tester comments
* Program output
* Prerequisites
* Environment and other context
------------------------------
TESTER COMMENTS
------------------------------
Additional comments from tester:
none provided
------------------------------
PROGRAM OUTPUT
------------------------------
Output from '/usr/bin/make test':
PERL_DL_NONLAZY=1 "/usr/perl5.22.0p/bin/perl5.22.0" "-MExtUtils::Command::MM" "-MTest::Harness" "-e" "undef *Test::Harness::Switches; test_harness(0, 'blib/lib', 'blib/arch')" t/*.t
# Testing Sub::Called 0.03, Perl 5.022000, /usr/perl5.22.0p/bin/perl5.22.0
t/00_load.t .................... ok
t/01_base.t .................... ok
t/02_module.t .................. ok
t/03_module2.t ................. ok
t/04_main.t .................... ok
Can't locate object method "NAME" via package "B::IV" at /home/cpansand/.cpan/build/2015112121/Sub-Called-0.03-pQBFRS/blib/lib/Sub/Called.pm line 127.
# Looks like your test exited with 255 before it could output anything.
t/05_two_calls_in_one_line.t ...
Dubious, test returned 255 (wstat 65280, 0xff00)
Failed 2/2 subtests
t/06_called_at_module_start.t .. skipped: These are tests for the limitations.
t/07_module3.t ................. ok
t/08_without_strict.t .......... ok
t/09_export.t .................. ok
t/10_not_called.t .............. ok
t/11_already_called.t .......... ok
t/96_boilerplate.t ............. skipped: Set RELEASE_TESTING=1 to run this test
t/97_test_manifest.t ........... skipped: Set RELEASE_TESTING=1 to run this test
t/98_pod.t ..................... skipped: Set RELEASE_TESTING=1 to run this test
t/99_pod-coverage.t ............ skipped: Set RELEASE_TESTING=1 to run this test
Test Summary Report
-------------------
t/04_main.t (Wstat: 0 Tests: 6 Failed: 0)
TODO passed: 5-6
t/05_two_calls_in_one_line.t (Wstat: 65280 Tests: 0 Failed: 0)
Non-zero exit status: 255
Parse errors: Bad plan. You planned 2 tests but ran 0.
Files=16, Tests=28, 1 wallclock secs ( 0.08 usr 0.08 sys + 0.80 cusr 0.20 csys = 1.16 CPU)
Result: FAIL
Failed 1/16 test programs. 0/28 subtests failed.
*** Error code 255
Stop.
make: stopped in /home/cpansand/.cpan/build/2015112121/Sub-Called-0.03-pQBFRS
------------------------------
PREREQUISITES
------------------------------
Prerequisite modules loaded:
requires:
Module Need Have
------------------- ---- --------
Test::More 0 1.001014
build_requires:
Module Need Have
------------------- ---- --------
ExtUtils::MakeMaker 0 7.10
------------------------------
ENVIRONMENT AND OTHER CONTEXT
------------------------------
Environment variables:
LC_ALL = de_DE.ISO8859-1
PATH = /usr/local/bin:/usr/bin:/bin:/usr/local/sbin:/usr/sbin:/sbin:/home/cpansand/bin/freebsd10.1:/home/cpansand/bin/sh:/home/cpansand/bin:/usr/games:/home/cpansand/devel:/home/eserte/src/srezic-misc/scripts
PERL5LIB =
PERL5OPT =
PERL5_CPANPLUS_IS_RUNNING = 54167
PERL5_CPAN_IS_RUNNING = 54167
PERL5_CPAN_IS_RUNNING_IN_RECURSION = 49847,54167
PERLDOC = -MPod::Perldoc::ToTextOverstrike
PERL_BATCH = yes
PERL_CANARY_STABILITY_NOPROMPT = 1
PERL_CPAN_REPORTER_CONFIG = /var/tmp/cpansmoker-1023/2015112121/cpanreporter_002_config.ini
PERL_EXTUTILS_AUTOINSTALL = --defaultdeps
SHELL = /usr/local/bin/zsh
TERM = screen
TMPDIR = /var/tmp/cpansmoker-1023/2015112121
Perl special variables (and OS-specific diagnostics, for MSWin32):
$^X = /usr/perl5.22.0p/bin/perl5.22.0
$UID/$EUID = 1023 / 1023
$GID = 1023 1023
$EGID = 1023 1023
Perl module toolchain versions installed:
Module Have
------------------- --------
CPAN 2.11
CPAN::Meta 2.150005
Cwd 3.60
ExtUtils::CBuilder 0.280224
ExtUtils::Command 7.10
ExtUtils::Install 2.04
ExtUtils::MakeMaker 7.10
ExtUtils::Manifest 1.70
ExtUtils::ParseXS 3.28
File::Spec 3.60
JSON 2.90
JSON::PP 2.27300
Module::Build 0.4214
Module::Signature 0.79
Parse::CPAN::Meta 1.4417
Test::Harness 3.35
Test::More 1.001014
YAML 1.15
YAML::Syck 1.29
version 0.9912
--
Summary of my perl5 (revision 5 version 22 subversion 0) configuration:
Platform:
osname=freebsd, osvers=10.1-release, archname=amd64-freebsd
uname='freebsd cvrsnica-freebsd-101.herceg.de 10.1-release freebsd 10.1-release #0 r274401: tue nov 11 21:02:49 utc 2014 root@releng1.nyi.freebsd.org:usrobjusrsrcsysgeneric amd64 '
config_args='-ds -e -Dprefix=/usr/perl5.22.0p -Dcf_email=srezic@cpan.org'
hint=recommended, useposix=true, d_sigaction=define
useithreads=undef, usemultiplicity=undef
use64bitint=define, use64bitall=define, uselongdouble=undef
usemymalloc=n, bincompat5005=undef
Compiler:
cc='cc', ccflags ='-DHAS_FPSETMASK -DHAS_FLOATINGPOINT_H -fno-strict-aliasing -pipe -fstack-protector -I/usr/local/include -D_FORTIFY_SOURCE=2',
optimize='-O',
cppflags='-DHAS_FPSETMASK -DHAS_FLOATINGPOINT_H -fno-strict-aliasing -pipe -fstack-protector -I/usr/local/include'
ccversion='', gccversion='4.2.1 Compatible FreeBSD Clang 3.4.1 (tags/RELEASE_34/dot1-final 208032)', gccosandvers=''
intsize=4, longsize=8, ptrsize=8, doublesize=8, byteorder=12345678, doublekind=3
d_longlong=define, longlongsize=8, d_longdbl=define, longdblsize=16, longdblkind=3
ivtype='long', ivsize=8, nvtype='double', nvsize=8, Off_t='off_t', lseeksize=8
alignbytes=8, prototype=define
Linker and Libraries:
ld='cc', ldflags ='-pthread -Wl,-E -fstack-protector -L/usr/local/lib'
libpth=/usr/lib /usr/local/lib /usr/include/clang/3.4.1 /usr/lib
libs=-lpthread -lgdbm -lm -lcrypt -lutil -lc
perllibs=-lpthread -lm -lcrypt -lutil -lc
libc=, so=so, useshrplib=false, libperl=libperl.a
gnulibc_version=''
Dynamic Linking:
dlsrc=dl_dlopen.xs, dlext=so, d_dlsymun=undef, ccdlflags=' '
cccdlflags='-DPIC -fPIC', lddlflags='-shared -L/usr/local/lib -fstack-protector'
Characteristics of this binary (from libperl):
Compile-time options: HAS_TIMES PERLIO_LAYERS PERL_DONT_CREATE_GVSV
PERL_HASH_FUNC_ONE_AT_A_TIME_HARD PERL_MALLOC_WRAP
PERL_NEW_COPY_ON_WRITE PERL_PRESERVE_IVUV
USE_64_BIT_ALL USE_64_BIT_INT USE_LARGE_FILES
USE_LOCALE USE_LOCALE_COLLATE USE_LOCALE_CTYPE
USE_LOCALE_NUMERIC USE_LOCALE_TIME USE_PERLIO
USE_PERL_ATOF
Built under freebsd
Compiled at Jun 1 2015 20:19:01
%ENV:
PERL5LIB=""
PERL5OPT=""
PERL5_CPANPLUS_IS_RUNNING="54167"
PERL5_CPAN_IS_RUNNING="54167"
PERL5_CPAN_IS_RUNNING_IN_RECURSION="49847,54167"
PERLDOC="-MPod::Perldoc::ToTextOverstrike"
PERL_BATCH="yes"
PERL_CANARY_STABILITY_NOPROMPT="1"
PERL_CPAN_REPORTER_CONFIG="/var/tmp/cpansmoker-1023/2015112121/cpanreporter_002_config.ini"
PERL_EXTUTILS_AUTOINSTALL="--defaultdeps"
@INC:
/usr/perl5.22.0p/lib/site_perl/5.22.0/amd64-freebsd
/usr/perl5.22.0p/lib/site_perl/5.22.0
/usr/perl5.22.0p/lib/5.22.0/amd64-freebsd
/usr/perl5.22.0p/lib/5.22.0
.