Catalyst-Engine-JobQueue-POE v0.0.4 Perl 5 v5.15.2 x86_64-linux-thread-multi-ld

Status
Fail
From
brian greenfield
Dist
Catalyst-Engine-JobQueue-POE v0.0.4
Platform
Perl 5 v5.15.2 x86_64-linux-thread-multi-ld
Date
2011-09-10 21:51:13
ID
00b6d25c-dbf7-11e0-84c6-7a5649abe0af
This distribution has been tested as part of the CPAN Testers
project, supporting the Perl programming language.  See
http://wiki.cpantesters.org/ for more information or email
questions to cpan-testers-discuss@perl.org


--
Dear Christian-Rolf Gruen,

This is a computer-generated report for Catalyst-Engine-JobQueue-POE-0.0.4
on perl 5.15.2, created by CPAN-Reporter-1.2002.

Thank you for uploading your work to CPAN.  However, there was a problem
testing your distribution.

If you think this report is invalid, please consult the CPAN Testers Wiki
for suggestions on how to avoid getting FAIL reports for missing library
or binary dependencies, unsupported operating systems, and so on:

http://wiki.cpantesters.org/wiki/CPANAuthorNotes

Sections of this report:

    * Tester comments
    * Program output
    * Prerequisites
    * Environment and other context

------------------------------
TESTER COMMENTS
------------------------------

Additional comments from tester:

this report is from an automated smoke testing program
and was not reviewed by a human for accuracy

------------------------------
PROGRAM OUTPUT
------------------------------

Output from '/usr/bin/make test':

PERL_DL_NONLAZY=1 /home/test/perl5/perlbrew/perls/perl-5.15.2/bin/perl5.15.2 "-MExtUtils::Command::MM" "-e" "test_harness(0, 'blib/lib', 'blib/arch')" t/*.t

#   Failed test 'use Catalyst::Engine::JobQueue::POE;'
#   at t/01use.t line 4.
#     Tried to use 'Catalyst::Engine::JobQueue::POE'.
#     Error:  Base class package "Catalyst::Engine::CGI" is empty.
#     (Perhaps you need to 'use' the module which defines that package first,
#     or make that module available in @INC (@INC contains: /home/test/.cpan/build/Catalyst-Engine-JobQueue-POE-0.0.4-O04rOn/blib/lib /home/test/.cpan/build/Catalyst-Engine-JobQueue-POE-0.0.4-O04rOn/blib/arch /home/test/perl5/perlbrew/perls/perl-5.15.2/lib/site_perl/5.15.2/x86_64-linux-thread-multi-ld /home/test/perl5/perlbrew/perls/perl-5.15.2/lib/site_perl/5.15.2 /home/test/perl5/perlbrew/perls/perl-5.15.2/lib/5.15.2/x86_64-linux-thread-multi-ld /home/test/perl5/perlbrew/perls/perl-5.15.2/lib/5.15.2 .).
#  at /home/test/.cpan/build/Catalyst-Engine-JobQueue-POE-0.0.4-O04rOn/blib/lib/Catalyst/Engine/JobQueue/POE.pm line 5
# BEGIN failed--compilation aborted at /home/test/.cpan/build/Catalyst-Engine-JobQueue-POE-0.0.4-O04rOn/blib/lib/Catalyst/Engine/JobQueue/POE.pm line 5.
# Compilation failed in require at (eval 4) line 2.
# BEGIN failed--compilation aborted at (eval 4) line 2.
# Looks like you failed 1 test of 3.
t/01use.t ................. 
Dubious, test returned 1 (wstat 256, 0x100)
Failed 1/3 subtests 
t/02jobqueue-job.t ........ ok
t/author-critic.t ......... skipped: these tests are for testing by the author
t/release-pod-coverage.t .. skipped: these tests are for release candidate testing
t/release-pod-syntax.t .... skipped: these tests are for release candidate testing

Test Summary Report
-------------------
t/01use.t               (Wstat: 256 Tests: 3 Failed: 1)
  Failed test:  1
  Non-zero exit status: 1
Files=5, Tests=6,  0 wallclock secs ( 0.03 usr  0.01 sys +  0.09 cusr  0.05 csys =  0.18 CPU)
Result: FAIL
Failed 1/5 test programs. 1/6 subtests failed.
make: *** [test_dynamic] Error 255

------------------------------
PREREQUISITES
------------------------------

Prerequisite modules loaded:

requires:

    Module               Need   Have   
    -------------------- ------ -------
    Catalyst::Runtime    5.7001 5.90002
    Email::MIME::Creator 0      1.909  
    Email::Send          2.15   2.198  
    POE::Component::Cron 0.014  0.021  
    Test::More           0      0.98   
    version              0      0.94   

configure_requires:

    Module               Need   Have   
    -------------------- ------ -------
    ExtUtils::MakeMaker  6.30   6.59   


------------------------------
ENVIRONMENT AND OTHER CONTEXT
------------------------------

Environment variables:

    AUTOMATED_TESTING = 1
    LANG = C
    LC_ALL = C
    PATH = /home/test/perl5/perlbrew/bin:/home/test/perl5/perlbrew/perls/perl-5.15.2/bin:/home/test/bin:~/bin:/usr/bin:/bin
    PATH_WITHOUT_PERLBREW = /home/test/bin:~/bin:/usr/bin:/bin
    PERL5LIB = 
    PERL5OPT = 
    PERL5_CPANPLUS_IS_RUNNING = 30145
    PERL5_CPAN_IS_RUNNING = 30145
    PERL5_CPAN_IS_RUNNING_IN_RECURSION = 15851,30145
    PERLBREW_HOME = /home/test/.perlbrew
    PERLBREW_PATH = /home/test/perl5/perlbrew/bin:/home/test/perl5/perlbrew/perls/perl-5.15.2/bin
    PERLBREW_PERL = perl-5.15.2
    PERLBREW_ROOT = /home/test/perl5/perlbrew
    PERLBREW_VERSION = 0.28
    PERL_CR_SMOKER_CURRENT = Catalyst-Engine-JobQueue-POE-0.0.4
    PERL_EXTUTILS_AUTOINSTALL = --defaultdeps
    PERL_MM_USE_DEFAULT = 1
    SHELL = /bin/bash
    TERM = linux

Perl special variables (and OS-specific diagnostics, for MSWin32):

    $^X = /home/test/perl5/perlbrew/perls/perl-5.15.2/bin/perl5.15.2
    $UID/$EUID = 1001 / 1001
    $GID = 1001 1001
    $EGID = 1001 1001

Perl module toolchain versions installed:

    Module              Have    
    ------------------- --------
    CPAN                1.9800  
    CPAN::Meta          2.112150
    Cwd                 3.37    
    ExtUtils::CBuilder  0.280204
    ExtUtils::Command   1.17    
    ExtUtils::Install   1.57    
    ExtUtils::MakeMaker 6.59    
    ExtUtils::Manifest  1.60    
    ExtUtils::ParseXS   3.04    
    File::Spec          3.34    
    JSON                2.53    
    JSON::PP            2.27200 
    Module::Build       0.39_01 
    Module::Signature   0.68    
    Parse::CPAN::Meta   1.4401  
    Test::Harness       3.23    
    Test::More          0.98    
    YAML                0.73    
    YAML::Syck          n/a     
    version             0.94    


--

Summary of my perl5 (revision 5 version 15 subversion 2) configuration:
   
  Platform:
    osname=linux, osvers=2.6.35-28-generic, archname=x86_64-linux-thread-multi-ld
    uname='linux zippy 2.6.35-28-generic #50-ubuntu smp fri mar 18 18:42:20 utc 2011 x86_64 gnulinux '
    config_args='-de -Dprefix=/home/test/perl5/perlbrew/perls/perl-5.15.2 -Dusethreads -Duselongdouble -Dusedevel'
    hint=recommended, useposix=true, d_sigaction=define
    useithreads=define, usemultiplicity=define
    useperlio=define, d_sfio=undef, uselargefiles=define, usesocks=undef
    use64bitint=define, use64bitall=define, uselongdouble=define
    usemymalloc=n, bincompat5005=undef
  Compiler:
    cc='cc', ccflags ='-D_REENTRANT -D_GNU_SOURCE -fno-strict-aliasing -pipe -fstack-protector -I/usr/local/include -D_LARGEFILE_SOURCE -D_FILE_OFFSET_BITS=64',
    optimize='-O2',
    cppflags='-D_REENTRANT -D_GNU_SOURCE -fno-strict-aliasing -pipe -fstack-protector -I/usr/local/include'
    ccversion='', gccversion='4.4.5', gccosandvers=''
    intsize=4, longsize=8, ptrsize=8, doublesize=8, byteorder=12345678
    d_longlong=define, longlongsize=8, d_longdbl=define, longdblsize=16
    ivtype='long', ivsize=8, nvtype='long double', nvsize=16, Off_t='off_t', lseeksize=8
    alignbytes=16, prototype=define
  Linker and Libraries:
    ld='cc', ldflags =' -fstack-protector -L/usr/local/lib'
    libpth=/usr/local/lib /lib/../lib /usr/lib/../lib /lib /usr/lib /usr/lib/x86_64-linux-gnu /lib64 /usr/lib64
    libs=-lnsl -ldl -lm -lcrypt -lutil -lpthread -lc
    perllibs=-lnsl -ldl -lm -lcrypt -lutil -lpthread -lc
    libc=/lib/libc-2.12.1.so, so=so, useshrplib=false, libperl=libperl.a
    gnulibc_version='2.12.1'
  Dynamic Linking:
    dlsrc=dl_dlopen.xs, dlext=so, d_dlsymun=undef, ccdlflags='-Wl,-E'
    cccdlflags='-fPIC', lddlflags='-shared -O2 -L/usr/local/lib -fstack-protector'


Characteristics of this binary (from libperl): 
  Compile-time options: HAS_TIMES MULTIPLICITY PERLIO_LAYERS
                        PERL_DONT_CREATE_GVSV PERL_IMPLICIT_CONTEXT
                        PERL_MALLOC_WRAP PERL_PRESERVE_IVUV PERL_USE_DEVEL
                        USE_64_BIT_ALL USE_64_BIT_INT USE_ITHREADS
                        USE_LARGE_FILES USE_LOCALE USE_LOCALE_COLLATE
                        USE_LOCALE_CTYPE USE_LOCALE_NUMERIC USE_LONG_DOUBLE
                        USE_PERLIO USE_PERL_ATOF USE_REENTRANT_API
  Built under linux
  Compiled at Sep  9 2011 20:43:32
  %ENV:
    PERL5LIB=""
    PERL5OPT=""
    PERL5_CPANPLUS_IS_RUNNING="30145"
    PERL5_CPAN_IS_RUNNING="30145"
    PERL5_CPAN_IS_RUNNING_IN_RECURSION="15851,30145"
    PERLBREW_HOME="/home/test/.perlbrew"
    PERLBREW_PATH="/home/test/perl5/perlbrew/bin:/home/test/perl5/perlbrew/perls/perl-5.15.2/bin"
    PERLBREW_PERL="perl-5.15.2"
    PERLBREW_ROOT="/home/test/perl5/perlbrew"
    PERLBREW_VERSION="0.28"
    PERL_CR_SMOKER_CURRENT="Catalyst-Engine-JobQueue-POE-0.0.4"
    PERL_EXTUTILS_AUTOINSTALL="--defaultdeps"
    PERL_MM_USE_DEFAULT="1"
  @INC:
    /home/test/perl5/perlbrew/perls/perl-5.15.2/lib/site_perl/5.15.2/x86_64-linux-thread-multi-ld
    /home/test/perl5/perlbrew/perls/perl-5.15.2/lib/site_perl/5.15.2
    /home/test/perl5/perlbrew/perls/perl-5.15.2/lib/5.15.2/x86_64-linux-thread-multi-ld
    /home/test/perl5/perlbrew/perls/perl-5.15.2/lib/5.15.2
    .