Config-Wrest v1.036 Perl 5 v5.13.5 i386-freebsd

Status
Fail
From
Slaven Rezić (SREZIC)
Dist
Config-Wrest v1.036
Platform
Perl 5 v5.13.5 i386-freebsd
Date
2010-09-21 20:22:48
ID
00a836de-c5be-11df-8794-7d4b89a6f9ae
This distribution has been tested as part of the CPAN Testers
project, supporting the Perl programming language.  See
http://wiki.cpantesters.org/ for more information or email
questions to cpan-testers-discuss@perl.org


--
Dear BBC (British Broadcasting Corporation),

This is a computer-generated report for Config-Wrest-1.036
on perl 5.13.5, created by CPAN-Reporter-1.1801.

Thank you for uploading your work to CPAN.  However, there was a problem
testing your distribution.

If you think this report is invalid, please consult the CPAN Testers Wiki
for suggestions on how to avoid getting FAIL reports for missing library
or binary dependencies, unsupported operating systems, and so on:

http://wiki.cpantesters.org/wiki/CPANAuthorNotes

Sections of this report:

    * Tester comments
    * Program output
    * Prerequisites
    * Environment and other context

------------------------------
TESTER COMMENTS
------------------------------

Additional comments from tester:

none provided

------------------------------
PROGRAM OUTPUT
------------------------------

Output from '/usr/bin/make test':

PERL_DL_NONLAZY=1 /usr/home/cpansand/var/ctps/sprout_77810/install/perl-5.13.5/bin/perl "-MExtUtils::Command::MM" "-e" "test_harness(0, 'blib/lib', 'blib/arch')" t/*.t
Invalid version format (non-numeric data) at t/Config-Wrest-internals.t line 28.
t/Config-Wrest-internals.t .. 
Dubious, test returned 255 (wstat 65280, 0xff00)
No subtests run 
t/pod.t ..................... ok
t/pod_coverage.t ............ ok
Invalid version format (non-numeric data) at lib/Config/Wrest.pm line 433.
# Looks like you planned 19 tests but actually ran 3.
t/Read-allowempty.t ......... 
Dubious, test returned 255 (wstat 65280, 0xff00)
Failed 16/19 subtests 
Invalid version format (non-numeric data) at lib/Config/Wrest.pm line 433.
# Looks like you planned 32 tests but actually ran 27.
t/Read-base.t ............... 
Dubious, test returned 255 (wstat 65280, 0xff00)
Failed 5/32 subtests 
t/Read-blocks.t ............. ok
t/Read-directives-errors.t .. ok
t/Read-directives.t ......... ok
t/Read-errors.t ............. ok
t/Read-lists.t .............. ok
Invalid version format (non-numeric data) at t/Read-unicode.t line 60.
t/Read-unicode.t ............ 
Dubious, test returned 255 (wstat 65280, 0xff00)
No subtests run 
Invalid version format (non-numeric data) at t/Read-unicode1.t line 53.
t/Read-unicode1.t ........... 
Dubious, test returned 255 (wstat 65280, 0xff00)
No subtests run 
Invalid version format (non-numeric data) at lib/Config/Wrest.pm line 433.
# Looks like you planned 5 tests but actually ran 4.
t/Read-xlate-lineending.t ... 
Dubious, test returned 255 (wstat 65280, 0xff00)
Failed 1/5 subtests 
Invalid version format (non-numeric data) at ../lib/Config/Wrest.pm line 433.
# Looks like you planned 9 tests but actually ran 1.
t/Serializer-1.t ............ 
Dubious, test returned 255 (wstat 65280, 0xff00)
Failed 8/9 subtests 
Invalid version format (non-numeric data) at ../lib/Config/Wrest.pm line 433.
# Looks like you planned 124 tests but actually ran 3.
t/Write.t ................... 
Dubious, test returned 255 (wstat 65280, 0xff00)
Failed 121/124 subtests 

Test Summary Report
-------------------
t/Config-Wrest-internals.t (Wstat: 65280 Tests: 0 Failed: 0)
  Non-zero exit status: 255
  Parse errors: No plan found in TAP output
t/Read-allowempty.t       (Wstat: 65280 Tests: 3 Failed: 0)
  Non-zero exit status: 255
  Parse errors: Bad plan.  You planned 19 tests but ran 3.
t/Read-base.t             (Wstat: 65280 Tests: 27 Failed: 0)
  Non-zero exit status: 255
  Parse errors: Bad plan.  You planned 32 tests but ran 27.
t/Read-unicode.t          (Wstat: 65280 Tests: 0 Failed: 0)
  Non-zero exit status: 255
  Parse errors: No plan found in TAP output
t/Read-unicode1.t         (Wstat: 65280 Tests: 0 Failed: 0)
  Non-zero exit status: 255
  Parse errors: No plan found in TAP output
t/Read-xlate-lineending.t (Wstat: 65280 Tests: 4 Failed: 0)
  Non-zero exit status: 255
  Parse errors: Bad plan.  You planned 5 tests but ran 4.
t/Serializer-1.t          (Wstat: 65280 Tests: 1 Failed: 0)
  Non-zero exit status: 255
  Parse errors: Bad plan.  You planned 9 tests but ran 1.
t/Write.t                 (Wstat: 65280 Tests: 3 Failed: 0)
  Non-zero exit status: 255
  Parse errors: Bad plan.  You planned 124 tests but ran 3.
Files=15, Tests=140,  9 wallclock secs ( 0.11 usr  0.00 sys +  1.24 cusr  0.27 csys =  1.62 CPU)
Result: FAIL
Failed 8/15 test programs. 0/140 subtests failed.
*** Error code 255

Stop in /var/tmp/CPAN-build/Config-Wrest-1.036-CbaQHj.

------------------------------
PREREQUISITES
------------------------------

Prerequisite modules loaded:

requires:

    Module                    Need Have   
    ------------------------- ---- -------
    Any::Template             0    1.015  
    Carp                      0    1.18   
    Cwd                       0    3.33   
    Data::Dumper              0    2.128  
    File::Basename            0    2.79   
    File::Slurp::WithinPolicy 0    1.004  
    Getopt::Std               0    1.06   
    Log::Trace                0    1.070  
    Test::Assertions          0    1.054  
    Test::More                0    0.97_01

build_requires:

    Module                    Need Have   
    ------------------------- ---- -------
    ExtUtils::MakeMaker       0    6.57_05


------------------------------
ENVIRONMENT AND OTHER CONTEXT
------------------------------

Environment variables:

    DBIC_NO_WARN_BAD_PERL = 1
    PATH = /usr/local/bin:/usr/X11R6/bin:/usr/X11/bin:/usr/perl5.8.0/bin:/usr/bin:/bin:/usr/local/sbin:/usr/sbin:/sbin:/usr/local/pilot/bin:/home/cpansand/bin/freebsd8.0:/home/cpansand/bin/sh:/home/cpansand/bin:/usr/X386/bin:/usr/games:/home/cpansand/devel:/usr/home/e/eserte/src/perl/CPAN-Testers-ParallelSmoker/utils
    PERL5LIB = 
    PERL5OPT = 
    PERL5_CPANPLUS_IS_RUNNING = 75447
    PERL5_CPAN_IS_RUNNING = 75447
    PERL5_CPAN_IS_RUNNING_IN_RECURSION = 91763,75447
    PERL_BATCH = yes
    PERL_CPAN_REPORTER_DIR = /home/cpansand/var/ctps/sprout_77810/config/perl-5.13.5/cpanreporter
    PERL_EXTUTILS_AUTOINSTALL = --defaultdeps
    PERL_HTML_DISPLAY_CLASS = HTML::Display::Mozilla
    SHELL = /usr/local/bin/zsh
    TERM = xterm
    TMPDIR = /tmp/cpansmoker-1023

Perl special variables (and OS-specific diagnostics, for MSWin32):

    $^X = /usr/home/cpansand/var/ctps/sprout_77810/install/perl-5.13.5/bin/perl
    $UID/$EUID = 1023 / 1023
    $GID = 1023 1023
    $EGID = 1023 1023

Perl module toolchain versions installed:

    Module              Have   
    ------------------- -------
    CPAN                1.94_57
    Cwd                 3.33   
    ExtUtils::CBuilder  0.2703 
    ExtUtils::Command   1.16   
    ExtUtils::Install   1.55   
    ExtUtils::MakeMaker 6.57_05
    ExtUtils::Manifest  1.58   
    ExtUtils::ParseXS   2.2207 
    File::Spec          3.33   
    Module::Build       0.3607 
    Module::Signature   0.66   
    Test::Harness       3.22   
    Test::More          0.97_01
    YAML                0.72   
    YAML::Syck          1.14   
    version             0.82   


--

Summary of my perl5 (revision 5 version 13 subversion 5) configuration:
   
  Platform:
    osname=freebsd, osvers=8.0-release, archname=i386-freebsd
    uname='freebsd biokovo.herceg.de 8.0-release freebsd 8.0-release #0: sat nov 21 15:48:17 utc 2009 root@almeida.cse.buffalo.edu:usrobjusrsrcsysgeneric i386 '
    config_args='-ds -e -Uversiononly -Dinstallusrbinperl=n -Dusedevel -Dprefix=/home/cpansand/var/ctps/sprout_77810/install/perl-5.13.5'
    hint=recommended, useposix=true, d_sigaction=define
    useithreads=undef, usemultiplicity=undef
    useperlio=define, d_sfio=undef, uselargefiles=define, usesocks=undef
    use64bitint=undef, use64bitall=undef, uselongdouble=undef
    usemymalloc=n, bincompat5005=undef
  Compiler:
    cc='cc', ccflags ='-DHAS_FPSETMASK -DHAS_FLOATINGPOINT_H -fno-strict-aliasing -pipe -fstack-protector -I/usr/local/include',
    optimize='-O',
    cppflags='-DHAS_FPSETMASK -DHAS_FLOATINGPOINT_H -fno-strict-aliasing -pipe -fstack-protector -I/usr/local/include'
    ccversion='', gccversion='4.2.1 20070719  [FreeBSD]', gccosandvers=''
    intsize=4, longsize=4, ptrsize=4, doublesize=8, byteorder=1234
    d_longlong=define, longlongsize=8, d_longdbl=define, longdblsize=12
    ivtype='long', ivsize=4, nvtype='double', nvsize=8, Off_t='off_t', lseeksize=8
    alignbytes=4, prototype=define
  Linker and Libraries:
    ld='cc', ldflags ='-Wl,-E  -fstack-protector -L/usr/local/lib'
    libpth=/usr/lib /usr/local/lib
    libs=-lgdbm -lm -lcrypt -lutil -lc
    perllibs=-lm -lcrypt -lutil -lc
    libc=, so=so, useshrplib=false, libperl=libperl.a
    gnulibc_version=''
  Dynamic Linking:
    dlsrc=dl_dlopen.xs, dlext=so, d_dlsymun=undef, ccdlflags=' '
    cccdlflags='-DPIC -fPIC', lddlflags='-shared  -L/usr/local/lib -fstack-protector'


Characteristics of this binary (from libperl): 
  Compile-time options: PERL_DONT_CREATE_GVSV PERL_MALLOC_WRAP PERL_USE_DEVEL
                        USE_LARGE_FILES USE_PERLIO USE_PERL_ATOF
  Built under freebsd
  Compiled at Sep 20 2010 20:06:57
  %ENV:
    PERL5LIB=""
    PERL5OPT=""
    PERL5_CPANPLUS_IS_RUNNING="75447"
    PERL5_CPAN_IS_RUNNING="75447"
    PERL5_CPAN_IS_RUNNING_IN_RECURSION="91763,75447"
    PERL_BATCH="yes"
    PERL_CPAN_REPORTER_DIR="/home/cpansand/var/ctps/sprout_77810/config/perl-5.13.5/cpanreporter"
    PERL_EXTUTILS_AUTOINSTALL="--defaultdeps"
    PERL_HTML_DISPLAY_CLASS="HTML::Display::Mozilla"
  @INC:
    /home/cpansand/var/ctps/sprout_77810/install/perl-5.13.5/lib/site_perl/5.13.5/i386-freebsd
    /home/cpansand/var/ctps/sprout_77810/install/perl-5.13.5/lib/site_perl/5.13.5
    /home/cpansand/var/ctps/sprout_77810/install/perl-5.13.5/lib/5.13.5/i386-freebsd
    /home/cpansand/var/ctps/sprout_77810/install/perl-5.13.5/lib/5.13.5
    .