Excel-Table v1.014 Perl 5 v5.16.0 RC0 i386-freebsd
- Status
- Fail
- From
- Slaven Rezić (SREZIC)
- Dist
-
Excel-Table v1.014
- Platform
- Perl 5 v5.16.0 RC0 i386-freebsd
- Date
- 2012-11-28 23:40:33
- ID
- 00a4ceb4-39b5-11e2-a1b7-c5d495c4ecef
This distribution has been tested as part of the CPAN Testers
project, supporting the Perl programming language. See
http://wiki.cpantesters.org/ for more information or email
questions to cpan-testers-discuss@perl.org
--
Dear Tom McMeekin,
This is a computer-generated report for Excel-Table-1.014
on perl 5.16.0, created by CPAN-Reporter-1.2006.
Thank you for uploading your work to CPAN. However, there was a problem
testing your distribution.
If you think this report is invalid, please consult the CPAN Testers Wiki
for suggestions on how to avoid getting FAIL reports for missing library
or binary dependencies, unsupported operating systems, and so on:
http://wiki.cpantesters.org/wiki/CPANAuthorNotes
Sections of this report:
* Tester comments
* Program output
* Prerequisites
* Environment and other context
------------------------------
TESTER COMMENTS
------------------------------
Additional comments from tester:
none provided
------------------------------
PROGRAM OUTPUT
------------------------------
Output from '/usr/bin/make test':
PERL_DL_NONLAZY=1 /home2/cpansand/var/ctps/5160RC0/install/perl-5.16.0-RC0/bin/perl5.16.0 "-MExtUtils::Command::MM" "-e" "test_harness(0, 'blib/lib', 'blib/arch')" t/*.t
defined(@array) is deprecated at /var/tmp/CPAN-build/Excel-Table-1.014-LvcSy7/blib/lib/Excel/Table.pm line 636.
(Maybe you should just omit the defined()?)
defined(@array) is deprecated at /var/tmp/CPAN-build/Excel-Table-1.014-LvcSy7/blib/lib/Excel/Table.pm line 647.
(Maybe you should just omit the defined()?)
could not find file matching [::::] at t/Excel-Table1a.t line 79.
t/Excel-Table1a.t .. ok
defined(@array) is deprecated at /var/tmp/CPAN-build/Excel-Table-1.014-LvcSy7/blib/lib/Excel/Table.pm line 636.
(Maybe you should just omit the defined()?)
defined(@array) is deprecated at /var/tmp/CPAN-build/Excel-Table-1.014-LvcSy7/blib/lib/Excel/Table.pm line 647.
(Maybe you should just omit the defined()?)
t/Excel-Table1b.t .. ok
defined(@array) is deprecated at /var/tmp/CPAN-build/Excel-Table-1.014-LvcSy7/blib/lib/Excel/Table.pm line 636.
(Maybe you should just omit the defined()?)
defined(@array) is deprecated at /var/tmp/CPAN-build/Excel-Table-1.014-LvcSy7/blib/lib/Excel/Table.pm line 647.
(Maybe you should just omit the defined()?)
t/Excel-Table2.t ... ok
defined(@array) is deprecated at /var/tmp/CPAN-build/Excel-Table-1.014-LvcSy7/blib/lib/Excel/Table.pm line 636.
(Maybe you should just omit the defined()?)
defined(@array) is deprecated at /var/tmp/CPAN-build/Excel-Table-1.014-LvcSy7/blib/lib/Excel/Table.pm line 647.
(Maybe you should just omit the defined()?)
t/Excel-Table3.t ... ok
defined(@array) is deprecated at /var/tmp/CPAN-build/Excel-Table-1.014-LvcSy7/blib/lib/Excel/Table.pm line 636.
(Maybe you should just omit the defined()?)
defined(@array) is deprecated at /var/tmp/CPAN-build/Excel-Table-1.014-LvcSy7/blib/lib/Excel/Table.pm line 647.
(Maybe you should just omit the defined()?)
invalid column [invalid] at /var/tmp/CPAN-build/Excel-Table-1.014-LvcSy7/blib/lib/Excel/Table.pm line 677
invalid column [invalid1] at /var/tmp/CPAN-build/Excel-Table-1.014-LvcSy7/blib/lib/Excel/Table.pm line 677
invalid column [invalid2] at /var/tmp/CPAN-build/Excel-Table-1.014-LvcSy7/blib/lib/Excel/Table.pm line 677
invalid column [invalid] at /var/tmp/CPAN-build/Excel-Table-1.014-LvcSy7/blib/lib/Excel/Table.pm line 677
invalid column [invalid1] at /var/tmp/CPAN-build/Excel-Table-1.014-LvcSy7/blib/lib/Excel/Table.pm line 677
invalid column [invalid2] at /var/tmp/CPAN-build/Excel-Table-1.014-LvcSy7/blib/lib/Excel/Table.pm line 677
t/Excel-Table4a.t .. ok
defined(@array) is deprecated at /var/tmp/CPAN-build/Excel-Table-1.014-LvcSy7/blib/lib/Excel/Table.pm line 636.
(Maybe you should just omit the defined()?)
defined(@array) is deprecated at /var/tmp/CPAN-build/Excel-Table-1.014-LvcSy7/blib/lib/Excel/Table.pm line 647.
(Maybe you should just omit the defined()?)
invalid column [invalid] at /var/tmp/CPAN-build/Excel-Table-1.014-LvcSy7/blib/lib/Excel/Table.pm line 677
invalid column [invalid1] at /var/tmp/CPAN-build/Excel-Table-1.014-LvcSy7/blib/lib/Excel/Table.pm line 677
invalid column [invalid2] at /var/tmp/CPAN-build/Excel-Table-1.014-LvcSy7/blib/lib/Excel/Table.pm line 677
invalid column [invalid] at /var/tmp/CPAN-build/Excel-Table-1.014-LvcSy7/blib/lib/Excel/Table.pm line 677
invalid column [invalid1] at /var/tmp/CPAN-build/Excel-Table-1.014-LvcSy7/blib/lib/Excel/Table.pm line 677
invalid column [invalid2] at /var/tmp/CPAN-build/Excel-Table-1.014-LvcSy7/blib/lib/Excel/Table.pm line 677
t/Excel-Table4b.t .. ok
Can't locate Logfer.pm in @INC (@INC contains: /var/tmp/CPAN-build/Excel-Table-1.014-LvcSy7/blib/lib /var/tmp/CPAN-build/Excel-Table-1.014-LvcSy7/blib/arch /usr/local/src/CPAN/build/Inline-0.51_03-j8tCbR/blib/arch /usr/local/src/CPAN/build/Inline-0.51_03-j8tCbR/blib/lib /usr/local/src/CPAN/build/Inline-0.51_03-j8tCbR/blib/arch /usr/local/src/CPAN/build/Inline-0.51_03-j8tCbR/blib/lib /home/cpansand/var/ctps/5160RC0/install/perl-5.16.0-RC0/lib/site_perl/5.16.0/i386-freebsd /home/cpansand/var/ctps/5160RC0/install/perl-5.16.0-RC0/lib/site_perl/5.16.0 /home/cpansand/var/ctps/5160RC0/install/perl-5.16.0-RC0/lib/5.16.0/i386-freebsd /home/cpansand/var/ctps/5160RC0/install/perl-5.16.0-RC0/lib/5.16.0 .) at t/Excel-Table5.t line 52.
BEGIN failed--compilation aborted at t/Excel-Table5.t line 52.
t/Excel-Table5.t ...
Dubious, test returned 2 (wstat 512, 0x200)
No subtests run
Test Summary Report
-------------------
t/Excel-Table5.t (Wstat: 512 Tests: 0 Failed: 0)
Non-zero exit status: 2
Parse errors: No plan found in TAP output
Files=7, Tests=374, 3 wallclock secs ( 0.11 usr 0.01 sys + 1.95 cusr 0.32 csys = 2.38 CPU)
Result: FAIL
Failed 1/7 test programs. 0/374 subtests failed.
*** Error code 2
Stop in /var/tmp/CPAN-build/Excel-Table-1.014-LvcSy7.
------------------------------
PREREQUISITES
------------------------------
Prerequisite modules loaded:
requires:
Module Need Have
----------------------- ---- -------
Carp 0 1.26
Data::Dumper 0 2.136
File::Basename 0 2.84
Log::Log4perl 0 1.36
Spreadsheet::ParseExcel 0.57 0.59
Spreadsheet::XLSX 0 0.13
build_requires:
Module Need Have
----------------------- ---- -------
ExtUtils::MakeMaker 0 6.63_02
configure_requires:
Module Need Have
----------------------- ---- -------
ExtUtils::MakeMaker 0 6.63_02
------------------------------
ENVIRONMENT AND OTHER CONTEXT
------------------------------
Environment variables:
DBIC_NO_WARN_BAD_PERL = 1
PATH = /usr/local/bin:/usr/X11R6/bin:/usr/X11/bin:/usr/perl5.8.0/bin:/usr/bin:/bin:/usr/local/sbin:/usr/sbin:/sbin:/usr/local/pilot/bin:/home/cpansand/bin/freebsd8.0:/home/cpansand/bin/sh:/home/cpansand/bin:/usr/X386/bin:/usr/games:/home/cpansand/devel:/usr/home/e/eserte/work/srezic-misc/scripts
PERL5LIB = /usr/local/src/CPAN/build/Inline-0.51_03-j8tCbR/blib/arch:/usr/local/src/CPAN/build/Inline-0.51_03-j8tCbR/blib/lib
PERL5OPT =
PERL5_CPANPLUS_IS_RUNNING = 70312
PERL5_CPAN_IS_RUNNING = 70312
PERL5_CPAN_IS_RUNNING_IN_RECURSION = 70290,70312
PERL_BATCH = yes
PERL_CPAN_REPORTER_CONFIG = /var/tmp/cpansmoker-1023/13E9vyQyIa_config.ini
PERL_CPAN_REPORTER_DIR = /home/cpansand/var/ctps/5160RC0/config/perl-5.16.0-RC0/cpanreporter
PERL_EXTUTILS_AUTOINSTALL = --defaultdeps
PERL_HTML_DISPLAY_CLASS = HTML::Display::Mozilla
SHELL = /usr/local/bin/zsh
TERM = screen
TMPDIR = /var/tmp/cpansmoker-1023
Perl special variables (and OS-specific diagnostics, for MSWin32):
$^X = /home2/cpansand/var/ctps/5160RC0/install/perl-5.16.0-RC0/bin/perl5.16.0
$UID/$EUID = 1023 / 1023
$GID = 1023 1023
$EGID = 1023 1023
Perl module toolchain versions installed:
Module Have
------------------- --------
CPAN 1.9800
CPAN::Meta 2.120921
Cwd 3.39_02
ExtUtils::CBuilder 0.280206
ExtUtils::Command 1.17
ExtUtils::Install 1.58
ExtUtils::MakeMaker 6.63_02
ExtUtils::Manifest 1.61
ExtUtils::ParseXS 3.16
File::Spec 3.39_02
JSON 2.53
JSON::PP 2.27200
Module::Build 0.4003
Module::Signature 0.68
Parse::CPAN::Meta 1.4404
Test::Harness 3.23
Test::More 0.98
YAML 0.84
YAML::Syck 1.20
version 0.99
--
Summary of my perl5 (revision 5 version 16 subversion 0) configuration:
Platform:
osname=freebsd, osvers=8.0-release-p4, archname=i386-freebsd
uname='freebsd biokovo.herceg.de 8.0-release-p4 freebsd 8.0-release-p4 #0: mon jul 12 20:22:27 utc 2010 root@i386-builder.daemonology.net:usrobjusrsrcsysgeneric i386 '
config_args='-ds -e -Uversiononly -Dinstallusrbinperl=n -Dusedevel -Dprefix=/home/cpansand/var/ctps/5160RC0/install/perl-5.16.0-RC0'
hint=recommended, useposix=true, d_sigaction=define
useithreads=undef, usemultiplicity=undef
useperlio=define, d_sfio=undef, uselargefiles=define, usesocks=undef
use64bitint=undef, use64bitall=undef, uselongdouble=undef
usemymalloc=n, bincompat5005=undef
Compiler:
cc='cc', ccflags ='-DHAS_FPSETMASK -DHAS_FLOATINGPOINT_H -fno-strict-aliasing -pipe -fstack-protector -I/usr/local/include',
optimize='-O',
cppflags='-DHAS_FPSETMASK -DHAS_FLOATINGPOINT_H -fno-strict-aliasing -pipe -fstack-protector -I/usr/local/include'
ccversion='', gccversion='4.2.1 20070719 [FreeBSD]', gccosandvers=''
intsize=4, longsize=4, ptrsize=4, doublesize=8, byteorder=1234
d_longlong=define, longlongsize=8, d_longdbl=define, longdblsize=12
ivtype='long', ivsize=4, nvtype='double', nvsize=8, Off_t='off_t', lseeksize=8
alignbytes=4, prototype=define
Linker and Libraries:
ld='cc', ldflags ='-Wl,-E -fstack-protector -L/usr/local/lib'
libpth=/usr/lib /usr/local/lib
libs=-lgdbm -lm -lcrypt -lutil -lc
perllibs=-lm -lcrypt -lutil -lc
libc=, so=so, useshrplib=false, libperl=libperl.a
gnulibc_version=''
Dynamic Linking:
dlsrc=dl_dlopen.xs, dlext=so, d_dlsymun=undef, ccdlflags=' '
cccdlflags='-DPIC -fPIC', lddlflags='-shared -L/usr/local/lib -fstack-protector'
Characteristics of this binary (from libperl):
Compile-time options: HAS_TIMES PERLIO_LAYERS PERL_DONT_CREATE_GVSV
PERL_MALLOC_WRAP PERL_PRESERVE_IVUV PERL_USE_DEVEL
USE_LARGE_FILES USE_LOCALE USE_LOCALE_COLLATE
USE_LOCALE_CTYPE USE_LOCALE_NUMERIC USE_PERLIO
USE_PERL_ATOF
Locally applied patches:
RC0
Built under freebsd
Compiled at May 11 2012 21:05:05
%ENV:
PERL5LIB="/usr/local/src/CPAN/build/Inline-0.51_03-j8tCbR/blib/arch:/usr/local/src/CPAN/build/Inline-0.51_03-j8tCbR/blib/lib"
PERL5OPT=""
PERL5_CPANPLUS_IS_RUNNING="70312"
PERL5_CPAN_IS_RUNNING="70312"
PERL5_CPAN_IS_RUNNING_IN_RECURSION="70290,70312"
PERL_BATCH="yes"
PERL_CPAN_REPORTER_CONFIG="/var/tmp/cpansmoker-1023/13E9vyQyIa_config.ini"
PERL_CPAN_REPORTER_DIR="/home/cpansand/var/ctps/5160RC0/config/perl-5.16.0-RC0/cpanreporter"
PERL_EXTUTILS_AUTOINSTALL="--defaultdeps"
PERL_HTML_DISPLAY_CLASS="HTML::Display::Mozilla"
@INC:
/usr/local/src/CPAN/build/Inline-0.51_03-j8tCbR/blib/arch
/usr/local/src/CPAN/build/Inline-0.51_03-j8tCbR/blib/lib
/home/cpansand/var/ctps/5160RC0/install/perl-5.16.0-RC0/lib/site_perl/5.16.0/i386-freebsd
/home/cpansand/var/ctps/5160RC0/install/perl-5.16.0-RC0/lib/site_perl/5.16.0
/home/cpansand/var/ctps/5160RC0/install/perl-5.16.0-RC0/lib/5.16.0/i386-freebsd
/home/cpansand/var/ctps/5160RC0/install/perl-5.16.0-RC0/lib/5.16.0
.