Class-InsideOut v1.10 Perl 5 v5.16.2 x86_64-linux

Status
Fail
From
Graham Crookham (GRAHAMC)
Dist
Class-InsideOut v1.10
Platform
Perl 5 v5.16.2 x86_64-linux
Date
2014-01-10 21:27:26
ID
003040b0-7a3e-11e3-92d5-fa1fa0e5dbb0
This distribution has been tested as part of the CPAN Testers
project, supporting the Perl programming language.  See
http://wiki.cpantesters.org/ for more information or email
questions to cpan-testers-discuss@perl.org


--
Dear David Golden,

This is a computer-generated report for Class-InsideOut-1.10
on perl 5.16.2, created by CPAN-Reporter-1.2010.

Thank you for uploading your work to CPAN.  However, there was a problem
testing your distribution.

If you think this report is invalid, please consult the CPAN Testers Wiki
for suggestions on how to avoid getting FAIL reports for missing library
or binary dependencies, unsupported operating systems, and so on:

http://wiki.cpantesters.org/wiki/CPANAuthorNotes

Sections of this report:

    * Tester comments
    * Program output
    * Prerequisites
    * Environment and other context

------------------------------
TESTER COMMENTS
------------------------------

Additional comments from tester:

this report is from an automated smoke testing program
and was not reviewed by a human for accuracy

------------------------------
PROGRAM OUTPUT
------------------------------

Output from './Build test':

t/01_load.t ........................ ok
t/02_register.t .................... ok
t/03_properties.t .................. ok
t/04_threaded.t .................... skipped: perl ithreads not available
t/05_forking.t ..................... ok
t/06_export_ok.t ................... ok
t/07_synopsis_obj.t ................ ok
t/08_DEMOLISH.t .................... ok
t/09_foreign.t ..................... ok
t/10_storable_values.t ............. ok
t/11_storable_refs.t ............... ok
t/12_storable_hooks.t .............. ok
t/13_options.t ..................... ok
t/14_accessor_hooks.t .............. ok

#   Failed test 'require t::Object::Trivial succeeded without XS'
#   at t/15_no_weaken_fallback.t line 52.
#          got: 'Died at t/15_no_weaken_fallback.t line 30.
# Compilation failed in require at /home/graham/perls/perl5.16.2/lib/site_perl/5.16.2/x86_64-linux/Scalar/Util.pm line 13.
# Compilation failed in require at /home/graham/perls/caches/perl-5.16.2/build/Class-InsideOut-1.10-2fHzTD/blib/lib/Class/InsideOut.pm line 20.
# BEGIN failed--compilation aborted at /home/graham/perls/caches/perl-5.16.2/build/Class-InsideOut-1.10-2fHzTD/blib/lib/Class/InsideOut.pm line 20.
# Compilation failed in require at t/Object/Trivial.pm line 4.
# BEGIN failed--compilation aborted at t/Object/Trivial.pm line 4.
# Compilation failed in require at (eval 4) line 2.
# '
#     expected: ''

#   Failed test 'caught a warning'
#   at t/15_no_weaken_fallback.t line 55.

#   Failed test 'Saw warning for Scalar::Util::weaken unavailable'
#   at t/15_no_weaken_fallback.t line 56.
#                   undef
#     doesn't match '/Scalar::Util::weaken/'
# Looks like you failed 3 tests of 3.
t/15_no_weaken_fallback.t .......... 
Dubious, test returned 3 (wstat 768, 0x300)
Failed 3/3 subtests 
t/16_property_argument_checking.t .. ok
t/17_option_argument_checking.t .... ok
t/18_register_argument_checking.t .. ok
t/19_storable_singleton.t .......... ok
t/20_storable_singleton_error.t .... ok
t/21_optional_new.t ................ ok
t/22_readonly.t .................... ok

Test Summary Report
-------------------
t/15_no_weaken_fallback.t        (Wstat: 768 Tests: 3 Failed: 3)
  Failed tests:  1-3
  Non-zero exit status: 3
Files=22, Tests=373,  1 wallclock secs ( 0.13 usr  0.07 sys +  0.78 cusr  0.16 csys =  1.14 CPU)
Result: FAIL
Failed 1/22 test programs. 3/373 subtests failed.

------------------------------
PREREQUISITES
------------------------------

Prerequisite modules loaded:

requires:

    Module        Need  Have    
    ------------- ----- --------
    base          0     2.18    
    Class::ISA    0     0.36    
    Config        0     0       
    Exporter      0     5.68    
    perl          5.005 5.016002
    Scalar::Util  1.09  1.35    
    Test::More    0.45  1.001002

configure_requires:

    Module        Need  Have    
    ------------- ----- --------
    Module::Build 0.34  0.39_01 


------------------------------
ENVIRONMENT AND OTHER CONTEXT
------------------------------

Environment variables:

    AUTOMATED_TESTING = 1
    LANG = en_GB.UTF-8
    LC_ADDRESS = en_GB.UTF-8
    LC_COLLATE = en_GB.UTF-8
    LC_CTYPE = en_GB.UTF-8
    LC_IDENTIFICATION = en_GB.UTF-8
    LC_MEASUREMENT = en_GB.UTF-8
    LC_MESSAGES = en_GB.UTF-8
    LC_MONETARY = en_GB.UTF-8
    LC_NAME = en_GB.UTF-8
    LC_NUMERIC = en_GB.UTF-8
    LC_PAPER = en_GB.UTF-8
    LC_TELEPHONE = en_GB.UTF-8
    LC_TIME = en_GB.UTF-8
    PATH = /home/graham/perls/perl5.16.2/bin:/usr/local/sbin:/usr/local/bin:/usr/bin:/usr/bin/core_perl
    PERL5LIB = 
    PERL5OPT = 
    PERL5_CPANPLUS_IS_RUNNING = 21821
    PERL5_CPAN_IS_RUNNING = 21821
    PERL5_CPAN_IS_RUNNING_IN_RECURSION = 489,21821
    PERL_CR_SMOKER_CURRENT = Class-InsideOut-1.10
    PERL_EXTUTILS_AUTOINSTALL = --defaultdeps
    PERL_MM_USE_DEFAULT = 1
    SHELL = /bin/bash
    TERM = xterm

Perl special variables (and OS-specific diagnostics, for MSWin32):

    $^X = /home/graham/perls/perl5.16.2/bin/perl
    $UID/$EUID = 1000 / 1000
    $GID = 100 10 100
    $EGID = 100 10 100

Perl module toolchain versions installed:

    Module              Have    
    ------------------- --------
    CPAN                2.00    
    CPAN::Meta          2.133380
    Cwd                 3.40    
    ExtUtils::CBuilder  0.280212
    ExtUtils::Command   1.18    
    ExtUtils::Install   1.58    
    ExtUtils::MakeMaker 6.86    
    ExtUtils::Manifest  1.63    
    ExtUtils::ParseXS   3.22    
    File::Spec          3.40    
    JSON                2.90    
    JSON::PP            2.27008 
    Module::Build       0.39_01 
    Module::Signature   n/a     
    Parse::CPAN::Meta   1.4409  
    Test::Harness       3.30    
    Test::More          1.001002
    YAML                0.88    
    YAML::Syck          1.27    
    version             0.9906  


--

Summary of my perl5 (revision 5 version 16 subversion 2) configuration:
   
  Platform:
    osname=linux, osvers=3.11.6-1-arch, archname=x86_64-linux
    uname='linux arch003 3.11.6-1-arch #1 smp preempt fri oct 18 23:22:36 cest 2013 x86_64 gnulinux '
    config_args=''
    hint=recommended, useposix=true, d_sigaction=define
    useithreads=undef, usemultiplicity=undef
    useperlio=define, d_sfio=undef, uselargefiles=define, usesocks=undef
    use64bitint=define, use64bitall=define, uselongdouble=undef
    usemymalloc=n, bincompat5005=undef
  Compiler:
    cc='cc', ccflags ='-fno-strict-aliasing -pipe -fstack-protector -I/usr/local/include -D_LARGEFILE_SOURCE -D_FILE_OFFSET_BITS=64',
    optimize='-O2',
    cppflags='-fno-strict-aliasing -pipe -fstack-protector -I/usr/local/include'
    ccversion='', gccversion='4.8.2', gccosandvers=''
    intsize=4, longsize=8, ptrsize=8, doublesize=8, byteorder=12345678
    d_longlong=define, longlongsize=8, d_longdbl=define, longdblsize=16
    ivtype='long', ivsize=8, nvtype='double', nvsize=8, Off_t='off_t', lseeksize=8
    alignbytes=8, prototype=define
  Linker and Libraries:
    ld='cc', ldflags =' -fstack-protector -L/usr/local/lib'
    libpth=/usr/local/lib /lib/../lib /usr/lib/../lib /lib /usr/lib /lib64 /usr/lib64
    libs=-lnsl -lgdbm -ldb -ldl -lm -lcrypt -lutil -lc -lgdbm_compat
    perllibs=-lnsl -ldl -lm -lcrypt -lutil -lc
    libc=/lib/libc-2.18.so, so=so, useshrplib=false, libperl=libperl.a
    gnulibc_version='2.18'
  Dynamic Linking:
    dlsrc=dl_dlopen.xs, dlext=so, d_dlsymun=undef, ccdlflags='-Wl,-E'
    cccdlflags='-fPIC', lddlflags='-shared -O2 -L/usr/local/lib -fstack-protector'


Characteristics of this binary (from libperl): 
  Compile-time options: HAS_TIMES PERLIO_LAYERS PERL_DONT_CREATE_GVSV
                        PERL_MALLOC_WRAP PERL_PRESERVE_IVUV USE_64_BIT_ALL
                        USE_64_BIT_INT USE_LARGE_FILES USE_LOCALE
                        USE_LOCALE_COLLATE USE_LOCALE_CTYPE
                        USE_LOCALE_NUMERIC USE_PERLIO USE_PERL_ATOF
  Built under linux
  Compiled at Dec  9 2013 10:49:46
  %ENV:
    PERL5LIB=""
    PERL5OPT=""
    PERL5_CPANPLUS_IS_RUNNING="21821"
    PERL5_CPAN_IS_RUNNING="21821"
    PERL5_CPAN_IS_RUNNING_IN_RECURSION="489,21821"
    PERL_CR_SMOKER_CURRENT="Class-InsideOut-1.10"
    PERL_EXTUTILS_AUTOINSTALL="--defaultdeps"
    PERL_MM_USE_DEFAULT="1"
  @INC:
    /home/graham/perls/perl5.16.2/lib/site_perl/5.16.2/x86_64-linux
    /home/graham/perls/perl5.16.2/lib/site_perl/5.16.2
    /home/graham/perls/perl5.16.2/lib/5.16.2/x86_64-linux
    /home/graham/perls/perl5.16.2/lib/5.16.2
    .