DBIx-Class-Result-ExternalAttribute v0.06 Perl 5 v5.21.7 x86_64-linux
- Status
- Fail
- From
- Slaven Rezić (SREZIC)
- Dist
-
DBIx-Class-Result-ExternalAttribute v0.06
- Platform
- Perl 5 v5.21.7 x86_64-linux
- Date
- 2014-12-30 09:41:16
- ID
- 001722c0-9008-11e4-a620-1218e0bfc7aa
This distribution has been tested as part of the CPAN Testers
project, supporting the Perl programming language. See
http://wiki.cpantesters.org/ for more information or email
questions to cpan-testers-discuss@perl.org
--
Dear Nicolas Oudard,
This is a computer-generated report for DBIx-Class-Result-ExternalAttribute-0.06
on perl 5.21.7, created by CPAN-Reporter-1.2011.
Thank you for uploading your work to CPAN. However, there was a problem
testing your distribution.
If you think this report is invalid, please consult the CPAN Testers Wiki
for suggestions on how to avoid getting FAIL reports for missing library
or binary dependencies, unsupported operating systems, and so on:
http://wiki.cpantesters.org/wiki/CPANAuthorNotes
Sections of this report:
* Tester comments
* Program output
* Prerequisites
* Environment and other context
------------------------------
TESTER COMMENTS
------------------------------
Additional comments from tester:
none provided
------------------------------
PROGRAM OUTPUT
------------------------------
Output from './Build test':
# Testing DBIx::Class::Result::ExternalAttribute 0.06, Perl 5.021007, /bbbike/perl-5.21.7/bin/perl5.21.7
t/00-load.t ................ ok
{UNKNOWN}: Can't locate object method "columns" via package "t::app::Main::Result::ArtistAttribute" (perhaps you forgot to load "t::app::Main::Result::ArtistAttribute"?) at /tmpfs/.cpan-build/DBIx-Class-Result-ExternalAttribute-0.06-bb0m1S/blib/lib/DBIx/Class/Result/ExternalAttribute.pm line 128.
Compilation failed in require at /opt/perl-5.21.7/lib/site_perl/5.21.7/Class/C3/Componentised.pm line 150. at /opt/perl-5.21.7/lib/site_perl/5.21.7/Class/C3/Componentised.pm line 155
Compilation failed in require at t/01-external_attribute.t line 9.
BEGIN failed--compilation aborted at t/01-external_attribute.t line 9.
t/01-external_attribute.t ..
Dubious, test returned 255 (wstat 65280, 0xff00)
No subtests run
t/boilerplate.t ............ ok
t/manifest.t ............... skipped: Author tests not required for installation
t/pod-coverage.t ........... ok
t/pod.t .................... ok
Test Summary Report
-------------------
t/01-external_attribute.t (Wstat: 65280 Tests: 0 Failed: 0)
Non-zero exit status: 255
Parse errors: No plan found in TAP output
t/boilerplate.t (Wstat: 0 Tests: 3 Failed: 0)
TODO passed: 2
Files=6, Tests=6, 1 wallclock secs ( 0.04 usr 0.05 sys + 0.41 cusr 0.13 csys = 0.63 CPU)
Result: FAIL
Failed 1/6 test programs. 0/6 subtests failed.
------------------------------
PREREQUISITES
------------------------------
Prerequisite modules loaded:
requires:
Module Need Have
------------------------------- ------- --------
Carp 1.17 1.3301
DBIx::Class::Result::ColumnData 0.09 0.15
SQL::Translator 0.11007 0.11020
Test::More 0 1.001011
build_requires:
Module Need Have
------------------------------- ------- --------
Test::More 0 1.001011
configure_requires:
Module Need Have
------------------------------- ------- --------
Module::Build 0.38 0.4210
------------------------------
ENVIRONMENT AND OTHER CONTEXT
------------------------------
Environment variables:
DBIC_NO_WARN_BAD_PERL = 1
LANG = C
PATH = /usr/local/bin:/usr/bin:/bin:/usr/local/sbin:/usr/sbin:/sbin:/home/eserte/bin/linux-gnu:/home/eserte/bin/sh:/home/eserte/bin:/usr/games:/home/eserte/devel:/home/eserte/src/srezic-misc/scripts
PERL5LIB = /home/eserte/.cpan/build/DBIx-Class-Result-ColumnData-0.15-di65HN/blib/arch:/home/eserte/.cpan/build/DBIx-Class-Result-ColumnData-0.15-di65HN/blib/lib:/home/eserte/.cpan/build/DBIx-Class-Result-Validation-0.13-SK3twq/blib/arch:/home/eserte/.cpan/build/DBIx-Class-Result-Validation-0.13-SK3twq/blib/lib
PERL5OPT =
PERL5_CPANPLUS_IS_RUNNING = 12866
PERL5_CPAN_IS_RUNNING = 12866
PERL5_CPAN_IS_RUNNING_IN_RECURSION = 12820,12866
PERLDOC = -MPod::Perldoc::ToTextOverstrike
PERL_BATCH = yes
PERL_CPAN_REPORTER_CONFIG = /var/tmp/cpansmoker-1001/n0TRfvSu6V_config.ini
PERL_EXTUTILS_AUTOINSTALL = --defaultdeps
PERL_HASH_SEED = 0
PERL_HTML_DISPLAY_CLASS = HTML::Display::Mozilla
PERL_PERTURB_KEYS = NO
SHELL = /bin/zsh
TERM = screen
TMPDIR = /var/tmp/cpansmoker-1001
Perl special variables (and OS-specific diagnostics, for MSWin32):
$^X = /bbbike/perl-5.21.7/bin/perl5.21.7
$UID/$EUID = 1001 / 1001
$GID = 1001 109 1001
$EGID = 1001 109 1001
Perl module toolchain versions installed:
Module Have
------------------- --------
CPAN 2.05
CPAN::Meta 2.143240
Cwd 3.47
ExtUtils::CBuilder 0.280220
ExtUtils::Command 1.18
ExtUtils::Install 2.04
ExtUtils::MakeMaker 7.04
ExtUtils::Manifest 1.69
ExtUtils::ParseXS 3.24
File::Spec 3.47
JSON 2.90
JSON::PP 2.27300
Module::Build 0.4210
Module::Signature n/a
Parse::CPAN::Meta 1.4414
Test::Harness 3.34
Test::More 1.001011
YAML 1.13
YAML::Syck 1.29
version 0.9909
--
Summary of my perl5 (revision 5 version 21 subversion 7) configuration:
Platform:
osname=linux, osvers=3.2.0-4-amd64, archname=x86_64-linux
uname='linux eserte 3.2.0-4-amd64 #1 smp debian 3.2.63-2+deb7u2 x86_64 gnulinux '
config_args='-ds -e -Dprefix=/opt/perl-5.21.7 -Dusedevel -Dusemallocwrap=no'
hint=recommended, useposix=true, d_sigaction=define
useithreads=undef, usemultiplicity=undef
use64bitint=define, use64bitall=define, uselongdouble=undef
usemymalloc=n, bincompat5005=undef
Compiler:
cc='cc', ccflags ='-fwrapv -fno-strict-aliasing -pipe -fstack-protector -I/usr/local/include -D_LARGEFILE_SOURCE -D_FILE_OFFSET_BITS=64 -D_FORTIFY_SOURCE=2',
optimize='-O2',
cppflags='-fwrapv -fno-strict-aliasing -pipe -fstack-protector -I/usr/local/include'
ccversion='', gccversion='4.7.2', gccosandvers=''
intsize=4, longsize=8, ptrsize=8, doublesize=8, byteorder=12345678, doublekind=3
d_longlong=define, longlongsize=8, d_longdbl=define, longdblsize=16, longdblkind=3
ivtype='long', ivsize=8, nvtype='double', nvsize=8, Off_t='off_t', lseeksize=8
alignbytes=8, prototype=define
Linker and Libraries:
ld='cc', ldflags =' -fstack-protector -L/usr/local/lib'
libpth=/usr/local/lib /usr/lib/gcc/x86_64-linux-gnu/4.7/include-fixed /usr/include/x86_64-linux-gnu /usr/lib /lib/x86_64-linux-gnu /lib/../lib /usr/lib/x86_64-linux-gnu /usr/lib/../lib /lib
libs=-lnsl -ldb -ldl -lm -lcrypt -lutil -lc -lpthread
perllibs=-lnsl -ldl -lm -lcrypt -lutil -lc -lpthread
libc=libc-2.13.so, so=so, useshrplib=false, libperl=libperl.a
gnulibc_version='2.13'
Dynamic Linking:
dlsrc=dl_dlopen.xs, dlext=so, d_dlsymun=undef, ccdlflags='-Wl,-E'
cccdlflags='-fPIC', lddlflags='-shared -O2 -L/usr/local/lib -fstack-protector'
Characteristics of this binary (from libperl):
Compile-time options: HAS_TIMES PERLIO_LAYERS PERL_DONT_CREATE_GVSV
PERL_HASH_FUNC_ONE_AT_A_TIME_HARD
PERL_NEW_COPY_ON_WRITE PERL_PRESERVE_IVUV
PERL_USE_DEVEL USE_64_BIT_ALL USE_64_BIT_INT
USE_LARGE_FILES USE_LOCALE USE_LOCALE_COLLATE
USE_LOCALE_CTYPE USE_LOCALE_NUMERIC USE_LOCALE_TIME
USE_PERLIO USE_PERL_ATOF
Built under linux
Compiled at Dec 20 2014 19:00:46
%ENV:
PERL5LIB="/home/eserte/.cpan/build/DBIx-Class-Result-ColumnData-0.15-di65HN/blib/arch:/home/eserte/.cpan/build/DBIx-Class-Result-ColumnData-0.15-di65HN/blib/lib:/home/eserte/.cpan/build/DBIx-Class-Result-Validation-0.13-SK3twq/blib/arch:/home/eserte/.cpan/build/DBIx-Class-Result-Validation-0.13-SK3twq/blib/lib"
PERL5OPT=""
PERL5_CPANPLUS_IS_RUNNING="12866"
PERL5_CPAN_IS_RUNNING="12866"
PERL5_CPAN_IS_RUNNING_IN_RECURSION="12820,12866"
PERLDOC="-MPod::Perldoc::ToTextOverstrike"
PERL_BATCH="yes"
PERL_CPAN_REPORTER_CONFIG="/var/tmp/cpansmoker-1001/n0TRfvSu6V_config.ini"
PERL_EXTUTILS_AUTOINSTALL="--defaultdeps"
PERL_HASH_SEED="0"
PERL_HTML_DISPLAY_CLASS="HTML::Display::Mozilla"
PERL_PERTURB_KEYS="NO"
@INC:
/home/eserte/.cpan/build/DBIx-Class-Result-ColumnData-0.15-di65HN/blib/arch
/home/eserte/.cpan/build/DBIx-Class-Result-ColumnData-0.15-di65HN/blib/lib
/home/eserte/.cpan/build/DBIx-Class-Result-Validation-0.13-SK3twq/blib/arch
/home/eserte/.cpan/build/DBIx-Class-Result-Validation-0.13-SK3twq/blib/lib
/opt/perl-5.21.7/lib/site_perl/5.21.7/x86_64-linux
/opt/perl-5.21.7/lib/site_perl/5.21.7
/opt/perl-5.21.7/lib/5.21.7/x86_64-linux
/opt/perl-5.21.7/lib/5.21.7
.