Report for MooX-Option-0.3

Back
From: metabase:user:320bfe00-2aae-11df-837a-5e0a49663a4f
Subject: FAIL MooX-Option-0.3 v5.14.2 GNU/Linux
Date: 2011-12-03T12:11:54Z

This distribution has been tested as part of the CPAN Testers
project, supporting the Perl programming language.  See
http://wiki.cpantesters.org/ for more information or email
questions to cpan-testers-discuss@perl.org


--
Dear Celogeek,

This is a computer-generated report for MooX-Option-0.3
on perl 5.14.2, created by CPAN-Reporter-1.1902.

Thank you for uploading your work to CPAN.  However, there was a problem
testing your distribution.

If you think this report is invalid, please consult the CPAN Testers Wiki
for suggestions on how to avoid getting FAIL reports for missing library
or binary dependencies, unsupported operating systems, and so on:

http://wiki.cpantesters.org/wiki/CPANAuthorNotes

Sections of this report:

    * Tester comments
    * Program output
    * Prerequisites
    * Environment and other context

------------------------------
TESTER COMMENTS
------------------------------

Additional comments from tester:

this report is from an automated smoke testing program
and was not reviewed by a human for accuracy

------------------------------
PROGRAM OUTPUT
------------------------------

Output from './Build test':

t/00-compile.t .................. ok
# Testing with Perl 5.014002, /home/sand/src/perl/repoperls/installed-perls/perl/v5.14.2/165a/bin/perl
#     Carp version is 1.20
#     Data::Dumper version is 2.131
#     Data::Record version is 0.02
#     English version is 1.04
#     File::Find version is 1.19
#     File::Temp version is 0.22
#     FindBin version is 1.50
#     Getopt::Long::Descriptive version is 0.090
#     Mo version is 0.30
#     Module::Build version is 0.38
#     Module::Load::Conditional version is 0.46
#     Moo version is 0.009012
#     Moose version is 2.0401
#     Mouse version is 0.97
#     Regexp::Common version is 2011041701
#     Scalar::Util version is 1.23
#     Test::More version is 1.005000002
#     Test::Trap version is 0.2.1
#     strict version is 1.04
#     warnings version is 1.12
t/000-report-versions.t ......... ok
t/author-critic.t ............... skipped: these tests are for testing by the author
t/mo.t .......................... ok
Argument "1.12_01" isn't numeric in numeric gt (>) at /home/src/perl/repoperls/installed-perls/perl/v5.14.2/165a/lib/site_perl/5.14.2/Method/Generate/Accessor.pm line 9.
BEGIN failed--compilation aborted at /home/src/perl/repoperls/installed-perls/perl/v5.14.2/165a/lib/site_perl/5.14.2/Method/Generate/Accessor.pm line 16.
Compilation failed in require at /home/src/perl/repoperls/installed-perls/perl/v5.14.2/165a/lib/site_perl/5.14.2/Moo.pm line 31.
t/moo.t ......................... 
Dubious, test returned 255 (wstat 65280, 0xff00)
No subtests run 
t/moose.t ....................... ok
t/mouse.t ....................... ok
t/release-check-changes.t ....... skipped: these tests are for release candidate testing
t/release-consistent-version.t .. skipped: these tests are for release candidate testing
t/release-minimum-version.t ..... skipped: these tests are for release candidate testing
t/release-pod-coverage.t ........ skipped: these tests are for release candidate testing
t/release-pod-syntax.t .......... skipped: these tests are for release candidate testing
t/release-unused-vars.t ......... skipped: these tests are for release candidate testing

Test Summary Report
-------------------
t/moo.t                       (Wstat: 65280 Tests: 0 Failed: 0)
  Non-zero exit status: 255
  Parse errors: No plan found in TAP output
Files=13, Tests=24,  3 wallclock secs ( 0.07 usr  0.04 sys +  2.04 cusr  0.25 csys =  2.40 CPU)
Result: FAIL
Failed 1/13 test programs. 0/24 subtests failed.

------------------------------
PREREQUISITES
------------------------------

Prerequisite modules loaded:

requires:

    Module                    Need   Have        
    ------------------------- ------ ------------
    Carp                      0      1.20        
    Data::Dumper              0      2.131       
    Data::Record              0      0.02        
    Getopt::Long::Descriptive 0      0.090       
    perl                      5.010  5.014002    
    Regexp::Common            0      2011041701  
    strict                    0      1.04        
    warnings                  0      1.12        

build_requires:

    Module                    Need   Have        
    ------------------------- ------ ------------
    English                   0      1.04        
    File::Find                0      1.19        
    File::Temp                0      0.22        
    FindBin                   0      1.50        
    Mo                        0      0.30        
    Module::Build             0.3601 0.3800      
    Module::Load::Conditional 0      0.46        
    Moo                       0      0.009012    
    Moose                     0      2.0401      
    Mouse                     0      0.97        
    perl                      5.004  5.014002    
    Scalar::Util              0      1.23        
    Test::More                0.94   1.005000_002
    Test::Trap                0      0.2.1       

configure_requires:

    Module                    Need   Have        
    ------------------------- ------ ------------
    Module::Build             0.3601 0.3800      


------------------------------
ENVIRONMENT AND OTHER CONTEXT
------------------------------

Environment variables:

    AUTOMATED_TESTING = 1
    LANG = en_US.UTF-8
    LANGUAGE = en_US:en
    PATH = /home/sand/bin:/usr/local/bin:/usr/bin:/bin:/usr/bin/X11:/usr/games:/usr/local/perl/bin:/usr/X11/bin:/sbin:/usr/sbin
    PERL5LIB = 
    PERL5OPT = 
    PERL5_CPANPLUS_IS_RUNNING = 5790
    PERL5_CPAN_IS_RUNNING = 5790
    PERL_MM_USE_DEFAULT = 1
    SHELL = /usr/bin/zsh
    TERM = screen

Perl special variables (and OS-specific diagnostics, for MSWin32):

    $^X = /home/sand/src/perl/repoperls/installed-perls/perl/v5.14.2/165a/bin/perl
    $UID/$EUID = 1005 / 1005
    $GID = 1005 1005
    $EGID = 1005 1005

Perl module toolchain versions installed:

    Module              Have        
    ------------------- ------------
    CPAN                1.9800      
    Cwd                 3.36        
    ExtUtils::CBuilder  0.280203    
    ExtUtils::Command   1.17        
    ExtUtils::Install   1.56        
    ExtUtils::MakeMaker 6.63_02     
    ExtUtils::Manifest  1.58        
    ExtUtils::ParseXS   3.05        
    File::Spec          3.33        
    Module::Build       0.3800      
    Module::Signature   0.68        
    Test::Harness       3.23        
    Test::More          1.005000_002
    YAML                0.77        
    YAML::Syck          1.19        
    version             0.95        


--

Summary of my perl5 (revision 5 version 14 subversion 2) configuration:
  Commit id: dc281e6088d189558b79a5121119b7196c8b3db0
  Platform:
    osname=linux, osvers=2.6.32-5-amd64, archname=x86_64-linux
    uname='linux k83 2.6.32-5-amd64 #1 smp mon oct 3 03:59:20 utc 2011 x86_64 gnulinux '
    config_args='-Dprefix=/home/src/perl/repoperls/installed-perls/perl/v5.14.2/165a -Dmyhostname=k83 -Dinstallusrbinperl=n -Uversiononly -Dusedevel -des -Ui_db -Uuseithreads -Uuselongdouble -DDEBUGGING=-g'
    hint=recommended, useposix=true, d_sigaction=define
    useithreads=undef, usemultiplicity=undef
    useperlio=define, d_sfio=undef, uselargefiles=define, usesocks=undef
    use64bitint=define, use64bitall=define, uselongdouble=undef
    usemymalloc=n, bincompat5005=undef
  Compiler:
    cc='cc', ccflags ='-fno-strict-aliasing -pipe -fstack-protector -I/usr/local/include -D_LARGEFILE_SOURCE -D_FILE_OFFSET_BITS=64',
    optimize='-O2 -g',
    cppflags='-fno-strict-aliasing -pipe -fstack-protector -I/usr/local/include'
    ccversion='', gccversion='4.4.5', gccosandvers=''
    intsize=4, longsize=8, ptrsize=8, doublesize=8, byteorder=12345678
    d_longlong=define, longlongsize=8, d_longdbl=define, longdblsize=16
    ivtype='long', ivsize=8, nvtype='double', nvsize=8, Off_t='off_t', lseeksize=8
    alignbytes=8, prototype=define
  Linker and Libraries:
    ld='cc', ldflags =' -fstack-protector -L/usr/local/lib'
    libpth=/usr/local/lib /lib/../lib /usr/lib/../lib /lib /usr/lib /lib64 /usr/lib64
    libs=-lnsl -ldb -ldl -lm -lcrypt -lutil -lc
    perllibs=-lnsl -ldl -lm -lcrypt -lutil -lc
    libc=/lib/libc-2.11.2.so, so=so, useshrplib=false, libperl=libperl.a
    gnulibc_version='2.11.2'
  Dynamic Linking:
    dlsrc=dl_dlopen.xs, dlext=so, d_dlsymun=undef, ccdlflags='-Wl,-E'
    cccdlflags='-fPIC', lddlflags='-shared -O2 -g -L/usr/local/lib -fstack-protector'


Characteristics of this binary (from libperl): 
  Compile-time options: PERL_DONT_CREATE_GVSV PERL_MALLOC_WRAP
                        PERL_PRESERVE_IVUV PERL_USE_DEVEL USE_64_BIT_ALL
                        USE_64_BIT_INT USE_LARGE_FILES USE_PERLIO
                        USE_PERL_ATOF
  Built under linux
  Compiled at Oct 23 2011 13:30:05
  %ENV:
    PERL5LIB=""
    PERL5OPT=""
    PERL5_CPANPLUS_IS_RUNNING="5790"
    PERL5_CPAN_IS_RUNNING="5790"
    PERL_MM_USE_DEFAULT="1"
  @INC:
    /home/src/perl/repoperls/installed-perls/perl/v5.14.2/165a/lib/site_perl/5.14.2/x86_64-linux
    /home/src/perl/repoperls/installed-perls/perl/v5.14.2/165a/lib/site_perl/5.14.2
    /home/src/perl/repoperls/installed-perls/perl/v5.14.2/165a/lib/5.14.2/x86_64-linux
    /home/src/perl/repoperls/installed-perls/perl/v5.14.2/165a/lib/5.14.2
    .