Report for Locale-TextDomain-OO-1.032

Back
From: metabase:user:5d3557d2-3c72-11e3-a020-0dfbcd73216e
Subject: FAIL Locale-TextDomain-OO-1.032 5.24.0 GNU/Linux
Date: 2017-10-02T09:56:40Z

This distribution has been tested as part of the CPAN Testers
project, supporting the Perl programming language.  See
http://wiki.cpantesters.org/ for more information or email
questions to cpan-testers-discuss@perl.org


--
Dear Steffen Winkler,

This is a computer-generated report for Locale-TextDomain-OO-1.032
on perl 5.24.0, created by CPAN-Reporter-1.2018.

Thank you for uploading your work to CPAN.  However, there was a problem
testing your distribution.

If you think this report is invalid, please consult the CPAN Testers Wiki
for suggestions on how to avoid getting FAIL reports for missing library
or binary dependencies, unsupported operating systems, and so on:

http://wiki.cpantesters.org/wiki/CPANAuthorNotes

Sections of this report:

    * Tester comments
    * Program output
    * Prerequisites
    * Environment and other context

------------------------------
TESTER COMMENTS
------------------------------

Additional comments from tester:

none provided

------------------------------
PROGRAM OUTPUT
------------------------------

Output from '/usr/bin/make test':

PERL_DL_NONLAZY=1 "/home/sno/perl5/perlbrew/perls/perl-5.24.0/bin/perl" "-MExtUtils::Command::MM" "-MTest::Harness" "-e" "undef *Test::Harness::Switches; test_harness(0, 'blib/lib', 'blib/arch')" t/*.t
t/01_translate.t ............................. ok
t/02_filter.t ................................ ok
t/03_language_of_languages.t ................. ok
t/04_lexicon_store_JSON.t .................... ok
t/04_merge_move_copy_delete_lexicon_utf-8.t .. ok
t/05_expand_gettext_modifier.t ............... ok
t/06_expand_maketext_formatter_code.t ........ ok
t/07_expand_babel_fish_modifier.t ............ ok
t/11_gettext_hash_utf-8.t .................... ok
t/11_gettext_loc_hash_utf-8.t ................ ok
t/11_gettext_named_hash_utf-8.t .............. ok

#   Failed test '__nx 1'
#   at t/12_gettext_mo_utf-8.t line 120.
#          got: '3 книги3 книг'
#     expected: '3 книги'

#   Failed test 'message'
#   at t/12_gettext_mo_utf-8.t line 62.
#          got: 'Using lexicon "ru::". msgstr_plural not found for msgctxt=undef, msgid="{books :num} book", msgid_plural="{books :num} books".'
#     expected: ''

#   Failed test 'logger object'
#   at t/12_gettext_mo_utf-8.t line 68.
#          got: 'Locale::TextDomain::OO::Translator'
#     expected: 'Locale::TextDomain::OO::Lexicon::Hash'

#   Failed test 'logger type'
#   at t/12_gettext_mo_utf-8.t line 72.
#          got: 'warn'
#     expected: 'debug'

#   Failed test 'logger event'
#   at t/12_gettext_mo_utf-8.t line 76.
#          got: 'translation,fallback'
#     expected: 'lexicon,load'

#   Failed test '__nx 5'
#   at t/12_gettext_mo_utf-8.t line 129.
#          got: '5 books'
#     expected: '5 книг'

#   Failed test '__npx 3'
#   at t/12_gettext_mo_utf-8.t line 155.
#          got: 'Это 3 воссоединения.Эти 3 воссоединения.'
#     expected: 'Это 3 воссоединения.'

#   Failed test 'message'
#   at t/12_gettext_mo_utf-8.t line 62.
#          got: 'Using lexicon "ru::". msgstr_plural not found for msgctxt="appointment", msgid="This is {dates :num} date.", msgid_plural="This are {dates :num} dates.".'
#     expected: ''

#   Failed test 'logger object'
#   at t/12_gettext_mo_utf-8.t line 68.
#          got: 'Locale::TextDomain::OO::Translator'
#     expected: 'Locale::TextDomain::OO::Lexicon::Hash'

#   Failed test 'logger type'
#   at t/12_gettext_mo_utf-8.t line 72.
#          got: 'warn'
#     expected: 'debug'

#   Failed test 'logger event'
#   at t/12_gettext_mo_utf-8.t line 76.
#          got: 'translation,fallback'
#     expected: 'lexicon,load'

#   Failed test '__npx 5'
#   at t/12_gettext_mo_utf-8.t line 165.
#          got: 'This are 5 dates.'
#     expected: 'Эти 5 воссоединения.'

#   Failed test 'no warnings'
#   at /home/sno/perl5/perlbrew/perls/perl-5.24.0/lib/site_perl/5.24.0/Test/Builder.pm line 135.
# There were 4 warning(s)
# 	Previous test 15 '__nx 1'
# 	Wide character in print at /home/sno/perl5/perlbrew/perls/perl-5.24.0/lib/site_perl/5.24.0/Test2/Formatter/TAP.pm line 113.
#  at /home/sno/perl5/perlbrew/perls/perl-5.24.0/lib/site_perl/5.24.0/Test2/Formatter/TAP.pm line 113.
# 	Test2::Formatter::TAP::write(Test::Builder::Formatter=HASH(0x9b61ff8), Test2::Event::Diag=HASH(0xa4a40a0), 15) called at /home/sno/perl5/perlbrew/perls/perl-5.24.0/lib/site_perl/5.24.0/Test2/Hub.pm line 313
# 	Test2::Hub::process(Test2::Hub=HASH(0x9caca90), Test2::Event::Diag=HASH(0xa4a40a0)) called at /home/sno/perl5/perlbrew/perls/perl-5.24.0/lib/site_perl/5.24.0/Test2/Hub.pm line 275
# 	Test2::Hub::send(Test2::Hub=HASH(0x9caca90), Test2::Event::Diag=HASH(0xa4a40a0)) called at /home/sno/perl5/perlbrew/perls/perl-5.24.0/lib/site_perl/5.24.0/Test2/API/Context.pm line 218
# 	Test2::API::Context::send_event(Test2::API::Context=HASH(0xa4a4190), "Diag", "message", "         got: '3 \x{43a}\x{43d}\x{438}\x{433}\x{438}\x{0}3 \x{43a}\x{43d}\x{438}\x{433}'\x{a}    expected: '3 \x{43a}\x{43d}\x{438}\x{433}\x{438}'\x{a}") called at /home/sno/perl5/perlbrew/perls/perl-5.24.0/lib/site_perl/5.24.0/Test2/API/Context.pm line 301
# 	Test2::API::Context::diag(Test2::API::Context=HASH(0xa4a4190), "         got: '3 \x{43a}\x{43d}\x{438}\x{433}\x{438}\x{0}3 \x{43a}\x{43d}\x{438}\x{433}'\x{a}    expected: '3 \x{43a}\x{43d}\x{438}\x{433}\x{438}'\x{a}") called at /home/sno/perl5/perlbrew/perls/perl-5.24.0/lib/site_perl/5.24.0/Test/Builder.pm line 1203
# 	Test::Builder::diag(Test::Builder=HASH(0x9b620f8), "         got: '3 \x{43a}\x{43d}\x{438}\x{433}\x{438}\x{0}3 \x{43a}\x{43d}\x{438}\x{433}'\x{a}    expected: '3 \x{43a}\x{43d}\x{438}\x{433}\x{438}'\x{a}") called at /home/sno/perl5/perlbrew/perls/perl-5.24.0/lib/site_perl/5.24.0/Test/Builder.pm line 802
# 	Test::Builder::_is_diag(Test::Builder=HASH(0x9b620f8), "3 \x{43a}\x{43d}\x{438}\x{433}\x{438}\x{0}3 \x{43a}\x{43d}\x{438}\x{433}", "eq", "3 \x{43a}\x{43d}\x{438}\x{433}\x{438}") called at /home/sno/perl5/perlbrew/perls/perl-5.24.0/lib/site_perl/5.24.0/Test/Builder.pm line 929
# 	Test::Builder::cmp_ok(Test::Builder=HASH(0x9b620f8), "3 \x{43a}\x{43d}\x{438}\x{433}\x{438}\x{0}3 \x{43a}\x{43d}\x{438}\x{433}", "eq", "3 \x{43a}\x{43d}\x{438}\x{433}\x{438}", "__nx 1") called at /home/sno/perl5/perlbrew/perls/perl-5.24.0/lib/site_perl/5.24.0/Test/Builder.pm line 752
# 	Test::Builder::is_eq(Test::Builder=HASH(0x9b620f8), "3 \x{43a}\x{43d}\x{438}\x{433}\x{438}\x{0}3 \x{43a}\x{43d}\x{438}\x{433}", "3 \x{43a}\x{43d}\x{438}\x{433}\x{438}", "__nx 1") called at /home/sno/perl5/perlbrew/perls/perl-5.24.0/lib/site_perl/5.24.0/Test/More.pm line 403
# 	Test::More::is("3 \x{43a}\x{43d}\x{438}\x{433}\x{438}\x{0}3 \x{43a}\x{43d}\x{438}\x{433}", "3 \x{43a}\x{43d}\x{438}\x{433}\x{438}", "__nx 1") called at t/12_gettext_mo_utf-8.t line 120
# 
# ----------
# 	Previous test 20 '__nx 5'
# 	Wide character in print at /home/sno/perl5/perlbrew/perls/perl-5.24.0/lib/site_perl/5.24.0/Test2/Formatter/TAP.pm line 113.
#  at /home/sno/perl5/perlbrew/perls/perl-5.24.0/lib/site_perl/5.24.0/Test2/Formatter/TAP.pm line 113.
# 	Test2::Formatter::TAP::write(Test::Builder::Formatter=HASH(0x9b61ff8), Test2::Event::Diag=HASH(0xa4a9c08), 20) called at /home/sno/perl5/perlbrew/perls/perl-5.24.0/lib/site_perl/5.24.0/Test2/Hub.pm line 313
# 	Test2::Hub::process(Test2::Hub=HASH(0x9caca90), Test2::Event::Diag=HASH(0xa4a9c08)) called at /home/sno/perl5/perlbrew/perls/perl-5.24.0/lib/site_perl/5.24.0/Test2/Hub.pm line 275
# 	Test2::Hub::send(Test2::Hub=HASH(0x9caca90), Test2::Event::Diag=HASH(0xa4a9c08)) called at /home/sno/perl5/perlbrew/perls/perl-5.24.0/lib/site_perl/5.24.0/Test2/API/Context.pm line 218
# 	Test2::API::Context::send_event(Test2::API::Context=HASH(0xa4a9c88), "Diag", "message", "         got: '5 books'\x{a}    expected: '5 \x{43a}\x{43d}\x{438}\x{433}'\x{a}") called at /home/sno/perl5/perlbrew/perls/perl-5.24.0/lib/site_perl/5.24.0/Test2/API/Context.pm line 301
# 	Test2::API::Context::diag(Test2::API::Context=HASH(0xa4a9c88), "         got: '5 books'\x{a}    expected: '5 \x{43a}\x{43d}\x{438}\x{433}'\x{a}") called at /home/sno/perl5/perlbrew/perls/perl-5.24.0/lib/site_perl/5.24.0/Test/Builder.pm line 1203
# 	Test::Builder::diag(Test::Builder=HASH(0x9b620f8), "         got: '5 books'\x{a}    expected: '5 \x{43a}\x{43d}\x{438}\x{433}'\x{a}") called at /home/sno/perl5/perlbrew/perls/perl-5.24.0/lib/site_perl/5.24.0/Test/Builder.pm line 802
# 	Test::Builder::_is_diag(Test::Builder=HASH(0x9b620f8), "5 books", "eq", "5 \x{43a}\x{43d}\x{438}\x{433}") called at /home/sno/perl5/perlbrew/perls/perl-5.24.0/lib/site_perl/5.24.0/Test/Builder.pm line 929
# 	Test::Builder::cmp_ok(Test::Builder=HASH(0x9b620f8), "5 books", "eq", "5 \x{43a}\x{43d}\x{438}\x{433}", "__nx 5") called at /home/sno/perl5/perlbrew/perls/perl-5.24.0/lib/site_perl/5.24.0/Test/Builder.pm line 752
# 	Test::Builder::is_eq(Test::Builder=HASH(0x9b620f8), "5 books", "5 \x{43a}\x{43d}\x{438}\x{433}", "__nx 5") called at /home/sno/perl5/perlbrew/perls/perl-5.24.0/lib/site_perl/5.24.0/Test/More.pm line 403
# 	Test::More::is("5 books", "5 \x{43a}\x{43d}\x{438}\x{433}", "__nx 5") called at t/12_gettext_mo_utf-8.t line 129
# 
# ----------
# 	Previous test 23 '__npx 3'
# 	Wide character in print at /home/sno/perl5/perlbrew/perls/perl-5.24.0/lib/site_perl/5.24.0/Test2/Formatter/TAP.pm line 113.
#  at /home/sno/perl5/perlbrew/perls/perl-5.24.0/lib/site_perl/5.24.0/Test2/Formatter/TAP.pm line 113.
# 	Test2::Formatter::TAP::write(Test::Builder::Formatter=HASH(0x9b61ff8), Test2::Event::Diag=HASH(0xa4af078), 23) called at /home/sno/perl5/perlbrew/perls/perl-5.24.0/lib/site_perl/5.24.0/Test2/Hub.pm line 313
# 	Test2::Hub::process(Test2::Hub=HASH(0x9caca90), Test2::Event::Diag=HASH(0xa4af078)) called at /home/sno/perl5/perlbrew/perls/perl-5.24.0/lib/site_perl/5.24.0/Test2/Hub.pm line 275
# 	Test2::Hub::send(Test2::Hub=HASH(0x9caca90), Test2::Event::Diag=HASH(0xa4af078)) called at /home/sno/perl5/perlbrew/perls/perl-5.24.0/lib/site_perl/5.24.0/Test2/API/Context.pm line 218
# 	Test2::API::Context::send_event(Test2::API::Context=HASH(0xa4adca0), "Diag", "message", "         got: '\x{42d}\x{442}\x{43e} 3 \x{432}\x{43e}\x{441}\x{441}\x{43e}\x{435}\x{434}\x{438}\x{43d}\x{435}\x{43d}\x{438}\x{44f}.\x{0}\x{42d}\x{442}\x{438} 3 \x{432}\x{43e}\x{441}\x{441}\x{43e}\x{435}\x{434}\x{438}\x{43d}\x{435}\x{43d}\x{438}\x{44f}.'\x{a}   "...) called at /home/sno/perl5/perlbrew/perls/perl-5.24.0/lib/site_perl/5.24.0/Test2/API/Context.pm line 301
# 	Test2::API::Context::diag(Test2::API::Context=HASH(0xa4adca0), "         got: '\x{42d}\x{442}\x{43e} 3 \x{432}\x{43e}\x{441}\x{441}\x{43e}\x{435}\x{434}\x{438}\x{43d}\x{435}\x{43d}\x{438}\x{44f}.\x{0}\x{42d}\x{442}\x{438} 3 \x{432}\x{43e}\x{441}\x{441}\x{43e}\x{435}\x{434}\x{438}\x{43d}\x{435}\x{43d}\x{438}\x{44f}.'\x{a}   "...) called at /home/sno/perl5/perlbrew/perls/perl-5.24.0/lib/site_perl/5.24.0/Test/Builder.pm line 1203
# 	Test::Builder::diag(Test::Builder=HASH(0x9b620f8), "         got: '\x{42d}\x{442}\x{43e} 3 \x{432}\x{43e}\x{441}\x{441}\x{43e}\x{435}\x{434}\x{438}\x{43d}\x{435}\x{43d}\x{438}\x{44f}.\x{0}\x{42d}\x{442}\x{438} 3 \x{432}\x{43e}\x{441}\x{441}\x{43e}\x{435}\x{434}\x{438}\x{43d}\x{435}\x{43d}\x{438}\x{44f}.'\x{a}   "...) called at /home/sno/perl5/perlbrew/perls/perl-5.24.0/lib/site_perl/5.24.0/Test/Builder.pm line 802
# 	Test::Builder::_is_diag(Test::Builder=HASH(0x9b620f8), "\x{42d}\x{442}\x{43e} 3 \x{432}\x{43e}\x{441}\x{441}\x{43e}\x{435}\x{434}\x{438}\x{43d}\x{435}\x{43d}\x{438}\x{44f}.\x{0}\x{42d}\x{442}\x{438} 3 \x{432}\x{43e}\x{441}\x{441}\x{43e}\x{435}\x{434}\x{438}\x{43d}\x{435}\x{43d}\x{438}\x{44f}.", "eq", "\x{42d}\x{442}\x{43e} 3 \x{432}\x{43e}\x{441}\x{441}\x{43e}\x{435}\x{434}\x{438}\x{43d}\x{435}\x{43d}\x{438}\x{44f}.") called at /home/sno/perl5/perlbrew/perls/perl-5.24.0/lib/site_perl/5.24.0/Test/Builder.pm line 929
# 	Test::Builder::cmp_ok(Test::Builder=HASH(0x9b620f8), "\x{42d}\x{442}\x{43e} 3 \x{432}\x{43e}\x{441}\x{441}\x{43e}\x{435}\x{434}\x{438}\x{43d}\x{435}\x{43d}\x{438}\x{44f}.\x{0}\x{42d}\x{442}\x{438} 3 \x{432}\x{43e}\x{441}\x{441}\x{43e}\x{435}\x{434}\x{438}\x{43d}\x{435}\x{43d}\x{438}\x{44f}.", "eq", "\x{42d}\x{442}\x{43e} 3 \x{432}\x{43e}\x{441}\x{441}\x{43e}\x{435}\x{434}\x{438}\x{43d}\x{435}\x{43d}\x{438}\x{44f}.", "__npx 3") called at /home/sno/perl5/perlbrew/perls/perl-5.24.0/lib/site_perl/5.24.0/Test/Builder.pm line 752
# 	Test::Builder::is_eq(Test::Builder=HASH(0x9b620f8), "\x{42d}\x{442}\x{43e} 3 \x{432}\x{43e}\x{441}\x{441}\x{43e}\x{435}\x{434}\x{438}\x{43d}\x{435}\x{43d}\x{438}\x{44f}.\x{0}\x{42d}\x{442}\x{438} 3 \x{432}\x{43e}\x{441}\x{441}\x{43e}\x{435}\x{434}\x{438}\x{43d}\x{435}\x{43d}\x{438}\x{44f}.", "\x{42d}\x{442}\x{43e} 3 \x{432}\x{43e}\x{441}\x{441}\x{43e}\x{435}\x{434}\x{438}\x{43d}\x{435}\x{43d}\x{438}\x{44f}.", "__npx 3") called at /home/sno/perl5/perlbrew/perls/perl-5.24.0/lib/site_perl/5.24.0/Test/More.pm line 403
# 	Test::More::is("\x{42d}\x{442}\x{43e} 3 \x{432}\x{43e}\x{441}\x{441}\x{43e}\x{435}\x{434}\x{438}\x{43d}\x{435}\x{43d}\x{438}\x{44f}.\x{0}\x{42d}\x{442}\x{438} 3 \x{432}\x{43e}\x{441}\x{441}\x{43e}\x{435}\x{434}\x{438}\x{43d}\x{435}\x{43d}\x{438}\x{44f}.", "\x{42d}\x{442}\x{43e} 3 \x{432}\x{43e}\x{441}\x{441}\x{43e}\x{435}\x{434}\x{438}\x{43d}\x{435}\x{43d}\x{438}\x{44f}.", "__npx 3") called at t/12_gettext_mo_utf-8.t line 155
# 
# ----------
# 	Previous test 28 '__npx 5'
# 	Wide character in print at /home/sno/perl5/perlbrew/perls/perl-5.24.0/lib/site_perl/5.24.0/Test2/Formatter/TAP.pm line 113.
#  at /home/sno/perl5/perlbrew/perls/perl-5.24.0/lib/site_perl/5.24.0/Test2/Formatter/TAP.pm line 113.
# 	Test2::Formatter::TAP::write(Test::Builder::Formatter=HASH(0x9b61ff8), Test2::Event::Diag=HASH(0xa4b33a0), 28) called at /home/sno/perl5/perlbrew/perls/perl-5.24.0/lib/site_perl/5.24.0/Test2/Hub.pm line 313
# 	Test2::Hub::process(Test2::Hub=HASH(0x9caca90), Test2::Event::Diag=HASH(0xa4b33a0)) called at /home/sno/perl5/perlbrew/perls/perl-5.24.0/lib/site_perl/5.24.0/Test2/Hub.pm line 275
# 	Test2::Hub::send(Test2::Hub=HASH(0x9caca90), Test2::Event::Diag=HASH(0xa4b33a0)) called at /home/sno/perl5/perlbrew/perls/perl-5.24.0/lib/site_perl/5.24.0/Test2/API/Context.pm line 218
# 	Test2::API::Context::send_event(Test2::API::Context=HASH(0xa4b32c0), "Diag", "message", "         got: 'This are 5 dates.'\x{a}    expected: '\x{42d}\x{442}\x{438} 5 \x{432}\x{43e}\x{441}\x{441}\x{43e}\x{435}"...) called at /home/sno/perl5/perlbrew/perls/perl-5.24.0/lib/site_perl/5.24.0/Test2/API/Context.pm line 301
# 	Test2::API::Context::diag(Test2::API::Context=HASH(0xa4b32c0), "         got: 'This are 5 dates.'\x{a}    expected: '\x{42d}\x{442}\x{438} 5 \x{432}\x{43e}\x{441}\x{441}\x{43e}\x{435}"...) called at /home/sno/perl5/perlbrew/perls/perl-5.24.0/lib/site_perl/5.24.0/Test/Builder.pm line 1203
# 	Test::Builder::diag(Test::Builder=HASH(0x9b620f8), "         got: 'This are 5 dates.'\x{a}    expected: '\x{42d}\x{442}\x{438} 5 \x{432}\x{43e}\x{441}\x{441}\x{43e}\x{435}"...) called at /home/sno/perl5/perlbrew/perls/perl-5.24.0/lib/site_perl/5.24.0/Test/Builder.pm line 802
# 	Test::Builder::_is_diag(Test::Builder=HASH(0x9b620f8), "This are 5 dates.", "eq", "\x{42d}\x{442}\x{438} 5 \x{432}\x{43e}\x{441}\x{441}\x{43e}\x{435}\x{434}\x{438}\x{43d}\x{435}\x{43d}\x{438}\x{44f}.") called at /home/sno/perl5/perlbrew/perls/perl-5.24.0/lib/site_perl/5.24.0/Test/Builder.pm line 929
# 	Test::Builder::cmp_ok(Test::Builder=HASH(0x9b620f8), "This are 5 dates.", "eq", "\x{42d}\x{442}\x{438} 5 \x{432}\x{43e}\x{441}\x{441}\x{43e}\x{435}\x{434}\x{438}\x{43d}\x{435}\x{43d}\x{438}\x{44f}.", "__npx 5") called at /home/sno/perl5/perlbrew/perls/perl-5.24.0/lib/site_perl/5.24.0/Test/Builder.pm line 752
# 	Test::Builder::is_eq(Test::Builder=HASH(0x9b620f8), "This are 5 dates.", "\x{42d}\x{442}\x{438} 5 \x{432}\x{43e}\x{441}\x{441}\x{43e}\x{435}\x{434}\x{438}\x{43d}\x{435}\x{43d}\x{438}\x{44f}.", "__npx 5") called at /home/sno/perl5/perlbrew/perls/perl-5.24.0/lib/site_perl/5.24.0/Test/More.pm line 403
# 	Test::More::is("This are 5 dates.", "\x{42d}\x{442}\x{438} 5 \x{432}\x{43e}\x{441}\x{441}\x{43e}\x{435}\x{434}\x{438}\x{43d}\x{435}\x{43d}\x{438}\x{44f}.", "__npx 5") called at t/12_gettext_mo_utf-8.t line 165
# 
# Looks like you planned 21 tests but ran 29.
# Looks like you failed 13 tests of 29 run.
t/12_gettext_mo_utf-8.t ...................... 
Dubious, test returned 13 (wstat 3328, 0xd00)
Failed 6/21 subtests 
t/13_gettext_po_utf-8.t ...................... ok
t/14_gettext_cp1252.t ........................ ok
t/15_gettext_N__.t ........................... ok
t/15_gettext_Nloc_.t ......................... ok

#   Failed test 'damaged.mo: nplurals is 2 but msgstr_plural contains 1 form more'
#   at t/16_gettext_exceptions.t line 60.
# expecting: Regexp ((?^msx:\A Count\ of\ msgstr_plural\=3\ but\ nplurals\=2\ for\ msgid\=\"Singular\"\ msgid_plural\=\"Plural\"))
# found: normal exit
# Looks like you failed 1 test of 10.
t/16_gettext_exceptions.t .................... 
Dubious, test returned 1 (wstat 256, 0x100)
Failed 1/10 subtests 

#   Failed test 'books=0, shelves=0'
#   at t/17_multiplural_mo_utf-8.t line 49.
#          got: 'There are 0 books and 0 shelves.'
#     expected: 'Dort ist nichts.'

#   Failed test 'books=0, shelves=1'
#   at t/17_multiplural_mo_utf-8.t line 49.
#          got: 'There are 0 books and 1 shelves.'
#     expected: 'Dort ist 1 Regal.'

#   Failed test 'books=0, shelves=2'
#   at t/17_multiplural_mo_utf-8.t line 49.
#          got: 'There are 0 books and 2 shelves.'
#     expected: 'Dort sind 2 Regale.'

#   Failed test 'books=1, shelves=0'
#   at t/17_multiplural_mo_utf-8.t line 49.
#          got: 'There are 1 books and 0 shelves.'
#     expected: 'Dort ist 1 Buch.'

#   Failed test 'books=1, shelves=2'
#   at t/17_multiplural_mo_utf-8.t line 49.
#          got: 'Dort ist 1 Buch und 2 Regale.Dort ist 1 Buch.Dort sind 1 Bücher und 2 Regal.Dort sind 1 Bücher und 2 Regale.Dort sind 1 Bücher.Dort ist 2 Regal.Dort sind 2 Regale.Dort ist nichts.'
#     expected: 'Dort ist 1 Buch und 2 Regale.'

#   Failed test 'books=2, shelves=0'
#   at t/17_multiplural_mo_utf-8.t line 49.
#          got: 'There are 2 books and 0 shelves.'
#     expected: 'Dort sind 2 Bücher.'

#   Failed test 'books=2, shelves=1'
#   at t/17_multiplural_mo_utf-8.t line 49.
#          got: 'There are 2 books and 1 shelves.'
#     expected: 'Dort sind 2 Bücher und 1 Regal.'

#   Failed test 'books=2, shelves=2'
#   at t/17_multiplural_mo_utf-8.t line 49.
#          got: 'There are 2 books and 2 shelves.'
#     expected: 'Dort sind 2 Bücher und 2 Regale.'
# Looks like you failed 8 tests of 12.
t/17_multiplural_mo_utf-8.t .................. 
Dubious, test returned 8 (wstat 2048, 0x800)
Failed 8/12 subtests 
t/18_lexicon_move_copy_delete.t .............. ok
t/19_lexicon_merge_utf-8.t ................... ok
t/21_maketext_mo_utf-8.t ..................... ok
t/22_loc_mo_style_gettext.t .................. ok
t/23_localize_mo_utf-8.t ..................... ok
t/31_begin_end_d.t ........................... ok
t/31_loc_begin_end_d.t ....................... ok
t/31_locn_begin_end_d.t ...................... ok
t/32_begin_end_c.t ........................... ok
t/32_loc_begin_end_c.t ....................... ok
t/32_locn_begin_end_c.t ...................... ok
t/33_begin_end_dc.t .......................... ok
t/33_loc_begin_end_dc.t ...................... ok
t/33_locn_begin_end_dc.t ..................... ok
t/41_tied_interface.t ........................ ok
t/42_functional_interface.t .................. ok
t/43_singleton_gettext_mo.t .................. ok
t/51_test_examples.t ......................... skipped: Set $ENV{AUTHOR_TESTING} to run this test.
t/52_test_examples_utf-8.t ................... skipped: Set $ENV{AUTHOR_TESTING} to run this test.
t/chars.t .................................... skipped: Author test. Set $ENV{AUTHOR_TESTING} to a true value to run.
t/perl_critic.t .............................. skipped: Author test. Set $ENV{AUTHOR_TESTING} to a true value to run.
t/pod.t ...................................... ok
t/pod_coverage.t ............................. ok
t/prereq_build.t ............................. skipped: Author test.  Set $ENV{RELEASE_TESTING} to a true value to run.

Test Summary Report
-------------------
t/12_gettext_mo_utf-8.t                    (Wstat: 3328 Tests: 29 Failed: 14)
  Failed tests:  15-20, 22-29
  Non-zero exit status: 13
  Parse errors: Bad plan.  You planned 21 tests but ran 29.
t/16_gettext_exceptions.t                  (Wstat: 256 Tests: 10 Failed: 1)
  Failed test:  5
  Non-zero exit status: 1
t/17_multiplural_mo_utf-8.t                (Wstat: 2048 Tests: 12 Failed: 8)
  Failed tests:  3-6, 8-11
  Non-zero exit status: 8
Files=42, Tests=485,  9 wallclock secs ( 0.02 usr  0.37 sys +  1.74 cusr  6.39 csys =  8.52 CPU)
Result: FAIL
Failed 3/42 test programs. 23/485 subtests failed.
make: *** [test_dynamic] Error 255

------------------------------
PREREQUISITES
------------------------------

Prerequisite modules loaded:

requires:

    Module                                             Need     Have    
    -------------------------------------------------- -------- --------
    Carp                                               0        1.40    
    Class::Load                                        0.19     0.24    
    Clone                                              0        0.39    
    Cwd                                                0        3.63    
    Encode                                             0        2.92    
    English                                            0        1.10    
    Hash::Util                                         0        0.19    
    JSON                                               2.50     2.94    
    JSON::PP                                           0        2.94    
    Locale::MO::File                                   0.06     0.07    
    Locale::PO                                         0.24     0.27    
    Locale::TextDomain::OO::Util                       2.002    3.008   
    Locale::TextDomain::OO::Util::ExtractHeader        3.006    3.006   
    Locale::TextDomain::OO::Util::JoinSplitLexiconKeys 0        3.004   
    Locale::Utils::PlaceholderBabelFish                0.001    0.006   
    Locale::Utils::PlaceholderMaketext                 1.000    1.005   
    Locale::Utils::PlaceholderNamed                    1.000    1.004   
    Moo                                                1.003001 2.003002
    Moo::Role                                          0        2.003002
    MooX::Singleton                                    0        1.20    
    MooX::StrictConstructor                            0        0.008   
    MooX::Types::MooseLike::Base                       0        0.29    
    namespace::autoclean                               0        0.28    
    Path::Tiny                                         0.052    0.104   
    Test::Differences                                  0.60     0.64    
    Test::Exception                                    0        0.43    
    Test::More                                         0        1.302086
    Test::NoWarnings                                   0        1.04    
    Tie::Sub                                           0.09     1.001   
    Try::Tiny                                          0        0.28    

build_requires:

    Module                                             Need     Have    
    -------------------------------------------------- -------- --------
    ExtUtils::MakeMaker                                0        7.30    

opt_requires:

    Module                                             Need     Have    
    -------------------------------------------------- -------- --------
    Test::Pod                                          1.14     1.51    
    Test::Pod::Coverage                                1.04     1.10    


------------------------------
ENVIRONMENT AND OTHER CONTEXT
------------------------------

Environment variables:

    LANG = C
    LC_ALL = C
    NONINTERACTIVE_TESTING = 1
    PATH = /home/sno/perl5/perlbrew/bin:/home/sno/perl5/perlbrew/perls/perl-5.24.0/bin:/usr/bin:/home/sno/bin:/usr/local/sbin:/usr/local/bin:/usr/sbin:/usr/bin:/sbin:/bin:/usr/games:/usr/local/games:/home/sno/prj/gkhelper/bin
    PERL5LIB = 
    PERL5OPT = 
    PERL5_CPANPLUS_IS_RUNNING = 5559
    PERL5_CPAN_IS_RUNNING = 5559
    PERLBREW_BASHRC_VERSION = 0.75
    PERLBREW_HOME = /home/sno/.perlbrew
    PERLBREW_MANPATH = /home/sno/perl5/perlbrew/perls/perl-5.24.0/man
    PERLBREW_PATH = /home/sno/perl5/perlbrew/bin:/home/sno/perl5/perlbrew/perls/perl-5.24.0/bin
    PERLBREW_PERL = perl-5.24.0
    PERLBREW_ROOT = /home/sno/perl5/perlbrew
    PERLBREW_VERSION = 0.75
    PERL_MM_USE_DEFAULT = 1
    SHELL = /bin/bash
    TERM = xterm

Perl special variables (and OS-specific diagnostics, for MSWin32):

    $^X = /home/sno/perl5/perlbrew/perls/perl-5.24.0/bin/perl
    $UID/$EUID = 1000 / 1000
    $GID = 1000 4 24 27 30 46 109 110 1000
    $EGID = 1000 4 24 27 30 46 109 110 1000

Perl module toolchain versions installed:

    Module              Have    
    ------------------- --------
    CPAN                2.16    
    CPAN::Meta          2.150010
    Cwd                 3.63    
    ExtUtils::CBuilder  0.280226
    ExtUtils::Command   7.30    
    ExtUtils::Install   2.14    
    ExtUtils::MakeMaker 7.30    
    ExtUtils::Manifest  1.70    
    ExtUtils::ParseXS   3.35    
    File::Spec          3.63    
    JSON                2.94    
    JSON::PP            2.94    
    Module::Build       0.4224  
    Module::Signature   n/a     
    Parse::CPAN::Meta   2.150010
    Test::Harness       3.39    
    Test::More          1.302086
    YAML                1.23    
    YAML::Syck          1.30    
    version             0.9918  


--

Summary of my perl5 (revision 5 version 24 subversion 0) configuration:
   
  Platform:
    osname=linux, osvers=4.2.0-30-generic, archname=i686-linux
    uname='linux sno-virtual-machine 4.2.0-30-generic #36~14.04.1-ubuntu smp fri feb 26 18:50:14 utc 2016 i686 i686 i686 gnulinux '
    config_args='-de -Dprefix=/home/sno/perl5/perlbrew/perls/perl-5.24.0 -Aeval:scriptdir=/home/sno/perl5/perlbrew/perls/perl-5.24.0/bin'
    hint=recommended, useposix=true, d_sigaction=define
    useithreads=undef, usemultiplicity=undef
    use64bitint=undef, use64bitall=undef, uselongdouble=undef
    usemymalloc=n, bincompat5005=undef
  Compiler:
    cc='cc', ccflags ='-fwrapv -fno-strict-aliasing -pipe -fstack-protector -I/usr/local/include -D_LARGEFILE_SOURCE -D_FILE_OFFSET_BITS=64',
    optimize='-O2',
    cppflags='-fwrapv -fno-strict-aliasing -pipe -fstack-protector -I/usr/local/include'
    ccversion='', gccversion='4.8.4', gccosandvers=''
    intsize=4, longsize=4, ptrsize=4, doublesize=8, byteorder=1234, doublekind=3
    d_longlong=define, longlongsize=8, d_longdbl=define, longdblsize=12, longdblkind=3
    ivtype='long', ivsize=4, nvtype='double', nvsize=8, Off_t='off_t', lseeksize=8
    alignbytes=4, prototype=define
  Linker and Libraries:
    ld='cc', ldflags =' -fstack-protector -L/usr/local/lib'
    libpth=/usr/local/lib /usr/lib/gcc/i686-linux-gnu/4.8/include-fixed /usr/include/i386-linux-gnu /usr/lib /lib/i386-linux-gnu /lib/../lib /usr/lib/i386-linux-gnu /usr/lib/../lib /lib /lib64 /usr/lib64
    libs=-lpthread -lnsl -ldl -lm -lcrypt -lutil -lc
    perllibs=-lpthread -lnsl -ldl -lm -lcrypt -lutil -lc
    libc=libc-2.19.so, so=so, useshrplib=false, libperl=libperl.a
    gnulibc_version='2.19'
  Dynamic Linking:
    dlsrc=dl_dlopen.xs, dlext=so, d_dlsymun=undef, ccdlflags='-Wl,-E'
    cccdlflags='-fPIC', lddlflags='-shared -O2 -L/usr/local/lib -fstack-protector'


Characteristics of this binary (from libperl): 
  Compile-time options: HAS_TIMES PERLIO_LAYERS PERL_COPY_ON_WRITE
                        PERL_DONT_CREATE_GVSV
                        PERL_HASH_FUNC_ONE_AT_A_TIME_HARD PERL_MALLOC_WRAP
                        PERL_PRESERVE_IVUV USE_LARGE_FILES USE_LOCALE
                        USE_LOCALE_COLLATE USE_LOCALE_CTYPE
                        USE_LOCALE_NUMERIC USE_LOCALE_TIME USE_PERLIO
                        USE_PERL_ATOF
  Locally applied patches:
	Devel::PatchPerl 1.38
  Built under linux
  Compiled at May 11 2016 08:42:26
  %ENV:
    PERL5LIB=""
    PERL5OPT=""
    PERL5_CPANPLUS_IS_RUNNING="5559"
    PERL5_CPAN_IS_RUNNING="5559"
    PERLBREW_BASHRC_VERSION="0.75"
    PERLBREW_HOME="/home/sno/.perlbrew"
    PERLBREW_MANPATH="/home/sno/perl5/perlbrew/perls/perl-5.24.0/man"
    PERLBREW_PATH="/home/sno/perl5/perlbrew/bin:/home/sno/perl5/perlbrew/perls/perl-5.24.0/bin"
    PERLBREW_PERL="perl-5.24.0"
    PERLBREW_ROOT="/home/sno/perl5/perlbrew"
    PERLBREW_VERSION="0.75"
    PERL_MM_USE_DEFAULT="1"
  @INC:
    /home/sno/perl5/perlbrew/perls/perl-5.24.0/lib/site_perl/5.24.0/i686-linux
    /home/sno/perl5/perlbrew/perls/perl-5.24.0/lib/site_perl/5.24.0
    /home/sno/perl5/perlbrew/perls/perl-5.24.0/lib/5.24.0/i686-linux
    /home/sno/perl5/perlbrew/perls/perl-5.24.0/lib/5.24.0
    .