Report for Unix-Lsof-0.1.0

Back
From: Slaven Rezić (SREZIC) 
Subject: FAIL Unix-Lsof-0.1.0 5.26.1 FreeBSD
Date: 2018-06-11T05:04:58Z

This distribution has been tested as part of the CPAN Testers
project, supporting the Perl programming language.  See
http://wiki.cpantesters.org/ for more information or email
questions to cpan-testers-discuss@perl.org


--
Dear Marc Beyer,

This is a computer-generated report for Unix-Lsof-0.1.0
on perl 5.26.1, created by CPAN-Reporter-1.2018.

Thank you for uploading your work to CPAN.  However, there was a problem
testing your distribution.

If you think this report is invalid, please consult the CPAN Testers Wiki
for suggestions on how to avoid getting FAIL reports for missing library
or binary dependencies, unsupported operating systems, and so on:

http://wiki.cpantesters.org/wiki/CPANAuthorNotes

Sections of this report:

    * Tester comments
    * Program output
    * Prerequisites
    * Environment and other context

------------------------------
TESTER COMMENTS
------------------------------

Additional comments from tester:

none provided

------------------------------
PROGRAM OUTPUT
------------------------------

Output from './Build test':


#   Failed test 'Found open network socket'
#   at t/10.procedural.t line 82.
#          got: undef
#     expected: '127.0.0.1:42424'
# Looks like you failed 1 test of 19.
t/10.procedural.t ......... 
Dubious, test returned 1 (wstat 256, 0x100)
Failed 1/19 subtests 

#   Failed test 'Returned correct filter result for field that only exists in some rows'
#   at t/20.lsof-result.t line 164.
#     Structures begin differing at:
#          $got->{IPv4} = Does not exist
#     $expected->{IPv4} = ARRAY(0x42cd7e40)

#   Failed test 'tcp/tpi info reported correctly'
#   at t/20.lsof-result.t line 167.
#          got: undef
#     expected: 'LISTEN'

#   Failed test 'tcp/tpi info correctly parsed into the short form'
#   at t/20.lsof-result.t line 171.
#          got: undef
#     expected: 'LISTEN'

#   Failed test 'tcp/tpi info correctly parsed into the array'
#   at t/20.lsof-result.t line 176.
#          got: undef
#     expected: 'ST=LISTEN'

#   Failed test 'Test::NoWarnings'
#   at t/20.lsof-result.t line 182.
# There were 4 warning(s)
# 	Previous test 57 'Array with single correct filename returned'
# 	protocol name is not in the list of fields returned by lsof at /home/cpansand/.cpan/build/2018061103/Unix-Lsof-0.1.0-0/blib/lib/Unix/Lsof/Result.pm line 285.
#  at /home/cpansand/.cpan/build/2018061103/Unix-Lsof-0.1.0-0/blib/lib/Unix/Lsof/Result.pm line 285.
# 	Unix::Lsof::Result::_iwarn(Unix::Lsof::Result=HASH(0x42ba0660), "protocol name is not in the list of fields returned by lsof") called at /home/cpansand/.cpan/build/2018061103/Unix-Lsof-0.1.0-0/blib/lib/Unix/Lsof/Result.pm line 201
# 	Unix::Lsof::Result::_setup_fields(Unix::Lsof::Result=HASH(0x42ba0660)) called at /home/cpansand/.cpan/build/2018061103/Unix-Lsof-0.1.0-0/blib/lib/Unix/Lsof/Result.pm line 109
# 	Unix::Lsof::Result::get_hashof_rows(Unix::Lsof::Result=HASH(0x42ba0660), HASH(0x413326d8), "file type", "protocol name", "n") called at t/20.lsof-result.t line 163
# 
# ----------
# 	Previous test 58 'Returned correct filter result for field that only exists in some rows'
# 	tcp/tpi info is not in the list of fields returned by lsof at /home/cpansand/.cpan/build/2018061103/Unix-Lsof-0.1.0-0/blib/lib/Unix/Lsof/Result.pm line 285.
#  at /home/cpansand/.cpan/build/2018061103/Unix-Lsof-0.1.0-0/blib/lib/Unix/Lsof/Result.pm line 285.
# 	Unix::Lsof::Result::_iwarn(Unix::Lsof::Result=HASH(0x42ba0660), "tcp/tpi info is not in the list of fields returned by lsof") called at /home/cpansand/.cpan/build/2018061103/Unix-Lsof-0.1.0-0/blib/lib/Unix/Lsof/Result.pm line 201
# 	Unix::Lsof::Result::_setup_fields(Unix::Lsof::Result=HASH(0x42ba0660)) called at /home/cpansand/.cpan/build/2018061103/Unix-Lsof-0.1.0-0/blib/lib/Unix/Lsof/Result.pm line 154
# 	Unix::Lsof::Result::get_arrayof_rows(Unix::Lsof::Result=HASH(0x42ba0660), HASH(0x413326d8), "T") called at /home/cpansand/.cpan/build/2018061103/Unix-Lsof-0.1.0-0/blib/lib/Unix/Lsof/Result.pm line 69
# 	Unix::Lsof::Result::get_arrayof_columns(Unix::Lsof::Result=HASH(0x42ba0660), HASH(0x413326d8), "T") called at /home/cpansand/.cpan/build/2018061103/Unix-Lsof-0.1.0-0/blib/lib/Unix/Lsof/Result.pm line 62
# 	Unix::Lsof::Result::get_values(Unix::Lsof::Result=HASH(0x42ba0660), HASH(0x413326d8), "T") called at t/20.lsof-result.t line 166
# 
# ----------
# 	Previous test 59 'tcp/tpi info reported correctly'
# 	tcp/tpi info is not in the list of fields returned by lsof at /home/cpansand/.cpan/build/2018061103/Unix-Lsof-0.1.0-0/blib/lib/Unix/Lsof/Result.pm line 285.
#  at /home/cpansand/.cpan/build/2018061103/Unix-Lsof-0.1.0-0/blib/lib/Unix/Lsof/Result.pm line 285.
# 	Unix::Lsof::Result::_iwarn(Unix::Lsof::Result=HASH(0x42cd7e28), "tcp/tpi info is not in the list of fields returned by lsof") called at /home/cpansand/.cpan/build/2018061103/Unix-Lsof-0.1.0-0/blib/lib/Unix/Lsof/Result.pm line 201
# 	Unix::Lsof::Result::_setup_fields(Unix::Lsof::Result=HASH(0x42cd7e28)) called at /home/cpansand/.cpan/build/2018061103/Unix-Lsof-0.1.0-0/blib/lib/Unix/Lsof/Result.pm line 154
# 	Unix::Lsof::Result::get_arrayof_rows(Unix::Lsof::Result=HASH(0x42cd7e28), HASH(0x42cd9d20), "T") called at /home/cpansand/.cpan/build/2018061103/Unix-Lsof-0.1.0-0/blib/lib/Unix/Lsof/Result.pm line 69
# 	Unix::Lsof::Result::get_arrayof_columns(Unix::Lsof::Result=HASH(0x42cd7e28), HASH(0x42cd9d20), "T") called at /home/cpansand/.cpan/build/2018061103/Unix-Lsof-0.1.0-0/blib/lib/Unix/Lsof/Result.pm line 62
# 	Unix::Lsof::Result::get_values(Unix::Lsof::Result=HASH(0x42cd7e28), HASH(0x42cd9d20), "T") called at t/20.lsof-result.t line 170
# 
# ----------
# 	Previous test 60 'tcp/tpi info correctly parsed into the short form'
# 	tcp/tpi info is not in the list of fields returned by lsof at /home/cpansand/.cpan/build/2018061103/Unix-Lsof-0.1.0-0/blib/lib/Unix/Lsof/Result.pm line 285.
#  at /home/cpansand/.cpan/build/2018061103/Unix-Lsof-0.1.0-0/blib/lib/Unix/Lsof/Result.pm line 285.
# 	Unix::Lsof::Result::_iwarn(Unix::Lsof::Result=HASH(0x42c46330), "tcp/tpi info is not in the list of fields returned by lsof") called at /home/cpansand/.cpan/build/2018061103/Unix-Lsof-0.1.0-0/blib/lib/Unix/Lsof/Result.pm line 201
# 	Unix::Lsof::Result::_setup_fields(Unix::Lsof::Result=HASH(0x42c46330)) called at /home/cpansand/.cpan/build/2018061103/Unix-Lsof-0.1.0-0/blib/lib/Unix/Lsof/Result.pm line 154
# 	Unix::Lsof::Result::get_arrayof_rows(Unix::Lsof::Result=HASH(0x42c46330), HASH(0x42ba0018), "T") called at /home/cpansand/.cpan/build/2018061103/Unix-Lsof-0.1.0-0/blib/lib/Unix/Lsof/Result.pm line 69
# 	Unix::Lsof::Result::get_arrayof_columns(Unix::Lsof::Result=HASH(0x42c46330), HASH(0x42ba0018), "T") called at /home/cpansand/.cpan/build/2018061103/Unix-Lsof-0.1.0-0/blib/lib/Unix/Lsof/Result.pm line 62
# 	Unix::Lsof::Result::get_values(Unix::Lsof::Result=HASH(0x42c46330), HASH(0x42ba0018), "T") called at t/20.lsof-result.t line 174
# 
# Looks like you failed 5 tests of 62.
t/20.lsof-result.t ........ 
Dubious, test returned 5 (wstat 1280, 0x500)
Failed 5/62 subtests 
t/30.parse_lsof_output.t .. ok
t/pod-coverage.t .......... ok
t/pod.t ................... ok

Test Summary Report
-------------------
t/10.procedural.t       (Wstat: 256 Tests: 19 Failed: 1)
  Failed test:  18
  Non-zero exit status: 1
t/20.lsof-result.t      (Wstat: 1280 Tests: 62 Failed: 5)
  Failed tests:  58-62
  Non-zero exit status: 5
Files=5, Tests=95,  3 wallclock secs ( 0.05 usr  0.02 sys +  1.16 cusr  0.90 csys =  2.12 CPU)
Result: FAIL
Failed 2/5 test programs. 6/95 subtests failed.

------------------------------
PREREQUISITES
------------------------------

Prerequisite modules loaded:

requires:

    Module              Need   Have    
    ------------------- ------ --------
    IPC::Run3           0      0.048   
    perl                v5.8.0 5.026001
    Test::More          0      1.302128
    version             0      0.9917  

configure_requires:

    Module              Need   Have    
    ------------------- ------ --------
    ExtUtils::MakeMaker 0      7.30    


------------------------------
ENVIRONMENT AND OTHER CONTEXT
------------------------------

Environment variables:

    PATH = /usr/local/bin:/usr/bin:/bin:/usr/local/sbin:/usr/sbin:/sbin:/home/cpansand/bin/freebsd12.0:/home/cpansand/bin/sh:/home/cpansand/bin:/usr/games:/home/cpansand/devel:/home/eserte/src/srezic-misc/scripts
    PERL5LIB = 
    PERL5OPT = 
    PERL5_CPANPLUS_IS_RUNNING = 11610
    PERL5_CPAN_IS_RUNNING = 11610
    PERL5_CPAN_IS_RUNNING_IN_RECURSION = 11400,11610
    PERLDOC = -MPod::Perldoc::ToTextOverstrike
    PERL_BATCH = yes
    PERL_CANARY_STABILITY_NOPROMPT = 1
    PERL_CPAN_REPORTER_CONFIG = /var/tmp/cpansmoker-1023/2018061103/cpanreporter_000_config.ini
    PERL_EXTUTILS_AUTOINSTALL = --defaultdeps
    PERL_USE_UNSAFE_INC = 1
    SHELL = /usr/local/bin/zsh
    TERM = screen
    TMPDIR = /var/tmp/cpansmoker-1023/2018061103

Perl special variables (and OS-specific diagnostics, for MSWin32):

    $^X = /usr/perl5.26.1p/bin/perl5.26.1
    $UID/$EUID = 1023 / 1023
    $GID = 1023 1023
    $EGID = 1023 1023

Perl module toolchain versions installed:

    Module              Have    
    ------------------- --------
    CPAN                2.18    
    CPAN::Meta          2.150010
    Cwd                 3.67    
    ExtUtils::CBuilder  0.280230
    ExtUtils::Command   7.30    
    ExtUtils::Install   2.06    
    ExtUtils::MakeMaker 7.30    
    ExtUtils::Manifest  1.70    
    ExtUtils::ParseXS   3.34    
    File::Spec          3.67    
    JSON                2.97001 
    JSON::PP            2.97001 
    Module::Build       0.4224  
    Module::Signature   0.81    
    Parse::CPAN::Meta   2.150010
    Test::Harness       3.38    
    Test::More          1.302128
    YAML                1.24    
    YAML::Syck          1.30    
    version             0.9917  


--

Summary of my perl5 (revision 5 version 26 subversion 1) configuration:
   
  Platform:
    osname=freebsd
    osvers=12.0-current
    archname=amd64-freebsd
    uname='freebsd ali1.bbbike.org 12.0-current freebsd 12.0-current #0 bd8385a990e(master)-dirty: fri nov 17 01:06:44 utc 2017 root@ali1.bbbike.org:usrobjhomeprojectsfreebsdamd64.amd64sysgeneric amd64 '
    config_args='-ds -e -Dprefix=/usr/perl5.26.1p -Dcf_email=srezic@cpan.org -Doptimize=-O2 -pipe'
    hint=recommended
    useposix=true
    d_sigaction=define
    useithreads=undef
    usemultiplicity=undef
    use64bitint=define
    use64bitall=define
    uselongdouble=undef
    usemymalloc=n
    default_inc_excludes_dot=define
    bincompat5005=undef
  Compiler:
    cc='cc'
    ccflags ='-DHAS_FPSETMASK -DHAS_FLOATINGPOINT_H -fno-strict-aliasing -pipe -fstack-protector-strong -I/usr/local/include -D_FORTIFY_SOURCE=2'
    optimize='-O2 -pipe'
    cppflags='-DHAS_FPSETMASK -DHAS_FLOATINGPOINT_H -fno-strict-aliasing -pipe -fstack-protector-strong -I/usr/local/include'
    ccversion=''
    gccversion='4.2.1 Compatible FreeBSD Clang 5.0.0 (tags/RELEASE_500/final 312559)'
    gccosandvers=''
    intsize=4
    longsize=8
    ptrsize=8
    doublesize=8
    byteorder=12345678
    doublekind=3
    d_longlong=define
    longlongsize=8
    d_longdbl=define
    longdblsize=16
    longdblkind=3
    ivtype='long'
    ivsize=8
    nvtype='double'
    nvsize=8
    Off_t='off_t'
    lseeksize=8
    alignbytes=8
    prototype=define
  Linker and Libraries:
    ld='cc'
    ldflags ='-pthread -Wl,-E  -fstack-protector-strong -L/usr/local/lib'
    libpth=/usr/lib /usr/local/lib /usr/lib/clang/5.0.0/lib /usr/lib
    libs=-lpthread -lgdbm -lm -lcrypt -lutil -lc
    perllibs=-lpthread -lm -lcrypt -lutil -lc
    libc=
    so=so
    useshrplib=false
    libperl=libperl.a
    gnulibc_version=''
  Dynamic Linking:
    dlsrc=dl_dlopen.xs
    dlext=so
    d_dlsymun=undef
    ccdlflags=' '
    cccdlflags='-DPIC -fPIC'
    lddlflags='-shared  -L/usr/local/lib -fstack-protector-strong'


Characteristics of this binary (from libperl): 
  Compile-time options:
    HAS_TIMES
    PERLIO_LAYERS
    PERL_COPY_ON_WRITE
    PERL_DONT_CREATE_GVSV
    PERL_MALLOC_WRAP
    PERL_OP_PARENT
    PERL_PRESERVE_IVUV
    USE_64_BIT_ALL
    USE_64_BIT_INT
    USE_LARGE_FILES
    USE_LOCALE
    USE_LOCALE_COLLATE
    USE_LOCALE_CTYPE
    USE_LOCALE_NUMERIC
    USE_LOCALE_TIME
    USE_PERLIO
    USE_PERL_ATOF
  Built under freebsd
  Compiled at Nov 17 2017 03:55:14
  %ENV:
    PERL5LIB=""
    PERL5OPT=""
    PERL5_CPANPLUS_IS_RUNNING="11610"
    PERL5_CPAN_IS_RUNNING="11610"
    PERL5_CPAN_IS_RUNNING_IN_RECURSION="11400,11610"
    PERLDOC="-MPod::Perldoc::ToTextOverstrike"
    PERL_BATCH="yes"
    PERL_CANARY_STABILITY_NOPROMPT="1"
    PERL_CPAN_REPORTER_CONFIG="/var/tmp/cpansmoker-1023/2018061103/cpanreporter_000_config.ini"
    PERL_EXTUTILS_AUTOINSTALL="--defaultdeps"
    PERL_USE_UNSAFE_INC="1"
  @INC:
    /usr/perl5.26.1p/lib/site_perl/5.26.1/amd64-freebsd
    /usr/perl5.26.1p/lib/site_perl/5.26.1
    /usr/perl5.26.1p/lib/5.26.1/amd64-freebsd
    /usr/perl5.26.1p/lib/5.26.1
    .