Report for Log-Log4perl-1.46

Back
From: metabase:user:b5d08ee0-c4e1-11e4-8722-f94d18e3ac47
Subject: FAIL Log-Log4perl-1.46 v5.22.0 GNU/Linux
Date: 2015-08-10T11:50:23Z

This distribution has been tested as part of the CPAN Testers
project, supporting the Perl programming language.  See
http://wiki.cpantesters.org/ for more information or email
questions to cpan-testers-discuss@perl.org


--
Dear MSCHILLI,

This is a computer-generated report for Log-Log4perl-1.46
on perl 5.22.0, created by App::cpanminus::reporter 0.13 (1.7027).

Thank you for uploading your work to CPAN.  However, there was a problem
testing your distribution.

If you think this report is invalid, please consult the CPAN Testers Wiki
for suggestions on how to avoid getting FAIL reports for missing library
or binary dependencies, unsupported operating systems, and so on:

http://wiki.cpantesters.org/wiki/CPANAuthorNotes

Sections of this report:

    * Tester comments
    * Program output
    * Prerequisites
    * Environment and other context

------------------------------
TESTER COMMENTS
------------------------------

Additional comments from tester:

none provided

------------------------------
PROGRAM OUTPUT
------------------------------

Output from '':

Building and testing Log-Log4perl-1.46
cp lib/Log/Log4perl/Filter/MDC.pm blib/lib/Log/Log4perl/Filter/MDC.pm
cp lib/Log/Log4perl/FAQ.pm blib/lib/Log/Log4perl/FAQ.pm
cp lib/Log/Log4perl/Config/Watch.pm blib/lib/Log/Log4perl/Config/Watch.pm
cp lib/Log/Log4perl/Config/BaseConfigurator.pm blib/lib/Log/Log4perl/Config/BaseConfigurator.pm
cp lib/Log/Log4perl/JavaMap/FileAppender.pm blib/lib/Log/Log4perl/JavaMap/FileAppender.pm
cp lib/Log/Log4perl/Appender/File.pm blib/lib/Log/Log4perl/Appender/File.pm
cp lib/Log/Log4perl/Appender/TestFileCreeper.pm blib/lib/Log/Log4perl/Appender/TestFileCreeper.pm
cp lib/Log/Log4perl/Filter/Boolean.pm blib/lib/Log/Log4perl/Filter/Boolean.pm
cp lib/Log/Log4perl/Appender/String.pm blib/lib/Log/Log4perl/Appender/String.pm
cp lib/Log/Log4perl/Appender/DBI.pm blib/lib/Log/Log4perl/Appender/DBI.pm
cp lib/Log/Log4perl/Filter/LevelRange.pm blib/lib/Log/Log4perl/Filter/LevelRange.pm
cp lib/Log/Log4perl/DateFormat.pm blib/lib/Log/Log4perl/DateFormat.pm
cp lib/Log/Log4perl/Appender/TestBuffer.pm blib/lib/Log/Log4perl/Appender/TestBuffer.pm
cp lib/Log/Log4perl/Config/DOMConfigurator.pm blib/lib/Log/Log4perl/Config/DOMConfigurator.pm
cp lib/Log/Log4perl/Appender/ScreenColoredLevels.pm blib/lib/Log/Log4perl/Appender/ScreenColoredLevels.pm
cp lib/Log/Log4perl/Appender/Screen.pm blib/lib/Log/Log4perl/Appender/Screen.pm
cp lib/Log/Log4perl/Filter.pm blib/lib/Log/Log4perl/Filter.pm
cp lib/Log/Log4perl/Catalyst.pm blib/lib/Log/Log4perl/Catalyst.pm
cp lib/Log/Log4perl/Appender/TestArrayBuffer.pm blib/lib/Log/Log4perl/Appender/TestArrayBuffer.pm
cp lib/Log/Log4perl/Config.pm blib/lib/Log/Log4perl/Config.pm
cp lib/Log/Log4perl.pm blib/lib/Log/Log4perl.pm
cp lib/Log/Log4perl/Appender/RRDs.pm blib/lib/Log/Log4perl/Appender/RRDs.pm
cp lib/Log/Log4perl/Filter/StringMatch.pm blib/lib/Log/Log4perl/Filter/StringMatch.pm
cp lib/Log/Log4perl/InternalDebug.pm blib/lib/Log/Log4perl/InternalDebug.pm
cp lib/Log/Log4perl/Appender/Socket.pm blib/lib/Log/Log4perl/Appender/Socket.pm
cp lib/Log/Log4perl/Filter/LevelMatch.pm blib/lib/Log/Log4perl/Filter/LevelMatch.pm
cp lib/Log/Log4perl/Appender.pm blib/lib/Log/Log4perl/Appender.pm
cp lib/Log/Log4perl/JavaMap.pm blib/lib/Log/Log4perl/JavaMap.pm
cp lib/Log/Log4perl/Config/PropertyConfigurator.pm blib/lib/Log/Log4perl/Config/PropertyConfigurator.pm
cp lib/Log/Log4perl/Appender/Synchronized.pm blib/lib/Log/Log4perl/Appender/Synchronized.pm
cp lib/Log/Log4perl/Appender/Limit.pm blib/lib/Log/Log4perl/Appender/Limit.pm
cp lib/Log/Log4perl/JavaMap/ConsoleAppender.pm blib/lib/Log/Log4perl/JavaMap/ConsoleAppender.pm
cp lib/Log/Log4perl/Appender/Buffer.pm blib/lib/Log/Log4perl/Appender/Buffer.pm
cp lib/Log/Log4perl/JavaMap/TestBuffer.pm blib/lib/Log/Log4perl/JavaMap/TestBuffer.pm
cp lib/Log/Log4perl/Layout/NoopLayout.pm blib/lib/Log/Log4perl/Layout/NoopLayout.pm
cp lib/Log/Log4perl/JavaMap/RollingFileAppender.pm blib/lib/Log/Log4perl/JavaMap/RollingFileAppender.pm
cp lib/Log/Log4perl/Level.pm blib/lib/Log/Log4perl/Level.pm
cp lib/Log/Log4perl/Layout/PatternLayout/Multiline.pm blib/lib/Log/Log4perl/Layout/PatternLayout/Multiline.pm
cp lib/Log/Log4perl/JavaMap/SyslogAppender.pm blib/lib/Log/Log4perl/JavaMap/SyslogAppender.pm
cp lib/Log/Log4perl/Resurrector.pm blib/lib/Log/Log4perl/Resurrector.pm
cp lib/Log/Log4perl/Util/Semaphore.pm blib/lib/Log/Log4perl/Util/Semaphore.pm
cp lib/Log/Log4perl/MDC.pm blib/lib/Log/Log4perl/MDC.pm
cp lib/Log/Log4perl/JavaMap/JDBCAppender.pm blib/lib/Log/Log4perl/JavaMap/JDBCAppender.pm
cp lib/Log/Log4perl/Util.pm blib/lib/Log/Log4perl/Util.pm
cp lib/Log/Log4perl/Logger.pm blib/lib/Log/Log4perl/Logger.pm
cp lib/Log/Log4perl/Util/TimeTracker.pm blib/lib/Log/Log4perl/Util/TimeTracker.pm
cp lib/Log/Log4perl/NDC.pm blib/lib/Log/Log4perl/NDC.pm
cp lib/Log/Log4perl/Layout/SimpleLayout.pm blib/lib/Log/Log4perl/Layout/SimpleLayout.pm
cp lib/Log/Log4perl/JavaMap/NTEventLogAppender.pm blib/lib/Log/Log4perl/JavaMap/NTEventLogAppender.pm
cp lib/Log/Log4perl/Layout.pm blib/lib/Log/Log4perl/Layout.pm
cp lib/Log/Log4perl/Layout/PatternLayout.pm blib/lib/Log/Log4perl/Layout/PatternLayout.pm
cp eg/l4p-tmpl blib/script/l4p-tmpl
"/home/arpi/opt/perl5/perls/perl-5.22.0/bin/perl" -MExtUtils::MY -e 'MY->fixin(shift)' -- blib/script/l4p-tmpl
Manifying 1 pod document
Manifying 28 pod documents
Manifying 23 pod documents
PERL_DL_NONLAZY=1 "/home/arpi/opt/perl5/perls/perl-5.22.0/bin/perl" "-MExtUtils::Command::MM" "-MTest::Harness" "-e" "undef *Test::Harness::Switches; test_harness(0, 'blib/lib', 'blib/arch')" t/*.t
t/001Level.t .............. ok
t/002Logger.t ............. ok
t/003Layout-Rr.t .......... ok
t/003Layout.t ............. ok
t/004Config.t ............. ok
t/005Config-Perl.t ........ ok
t/006Config-Java.t ........ ok
t/007LogPrio.t ............ ok
t/008ConfCat.t ............ ok
t/009Deuce.t .............. ok

#   Failed test at t/010JConsole.t line 88.
#          got: ''
#     expected: 'INFO  cat1 - info message 1 
# WARN  cat1 - warning message 1 
# FATAL cat1 - fatal message 1 
# '
# Looks like you failed 1 test of 1.
t/010JConsole.t ........... 
Dubious, test returned 1 (wstat 256, 0x100)
Failed 1/1 subtests 
t/011JFile.t .............. ok
t/012Deeper.t ............. ok
t/013Bench.t .............. ok
t/014ConfErrs.t ........... ok
t/015fltmsg.t ............. ok
t/016Export.t ............. ok
t/017Watch.t .............. ok
t/018Init.t ............... ok
t/019Warn.t ............... ok
t/020Easy.t ............... ok
t/020Easy2.t .............. ok
t/021AppThres.t ........... ok
t/022Wrap.t ............... ok
t/023Date.t ............... ok
t/024WarnDieCarp.t ........ ok
t/025CustLevels.t ......... ok
t/026FileApp.t ............ ok
t/027Watch2.t ............. ok
t/027Watch3.t ............. ok
t/027Watch4.t ............. ok
t/028Additivity.t ......... ok
t/029SysWide.t ............ ok
t/030LDLevel.t ............ ok
t/031NDC.t ................ ok
t/032JRollFile.t .......... skipped: only with Log::Dispatch::FileRotate 1.10
t/033UsrCspec.t ........... ok
t/034DBI.t ................ skipped: DBI 1.607 or DBD::CSV 0.33 or SQL::Statement 1.20 not installed, skipping tests
t/035JDBCAppender.t ....... skipped: only with Log::Dispatch and DBD::CSV 0.33
t/036JSyslog.t ............ ok
t/037JWin32Event.t ........ skipped: only with Log::Dispatch::Win32EventLog
t/038XML-DOM1.t ........... skipped: only with XML::DOM > 1.29
t/039XML-DOM2.t ........... skipped: only with XML::DOM > 1.29
t/040Filter.t ............. ok
t/041SafeEval.t ........... ok
t/042SyncApp.t ............ skipped: - only with L4P_ALL_TESTS
t/043VarSubst.t ........... ok
t/044XML-Filter.t ......... skipped: only with XML::DOM > 1.29
t/045Composite.t .......... ok
t/046RRDs.t ............... skipped: (RRDs not installed)
t/048lwp.t ................ skipped: Only with 2.0 < LWP::UserAgent < 5.822
t/049Unhide.t ............. ok
t/050Buffer.t ............. ok
t/051Extra.t .............. ok
t/052Utf8.t ............... ok
t/053Resurrect.t .......... ok
t/054Subclass.t ........... ok
t/055AppDestroy.t ......... ok
t/056SyncApp2.t ........... skipped: - only with L4P_ALL_TESTS
t/057MsgChomp.t ........... ok
t/058Warnings.t ........... ok
t/059Wrapper.t ............ ok
t/060Initialized.t ........ ok
t/061Multiline.t .......... ok
t/062InitHash.t ........... ok
t/063LoggerRemove.t ....... ok
t/064RealClass.t .......... ok
t/065Undef.t .............. ok
t/066SQLite.t ............. ok
t/067Exception.t .......... ok
t/068MultilineIndented.t .. ok
t/069MoreMultiline.t ...... ok
t/070UTCDate.t ............ ok

Test Summary Report
-------------------
t/010JConsole.t         (Wstat: 256 Tests: 1 Failed: 1)
  Failed test:  1
  Non-zero exit status: 1
Files=73, Tests=728, 38 wallclock secs ( 0.48 usr  0.10 sys + 11.33 cusr  0.81 csys = 12.72 CPU)
Result: FAIL

------------------------------
PREREQUISITES
------------------------------

Prerequisite modules loaded:

    No requirements found

------------------------------
ENVIRONMENT AND OTHER CONTEXT
------------------------------

Environment variables:

    LANG = en_US.UTF-8
    LANGUAGE = en_US
    LC_ADDRESS = ro_RO.UTF-8
    LC_IDENTIFICATION = ro_RO.UTF-8
    LC_MEASUREMENT = ro_RO.UTF-8
    LC_MONETARY = ro_RO.UTF-8
    LC_NAME = ro_RO.UTF-8
    LC_NUMERIC = ro_RO.UTF-8
    LC_PAPER = ro_RO.UTF-8
    LC_TELEPHONE = ro_RO.UTF-8
    LC_TIME = ro_RO.UTF-8
    PATH = /home/arpi/opt/perl5/bin:/home/arpi/opt/perl5/perls/stable/bin:/home/arpi/.local/opt/postgresql/bin:/home/arpi/bin:/home/arpi/.local/opt/PDK9/bin:/home/arpi/.vim/bin:/home/arpi/.local/opt/postgresql/bin:/home/arpi/bin:/home/arpi/.local/opt/PDK9/bin:/home/arpi/.vim/bin:/home/arpi/.local/opt/postgresql/bin:/home/arpi/bin:/home/arpi/.local/opt/PDK9/bin:/home/arpi/.vim/bin:/media/arpi/XTEND/programs/adt-bundle-linux-x86_64-20140702/sdk/tools:/media/arpi/XTEND/programs/adt-bundle-linux-x86_64-20140702/sdk/platform-tools:/home/arpi/bin:/home/arpi/.local/opt/postgresql/bin:/home/arpi/bin:/home/arpi/.local/opt/PDK9/bin:/home/arpi/.vim/bin:/home/arpi/.local/opt/postgresql/bin:/home/arpi/bin:/home/arpi/.local/opt/PDK9/bin:/home/arpi/.vim/bin:/home/arpi/.local/opt/perl5/perls/stable/bin:/home/arpi/bin:/home/arpi/.vim/bin:/media/arpi/XTEND/programs/adt-bundle-linux-x86_64-20140702/sdk/tools:/media/arpi/XTEND/programs/adt-bundle-linux-x86_64-20140702/sdk/platform-tools:/home/arpi/bin:/usr/local/sbin:/usr/local/bin:/usr/sbin:/usr/bin:/sbin:/bin:/usr/games:/usr/local/games
    PERLBREW_BASHRC_VERSION = 0.73
    PERLBREW_HOME = /home/arpi/.perlbrew
    PERLBREW_MANPATH = /home/arpi/opt/perl5/perls/stable/man
    PERLBREW_PATH = /home/arpi/opt/perl5/bin:/home/arpi/opt/perl5/perls/stable/bin
    PERLBREW_PERL = stable
    PERLBREW_ROOT = /home/arpi/opt/perl5
    PERLBREW_VERSION = 0.73
    SHELL = /bin/bash
    TERM = screen-256color

Perl special variables (and OS-specific diagnostics, for MSWin32):

    EGID = 1000 4 6 24 27 30 46 104 109 124 125 130 134 135 1000 1001
    EUID = 1000
    EXECUTABLE_NAME = /home/arpi/opt/perl5/perls/perl-5.22.0/bin/perl
    GID = 1000 4 6 24 27 30 46 104 109 124 125 130 134 135 1000 1001
    UID = 1000

Perl module toolchain versions installed:

    Module              Have    
    ------------------- --------
    CPAN                2.11    
    CPAN::Meta          2.150001
    Cwd                 3.56    
    ExtUtils::CBuilder  0.280221
    ExtUtils::Command   1.20    
    ExtUtils::Install   2.04    
    ExtUtils::MakeMaker 7.04_01 
    ExtUtils::Manifest  1.70    
    ExtUtils::ParseXS   3.28    
    File::Spec          3.56    
    JSON                2.90    
    JSON::PP            2.27300 
    Module::Build       0.4214  
    Module::Signature   n/a     
    Parse::CPAN::Meta   1.4414  
    Test::Harness       3.35    
    Test::More          1.001014
    YAML                1.15    
    YAML::Syck          1.29    
    version             0.9909  


--

Summary of my perl5 (revision 5 version 22 subversion 0) configuration:
   
  Platform:
    osname=linux, osvers=3.13.0-62-generic, archname=x86_64-linux-thread-multi
    uname='linux plancton 3.13.0-62-generic #101-ubuntu smp thu jul 30 09:01:36 utc 2015 x86_64 x86_64 x86_64 gnulinux '
    config_args='-de -Dprefix=/home/arpi/opt/perl5/perls/perl-5.22.0 -Dusethreads -Duselargefiles -Duse64bitall -Dusesitecustomize -Duseshrplib -Dinc_version_list=none -Dpager=/bin/less -Doptimize=-O2 -Dcf_by=Plenum.ro -Dcf_email=arpad.szasz@plenum.ro -Uuserelocatableinc -UDEBUGGING -Aeval:scriptdir=/home/arpi/opt/perl5/perls/perl-5.22.0/bin'
    hint=recommended, useposix=true, d_sigaction=define
    useithreads=define, usemultiplicity=define
    use64bitint=define, use64bitall=define, uselongdouble=undef
    usemymalloc=n, bincompat5005=undef
  Compiler:
    cc='cc', ccflags ='-D_REENTRANT -D_GNU_SOURCE -fwrapv -fno-strict-aliasing -pipe -fstack-protector -I/usr/local/include -D_LARGEFILE_SOURCE -D_FILE_OFFSET_BITS=64',
    optimize='-O2',
    cppflags='-D_REENTRANT -D_GNU_SOURCE -fwrapv -fno-strict-aliasing -pipe -fstack-protector -I/usr/local/include'
    ccversion='', gccversion='4.8.4', gccosandvers=''
    intsize=4, longsize=8, ptrsize=8, doublesize=8, byteorder=12345678, doublekind=3
    d_longlong=define, longlongsize=8, d_longdbl=define, longdblsize=16, longdblkind=3
    ivtype='long', ivsize=8, nvtype='double', nvsize=8, Off_t='off_t', lseeksize=8
    alignbytes=8, prototype=define
  Linker and Libraries:
    ld='cc', ldflags =' -fstack-protector -L/usr/local/lib'
    libpth=/usr/local/lib /usr/lib/gcc/x86_64-linux-gnu/4.8/include-fixed /usr/include/x86_64-linux-gnu /usr/lib /lib/x86_64-linux-gnu /lib/../lib /usr/lib/x86_64-linux-gnu /usr/lib/../lib /lib
    libs=-lpthread -lnsl -ldb -ldl -lm -lcrypt -lutil -lc
    perllibs=-lpthread -lnsl -ldl -lm -lcrypt -lutil -lc
    libc=libc-2.19.so, so=so, useshrplib=true, libperl=libperl.so
    gnulibc_version='2.19'
  Dynamic Linking:
    dlsrc=dl_dlopen.xs, dlext=so, d_dlsymun=undef, ccdlflags='-Wl,-E -Wl,-rpath,/home/arpi/opt/perl5/perls/perl-5.22.0/lib/5.22.0/x86_64-linux-thread-multi/CORE'
    cccdlflags='-fPIC', lddlflags='-shared -O2 -L/usr/local/lib -fstack-protector'


Characteristics of this binary (from libperl): 
  Compile-time options: HAS_TIMES MULTIPLICITY PERLIO_LAYERS
                        PERL_DONT_CREATE_GVSV
                        PERL_HASH_FUNC_ONE_AT_A_TIME_HARD
                        PERL_IMPLICIT_CONTEXT PERL_MALLOC_WRAP
                        PERL_NEW_COPY_ON_WRITE PERL_PRESERVE_IVUV
                        USE_64_BIT_ALL USE_64_BIT_INT USE_ITHREADS
                        USE_LARGE_FILES USE_LOCALE USE_LOCALE_COLLATE
                        USE_LOCALE_CTYPE USE_LOCALE_NUMERIC USE_LOCALE_TIME
                        USE_PERLIO USE_PERL_ATOF USE_REENTRANT_API
                        USE_SITECUSTOMIZE
  Locally applied patches:
	Devel::PatchPerl 1.30
  Built under linux
  Compiled at Aug 10 2015 11:54:21
  %ENV:
    PERLBREW_BASHRC_VERSION="0.73"
    PERLBREW_HOME="/home/arpi/.perlbrew"
    PERLBREW_MANPATH="/home/arpi/opt/perl5/perls/stable/man"
    PERLBREW_PATH="/home/arpi/opt/perl5/bin:/home/arpi/opt/perl5/perls/stable/bin"
    PERLBREW_PERL="stable"
    PERLBREW_ROOT="/home/arpi/opt/perl5"
    PERLBREW_VERSION="0.73"
  @INC:
    /home/arpi/opt/perl5/perls/perl-5.22.0/lib/site_perl/5.22.0/x86_64-linux-thread-multi
    /home/arpi/opt/perl5/perls/perl-5.22.0/lib/site_perl/5.22.0
    /home/arpi/opt/perl5/perls/perl-5.22.0/lib/5.22.0/x86_64-linux-thread-multi
    /home/arpi/opt/perl5/perls/perl-5.22.0/lib/5.22.0
    .