Report for IO-All-0.56

Back
From: metabase:user:6b7c0268-6bfa-1014-b492-d6f6123e60b2
Subject: FAIL IO-All-0.56 v5.18.2 
Date: 2014-02-01T00:45:28Z

This distribution has been tested as part of the CPAN Testers
project, supporting the Perl programming language.  See
http://wiki.cpantesters.org/ for more information or email
questions to cpan-testers-discuss@perl.org


--
Dear Arthur Axel 'fREW' Schmidt,

This is a computer-generated report for IO-All-0.56
on perl 5.18.2, created by CPAN-Reporter-1.2010.

Thank you for uploading your work to CPAN.  However, there was a problem
testing your distribution.

If you think this report is invalid, please consult the CPAN Testers Wiki
for suggestions on how to avoid getting FAIL reports for missing library
or binary dependencies, unsupported operating systems, and so on:

http://wiki.cpantesters.org/wiki/CPANAuthorNotes

Sections of this report:

    * Tester comments
    * Program output
    * Prerequisites
    * Environment and other context

------------------------------
TESTER COMMENTS
------------------------------

Additional comments from tester:

this report is from an automated smoke testing program
and was not reviewed by a human for accuracy

------------------------------
PROGRAM OUTPUT
------------------------------

Output from 'C:\smoker\51821x64\c\bin\dmake.exe test':

C:\smoker\51821x64\perl\bin\perl.exe "-MExtUtils::Command::MM" "-MTest::Harness" "-e" "undef *Test::Harness::Switches; test_harness(0, 'blib\lib', 'blib\arch')" t/*.t
t/absolute.t ............ ok
t/accept.t .............. ok
t/all.t ................. ok
t/all2.t ................ ok
t/append.t .............. skipped: CPANPLUS/MSWin32 breaks this
t/assert.t .............. ok
t/assert2.t ............. ok
t/autotie.t ............. ok
t/backwards.t ........... ok
t/chdir.t ............... ok
t/chomp.t ............... ok
t/construct.t ........... ok
t/dbm.t ................. ok
t/devnull.t ............. ok
t/empty.t ............... ok
t/encoding.t ............ ok
t/error1.t .............. ok

#   Failed test 'give full canonical path for real files'
#   at t/file_spec.t line 9.
#                   'C:/smoker/51821x64/cpan/build/IO-All-0.56-d7GBDM/t/file_spec.t'
#     doesn't match '(?^:t\file_spec.t$)'
././t/bogus: No such file or directory at lib/IO/All.pm line 440.
# Looks like you planned 33 tests but ran 3.
# Looks like you failed 1 test of 3 run.
# Looks like your test exited with 2 just after 3.
t/file_spec.t ........... 
Dubious, test returned 2 (wstat 512, 0x200)
Failed 31/33 subtests 
t/file_subclass.t ....... ok
t/fileno.t .............. skipped: CPANPLUS/MSWin32 breaks this
t/glob.t ................ ok
t/import_flags.t ........ ok
t/in-place.t ............ ok
t/inline_subclass.t ..... ok
t/input.t ............... ok
t/link.t ................ skipped: Cannot call symlink on this platform
t/link2.t ............... skipped: Cannot call symlink on this platform
t/lock.t ................ ok
cannot unlink file for t\output__mldbm\mldbm.dir: Permission denied at t/IO_All_Test.pm line 82.
cannot unlink file for t\output__mldbm\mldbm.pag: Permission denied at t/IO_All_Test.pm line 82.
cannot remove directory for t/output__mldbm: Directory not empty at t/IO_All_Test.pm line 82.
t/mldbm.t ............... ok
t/new.t ................. ok
t/os.t .................. ok
t/overload.t ............ ok
t/pipe.t ................ ok
t/print.t ............... ok
t/println.t ............. ok
t/read.t ................ ok
t/read_write.t .......... ok
t/release-pod-syntax.t .. skipped: these tests are for release candidate testing
t/round_robin.t ......... ok
t/rt-41819.t ............ ok
t/RT81224.t ............. ok
t/scalar.t .............. ok
t/seek.t ................ ok
t/separator.t ........... ok
t/stat.t ................ ok
t/string_open.t ......... ok
t/subtleties.t .......... ok
t/synopsis1.t ........... ok
t/synopsis2.t ........... ok
t/synopsis3.t ........... ok
t/synopsis5.t ........... ok
t/tie.t ................. ok
t/tie_file.t ............ ok
t/xxx.t ................. ok

Test Summary Report
-------------------
t/file_spec.t         (Wstat: 512 Tests: 3 Failed: 1)
  Failed test:  1
  Non-zero exit status: 2
  Parse errors: Bad plan.  You planned 33 tests but ran 3.
Files=54, Tests=313, 27 wallclock secs ( 0.41 usr +  0.11 sys =  0.52 CPU)
Result: FAIL
Failed 1/54 test programs. 1/313 subtests failed.
dmake.exe:  Error code 255, while making 'test_dynamic'

------------------------------
PREREQUISITES
------------------------------

Prerequisite modules loaded:

requires:

    Module              Need Have   
    ------------------- ---- -------
    Cwd                 0    3.40   
    Scalar::Util        0    1.38   

configure_requires:

    Module              Need Have   
    ------------------- ---- -------
    ExtUtils::MakeMaker 6.30 6.87_05


------------------------------
ENVIRONMENT AND OTHER CONTEXT
------------------------------

Environment variables:

    AUTOMATED_TESTING = 1
    COMSPEC = C:\Windows\system32\cmd.exe
    NUMBER_OF_PROCESSORS = 3
    PATH = C:\smoker\51821x64\perl\site\bin;C:\smoker\51821x64\perl\bin;C:\smoker\51821x64\c\bin;C:\Windows\system32;C:\Windows;C:\Windows\System32\Wbem
    PERL5LIB = 
    PERL5OPT = 
    PERL5_CPANPLUS_IS_RUNNING = 2376
    PERL5_CPAN_IS_RUNNING = 2376
    PERL5_CPAN_IS_RUNNING_IN_RECURSION = 2328,2376
    PERL_CR_SMOKER_CURRENT = IO-All-0.56
    PERL_EXTUTILS_AUTOINSTALL = --defaultdeps
    PERL_MM_USE_DEFAULT = 1
    PROCESSOR_IDENTIFIER = Intel64 Family 6 Model 13 Stepping 3, GenuineIntel
    TEMP = C:\Users\smoker\AppData\Local\Temp\2

Perl special variables (and OS-specific diagnostics, for MSWin32):

    $^X = C:\smoker\51821x64\perl\bin\perl.exe
    $UID/$EUID = 0 / 0
    $GID = 0
    $EGID = 0
    Win32::GetOSName = Win2012
    Win32::GetOSVersion = , 6, 2, 9200, 2, 0, 0, 400, 3
    Win32::FsType = NTFS
    Win32::IsAdminUser = 0

Perl module toolchain versions installed:

    Module              Have    
    ------------------- --------
    CPAN                2.00    
    CPAN::Meta          2.133380
    Cwd                 3.40    
    ExtUtils::CBuilder  0.280212
    ExtUtils::Command   1.18    
    ExtUtils::Install   1.59    
    ExtUtils::MakeMaker 6.87_05 
    ExtUtils::Manifest  1.63    
    ExtUtils::ParseXS   3.22    
    File::Spec          3.40    
    JSON                2.90    
    JSON::PP            2.27203 
    Module::Build       0.4204  
    Module::Signature   n/a     
    Parse::CPAN::Meta   1.4409  
    Test::Harness       3.30    
    Test::More          1.001002
    YAML                0.88    
    YAML::Syck          n/a     
    version             0.9907  


--

Summary of my perl5 (revision 5 version 18 subversion 2) configuration:
   
  Platform:
    osname=MSWin32, osvers=6.2, archname=MSWin32-x64-multi-thread
    uname='Win32 strawberry-perl 5.18.2.1 #1 Tue Jan  7 22:32:35 2014 x64'
    config_args='undef'
    hint=recommended, useposix=true, d_sigaction=undef
    useithreads=define, usemultiplicity=define
    useperlio=define, d_sfio=undef, uselargefiles=define, usesocks=undef
    use64bitint=define, use64bitall=undef, uselongdouble=undef
    usemymalloc=n, bincompat5005=undef
  Compiler:
    cc='gcc', ccflags =' -s -O2 -DWIN32 -DWIN64 -DCONSERVATIVE  -DPERL_TEXTMODE_SCRIPTS -DPERL_IMPLICIT_CONTEXT -DPERL_IMPLICIT_SYS -DUSE_PERLIO -fno-strict-aliasing -mms-bitfields',
    optimize='-s -O2',
    cppflags='-DWIN32'
    ccversion='', gccversion='4.7.3', gccosandvers=''
    intsize=4, longsize=4, ptrsize=8, doublesize=8, byteorder=12345678
    d_longlong=define, longlongsize=8, d_longdbl=define, longdblsize=12
    ivtype='long long', ivsize=8, nvtype='double', nvsize=8, Off_t='long long', lseeksize=8
    alignbytes=8, prototype=define
  Linker and Libraries:
    ld='g++', ldflags ='-s -L"C:\smoker\51821x64\perl\lib\CORE" -L"C:\smoker\51821x64\c\lib"'
    libpth=C:\smoker\51821x64\c\lib C:\smoker\51821x64\c\x86_64-w64-mingw32\lib C:\smoker\51821x64\c\lib\gcc\x86_64-w64-mingw32\4.7.3
    libs=-lmoldname -lkernel32 -luser32 -lgdi32 -lwinspool -lcomdlg32 -ladvapi32 -lshell32 -lole32 -loleaut32 -lnetapi32 -luuid -lws2_32 -lmpr -lwinmm -lversion -lodbc32 -lodbccp32 -lcomctl32
    perllibs=-lmoldname -lkernel32 -luser32 -lgdi32 -lwinspool -lcomdlg32 -ladvapi32 -lshell32 -lole32 -loleaut32 -lnetapi32 -luuid -lws2_32 -lmpr -lwinmm -lversion -lodbc32 -lodbccp32 -lcomctl32
    libc=, so=dll, useshrplib=true, libperl=libperl518.a
    gnulibc_version=''
  Dynamic Linking:
    dlsrc=dl_win32.xs, dlext=dll, d_dlsymun=undef, ccdlflags=' '
    cccdlflags=' ', lddlflags='-mdll -s -L"C:\smoker\51821x64\perl\lib\CORE" -L"C:\smoker\51821x64\c\lib"'


Characteristics of this binary (from libperl): 
  Compile-time options: HAS_TIMES HAVE_INTERP_INTERN MULTIPLICITY
                        PERLIO_LAYERS PERL_DONT_CREATE_GVSV
                        PERL_HASH_FUNC_ONE_AT_A_TIME_HARD
                        PERL_IMPLICIT_CONTEXT PERL_IMPLICIT_SYS
                        PERL_MALLOC_WRAP PERL_PRESERVE_IVUV PERL_SAWAMPERSAND
                        USE_64_BIT_INT USE_ITHREADS USE_LARGE_FILES
                        USE_LOCALE USE_LOCALE_COLLATE USE_LOCALE_CTYPE
                        USE_LOCALE_NUMERIC USE_PERLIO USE_PERL_ATOF
  Built under MSWin32
  Compiled at Jan  7 2014 22:40:30
  %ENV:
    PERL5_CPANPLUS_IS_RUNNING="2376"
    PERL5_CPAN_IS_RUNNING="2376"
    PERL5_CPAN_IS_RUNNING_IN_RECURSION="2328,2376"
    PERL_CR_SMOKER_CURRENT="IO-All-0.56"
    PERL_EXTUTILS_AUTOINSTALL="--defaultdeps"
    PERL_MM_USE_DEFAULT="1"
  @INC:
    C:/smoker/51821x64/perl/site/lib
    C:/smoker/51821x64/perl/vendor/lib
    C:/smoker/51821x64/perl/lib
    .