Report for Forks-Super-0.73

Back
From: metabase:user:ade1afce-f882-11e3-b8e5-e4ac2292c85c
Subject: FAIL Forks-Super-0.73 v5.20.1 GNU/Linux
Date: 2014-11-04T14:22:18Z

This distribution has been tested as part of the CPAN Testers
project, supporting the Perl programming language.  See
http://wiki.cpantesters.org/ for more information or email
questions to cpan-testers-discuss@perl.org


--

Dear Marty O'Brien,

This is a computer-generated error report created automatically by
CPANPLUS, version 0.9152. Testers personal comments may appear
at the end of this report.


Thank you for uploading your work to CPAN.  However, it appears that
there were some problems testing your distribution.

TEST RESULTS:

Below is the error stack from stage 'make test':

PERL_DL_NONLAZY=1 "/opt/perl5/perls/perl-5.20.0/bin/perl" "-MExtUtils::Command::MM" "-MTest::Harness" "-e" "undef *Test::Harness::Switches; test_harness(0, 'blib/lib', 'blib/arch')" t/*.t
t/00-use.t ................... ok
t/01a-import.t ............... ok
t/01b-import.t ............... ok
Invalid assignment to enumerated tied scalar
t/01c-import.t ............... ok
Invalid assignment to enumerated tied scalar at t/02a-tie-enum.t line 23.
t/02a-tie-enum.t ............. ok
Invalid assignment to enumerated tied scalar
Invalid assignment to enumerated tied scalar
t/02b-tie-on_busy.t .......... ok
t/03a-queue-ties.t ........... ok
t/03b-queue-func.t ........... ok
t/04-ipc-dir.t ............... ok
t/05-util.t .................. ok
t/06-job.t ................... ok
t/07-sync.t .................. ok

[Time::HiRes enabled (v1.9726)]
[Sys::CpuAffinity enabled (v1.06)]
[Sys::CpuLoadX enabled (v0.04)]
[DateTime::Format::Natural enabled (v1.02)]
CONFIG{/uptime} enabled
%SysInfo::CONFIG includes: SIGUSR1 alarm getpgrp getpriority pipe select4 setitimer socketpair
$ENV{PERL_SIGNALS} = 
$ENV{LOCALE} = 
Forks::Super::Job is overloaded: 1
Using tied IPC filehandles:  1 1 1
Max fork: 1999
Time_HiRes_TOL: 0
Number of cpus: 3
$ENV{TEST_LENIENT} = undef

t/09-show-config.t ........... ok
t/10-to-natural.t ............ ok
t/11-to-command.t ............ ok
Possible precedence issue with control flow operator at t/12-to-sub.t line 39, <DATA> line 268.
t/12-to-sub.t ................ ok
t/13-to-exec.t ............... ok
t/15-debug.t ................. ok
t/16-overload.t .............. ok
Forks::Super::launch: system fork call returned undef. Retrying ...
Forks::Super::launch: system fork call returned undef. Retrying ...
Forks::Super::launch: system fork call returned undef. Retrying ...
Forks::Super::launch: system fork call returned undef. Retrying ...
Forks::Super::launch: system fork call returned undef. Retrying ...
Forks::Super::launch: system fork call returned undef. Retrying ...
Forks::Super::launch: system fork call returned undef. Retrying ...
Forks::Super::launch: system fork call returned undef. Retrying ...
t/17-retries.t ............... ok
t/20-wait.t .................. ok
t/21-waitpid.t ............... ok
t/22-waitall.t ............... ok
t/23a-wait-timeout.t ......... ok
t/23b-waitpid-timeout.t ...... ok
t/23c-waitall-timeout.t ...... ok
9592 received SIGQUIT

t/24a-kill.t ................. ok
t/24b-kill.t ................. ok
t/24c-kill.t ................. ok
t/24d-kill.t ................. ok
t/24e-kill.t ................. ok
10729 received SIGQUIT

10727 received SIGQUIT

10728 received SIGQUIT

t/24f-kill.t ................. ok
received message 0a239
t/25-open.t .................. ok
t/26-waitpid-MSWin32-pgrp.t .. ok
Forks::Super::fork() not allowed in child process 10933 while $Forks::Super::CHILD_FORK_OK is not set!
Forks::Super::fork() call not allowed in child process 10936 while $Forks::Super::CHILD_FORK_OK <= 0.
Will use CORE::fork() to create child of child.
Argument "" isn't numeric in numeric eq (==) at /home/skyrider/.cpanplus/5.20.1/build/Forks-Super-0.73/blib/lib/Forks/Super/Job.pm line 1779, <DATA> line 268.
t/30a-fork-from-child.t ...... ok
Forks::Super::fork() not allowed in child process 10938 while $Forks::Super::CHILD_FORK_OK is not set!
Forks::Super::fork() call not allowed in child process 10938 while $Forks::Super::CHILD_FORK_OK <= 0.
Will use CORE::fork() to create child of child.
Forks::Super::fork() not allowed in child process 10941 while $Forks::Super::CHILD_FORK_OK is not set!
Forks::Super::fork() call not allowed in child process 10942 while $Forks::Super::CHILD_FORK_OK <= 0.
Will use CORE::fork() to create child of child.
Forks::Super::fork() not allowed in child process 10945 while $Forks::Super::CHILD_FORK_OK is not set!
Forks::Super::fork() call not allowed in child process 10947 while $Forks::Super::CHILD_FORK_OK <= 0.
Will use CORE::fork() to create child of child.
t/30b-fork-from-child.t ...... ok
t/32-stress-test.t ........... ok
This program now using 35 of ~35 open file handles. Consider closing unused filehandles.
This program now using 36 of ~35 open file handles. Consider closing unused filehandles.
This program now using 37 of ~35 open file handles. Consider closing unused filehandles.
This program now using 38 of ~35 open file handles. Consider closing unused filehandles.
This program now using 39 of ~35 open file handles. Consider closing unused filehandles.
This program now using 40 of ~35 open file handles. Consider closing unused filehandles.
This program now using 41 of ~35 open file handles. Consider closing unused filehandles.
This program now using 40 of ~35 open file handles. Consider closing unused filehandles.
This program now using 41 of ~35 open file handles. Consider closing unused filehandles.
This program now using 42 of ~35 open file handles. Consider closing unused filehandles.
This program now using 43 of ~35 open file handles. Consider closing unused filehandles.
This program now using 42 of ~35 open file handles. Consider closing unused filehandles.
This program now using 43 of ~35 open file handles. Consider closing unused filehandles.
This program now using 44 of ~35 open file handles. Consider closing unused filehandles.
This program now using 45 of ~35 open file handles. Consider closing unused filehandles.
This program now using 46 of ~35 open file handles. Consider closing unused filehandles.
This program now using 47 of ~35 open file handles. Consider closing unused filehandles.
This program now using 48 of ~35 open file handles. Consider closing unused filehandles.
This program now using 49 of ~35 open file handles. Consider closing unused filehandles.
# 11114 => 1
# 11115 => 1
# 11116 => 1
# hello 1
This program now using 84 of ~85 open file handles. Consider closing unused filehandles.
closed Forks::Super::Tie::Delegator=GLOB(0x1b66f58) for child_stress_7
closed Forks::Super::Tie::Delegator=GLOB(0x1b5c990) for child_stdin
closed Forks::Super::Tie::Delegator=GLOB(0x1b66a18) for child_stress_6
closed Forks::Super::Tie::Delegator=GLOB(0x1b664f0) for child_stress_5
closed Forks::Super::Tie::Delegator=GLOB(0x1b588b8) for child_stress_1
closed Forks::Super::Tie::Delegator=GLOB(0x1b60978) for child_stress_4
closed Forks::Super::Tie::Delegator=GLOB(0x1b5c780) for child_stderr
closed Forks::Super::Tie::Delegator=GLOB(0xdb4b28) for child_stress_3
closed Forks::Super::Tie::Delegator=GLOB(0x1b58cd8) for child_stress_2
closed Forks::Super::Tie::Delegator=GLOB(0x1b5cd20) for child_stdout
Forks::Super::Job::Ipc: Closed 10 open filehandles from jobs that look complete.
# ----
# good-bye 1
# ----
# hello 1
# good-bye 1
# 8070070
t/33-too-many-filehandles.t .. ok
Forks::Super: child process timeout
t/40a-timeout.t .............. ok
t/40b-timeout.t .............. ok
Forks::Super::Job::_config_timeout_child(): quick timeout at /home/skyrider/.cpanplus/5.20.1/build/Forks-Super-0.73/blib/lib/Forks/Super/Job.pm line 1559.
t/40c-timeout.t .............. ok
Forks::Super: child process timeout
t/40d-timeout.t .............. ok
t/40e-timeout.t .............. ok
Forks::Super::Job::_config_timeout_child(): quick timeout at /home/skyrider/.cpanplus/5.20.1/build/Forks-Super-0.73/blib/lib/Forks/Super/Job.pm line 1559.
t/40f-timeout.t .............. ok
Forks::Super: child process timeout
Forks::Super: child process timeout
t/40g-timeout.t .............. ok
Forks::Super: child process timeout

t/40h-timeout.t .............. ok
Forks::Super: child process timeout
Forks::Super::Job::_config_timeout_child(): quick timeout at /home/skyrider/.cpanplus/5.20.1/build/Forks-Super-0.73/blib/lib/Forks/Super/Job.pm line 1559.
Forks::Super: Failed to open < /home/skyrider/.cpanplus/5.20.1/build/Forks-Super-0.73/.fhfork11156/.fh_003 after 10 tries. Giving up.

Forks::Super::Job::config_fh_parent(): could not open filehandle to read child STDOUT (from /home/skyrider/.cpanplus/5.20.1/build/Forks-Super-0.73/.fhfork11156/.fh_003): Нет такого файла или каталога
t/40i-timeout.t .............. ok
t/41a-filehandles.t .......... ok
Forks::Super::_readline(): read on closed handle for job 11168
 at /home/skyrider/.cpanplus/5.20.1/build/Forks-Super-0.73/blib/lib/Forks/Super/Job/Ipc.pm line 3117.
t/41b-filehandles.t .......... ok
t/41c-filehandles.t .......... ok
t/41d-filehandles.t .......... ok
t/41f-filehandles.t .......... ok
t/41g-filehandles.t .......... ok
t/41j-filehandles.t .......... ok
t/41k-filehandles.t .......... ok
t/42a-filehandles.t .......... ok
t/42b-filehandles.t .......... ok
t/42c-filehandles.t .......... ok
t/42d-filehandles.t .......... ok
t/42e-filehandles.t .......... ok
t/42f-filehandles.t .......... ok
t/42g-filehandles.t .......... ok
t/42h-filehandles.t .......... ok
t/42i-filehandles.t .......... ok
t/42j-filehandles.t .......... ok
t/42l-filehandles.t .......... ok
t/43a-sockethandles.t ........ ok
t/43b-sockethandles.t ........ ok
t/43c-sockethandles.t ........ ok
t/43d-sockethandles.t ........ ok
t/43e-sockethandles.t ........ ok
t/43f-sockethandles.t ........ ok
t/43g-sockethandles.t ........ ok
t/43h-sockethandles.t ........ ok
t/43j-sockethandles.t ........ ok
t/43l-sockethandles.t ........ ok
t/44a-pipes.t ................ ok
t/44b-pipes.t ................ ok
t/44c-pipes.t ................ ok
t/44d-pipes.t ................ ok
t/44f-pipes.t ................ ok
t/44g-pipes.t ................ ok
t/44h-pipes.t ................ ok
t/44j-pipes.t ................ ok
t/44l-pipes.t ................ ok
t/45-no-filehandles.t ........ ok
Cpu load: 0.24
t/46a-busy.t ................. ok
t/46b-userbusy.t ............. ok
Forks::Super: child process timeout
t/47-share.t ................. ok
Forks::Super::Job: suspend called on suspended job 13341
Forks::Super::Job: suspend called on suspended job 13341
Forks::Super::Job: suspend called on suspended job 13341
Forks::Super::Job: suspend called on suspended job 13341
t/48a-suspend.t .............. ok
# pausing 5.99864459037781 ...
# pausing 3.99864459037781 ...
t/48b-suspend-callback.t ..... ok
t/50-queue.t ................. ok
t/51a-delayed.t .............. ok
t/51b-delayed.t .............. ok
t/51c-delayed.t .............. ok
t/52a-dependencies.t ......... ok
t/52b-dependencies.t ......... ok
t/52c-dependencies.t ......... ok
t/53a-name.t ................. ok
Forks::Super: Job dependency identifier "circle2" is invaild. Ignoring

t/53b-name.t ................. ok
t/53c-name.t ................. ok
Forks::Super: child process timeout
t/54-reuse.t ................. ok
Forks::Super::_readline(): read on closed handle for job 14946
 at /home/skyrider/.cpanplus/5.20.1/build/Forks-Super-0.73/blib/lib/Forks/Super/Job/Ipc.pm line 3117.
t/55-dispose.t ............... ok
Forks::Super::Job::launch(): Invalid "dir" option: "/home/skyrider/.cpanplus/5.20.1/build/Forks-Super-0.73/t/dir56789" Нет такого файла или каталога
 at t/56a-dir.t line 68.
t/56a-dir.t .................. ok
t/56b-env.t .................. ok
# sync implementation is Semaphlock
t/57-sync.t .................. ok
t/60-os.t .................... ok
t/61-callbacks.t ............. ok
Forks::Super: child process timeout
t/62ad-bg_eval.t ............. ok
Forks::Super: child process timeout
t/62aj-bg_eval.t ............. ok
Forks::Super: child process timeout
t/62ay-bg_eval.t ............. ok
Forks::Super: child process timeout
t/62ayt-bg_eval.t ............ ok
Forks::Super: child process timeout
Forks::Super: child process timeout
Use of uninitialized value in string eq at /home/skyrider/.cpanplus/5.20.1/build/Forks-Super-0.73/blib/lib/Forks/Super/LazyEval/BackgroundArray.pm line 190.
t/62bd-bg_eval_tie.t ......... ok
Forks::Super: child process timeout
Forks::Super: child process timeout
t/62bj-bg_eval_tie.t ......... ok
Forks::Super: child process timeout
Forks::Super: child process timeout
Use of uninitialized value in string eq at /home/skyrider/.cpanplus/5.20.1/build/Forks-Super-0.73/blib/lib/Forks/Super/LazyEval/BackgroundArray.pm line 190.
t/62by-bg_eval_tie.t ......... ok
Forks::Super: child process timeout
Forks::Super: child process timeout
Use of uninitialized value in string eq at /home/skyrider/.cpanplus/5.20.1/build/Forks-Super-0.73/blib/lib/Forks/Super/LazyEval/BackgroundArray.pm line 190.
t/62byt-bg_eval_tie.t ........ ok
Forks::Super: child process timeout

Forks::Super: child process timeout

t/63a-bg_qx.t ................ ok
Forks::Super: child process timeout

Forks::Super: child process timeout

Forks::Super: child process timeout

Forks::Super: child process timeout

t/63b-bg_qx_tie.t ............ ok
t/64-cpu_load.t .............. ok
t/65a-daemon.t ............... ok
t/65b-daemon.t ............... ok
# gonna suspend job in state DAEMON
t/65c-daemon.t ............... ok
t/65d-daemon.t ............... ok
t/65e-daemon.t ............... ok

#   Failed test 'daemon process does not have a parent'
#   at t/66a-daemon.t line 106.
# daemon process was '5126
# ', expected '1'
# Looks like you failed 1 test of 8.
t/66a-daemon.t ............... 
Dubious, test returned 1 (wstat 256, 0x100)
Failed 1/8 subtests 
t/66b-daemon.t ............... ok
t/66c-daemon.t ............... ok
t/70-cleanse.t ............... ok
Invalid assignment to enumerated tied scalar at blib/lib/Forks/Super/Config.pm line 208.
t/71-config.t ................ ok

Test Summary Report
-------------------
t/66a-daemon.t             (Wstat: 256 Tests: 8 Failed: 1)
  Failed test:  5
  Non-zero exit status: 1
Files=129, Tests=2140, 1385 wallclock secs ( 1.21 usr  0.28 sys + 84.10 cusr  7.88 csys = 93.47 CPU)
Result: FAIL
Failed 1/129 test programs. 1/2140 subtests failed.
make: *** [test_dynamic] Ошибка 255


PREREQUISITES:

Here is a list of prerequisites you specified and versions we
managed to load:

	  Module Name                        Have     Want
	  ExtUtils::MakeMaker                7.00        0
	  Test::More                     1.001009        0
	  Time::HiRes                      1.9726     1.30

Perl module toolchain versions installed:
	Module Name                        Have
	CPANPLUS                         0.9152
	CPANPLUS::Dist::Build              0.78
	Cwd                                3.48
	ExtUtils::CBuilder             0.280220
	ExtUtils::Command                  1.18
	ExtUtils::Install                  2.04
	ExtUtils::MakeMaker                7.00
	ExtUtils::Manifest                 1.68
	ExtUtils::ParseXS                  3.24
	File::Spec                         3.48
	Module::Build                    0.4210
	Pod::Parser                        1.62
	Pod::Simple                        3.28
	Test::Harness                      3.33
	Test::More                     1.001009
	version                          0.9909

******************************** NOTE ********************************
The comments above are created mechanically, possibly without manual
checking by the sender.  As there are many people performing automatic
tests on each upload to CPAN, it is likely that you will receive
identical messages about the same problem.

If you believe that the message is mistaken, please reply to the first
one with correction and/or additional informations, and do not take
it personally.  We appreciate your patience. :)
**********************************************************************

Additional comments:

--

Summary of my perl5 (revision 5 version 20 subversion 1) configuration:
   
  Platform:
    osname=linux, osvers=3.13.0-39-generic, archname=x86_64-linux
    uname='linux skydevel 3.13.0-39-generic #66-ubuntu smp tue oct 28 13:30:27 utc 2014 x86_64 x86_64 x86_64 gnulinux '
    config_args='-de -Dprefix=/opt/perl5/perls/perl-5.20.0 -Aeval:scriptdir=/opt/perl5/perls/perl-5.20.0/bin'
    hint=recommended, useposix=true, d_sigaction=define
    useithreads=undef, usemultiplicity=undef
    use64bitint=define, use64bitall=define, uselongdouble=undef
    usemymalloc=n, bincompat5005=undef
  Compiler:
    cc='cc', ccflags ='-fwrapv -fno-strict-aliasing -pipe -fstack-protector -I/usr/local/include -D_LARGEFILE_SOURCE -D_FILE_OFFSET_BITS=64',
    optimize='-O2',
    cppflags='-fwrapv -fno-strict-aliasing -pipe -fstack-protector -I/usr/local/include'
    ccversion='', gccversion='4.8.2', gccosandvers=''
    intsize=4, longsize=8, ptrsize=8, doublesize=8, byteorder=12345678
    d_longlong=define, longlongsize=8, d_longdbl=define, longdblsize=16
    ivtype='long', ivsize=8, nvtype='double', nvsize=8, Off_t='off_t', lseeksize=8
    alignbytes=8, prototype=define
  Linker and Libraries:
    ld='cc', ldflags =' -fstack-protector -L/usr/local/lib'
    libpth=/usr/local/lib /usr/lib/gcc/x86_64-linux-gnu/4.8/include-fixed /usr/include/x86_64-linux-gnu /usr/lib /lib/x86_64-linux-gnu /lib/../lib /usr/lib/x86_64-linux-gnu /usr/lib/../lib /lib
    libs=-lnsl -lgdbm -ldb -ldl -lm -lcrypt -lutil -lc -lgdbm_compat
    perllibs=-lnsl -ldl -lm -lcrypt -lutil -lc
    libc=libc-2.19.so, so=so, useshrplib=false, libperl=libperl.a
    gnulibc_version='2.19'
  Dynamic Linking:
    dlsrc=dl_dlopen.xs, dlext=so, d_dlsymun=undef, ccdlflags='-Wl,-E'
    cccdlflags='-fPIC', lddlflags='-shared -O2 -L/usr/local/lib -fstack-protector'


Characteristics of this binary (from libperl): 
  Compile-time options: HAS_TIMES PERLIO_LAYERS PERL_DONT_CREATE_GVSV
                        PERL_HASH_FUNC_ONE_AT_A_TIME_HARD PERL_MALLOC_WRAP
                        PERL_NEW_COPY_ON_WRITE PERL_PRESERVE_IVUV
                        USE_64_BIT_ALL USE_64_BIT_INT USE_LARGE_FILES
                        USE_LOCALE USE_LOCALE_COLLATE USE_LOCALE_CTYPE
                        USE_LOCALE_NUMERIC USE_PERLIO USE_PERL_ATOF
  Built under linux
  Compiled at Nov  3 2014 11:47:02
  %ENV:
    PERL5LIB=":/home/skyrider/.cpanplus/5.20.1/build/Forks-Super-0.73/blib/lib:/home/skyrider/.cpanplus/5.20.1/build/Forks-Super-0.73/blib/arch"
    PERL5_CPANPLUS_IS_RUNNING="16913"
    PERL5_CPANPLUS_IS_VERSION="0.9152"
    PERLBREW_MANPATH="/opt/perl5/perls/perl-5.20.0/man"
    PERLBREW_PATH="/opt/perl5/bin:/opt/perl5/perls/perl-5.20.0/bin"
    PERLBREW_PERL="perl-5.20.0"
    PERLBREW_ROOT="/opt/perl5"
    PERLBREW_SKIP_INIT="1"
    PERLBREW_VERSION="0.67.1"
    PERLDOC_PAGER="most"
    PERL_MM_USE_DEFAULT="1"
    PERL_READLINE_NOWARN="1"
  @INC:
    /home/skyrider/.cpanplus/5.20.1/build/Forks-Super-0.73/blib/lib
    /home/skyrider/.cpanplus/5.20.1/build/Forks-Super-0.73/blib/arch
    /opt/perl5/perls/perl-5.20.0/lib/site_perl/5.20.1/x86_64-linux
    /opt/perl5/perls/perl-5.20.0/lib/site_perl/5.20.1
    /opt/perl5/perls/perl-5.20.0/lib/5.20.1/x86_64-linux
    /opt/perl5/perls/perl-5.20.0/lib/5.20.1
    /opt/perl5/perls/perl-5.20.0/lib/site_perl/5.20.0/x86_64-linux
    /opt/perl5/perls/perl-5.20.0/lib/site_perl/5.20.0
    /opt/perl5/perls/perl-5.20.0/lib/site_perl
    .