Report for KiokuDB-0.52

Back
From: metabase:user:320bfe00-2aae-11df-837a-5e0a49663a4f
Subject: FAIL KiokuDB-0.52 v5.17.8 GNU/Linux
Date: 2013-03-11T00:59:51Z

This distribution has been tested as part of the CPAN Testers
project, supporting the Perl programming language.  See
http://wiki.cpantesters.org/ for more information or email
questions to cpan-testers-discuss@perl.org


--
Dear Jesse Luehrs,

This is a computer-generated report for KiokuDB-0.52
on perl 5.17.8, created by CPAN-Reporter-1.2009.

Thank you for uploading your work to CPAN.  However, there was a problem
testing your distribution.

If you think this report is invalid, please consult the CPAN Testers Wiki
for suggestions on how to avoid getting FAIL reports for missing library
or binary dependencies, unsupported operating systems, and so on:

http://wiki.cpantesters.org/wiki/CPANAuthorNotes

Sections of this report:

    * Tester comments
    * Program output
    * Prerequisites
    * Environment and other context

------------------------------
TESTER COMMENTS
------------------------------

Additional comments from tester:

this report is from an automated smoke testing program
and was not reviewed by a human for accuracy

------------------------------
PROGRAM OUTPUT
------------------------------

Output from '/usr/bin/make test':

PERL_DL_NONLAZY=1 /home/sand/src/perl/repoperls/installed-perls/perl/v5.17.8/165a/bin/perl "-MExtUtils::Command::MM" "-e" "test_harness(0, 'blib/lib', 'blib/arch')" t/*.t
t/coderefs.t ................... ok
t/collapser.t .................. ok
t/digest.t ..................... ok
t/directory.t .................. ok
t/entry.t ...................... ok
t/gc_naive.t ................... ok
t/gin.t ........................ ok
t/hash.t ....................... ok
t/hash_backend.t ............... ok
t/jspon_serialization.t ........ ok
t/kiokudb_class_native.t ....... ok
t/lazy.t ....................... ok
t/link_checker.t ............... ok
t/link_checker_real.t .......... ok
t/live_objs.t .................. ok
t/moose_triggers.t ............. ok
t/ref.t ........................ ok
t/scaling.t .................... ok
t/serializer.t ................. ok
t/stream.t ..................... ok
t/tied.t ....................... ok

#   Failed test 'isa entry classes'
#   at t/typemap.t line 224.
#     Structures begin differing at:
#          $got->[0] = 'KiokuDB_Test_CA'
#     $expected->[0] = 'KiokuDB_Test_Foo'

#   Failed test 'isa entry classes'
#   at t/typemap.t line 224.
#     Structures begin differing at:
#          $got->[0] = 'KiokuDB_Test_CA'
#     $expected->[0] = 'KiokuDB_Test_Foo'

#   Failed test 'isa entry classes'
#   at t/typemap.t line 224.
#     Structures begin differing at:
#          $got->[0] = 'KiokuDB_Test_CA'
#     $expected->[0] = 'KiokuDB_Test_Foo'
# Looks like you failed 3 tests of 65.
t/typemap.t .................... 
Dubious, test returned 3 (wstat 768, 0x300)
Failed 3/65 subtests 
t/typemap_default_json.t ....... ok
t/typemap_default_storable.t ... ok
t/typemap_entry_callback.t ..... ok
t/typemap_entry_mop.t .......... ok
t/typemap_entry_naive.t ........ ok
t/typemap_entry_passthrough.t .. ok
t/typemap_entry_storable.t ..... ok
t/typemap_extra.t .............. ok
t/typemap_resolver.t ........... ok
t/typemap_values.t ............. ok
t/uuid.t ....................... ok
t/versioning.t ................. ok

Test Summary Report
-------------------
t/typemap.t                  (Wstat: 768 Tests: 65 Failed: 3)
  Failed tests:  45, 51, 57
  Non-zero exit status: 3
t/typemap_values.t           (Wstat: 0 Tests: 57 Failed: 0)
  TODO passed:   49-50
Files=34, Tests=23894, 122 wallclock secs ( 1.84 usr  0.28 sys + 70.88 cusr  2.34 csys = 75.34 CPU)
Result: FAIL
Failed 1/34 test programs. 3/23894 subtests failed.
make: *** [test_dynamic] Error 255

------------------------------
PREREQUISITES
------------------------------

Prerequisite modules loaded:

requires:

    Module                        Need  Have    
    ----------------------------- ----- --------
    Cache::Ref                    0.02  0.04    
    Class::MOP                    0.94  2.0604  
    Data::Stream::Bulk            0.08  0.11    
    Data::UUID                    1.203 1.218   
    Data::Visitor                 0.24  0.28    
    Digest::SHA                   0     5.84    
    Hash::Util::FieldHash::Compat 0     0.03    
    IO                            1.23  1.26    
    JSON                          2.12  2.53    
    JSON::XS                      2.231 2.33    
    Module::Pluggable::Object     0     4.6     
    Moose                         1.17  2.0604  
    MooseX::Clone                 0.04  0.05    
    MooseX::Role::Parameterized   0.1   1.00    
    MooseX::YAML                  0.04  0.04    
    namespace::clean              0.08  0.24    
    PadWalker                     1.9   1.96    
    Path::Class                   0     0.31    
    Scalar::Util                  0     1.27    
    Scope::Guard                  0     0.20    
    Search::GIN                   0.03  0.08    
    Set::Object                   1.26  1.29    
    Storable                      0     2.40    
    Task::Weaken                  0     1.04    
    Test::Exception               0     0.31    
    Test::More                    0.88  0.98    
    Test::use::ok                 0     0.11    
    Throwable                     0     0.200003
    Tie::ToObject                 0     0.03    
    Try::Tiny                     0     0.12    
    YAML::XS                      0.3   0.39    

build_requires:

    Module                        Need  Have    
    ----------------------------- ----- --------
    ExtUtils::MakeMaker           0     6.64    

configure_requires:

    Module                        Need  Have    
    ----------------------------- ----- --------
    ExtUtils::MakeMaker           0     6.64    


------------------------------
ENVIRONMENT AND OTHER CONTEXT
------------------------------

Environment variables:

    AUTOMATED_TESTING = 1
    LANG = en_US.UTF-8
    LANGUAGE = en_US:en
    PATH = /usr/lib/ccache:/home/sand/bin:/usr/local/bin:/usr/bin:/bin:/usr/bin/X11:/usr/games:/usr/local/perl/bin:/usr/X11/bin:/sbin:/usr/sbin
    PERL5LIB = 
    PERL5OPT = 
    PERL5_CPANPLUS_IS_RUNNING = 17528
    PERL5_CPAN_IS_RUNNING = 17528
    PERL_MM_USE_DEFAULT = 1
    SHELL = /usr/bin/zsh
    TERM = screen

Perl special variables (and OS-specific diagnostics, for MSWin32):

    $^X = /home/sand/src/perl/repoperls/installed-perls/perl/v5.17.8/165a/bin/perl
    $UID/$EUID = 1005 / 1005
    $GID = 1005 1005
    $EGID = 1005 1005

Perl module toolchain versions installed:

    Module              Have    
    ------------------- --------
    CPAN                2.00    
    CPAN::Meta          2.120921
    Cwd                 3.40    
    ExtUtils::CBuilder  0.280209
    ExtUtils::Command   1.17    
    ExtUtils::Install   1.59    
    ExtUtils::MakeMaker 6.64    
    ExtUtils::Manifest  1.62    
    ExtUtils::ParseXS   3.18    
    File::Spec          3.40    
    JSON                2.53    
    JSON::PP            2.27200 
    Module::Build       0.4003  
    Module::Signature   0.70    
    Parse::CPAN::Meta   1.4404  
    Test::Harness       3.26    
    Test::More          0.98    
    YAML                0.84    
    YAML::Syck          1.24    
    version             0.9902  


--

Summary of my perl5 (revision 5 version 17 subversion 8) configuration:
  Commit id: 41c353c0b83ede9b2c7cf371b4e25f1525bb4ef4
  Platform:
    osname=linux, osvers=3.2.0-4-amd64, archname=x86_64-linux
    uname='linux k83 3.2.0-4-amd64 #1 smp debian 3.2.35-2 x86_64 gnulinux '
    config_args='-Dprefix=/home/src/perl/repoperls/installed-perls/perl/v5.17.8/165a -Dmyhostname=k83 -Dinstallusrbinperl=n -Uversiononly -Dusedevel -des -Ui_db -Uuseithreads -Uuselongdouble -DDEBUGGING=-g'
    hint=recommended, useposix=true, d_sigaction=define
    useithreads=undef, usemultiplicity=undef
    useperlio=define, d_sfio=undef, uselargefiles=define, usesocks=undef
    use64bitint=define, use64bitall=define, uselongdouble=undef
    usemymalloc=n, bincompat5005=undef
  Compiler:
    cc='cc', ccflags ='-fno-strict-aliasing -pipe -fstack-protector -I/usr/local/include -D_LARGEFILE_SOURCE -D_FILE_OFFSET_BITS=64',
    optimize='-O2 -g',
    cppflags='-fno-strict-aliasing -pipe -fstack-protector -I/usr/local/include'
    ccversion='', gccversion='4.7.2', gccosandvers=''
    intsize=4, longsize=8, ptrsize=8, doublesize=8, byteorder=12345678
    d_longlong=define, longlongsize=8, d_longdbl=define, longdblsize=16
    ivtype='long', ivsize=8, nvtype='double', nvsize=8, Off_t='off_t', lseeksize=8
    alignbytes=8, prototype=define
  Linker and Libraries:
    ld='cc', ldflags =' -fstack-protector -L/usr/local/lib'
    libpth=/usr/local/lib /lib/x86_64-linux-gnu /lib/../lib /usr/lib/x86_64-linux-gnu /usr/lib/../lib /lib /usr/lib
    libs=-lnsl -ldb -ldl -lm -lcrypt -lutil -lc
    perllibs=-lnsl -ldl -lm -lcrypt -lutil -lc
    libc=, so=so, useshrplib=false, libperl=libperl.a
    gnulibc_version='2.13'
  Dynamic Linking:
    dlsrc=dl_dlopen.xs, dlext=so, d_dlsymun=undef, ccdlflags='-Wl,-E'
    cccdlflags='-fPIC', lddlflags='-shared -O2 -g -L/usr/local/lib -fstack-protector'


Characteristics of this binary (from libperl): 
  Compile-time options: HAS_TIMES PERLIO_LAYERS PERL_DONT_CREATE_GVSV
                        PERL_MALLOC_WRAP PERL_NEW_COPY_ON_WRITE
                        PERL_PRESERVE_IVUV PERL_USE_DEVEL USE_64_BIT_ALL
                        USE_64_BIT_INT USE_LARGE_FILES USE_LOCALE
                        USE_LOCALE_COLLATE USE_LOCALE_CTYPE
                        USE_LOCALE_NUMERIC USE_PERLIO USE_PERL_ATOF
  Built under linux
  Compiled at Jan 21 2013 07:58:48
  %ENV:
    PERL5LIB=""
    PERL5OPT=""
    PERL5_CPANPLUS_IS_RUNNING="17528"
    PERL5_CPAN_IS_RUNNING="17528"
    PERL_MM_USE_DEFAULT="1"
  @INC:
    /home/src/perl/repoperls/installed-perls/perl/v5.17.8/165a/lib/site_perl/5.17.8/x86_64-linux
    /home/src/perl/repoperls/installed-perls/perl/v5.17.8/165a/lib/site_perl/5.17.8
    /home/src/perl/repoperls/installed-perls/perl/v5.17.8/165a/lib/5.17.8/x86_64-linux
    /home/src/perl/repoperls/installed-perls/perl/v5.17.8/165a/lib/5.17.8
    .