Back
From: metabase:user:30f4dfbe-2aae-11df-837a-5e0a49663a4f
Subject: FAIL Pod-Simple-3.32 v5.14.2 GNU/Linux
Date: 2016-02-25T08:58:45Z
This distribution has been tested as part of the CPAN Testers
project, supporting the Perl programming language. See
http://wiki.cpantesters.org/ for more information or email
questions to cpan-testers-discuss@perl.org
--
Dear Marc Green,
This is a computer-generated report for Pod-Simple-3.32
on perl 5.14.2, created by CPAN-Reporter-1.2015.
Thank you for uploading your work to CPAN. However, there was a problem
testing your distribution.
If you think this report is invalid, please consult the CPAN Testers Wiki
for suggestions on how to avoid getting FAIL reports for missing library
or binary dependencies, unsupported operating systems, and so on:
http://wiki.cpantesters.org/wiki/CPANAuthorNotes
Sections of this report:
* Tester comments
* Program output
* Prerequisites
* Environment and other context
------------------------------
TESTER COMMENTS
------------------------------
Additional comments from tester:
this report is from an automated smoke testing program
and was not reviewed by a human for accuracy
------------------------------
PROGRAM OUTPUT
------------------------------
Output from '/usr/bin/make test':
PERL_DL_NONLAZY=1 "/home/njh/perl5/perlbrew/perls/perl-5.14.2/bin/perl" "-MExtUtils::Command::MM" "-MTest::Harness" "-e" "undef *Test::Harness::Switches; test_harness(0, 'blib/lib', 'blib/arch')" t/*.t
t/00about.t ....... ok
t/20_skip.t ....... ok
t/ac_d.t .......... ok
t/accept01.t ...... ok
t/accept05.t ...... ok
t/basic.t ......... ok
t/begin.t ......... ok
t/cbacks.t ........ ok
t/chunking.t ...... ok
t/closeys.t ....... ok
t/corpus.t ........ ok
t/emptylists.t .... ok
t/enc-chars.t ..... ok
t/encod01.t ....... ok
t/encod02.t ....... ok
t/encod03.t ....... ok
# Failed test 4 in t/encod04.t at line 130 *TODO*
# t/encod04.t line 130 is: ok 0;
# parser guessed wrong encoding expected 'CP1252' got 'UTF-8'
t/encod04.t ....... ok
t/end_over.t ...... ok
t/eol.t ........... ok
t/eol2.t .......... ok
t/fake-closers.t .. ok
t/fcodes.t ........ ok
t/fcodes_e.t ...... ok
t/fcodes_l.t ...... ok
t/fcodes_s.t ...... ok
t/for.t ........... ok
t/fornot.t ........ ok
t/heads.t ......... ok
t/html01.t ........ ok
t/html02.t ........ ok
t/html03.t ........ ok
t/htmlbat.t ....... ok
t/items.t ......... ok
t/items02.t ....... ok
t/itemstar.t ...... ok
t/linkclas.t ...... ok
t/output.t ........ ok
t/puller.t ........ ok
t/pulltitl.t ...... ok
t/reinit.t ........ ok
t/render.t ........ ok
t/search05.t ...... ok
t/search10.t ...... ok
t/search12.t ...... ok
t/search20.t ...... ok
t/search22.t ...... ok
t/search25.t ...... ok
t/search26.t ...... ok
t/search27.t ...... ok
t/search28.t ...... ok
t/search29.t ...... ok
# Failed test ' find('perldoc') should match survey's name2where{perldoc}'
# at t/search50.t line 76.
# got: '/home/njh/perl5/perlbrew/perls/perl-5.14.2/lib/5.14.2/perldoc.pod'
# expected: '/home/njh/perl5/perlbrew/perls/perl-5.14.2/lib/5.14.2/Pod/perldoc.pod'
# Looks like you failed 1 test of 4010.
t/search50.t ......
Dubious, test returned 1 (wstat 256, 0x100)
Failed 1/4010 subtests
t/stree.t ......... ok
t/strpvbtm.t ...... ok
t/tiedfh.t ........ ok
t/verb_fmt.t ...... ok
t/verbatim.t ...... ok
t/whine.t ......... ok
t/x_nixer.t ....... ok
t/xhtml-bkb.t ..... ok
t/xhtml01.t ....... ok
t/xhtml05.t ....... ok
t/xhtml10.t ....... ok
t/xhtml15.t ....... ok
t/xhtml20.t ....... ok
Test Summary Report
-------------------
t/search50.t (Wstat: 256 Tests: 4010 Failed: 1)
Failed test: 242
Non-zero exit status: 1
Files=65, Tests=5479, 19 wallclock secs ( 0.72 usr 0.09 sys + 6.46 cusr 1.48 csys = 8.75 CPU)
Result: FAIL
Failed 1/65 test programs. 1/5479 subtests failed.
Makefile:1034: recipe for target 'test_dynamic' failed
make: *** [test_dynamic] Error 255
------------------------------
PREREQUISITES
------------------------------
Prerequisite modules loaded:
requires:
Module Need Have
------------------- --------- ---------
Carp 0 1.32
Config 0 0
Cwd 0 3.47
File::Basename 0 2.82
File::Find 0 1.19
File::Spec 0 3.47
integer 0 1.00
overload 0 1.13
Pod::Escapes 1.04 1.04
strict 0 1.04
Symbol 0 1.07
Test 1.25 1.26
Test::More 0 1.001014
Text::Wrap 98.112902 2013.0523
build_requires:
Module Need Have
------------------- --------- ---------
ExtUtils::MakeMaker 0 7.10
------------------------------
ENVIRONMENT AND OTHER CONTEXT
------------------------------
Environment variables:
AUTOMATED_TESTING = 1
LANG = en_GB.UTF-8
LANGUAGE = en_GB:en
LD_LIBRARY_PATH = /usr/local/lib::
PATH = /home/njh/perl5/perlbrew/bin:/home/njh/perl5/perlbrew/perls/perl-5.14.2/bin:/home/njh/perl5/perlbrew/bin:/usr/local/bin:/usr/bin:/bin:/usr/local/games:/usr/games:/home/njh/bin:/sbin
PERL5LIB = /home/njh/.cpan/build/File-ShareDir-Install-0.10-u7fMcA/blib/arch:/home/njh/.cpan/build/File-ShareDir-Install-0.10-u7fMcA/blib/lib:/home/njh/.cpan/build/Test-Differences-0.64-eTbbJz/blib/arch:/home/njh/.cpan/build/Test-Differences-0.64-eTbbJz/blib/lib:/home/njh/.cpan/build/Beam-Emitter-1.000-SOINuX/blib/arch:/home/njh/.cpan/build/Beam-Emitter-1.000-SOINuX/blib/lib:/home/njh/.cpan/build/Type-Tiny-1.000005-uC0r9w/blib/arch:/home/njh/.cpan/build/Type-Tiny-1.000005-uC0r9w/blib/lib:/home/njh/.cpan/build/Exporter-Tiny-0.042-2pYVHJ/blib/arch:/home/njh/.cpan/build/Exporter-Tiny-0.042-2pYVHJ/blib/lib:/home/njh/.cpan/build/Iterator-Util-0.02-oX_Pjl/blib/arch:/home/njh/.cpan/build/Iterator-Util-0.02-oX_Pjl/blib/lib:/home/njh/.cpan/build/Iterator-0.03-sj5n2q/blib/arch:/home/njh/.cpan/build/Iterator-0.03-sj5n2q/blib/lib:/home/njh/.cpan/build/Class-XSAccessor-1.19-0RhiqI/blib/arch:/home/njh/.cpan/build/Class-XSAccessor-1.19-0RhiqI/blib/lib:/home/njh/.cpan/build/Path-Tiny-0.076-2yOUgQ/blib/arch:/home/njh/.cpan/build/Path-Tiny-0.076-2yOUgQ/blib/lib:/home/njh/.cpan/build/Config-Any-0.26-KB5VKy/blib/arch:/home/njh/.cpan/build/Config-Any-0.26-KB5VKy/blib/lib:/home/njh/.cpan/build/Test-Lib-0.002-g_gc8r/blib/arch:/home/njh/.cpan/build/Test-Lib-0.002-g_gc8r/blib/lib
PERL5OPT =
PERL5_CPANPLUS_IS_RUNNING = 4205
PERL5_CPAN_IS_RUNNING = 4205
PERL5_MINISMOKEBOX = 0.58
PERLBREW_BASHRC_VERSION = 0.73
PERLBREW_HOME = /home/njh/.perlbrew
PERLBREW_LIB =
PERLBREW_MANPATH = /home/njh/perl5/perlbrew/perls/perl-5.14.2/man
PERLBREW_PATH = /home/njh/perl5/perlbrew/bin:/home/njh/perl5/perlbrew/perls/perl-5.14.2/bin
PERLBREW_PERL = perl-5.14.2
PERLBREW_ROOT = /home/njh/perl5/perlbrew
PERLBREW_VERSION = 0.73
PERL_EXTUTILS_AUTOINSTALL = --defaultdeps
PERL_LOCAL_LIB_ROOT =
PERL_MM_USE_DEFAULT = 1
SHELL = /bin/bash
TMPDIR = /home/njh/tmp
Perl special variables (and OS-specific diagnostics, for MSWin32):
$^X = /home/njh/perl5/perlbrew/perls/perl-5.14.2/bin/perl
$UID/$EUID = 1000 / 1000
$GID = 1000 4 24 25 29 30 44 46 108 112 1000
$EGID = 1000 4 24 25 29 30 44 46 108 112 1000
Perl module toolchain versions installed:
Module Have
------------------- --------
CPAN 2.10
CPAN::Meta 2.150005
Cwd 3.47
ExtUtils::CBuilder 0.280223
ExtUtils::Command 7.10
ExtUtils::Install 1.56
ExtUtils::MakeMaker 7.10
ExtUtils::Manifest 1.70
ExtUtils::ParseXS 3.22
File::Spec 3.47
JSON 2.61
JSON::PP 2.27203
Module::Build 0.4214
Module::Signature 0.73
Parse::CPAN::Meta 1.4417
Test::Harness 3.35
Test::More 1.001014
YAML 1.15
YAML::Syck 1.29
version 0.9904
--
Summary of my perl5 (revision 5 version 14 subversion 2) configuration:
Platform:
osname=linux, osvers=3.2.0-4-amd64, archname=x86_64-linux-thread-multi
uname='linux nigelhorne.force9.co.uk 3.2.0-4-amd64 #1 smp debian 3.2.32-1 x86_64 gnulinux '
config_args='-de -Dprefix=/home/njh/perl5/perlbrew/perls/perl-5.14.2 -Duseithreads -Dusemultiplicity -Accflags=-O2 -W -Wformat=2 -Wswitch -Wshadow -Wwrite-strings -Wuninitialized -Wall -pipe -mtune=native -march=native -fomit-frame-pointer -msse2 -msse -mmmx -mfpmath=sse -pedantic -D_FORTIFY_SOURCE=2 -Wpointer-arith -Wstrict-prototypes -fstack-protector -Wstack-protector -Wextra -Wbad-function-cast -Wcast-align -Wcast-qual -Wdisabled-optimization -Wendif-labels -Wfloat-equal -Wformat-nonliteral -Winline -Wmissing-declarations -Wmissing-prototypes -Wnested-externs -Wpointer-arith -Wundef -Wformat-security -ftree-vectorize -fassociative-math -ftree-vectorizer-verbose=2 -Aeval:scriptdir=/home/njh/perl5/perlbrew/perls/perl-5.14.2/bin'
hint=recommended, useposix=true, d_sigaction=define
useithreads=define, usemultiplicity=define
useperlio=define, d_sfio=undef, uselargefiles=define, usesocks=undef
use64bitint=define, use64bitall=define, uselongdouble=undef
usemymalloc=n, bincompat5005=undef
Compiler:
cc='cc', ccflags ='-D_REENTRANT -D_GNU_SOURCE -O2 -W -Wformat=2 -Wswitch -Wshadow -Wwrite-strings -Wuninitialized -Wall -pipe -mtune=native -march=native -fomit-frame-pointer -msse2 -msse -mmmx -mfpmath=sse -pedantic -D_FORTIFY_SOURCE=2 -Wpointer-arith -Wstrict-prototypes -fstack-protector -Wstack-protector -Wextra -Wbad-function-cast -Wcast-align -Wcast-qual -Wdisabled-optimization -Wendif-labels -Wfloat-equal -Wformat-nonliteral -Winline -Wmissing-declarations -Wmissing-prototypes -Wnested-externs -Wpointer-arith -Wundef -Wformat-security -ftree-vectorize -fassociative-math -ftree-vectorizer-verbose=2 -fno-strict-aliasing -I/usr/local/include -D_LARGEFILE_SOURCE -D_FILE_OFFSET_BITS=64',
optimize='-O2',
cppflags='-D_REENTRANT -D_GNU_SOURCE -O2 -W -Wformat=2 -Wswitch -Wshadow -Wwrite-strings -Wuninitialized -Wall -pipe -mtune=native -march=native -fomit-frame-pointer -msse2 -msse -mmmx -mfpmath=sse -pedantic -D_FORTIFY_SOURCE=2 -Wpointer-arith -Wstrict-prototypes -fstack-protector -Wstack-protector -Wextra -Wbad-function-cast -Wcast-align -Wcast-qual -Wdisabled-optimization -Wendif-labels -Wfloat-equal -Wformat-nonliteral -Winline -Wmissing-declarations -Wmissing-prototypes -Wnested-externs -Wpointer-arith -Wundef -Wformat-security -ftree-vectorize -fassociative-math -ftree-vectorizer-verbose=2 -fno-strict-aliasing -I/usr/local/include'
ccversion='', gccversion='4.7.2', gccosandvers=''
intsize=4, longsize=8, ptrsize=8, doublesize=8, byteorder=12345678
d_longlong=define, longlongsize=8, d_longdbl=define, longdblsize=16
ivtype='long', ivsize=8, nvtype='double', nvsize=8, Off_t='off_t', lseeksize=8
alignbytes=8, prototype=define
Linker and Libraries:
ld='cc', ldflags =' -fstack-protector -L/usr/local/lib'
libpth=/usr/local/lib /lib/x86_64-linux-gnu /lib/../lib /usr/lib/x86_64-linux-gnu /usr/lib/../lib /lib /usr/lib
libs=-lnsl -lgdbm -ldb -ldl -lm -lcrypt -lutil -lpthread -lc -lgdbm_compat
perllibs=-lnsl -ldl -lm -lcrypt -lutil -lpthread -lc
libc=, so=so, useshrplib=false, libperl=libperl.a
gnulibc_version='2.13'
Dynamic Linking:
dlsrc=dl_dlopen.xs, dlext=so, d_dlsymun=undef, ccdlflags='-Wl,-E'
cccdlflags='-fPIC', lddlflags='-shared -O2 -L/usr/local/lib -fstack-protector'
Characteristics of this binary (from libperl):
Compile-time options: MULTIPLICITY PERL_DONT_CREATE_GVSV
PERL_IMPLICIT_CONTEXT PERL_MALLOC_WRAP
PERL_PRESERVE_IVUV USE_64_BIT_ALL USE_64_BIT_INT
USE_ITHREADS USE_LARGE_FILES USE_PERLIO USE_PERL_ATOF
USE_REENTRANT_API
Built under linux
Compiled at Mar 14 2013 13:54:53
%ENV:
PERL5LIB="/home/njh/.cpan/build/File-ShareDir-Install-0.10-u7fMcA/blib/arch:/home/njh/.cpan/build/File-ShareDir-Install-0.10-u7fMcA/blib/lib:/home/njh/.cpan/build/Test-Differences-0.64-eTbbJz/blib/arch:/home/njh/.cpan/build/Test-Differences-0.64-eTbbJz/blib/lib:/home/njh/.cpan/build/Beam-Emitter-1.000-SOINuX/blib/arch:/home/njh/.cpan/build/Beam-Emitter-1.000-SOINuX/blib/lib:/home/njh/.cpan/build/Type-Tiny-1.000005-uC0r9w/blib/arch:/home/njh/.cpan/build/Type-Tiny-1.000005-uC0r9w/blib/lib:/home/njh/.cpan/build/Exporter-Tiny-0.042-2pYVHJ/blib/arch:/home/njh/.cpan/build/Exporter-Tiny-0.042-2pYVHJ/blib/lib:/home/njh/.cpan/build/Iterator-Util-0.02-oX_Pjl/blib/arch:/home/njh/.cpan/build/Iterator-Util-0.02-oX_Pjl/blib/lib:/home/njh/.cpan/build/Iterator-0.03-sj5n2q/blib/arch:/home/njh/.cpan/build/Iterator-0.03-sj5n2q/blib/lib:/home/njh/.cpan/build/Class-XSAccessor-1.19-0RhiqI/blib/arch:/home/njh/.cpan/build/Class-XSAccessor-1.19-0RhiqI/blib/lib:/home/njh/.cpan/build/Path-Tiny-0.076-2yOUgQ/blib/arch:/home/njh/.cpan/build/Path-Tiny-0.076-2yOUgQ/blib/lib:/home/njh/.cpan/build/Config-Any-0.26-KB5VKy/blib/arch:/home/njh/.cpan/build/Config-Any-0.26-KB5VKy/blib/lib:/home/njh/.cpan/build/Test-Lib-0.002-g_gc8r/blib/arch:/home/njh/.cpan/build/Test-Lib-0.002-g_gc8r/blib/lib"
PERL5OPT=""
PERL5_CPANPLUS_IS_RUNNING="4205"
PERL5_CPAN_IS_RUNNING="4205"
PERL5_MINISMOKEBOX="0.58"
PERLBREW_BASHRC_VERSION="0.73"
PERLBREW_HOME="/home/njh/.perlbrew"
PERLBREW_LIB=""
PERLBREW_MANPATH="/home/njh/perl5/perlbrew/perls/perl-5.14.2/man"
PERLBREW_PATH="/home/njh/perl5/perlbrew/bin:/home/njh/perl5/perlbrew/perls/perl-5.14.2/bin"
PERLBREW_PERL="perl-5.14.2"
PERLBREW_ROOT="/home/njh/perl5/perlbrew"
PERLBREW_VERSION="0.73"
PERL_EXTUTILS_AUTOINSTALL="--defaultdeps"
PERL_LOCAL_LIB_ROOT=""
PERL_MM_USE_DEFAULT="1"
@INC:
/home/njh/.cpan/build/File-ShareDir-Install-0.10-u7fMcA/blib/arch
/home/njh/.cpan/build/File-ShareDir-Install-0.10-u7fMcA/blib/lib
/home/njh/.cpan/build/Test-Differences-0.64-eTbbJz/blib/arch
/home/njh/.cpan/build/Test-Differences-0.64-eTbbJz/blib/lib
/home/njh/.cpan/build/Beam-Emitter-1.000-SOINuX/blib/arch
/home/njh/.cpan/build/Beam-Emitter-1.000-SOINuX/blib/lib
/home/njh/.cpan/build/Type-Tiny-1.000005-uC0r9w/blib/arch
/home/njh/.cpan/build/Type-Tiny-1.000005-uC0r9w/blib/lib
/home/njh/.cpan/build/Exporter-Tiny-0.042-2pYVHJ/blib/arch
/home/njh/.cpan/build/Exporter-Tiny-0.042-2pYVHJ/blib/lib
/home/njh/.cpan/build/Iterator-Util-0.02-oX_Pjl/blib/arch
/home/njh/.cpan/build/Iterator-Util-0.02-oX_Pjl/blib/lib
/home/njh/.cpan/build/Iterator-0.03-sj5n2q/blib/arch
/home/njh/.cpan/build/Iterator-0.03-sj5n2q/blib/lib
/home/njh/.cpan/build/Class-XSAccessor-1.19-0RhiqI/blib/arch
/home/njh/.cpan/build/Class-XSAccessor-1.19-0RhiqI/blib/lib
/home/njh/.cpan/build/Path-Tiny-0.076-2yOUgQ/blib/arch
/home/njh/.cpan/build/Path-Tiny-0.076-2yOUgQ/blib/lib
/home/njh/.cpan/build/Config-Any-0.26-KB5VKy/blib/arch
/home/njh/.cpan/build/Config-Any-0.26-KB5VKy/blib/lib
/home/njh/.cpan/build/Test-Lib-0.002-g_gc8r/blib/arch
/home/njh/.cpan/build/Test-Lib-0.002-g_gc8r/blib/lib
/home/njh/perl5/perlbrew/perls/perl-5.14.2/lib/site_perl/5.14.2/x86_64-linux-thread-multi
/home/njh/perl5/perlbrew/perls/perl-5.14.2/lib/site_perl/5.14.2
/home/njh/perl5/perlbrew/perls/perl-5.14.2/lib/5.14.2/x86_64-linux-thread-multi
/home/njh/perl5/perlbrew/perls/perl-5.14.2/lib/5.14.2
.