Report for SPVM-Sys-0.24

Back
From: metabase:user:322078bc-2aae-11df-837a-5e0a49663a4f
Subject: FAIL SPVM-Sys-0.24 5.36.0 OpenBSD
Date: 2022-11-05T11:07:03Z

This distribution has been tested as part of the CPAN Testers
project, supporting the Perl programming language.  See
http://wiki.cpantesters.org/ for more information or email
questions to cpan-testers-discuss@perl.org


--

Dear KIMOTO,

This is a computer-generated error report created automatically by
CPANPLUS, version 0.9914. Testers personal comments may appear
at the end of this report.


Thank you for uploading your work to CPAN.  However, it appears that
there were some problems testing your distribution.

TEST RESULTS:

Below is the error stack from stage 'make test':

PERL_DL_NONLAZY=1 "/home/cpan/pit/bare/perl-5.36.0/bin/perl" "-MExtUtils::Command::MM" "-MTest::Harness" "-e" "undef *Test::Harness::Switches; test_harness(0, 'blib/lib', 'blib/arch')" t/*.t
[Test Output]Port:20000 at t/00_socket_pre_00.t line 13.
t/00_socket_pre_00.t ... ok
[Test Output]Port:20000 at t/00_socket_pre_01.t line 13.
t/00_socket_pre_01.t ... ok
[Test Output]Port:20000 at t/00_socket_pre_02.t line 13.
t/00_socket_pre_02.t ... ok
t/Sys.t ................ ok
t/Sys_FileTest.t ....... ok
[System Error]fflush failed:Bad file descriptor. at Sys/IO.c line 536
    TestCase::Sys::IO->fflush at /home/cpan/pit/bare/conf/perl-5.36.0/.cpanplus/5.36.0/build/T1bCzD4rJg/SPVM-Sys-0.24/t/lib/SPVM/TestCase/Sys/IO.spvm line 790
 at SPVM.xs line 1052
 at /home/cpan/pit/jail/56ZLWdywNY/lib/perl5/OpenBSD.amd64-openbsd/SPVM/ExchangeAPI.pm line 184.
	SPVM::ExchangeAPI::call_spvm_method(SPVM::Builder=HASH(0xda16b70af70), "TestCase::Sys::IO", "fflush", "SPVM::TestCase::Sys::IO", "/home/cpan/pit/bare/conf/perl-5.36.0/.cpanplus/5.36.0/build/T"...) called at /home/cpan/pit/jail/56ZLWdywNY/lib/perl5/OpenBSD.amd64-openbsd/SPVM.pm line 346
	SPVM::call_spvm_method("TestCase::Sys::IO", "fflush", "SPVM::TestCase::Sys::IO", "/home/cpan/pit/bare/conf/perl-5.36.0/.cpanplus/5.36.0/build/T"...) called at /home/cpan/pit/jail/56ZLWdywNY/lib/perl5/OpenBSD.amd64-openbsd/SPVM.pm line 175
	eval {...} called at /home/cpan/pit/jail/56ZLWdywNY/lib/perl5/OpenBSD.amd64-openbsd/SPVM.pm line 175
	SPVM::__ANON__("SPVM::TestCase::Sys::IO", "/home/cpan/pit/bare/conf/perl-5.36.0/.cpanplus/5.36.0/build/T"...) called at t/Sys_IO.t line 44
 at /home/cpan/pit/jail/56ZLWdywNY/lib/perl5/OpenBSD.amd64-openbsd/SPVM.pm line 177.
	SPVM::__ANON__("SPVM::TestCase::Sys::IO", "/home/cpan/pit/bare/conf/perl-5.36.0/.cpanplus/5.36.0/build/T"...) called at t/Sys_IO.t line 44
# Tests were run but no plan was declared and done_testing() was not seen.
# Looks like your test exited with 9 just after 16.
t/Sys_IO.t ............. 
Dubious, test returned 9 (wstat 2304, 0x900)
All 16 subtests passed 
[Test Output][System Error]ioctl failed: Device not configured at Sys/Ioctl.c line 197
    TestCase::Sys::Ioctl->ioctl at /home/cpan/pit/bare/conf/perl-5.36.0/.cpanplus/5.36.0/build/T1bCzD4rJg/SPVM-Sys-0.24/t/lib/SPVM/TestCase/Sys/Ioctl.spvm line 27 at /home/cpan/pit/bare/conf/perl-5.36.0/.cpanplus/5.36.0/build/T1bCzD4rJg/SPVM-Sys-0.24/t/lib/SPVM/TestCase/Sys/Ioctl.spvm line 36
t/Sys_Ioctl.t .......... ok
[Test Output]20000 at t/Sys_Poll.t line 26.
t/Sys_Poll.t ........... ok

[Test Output]system at -e line 1.
[Test Output]sleep at t/Sys_Process.t line 138.
[Test Output]usleep at t/Sys_Process.t line 142.
t/Sys_Process.t ........ ok
t/Sys_Select.t ......... ok
[Test Output]SIGHUP at t/Sys_Signal.t line 46.
[Test Output]SIGINT at t/Sys_Signal.t line 46.
[Test Output]SIGQUIT at t/Sys_Signal.t line 46.
[Test Output]SIGILL at t/Sys_Signal.t line 46.
[Test Output]SIGTRAP at t/Sys_Signal.t line 46.
[Test Output]SIGABRT at t/Sys_Signal.t line 46.
[Test Output]SIGBUS at t/Sys_Signal.t line 46.
[Test Output]SIGFPE at t/Sys_Signal.t line 46.
[Test Output]SIGKILL at t/Sys_Signal.t line 46.
[Test Output]SIGUSR1 at t/Sys_Signal.t line 46.
[Test Output]SIGSEGV at t/Sys_Signal.t line 46.
[Test Output]SIGUSR2 at t/Sys_Signal.t line 46.
[Test Output]SIGPIPE at t/Sys_Signal.t line 46.
[Test Output]SIGALRM at t/Sys_Signal.t line 46.
[Test Output]SIGTERM at t/Sys_Signal.t line 46.
[Test Output]SIGCHLD at t/Sys_Signal.t line 46.
[Test Output]SIGCONT at t/Sys_Signal.t line 46.
[Test Output]SIGSTOP at t/Sys_Signal.t line 46.
[Test Output]SIGTSTP at t/Sys_Signal.t line 46.
[Test Output]SIGTTIN at t/Sys_Signal.t line 46.
[Test Output]SIGTTOU at t/Sys_Signal.t line 46.
[Test Output]SIGURG at t/Sys_Signal.t line 46.
[Test Output]SIGXCPU at t/Sys_Signal.t line 46.
[Test Output]SIGXFSZ at t/Sys_Signal.t line 46.
[Test Output]SIGVTALRM at t/Sys_Signal.t line 46.
[Test Output]SIGPROF at t/Sys_Signal.t line 46.
[Test Output]SIGWINCH at t/Sys_Signal.t line 46.
[Test Output]SIGIO at t/Sys_Signal.t line 46.
[Test Output]SIGSYS at t/Sys_Signal.t line 46.
t/Sys_Signal.t ......... ok
t/Sys_Signal_alarm.t ... ok
t/Sys_Signal_ualarm.t .. ok

[Test Output]htonl:20000 -> 541982720 -> 20000 at /home/cpan/pit/bare/conf/perl-5.36.0/.cpanplus/5.36.0/build/T1bCzD4rJg/SPVM-Sys-0.24/t/lib/SPVM/TestCase/Sys/Socket.spvm line 27

[Test Output]ntohl:541982720 -> 20000 -> 541982720 at /home/cpan/pit/bare/conf/perl-5.36.0/.cpanplus/5.36.0/build/T1bCzD4rJg/SPVM-Sys-0.24/t/lib/SPVM/TestCase/Sys/Socket.spvm line 46

[Test Output]htons:20000 -> 8270 -> 20000 at /home/cpan/pit/bare/conf/perl-5.36.0/.cpanplus/5.36.0/build/T1bCzD4rJg/SPVM-Sys-0.24/t/lib/SPVM/TestCase/Sys/Socket.spvm line 66

[Test Output]htons:-15536 -> 20675 -> -15536 at /home/cpan/pit/bare/conf/perl-5.36.0/.cpanplus/5.36.0/build/T1bCzD4rJg/SPVM-Sys-0.24/t/lib/SPVM/TestCase/Sys/Socket.spvm line 83

[Test Output]ntohs:8270 -> 20000 -> 8270 at /home/cpan/pit/bare/conf/perl-5.36.0/.cpanplus/5.36.0/build/T1bCzD4rJg/SPVM-Sys-0.24/t/lib/SPVM/TestCase/Sys/Socket.spvm line 104

[Test Output]ntohs:20675 -> -15536 -> 20675 at /home/cpan/pit/bare/conf/perl-5.36.0/.cpanplus/5.36.0/build/T1bCzD4rJg/SPVM-Sys-0.24/t/lib/SPVM/TestCase/Sys/Socket.spvm line 121

[Test Output]0 at /home/cpan/pit/bare/conf/perl-5.36.0/.cpanplus/5.36.0/build/T1bCzD4rJg/SPVM-Sys-0.24/t/lib/SPVM/TestCase/Sys/Socket.spvm line 856

[Test Output]0 at /home/cpan/pit/bare/conf/perl-5.36.0/.cpanplus/5.36.0/build/T1bCzD4rJg/SPVM-Sys-0.24/t/lib/SPVM/TestCase/Sys/Socket.spvm line 862

[Test Output]0 at /home/cpan/pit/bare/conf/perl-5.36.0/.cpanplus/5.36.0/build/T1bCzD4rJg/SPVM-Sys-0.24/t/lib/SPVM/TestCase/Sys/Socket.spvm line 879

[Test Output]4 at /home/cpan/pit/bare/conf/perl-5.36.0/.cpanplus/5.36.0/build/T1bCzD4rJg/SPVM-Sys-0.24/t/lib/SPVM/TestCase/Sys/Socket.spvm line 885

#   Failed test at t/Sys_Socket.t line 236.
# Looks like you failed 1 test of 40.
t/Sys_Socket.t ......... 
Dubious, test returned 1 (wstat 256, 0x100)
Failed 1/40 subtests 
perl:/home/cpan/pit/bare/conf/perl-5.36.0/.cpanplus/5.36.0/build/T1bCzD4rJg/SPVM-Sys-0.24/blib/lib/SPVM/Sys/Time.so: undefined symbol 'clock_nanosleep'
Can't load dynamic_lib file "/home/cpan/pit/bare/conf/perl-5.36.0/.cpanplus/5.36.0/build/T1bCzD4rJg/SPVM-Sys-0.24/blib/lib/SPVM/Sys/Time.so": Cannot load specified object at /home/cpan/pit/jail/56ZLWdywNY/lib/perl5/OpenBSD.amd64-openbsd/SPVM/Builder.pm line 259.
 at /home/cpan/pit/jail/56ZLWdywNY/lib/perl5/OpenBSD.amd64-openbsd/SPVM/Builder.pm line 286.
	SPVM::Builder::bind_methods(SPVM::Builder=HASH(0x47a0a64ce98), SPVM::Builder::CC=HASH(0x4798e93e460), "/home/cpan/pit/bare/conf/perl-5.36.0/.cpanplus/5.36.0/build/T"..., "Sys::Time", "native") called at /home/cpan/pit/jail/56ZLWdywNY/lib/perl5/OpenBSD.amd64-openbsd/SPVM/Builder.pm line 224
	SPVM::Builder::build_and_bind_dynamic_lib_at_runtime(SPVM::Builder=HASH(0x47a0a64ce98), "Sys::Time", "native") called at /home/cpan/pit/jail/56ZLWdywNY/lib/perl5/OpenBSD.amd64-openbsd/SPVM.pm line 84
	SPVM::import("SPVM", "Sys::Time") called at t/Sys_Time.t line 9
	main::BEGIN() called at t/Sys_Time.t line 9
	eval {...} called at t/Sys_Time.t line 9
BEGIN failed--compilation aborted at t/Sys_Time.t line 9.
t/Sys_Time.t ........... 
Dubious, test returned 255 (wstat 65280, 0xff00)
No subtests run 
t/Sys_User.t ........... ok

Test Summary Report
-------------------
t/Sys_IO.t           (Wstat: 2304 (exited 9) Tests: 16 Failed: 0)
  Non-zero exit status: 9
  Parse errors: No plan found in TAP output
t/Sys_Socket.t       (Wstat: 256 (exited 1) Tests: 40 Failed: 1)
  Failed test:  39
  Non-zero exit status: 1
t/Sys_Time.t         (Wstat: 65280 (exited 255) Tests: 0 Failed: 0)
  Non-zero exit status: 255
  Parse errors: No plan found in TAP output
Files=16, Tests=165, 39 wallclock secs ( 0.29 usr  0.33 sys + 24.41 cusr  8.34 csys = 33.37 CPU)
Result: FAIL
Failed 3/16 test programs. 1/165 subtests failed.
*** Error 255 in /home/cpan/pit/bare/conf/perl-5.36.0/.cpanplus/5.36.0/build/T1bCzD4rJg/SPVM-Sys-0.24 (Makefile:1209 'test_dynamic')


PREREQUISITES:

Here is a list of prerequisites you specified and versions we
managed to load:

	  Module Name                        Have     Want
	  ExtUtils::MakeMaker                7.64        0
	  SPVM::Errno                        0.06     0.06

Perl module toolchain versions installed:
	Module Name                        Have
	CPANPLUS                         0.9914
	CPANPLUS::Dist::Build              0.90
	Cwd                                3.84
	ExtUtils::CBuilder             0.280236
	ExtUtils::Command                  7.64
	ExtUtils::Install                  2.20
	ExtUtils::MakeMaker                7.64
	ExtUtils::Manifest                 1.73
	ExtUtils::ParseXS                  3.45
	File::Spec                         3.84
	Module::Build                    0.4231
	Pod::Parser                           0
	Pod::Simple                        3.43
	Test2                          1.302191
	Test::Harness                      3.44
	Test::More                     1.302191
	version                          0.9929

******************************** NOTE ********************************
The comments above are created mechanically, possibly without manual
checking by the sender.  As there are many people performing automatic
tests on each upload to CPAN, it is likely that you will receive
identical messages about the same problem.

If you believe that the message is mistaken, please reply to the first
one with correction and/or additional informations, and do not take
it personally.  We appreciate your patience. :)
**********************************************************************

Additional comments:


This report was machine-generated by CPANPLUS::Dist::YACSmoke 1.08.
Powered by minismokebox version 0.68

CPANPLUS is prefering Build.PL

------------------------------
ENVIRONMENT AND OTHER CONTEXT
------------------------------

Environment variables:

    AUTOMATED_TESTING = 1
    NONINTERACTIVE_TESTING = 1
    PATH = /home/cpan/bin:/bin:/sbin:/usr/bin:/usr/sbin:/usr/X11R6/bin:/usr/local/bin:/usr/local/sbin:/usr/games
    PERL5LIB = /home/cpan/pit/jail/56ZLWdywNY/lib/perl5:/home/cpan/pit/bare/conf/perl-5.36.0/.cpanplus/5.36.0/build/T1bCzD4rJg/SPVM-Sys-0.24/blib/lib:/home/cpan/pit/bare/conf/perl-5.36.0/.cpanplus/5.36.0/build/T1bCzD4rJg/SPVM-Sys-0.24/blib/arch
    PERL5_CPANPLUS_IS_RUNNING = 91787
    PERL5_CPANPLUS_IS_VERSION = 0.9914
    PERL5_MINISMOKEBOX = 0.68
    PERL5_YACSMOKE_BASE = /home/cpan/pit/bare/conf/perl-5.36.0
    PERL_EXTUTILS_AUTOINSTALL = --defaultdeps
    PERL_LOCAL_LIB_ROOT = /home/cpan/pit/jail/56ZLWdywNY
    PERL_MB_OPT = --install_base "/home/cpan/pit/jail/56ZLWdywNY"
    PERL_MM_OPT = INSTALL_BASE=/home/cpan/pit/jail/56ZLWdywNY
    PERL_MM_USE_DEFAULT = 1
    SHELL = /usr/local/bin/bash
    TERM = screen.xterm-256color

Perl special variables (and OS-specific diagnostics, for MSWin32):

    Perl: $^X = /home/cpan/pit/bare/perl-5.36.0/bin/perl
    UID:  $<  = 1001
    EUID: $>  = 1001
    GID:  $(  = 1001 1001
    EGID: $)  = 1001 1001


-------------------------------


--

Summary of my perl5 (revision 5 version 36 subversion 0) configuration:
   
  Platform:
    osname=openbsd
    osvers=6.6
    archname=OpenBSD.amd64-openbsd
    uname='openbsd outrage.bingosnet.co.uk 6.6 generic#4 amd64 '
    config_args='-des -Dprefix=/home/cpan/pit/bare/perl-5.36.0'
    hint=recommended
    useposix=true
    d_sigaction=define
    useithreads=undef
    usemultiplicity=undef
    use64bitint=define
    use64bitall=define
    uselongdouble=undef
    usemymalloc=n
    default_inc_excludes_dot=define
  Compiler:
    cc='cc'
    ccflags ='-fno-strict-aliasing -pipe -fstack-protector-strong -I/usr/local/include -D_FORTIFY_SOURCE=2'
    optimize='-O2'
    cppflags='-fno-strict-aliasing -pipe -fstack-protector-strong -I/usr/local/include'
    ccversion=''
    gccversion='4.2.1 Compatible OpenBSD Clang 8.0.1 (tags/RELEASE_801/final)'
    gccosandvers=''
    intsize=4
    longsize=8
    ptrsize=8
    doublesize=8
    byteorder=12345678
    doublekind=3
    d_longlong=define
    longlongsize=8
    d_longdbl=define
    longdblsize=16
    longdblkind=3
    ivtype='long'
    ivsize=8
    nvtype='double'
    nvsize=8
    Off_t='off_t'
    lseeksize=8
    alignbytes=8
    prototype=define
  Linker and Libraries:
    ld='cc'
    ldflags ='-Wl,-E  -fstack-protector-strong -L/usr/local/lib'
    libpth=/usr/lib /usr/local/lib
    libs=-lpthread -lgdbm -lm -lutil -lc
    perllibs=-lpthread -lm -lutil -lc
    libc=/usr/lib/libc.so.95.1
    so=so
    useshrplib=false
    libperl=libperl.a
    gnulibc_version=''
  Dynamic Linking:
    dlsrc=dl_dlopen.xs
    dlext=so
    d_dlsymun=undef
    ccdlflags=' '
    cccdlflags='-DPIC -fPIC '
    lddlflags='-shared -fPIC  -L/usr/local/lib -fstack-protector-strong'


Characteristics of this binary (from libperl): 
  Compile-time options:
    HAS_TIMES
    PERLIO_LAYERS
    PERL_COPY_ON_WRITE
    PERL_DONT_CREATE_GVSV
    PERL_MALLOC_WRAP
    PERL_OP_PARENT
    PERL_PRESERVE_IVUV
    USE_64_BIT_ALL
    USE_64_BIT_INT
    USE_LARGE_FILES
    USE_LOCALE
    USE_LOCALE_COLLATE
    USE_LOCALE_CTYPE
    USE_LOCALE_NUMERIC
    USE_LOCALE_TIME
    USE_PERLIO
    USE_PERL_ATOF
  Built under openbsd
  Compiled at Oct  3 2022 22:43:17
  %ENV:
    PERL5LIB="/home/cpan/pit/jail/56ZLWdywNY/lib/perl5:/home/cpan/pit/bare/conf/perl-5.36.0/.cpanplus/5.36.0/build/T1bCzD4rJg/SPVM-Sys-0.24/blib/lib:/home/cpan/pit/bare/conf/perl-5.36.0/.cpanplus/5.36.0/build/T1bCzD4rJg/SPVM-Sys-0.24/blib/arch"
    PERL5_CPANPLUS_IS_RUNNING="91787"
    PERL5_CPANPLUS_IS_VERSION="0.9914"
    PERL5_MINISMOKEBOX="0.68"
    PERL5_YACSMOKE_BASE="/home/cpan/pit/bare/conf/perl-5.36.0"
    PERL_EXTUTILS_AUTOINSTALL="--defaultdeps"
    PERL_LOCAL_LIB_ROOT="/home/cpan/pit/jail/56ZLWdywNY"
    PERL_MB_OPT="--install_base "/home/cpan/pit/jail/56ZLWdywNY""
    PERL_MM_OPT="INSTALL_BASE=/home/cpan/pit/jail/56ZLWdywNY"
    PERL_MM_USE_DEFAULT="1"
  @INC:
    /home/cpan/pit/jail/56ZLWdywNY/lib/perl5/5.36.0/OpenBSD.amd64-openbsd
    /home/cpan/pit/jail/56ZLWdywNY/lib/perl5/5.36.0
    /home/cpan/pit/jail/56ZLWdywNY/lib/perl5/OpenBSD.amd64-openbsd
    /home/cpan/pit/jail/56ZLWdywNY/lib/perl5
    /home/cpan/pit/bare/conf/perl-5.36.0/.cpanplus/5.36.0/build/T1bCzD4rJg/SPVM-Sys-0.24/blib/lib
    /home/cpan/pit/bare/conf/perl-5.36.0/.cpanplus/5.36.0/build/T1bCzD4rJg/SPVM-Sys-0.24/blib/arch
    /home/cpan/pit/bare/perl-5.36.0/lib/site_perl/5.36.0/OpenBSD.amd64-openbsd
    /home/cpan/pit/bare/perl-5.36.0/lib/site_perl/5.36.0
    /home/cpan/pit/bare/perl-5.36.0/lib/5.36.0/OpenBSD.amd64-openbsd
    /home/cpan/pit/bare/perl-5.36.0/lib/5.36.0