Report for MIME-tools-5.501

Back
From: metabase:user:30f4dfbe-2aae-11df-837a-5e0a49663a4f
Subject: FAIL MIME-tools-5.501 v5.12.3 
Date: 2011-02-26T20:07:02Z

This distribution has been tested as part of the CPAN Testers
project, supporting the Perl programming language.  See
http://wiki.cpantesters.org/ for more information or email
questions to cpan-testers-discuss@perl.org


--
Dear David F. Skoll,

This is a computer-generated report for MIME-tools-5.501
on perl 5.12.3, created by CPAN-Reporter-1.1902.

Thank you for uploading your work to CPAN.  However, there was a problem
testing your distribution.

If you think this report is invalid, please consult the CPAN Testers Wiki
for suggestions on how to avoid getting FAIL reports for missing library
or binary dependencies, unsupported operating systems, and so on:

http://wiki.cpantesters.org/wiki/CPANAuthorNotes

Sections of this report:

    * Tester comments
    * Program output
    * Prerequisites
    * Environment and other context

------------------------------
TESTER COMMENTS
------------------------------

Additional comments from tester:

none provided

------------------------------
PROGRAM OUTPUT
------------------------------

Output from 'C:\PROGRA~1\MID05A~1\VC\BIN\nmake.exe test':


Microsoft (R) Program Maintenance Utility Version 8.00.50727.762
Copyright (C) Microsoft Corporation.  All rights reserved.

	C:\Perl5.12.3\bin\perl.exe "-MExtUtils::Command::MM" "-e" "test_harness(0, 'inc', 'blib\lib', 'blib\arch')" t/*.t
t/02-kwalitee.t ................... skipped: Test::Kwalitee not installed; skipping
t/02-pod-coverage.t ............... skipped: Test::Pod::Coverage disabled. TEST_POD_COVERAGE=1 if you want it.
t/02-pod.t ........................ ok
t/99-prepare.t .................... ok
mkdir \tmp\msg-1298750632-4528-0: No such file or directory
# Looks like you planned 7 tests but ran 5.
# Looks like your test exited with 2 just after 5.
t/attachment-filename-encoding.t .. 
Dubious, test returned 2 (wstat 512, 0x200)
Failed 2/7 subtests 
t/Body.t .......................... ok
t/BodyPrint.t ..................... ok
# No gzip: skipping x-gzip64 test
t/Decoder.t ....................... ok
t/EmptyPart.t ..................... ok
t/Entity.t ........................ ok
Wide character in print at C:/Perl5.12.3/site/lib/Test/Builder.pm line 1759.
Wide character in print at C:/Perl5.12.3/site/lib/Test/Builder.pm line 1759.
t/Filer.t ......................... ok
t/Gauntlet.t ...................... ok
t/Head.t .......................... ok
t/Misc.t .......................... ok
t/ParamVal.t ...................... ok
t/Parser.t ........................ ok
t/ParserEncoded.t ................. ok
t/ParserPreamble.t ................ ok
t/Ref.t ........................... ok
accept failed: A connection attempt failed because the connected party did not properly respond after a period of time, or established connection failed because connected host has failed to respond. at t/Smtpsend.t line 46.
# Looks like your test exited with 10060 before it could output anything.
t/Smtpsend.t ...................... 
Dubious, test returned 76 (wstat 19456, 0x4c00)
Failed 9/9 subtests 
t/ticket-11901.t .................. ok
t/ticket-22684.t .................. ok
t/ticket-37139.t .................. ok
t/ticket-41632.t .................. ok
t/ticket-43439.t .................. ok
t/ticket-52924.t .................. ok
t/ticket-60931.t .................. ok
t/ticket-65681.t .................. ok
t/WordDecoder.t ................... ok
t/WordEncoder.t ................... ok
t/Words.t ......................... ok

Test Summary Report
-------------------
t/attachment-filename-encoding.t (Wstat: 512 Tests: 5 Failed: 0)
  Non-zero exit status: 2
  Parse errors: Bad plan.  You planned 7 tests but ran 5.
t/Smtpsend.t                    (Wstat: 19456 Tests: 0 Failed: 0)
  Non-zero exit status: 76
  Parse errors: Bad plan.  You planned 9 tests but ran 0.
Files=31, Tests=397, 20 wallclock secs ( 0.31 usr +  0.14 sys =  0.45 CPU)
Result: FAIL
Failed 2/31 test programs. 0/397 subtests failed.
NMAKE : fatal error U1077: 'C:\Perl5.12.3\bin\perl.exe' : return code '0xff'
Stop.

------------------------------
PREREQUISITES
------------------------------

Prerequisite modules loaded:

requires:

    Module              Need   Have   
    ------------------- ------ -------
    ExtUtils::MakeMaker 6.42   6.56   
    File::Path          1      2.08_01
    File::Spec          0.6    3.33   
    File::Temp          0.18   0.22   
    IO::File            1.13   1.14   
    IO::Handle          0      1.28   
    Mail::Field         1.05   2.07   
    Mail::Header        1.01   2.07   
    Mail::Internet      1.0203 2.07   
    MIME::Base64        2.2    3.13   
    Test::Deep          0      0.108  
    Test::More          0      0.98   

configure_requires:

    Module              Need   Have   
    ------------------- ------ -------
    ExtUtils::MakeMaker 6.42   6.56   


------------------------------
ENVIRONMENT AND OTHER CONTEXT
------------------------------

Environment variables:

    COMSPEC = C:\WINDOWS\system32\cmd.exe
    INCLUDE = C:\Program Files\Microsoft Visual Studio 8\VC\ATLMFC\INCLUDE;C:\Program Files\Microsoft Visual Studio 8\VC\INCLUDE;C:\Program Files\Microsoft Visual Studio 8\VC\PlatformSDK\include;C:\Program Files\Microsoft Visual Studio 8\SDK\v2.0\include;
    LIB = C:\Program Files\Microsoft Visual Studio 8\VC\ATLMFC\LIB;C:\Program Files\Microsoft Visual Studio 8\VC\LIB;C:\Program Files\Microsoft Visual Studio 8\VC\PlatformSDK\lib;C:\Program Files\Microsoft Visual Studio 8\SDK\v2.0\lib;
    NUMBER_OF_PROCESSORS = 2
    PATH = C:\Perl5.12.2\bin;C:\Program Files\Microsoft Visual Studio 8\Common7\IDE;C:\Program Files\Microsoft Visual Studio 8\VC\BIN;C:\Program Files\Microsoft Visual Studio 8\Common7\Tools;C:\Program Files\Microsoft Visual Studio 8\Common7\Tools\bin;C:\Program Files\Microsoft Visual Studio 8\VC\PlatformSDK\bin;C:\Program Files\Microsoft Visual Studio 8\SDK\v2.0\bin;C:\Windows\Microsoft.NET\Framework\v2.0.50727;C:\Program Files\Microsoft Visual Studio 8\VC\VCPackages;C:\WINDOWS\system32;C:\WINDOWS;C:\WINDOWS\System32\Wbem;C:\Program Files\Common Files\Roxio Shared\DLLShared\;C:\WINDOWS\system32\WindowsPowerShell\v1.0
    PERL5LIB = 
    PERL5OPT = 
    PERL5_CPANPLUS_IS_RUNNING = 4648
    PERL5_CPAN_IS_RUNNING = 4648
    PROCESSOR_IDENTIFIER = x86 Family 6 Model 14 Stepping 8, GenuineIntel
    TEMP = C:\DOCUME~1\njh\LOCALS~1\Temp

Perl special variables (and OS-specific diagnostics, for MSWin32):

    $^X = C:\Perl5.12.3\bin\perl.exe
    $UID/$EUID = 0 / 0
    $GID = 0
    $EGID = 0
    Win32::GetOSName = WinXP/.Net
    Win32::GetOSVersion = Service Pack 3, 5, 1, 2600, 2, 3, 0, 256, 1
    Win32::FsType = NTFS
    Win32::IsAdminUser = 1

Perl module toolchain versions installed:

    Module              Have    
    ------------------- --------
    CPAN                1.94_56 
    Cwd                 3.33    
    ExtUtils::CBuilder  0.280202
    ExtUtils::Command   1.16    
    ExtUtils::Install   1.55    
    ExtUtils::MakeMaker 6.56    
    ExtUtils::Manifest  1.58    
    ExtUtils::ParseXS   2.2206  
    File::Spec          3.33    
    Module::Build       0.3607  
    Module::Signature   n/a     
    Test::Harness       3.23    
    Test::More          0.98    
    YAML                0.72    
    YAML::Syck          n/a     
    version             0.88    


--

Summary of my perl5 (revision 5 version 12 subversion 3) configuration:
   
  Platform:
    osname=MSWin32, osvers=5.2, archname=MSWin32-x86-multi-thread
    uname=''
    config_args='undef'
    hint=recommended, useposix=true, d_sigaction=undef
    useithreads=define, usemultiplicity=define
    useperlio=define, d_sfio=undef, uselargefiles=define, usesocks=undef
    use64bitint=undef, use64bitall=undef, uselongdouble=undef
    usemymalloc=n, bincompat5005=undef
  Compiler:
    cc='cl', ccflags ='-nologo -GF -W3 -MD -Zi -DNDEBUG -O1 -DWIN32 -D_CONSOLE -DNO_STRICT -DHAVE_DES_FCRYPT -DUSE_SITECUSTOMIZE -DPERL_IMPLICIT_CONTEXT -DPERL_IMPLICIT_SYS -DUSE_PERLIO -D_USE_32BIT_TIME_T -DPERL_MSVCRT_READFIX',
    optimize='-MD -Zi -DNDEBUG -O1',
    cppflags='-DWIN32'
    ccversion='14.0.50727', gccversion='', gccosandvers=''
    intsize=4, longsize=4, ptrsize=4, doublesize=8, byteorder=1234
    d_longlong=undef, longlongsize=8, d_longdbl=define, longdblsize=8
    ivtype='long', ivsize=4, nvtype='double', nvsize=8, Off_t='__int64', lseeksize=8
    alignbytes=8, prototype=define
  Linker and Libraries:
    ld='link', ldflags ='-nologo -nodefaultlib -debug -opt:ref,icf  -libpath:"C:\Perl5.12.3\lib\CORE"  -machine:x86'
    libpth=\lib
    libs=  oldnames.lib kernel32.lib user32.lib gdi32.lib winspool.lib  comdlg32.lib advapi32.lib shell32.lib ole32.lib oleaut32.lib  netapi32.lib uuid.lib ws2_32.lib mpr.lib winmm.lib  version.lib odbc32.lib odbccp32.lib comctl32.lib msvcrt.lib
    perllibs=  oldnames.lib kernel32.lib user32.lib gdi32.lib winspool.lib  comdlg32.lib advapi32.lib shell32.lib ole32.lib oleaut32.lib  netapi32.lib uuid.lib ws2_32.lib mpr.lib winmm.lib  version.lib odbc32.lib odbccp32.lib comctl32.lib msvcrt.lib
    libc=msvcrt.lib, so=dll, useshrplib=true, libperl=perl512.lib
    gnulibc_version=''
  Dynamic Linking:
    dlsrc=dl_win32.xs, dlext=dll, d_dlsymun=undef, ccdlflags=' '
    cccdlflags=' ', lddlflags='-dll -nologo -nodefaultlib -debug -opt:ref,icf  -libpath:"C:\Perl5.12.3\lib\CORE"  -machine:x86'


Characteristics of this binary (from libperl): 
  Compile-time options: MULTIPLICITY PERL_DONT_CREATE_GVSV
                        PERL_IMPLICIT_CONTEXT PERL_IMPLICIT_SYS
                        PERL_MALLOC_WRAP PL_OP_SLAB_ALLOC USE_ITHREADS
                        USE_LARGE_FILES USE_PERLIO USE_PERL_ATOF
                        USE_SITECUSTOMIZE
  Locally applied patches:
	ActivePerl Build 1204 [294330]
	c6fbf28 [perl #71806] perldb does not setup %dbline with the shebang option -d
	1fd8fa4 Add Wolfram Humann to AUTHORS
	f120055 make string-append on win32 100 times faster
	a2a8d15 Define _USE_32BIT_TIME_T for VC6 and VC7
	007cfe1 Don't pretend to support really old VC++ compilers
	6d8f7c9 Get rid of obsolete PerlCRT.dll support
	d956618 Make Term::ReadLine::findConsole fall back to STDIN if /dev/tty can't be opened
	321e50c Escape patch strings before embedding them in patchlevel.h
  Built under MSWin32
  Compiled at Feb  9 2011 14:38:22
  %ENV:
    PERL5_CPANPLUS_IS_RUNNING="4648"
    PERL5_CPAN_IS_RUNNING="4648"
  @INC:
    C:/Perl5.12.3/site/lib
    C:/Perl5.12.3/lib
    .