Back
From: metabase:user:dc1c8589-6bf4-1014-abca-562cf06b08ef
Subject: FAIL Devel-Cover-1.10 v5.16.3
Date: 2014-04-06T22:21:23Z
This distribution has been tested as part of the CPAN Testers
project, supporting the Perl programming language. See
http://wiki.cpantesters.org/ for more information or email
questions to cpan-testers-discuss@perl.org
--
Dear Paul Johnson,
This is a computer-generated report for Devel-Cover-1.10
on perl 5.16.3, created by CPAN-Reporter-1.2011.
Thank you for uploading your work to CPAN. However, there was a problem
testing your distribution.
If you think this report is invalid, please consult the CPAN Testers Wiki
for suggestions on how to avoid getting FAIL reports for missing library
or binary dependencies, unsupported operating systems, and so on:
http://wiki.cpantesters.org/wiki/CPANAuthorNotes
Sections of this report:
* Tester comments
* Program output
* Prerequisites
* Environment and other context
------------------------------
TESTER COMMENTS
------------------------------
Additional comments from tester:
none provided
------------------------------
PROGRAM OUTPUT
------------------------------
Output from 'C:\strawberry-perl-5.16-32bit\c\bin\dmake.exe test':
C:\strawberry-perl-5.16-32bit\perl\bin\perl.exe "-MExtUtils::Command::MM" "-MTest::Harness" "-e" "undef *Test::Harness::Switches; test_harness(0, 'blib\lib', 'blib\arch')" t/*/*.t
t/e2e/aaccessor.t ........... ok
t/e2e/aalias.t .............. ok
t/e2e/aalias1.t ............. ok
t/e2e/abigint.t ............. ok
t/e2e/abranch_return_sub.t .. ok
t/e2e/abug_and.t ............ ok
t/e2e/acond_and.t ........... ok
t/e2e/acond_branch.t ........ ok
t/e2e/acond_chained.t ....... ok
t/e2e/acond_or.t ............ ok
t/e2e/acond_xor.t ........... ok
t/e2e/acop.t ................ ok
t/e2e/adbm_cond.t ........... ok
t/e2e/adefault_param.t ...... ok
t/e2e/adeparse.t ............ ok
t/e2e/adestroy.t ............ ok
t/e2e/adynamic_subs.t ....... ok
t/e2e/aeval1.t .............. ok
t/e2e/aeval2.t .............. ok
t/e2e/aeval3.t .............. ok
# Test 1 got:
+----+-----------------------------------------------------------------------------------+-----------------------------------------------------------------------------------+
| Elt|Got |Expected |
+----+-----------------------------------------------------------------------------------+-----------------------------------------------------------------------------------+
| 6|'tests/E2.pm 100.0 n/a n/a 100.0 100.0\n' |'tests/E2.pm 100.0 n/a n/a 100.0 100.0\n' |
| 7|'tests/E3.pm 100.0 n/a n/a 100.0 100.0\n' |'tests/E3.pm 100.0 n/a n/a 100.0 100.0\n' |
| 8|'tests/eval_merge 81.0 50.0 50.0 100.0 78.6\n' |'tests/eval_merge 81.0 50.0 50.0 100.0 78.6\n' |
* 9|'Total 82.6 50.0 50.0 100.0 81.3\n' |'Total 82.6 50.0 50.0 100.0 81.2\n' *
| 10|'- ------ ------ ------ ------ ------\n' |'- ------ ------ ------ ------ ------\n' |
| 11|'\n' |'\n' |
| 12|'\n' |'\n' |
+----+-----------------------------------------------------------------------------------+-----------------------------------------------------------------------------------+
(C:/strawberry-perl-5.16-32bit/cpan/build/Devel-Cover-1.10-cXrPYB/blib/lib/Devel/Cover/Test.pm at line 306)
# Expected: No differences (output)
# C:/strawberry-perl-5.16-32bit/cpan/build/Devel-Cover-1.10-cXrPYB/blib/lib/Devel/Cover/Test.pm line 306 is: $self->{no_coverage} ? Test::ok 1 : eq_or_diff(\@at, \@ac, "output");
t/e2e/aeval_merge.t .........
Failed 1/1 subtests
t/e2e/aeval_merge_0.t ....... ok
t/e2e/aeval_merge_1.t ....... ok
t/e2e/aeval_nested.t ........ ok
t/e2e/aexec.t ............... ok
t/e2e/aexec_die.t ........... ok
t/e2e/afork.t ............... ok
t/e2e/aif.t ................. ok
t/e2e/ainc_sub.t ............ ok
t/e2e/amodule1.t ............ ok
t/e2e/amodule2.t ............ ok
t/e2e/amodule_ignore.t ...... ok
t/e2e/amodule_import.t ...... ok
t/e2e/amodule_relative.t .... ok
t/e2e/amoo_cond.t ........... ok
t/e2e/amoose_basic.t ........ ok
t/e2e/amoose_cond.t ......... ok
t/e2e/amoose_constraint.t ... ok
t/e2e/aoverload_bool.t ...... ok
t/e2e/aoverload_bool2.t ..... ok
t/e2e/aoverloaded.t ......... ok
t/e2e/apadrange.t ........... ok
t/e2e/apod.t ................ ok
t/e2e/apod_nocp.t ........... ok
t/e2e/areadonly.t ........... ok
t/e2e/aredefine_sub.t ....... ok
t/e2e/arequire.t ............ ok
t/e2e/askip.t ............... ok
t/e2e/asort.t ............... ok
t/e2e/aspecial_blocks.t ..... ok
t/e2e/astatement.t .......... ok
t/e2e/asubs_only.t .......... ok
t/e2e/at0.t ................. ok
t/e2e/at1.t ................. ok
t/e2e/at2.t ................. ok
t/e2e/ataint.t .............. ok
t/e2e/atrivial.t ............ ok
t/e2e/auncoverable.t ........ ok
t/e2e/axor_constant_fold.t .. ok
t/e2e/change.t .............. ok
t/e2e/eval_merge.t .......... ok
t/e2e/eval_merge_sep.t ...... ok
t/e2e/eval_sub.t ............ ok
t/e2e/eval_use.t ............ ok
t/e2e/md5.t ................. ok
t/internal/criteria.t ....... ok
t/internal/inc_filter.t ..... ok
t/internal/launch.t ......... ok
t/internal/subprocess.t ..... ok
t/regexp/regexp_eval.t ...... ok
Test Summary Report
-------------------
t/e2e/aeval_merge.t (Wstat: 0 Tests: 1 Failed: 1)
Failed test: 1
Files=70, Tests=84, 206 wallclock secs ( 0.67 usr + 0.09 sys = 0.76 CPU)
Result: FAIL
Failed 1/70 test programs. 1/84 subtests failed.
dmake.exe: Error code 255, while making 'test_dynamic'
------------------------------
PREREQUISITES
------------------------------
Prerequisite modules loaded:
requires:
Module Need Have
------------------- ---- --------
Digest::MD5 0 2.53
Storable 0 2.45
Test::More 0 1.001003
Test::Warn 0 0.30
build_requires:
Module Need Have
------------------- ---- --------
ExtUtils::MakeMaker 0 6.94
Test::More 0 1.001003
Test::Warn 0 0.30
configure_requires:
Module Need Have
------------------- ---- --------
ExtUtils::MakeMaker 0 6.94
------------------------------
ENVIRONMENT AND OTHER CONTEXT
------------------------------
Environment variables:
COMSPEC = C:\Windows\system32\cmd.exe
NUMBER_OF_PROCESSORS = 4
PATH = C:\strawberry-perl-5.16-32bit\perl\site\bin;C:\strawberry-perl-5.16-32bit\perl\bin;C:\strawberry-perl-5.16-32bit\c\bin;C:\Program Files (x86)\Wizvera\Delfino;C:\Windows\SYSTEM32;C:\Windows;C:\Windows\SYSTEM32\WBEM;C:\Windows\SYSTEM32\WINDOWSPOWERSHELL\V1.0\;C:\PROGRAM FILES (X86)\LENOVO\ACCESS CONNECTIONS\;C:\PROGRAM FILES\THINKPAD\BLUETOOTH SOFTWARE\;C:\PROGRAM FILES\THINKPAD\BLUETOOTH SOFTWARE\SYSWOW64;;C:\Program Files (x86)\Intel\OpenCL SDK\2.0\bin\x86;C:\Program Files (x86)\Intel\OpenCL SDK\2.0\bin\x64;C:\Program Files (x86)\Windows Kits\8.1\Windows Performance Toolkit\;C:\Program Files\Microsoft SQL Server\110\Tools\Binn\
PERL5LIB =
PERL5OPT =
PERL5_CPANPLUS_IS_RUNNING = 5624
PERL5_CPAN_IS_RUNNING = 5624
PROCESSOR_IDENTIFIER = Intel64 Family 6 Model 42 Stepping 7, GenuineIntel
TEMP = C:\Users\kang\AppData\Local\Temp
TERM = dumb
Perl special variables (and OS-specific diagnostics, for MSWin32):
$^X = C:\strawberry-perl-5.16-32bit\perl\bin\perl.exe
$UID/$EUID = 0 / 0
$GID = 0
$EGID = 0
Win32::GetOSName = Win7
Win32::GetOSVersion = Service Pack 1, 6, 1, 7601, 2, 1, 0, 256, 1
Win32::FsType = NTFS
Win32::IsAdminUser = 0
Perl module toolchain versions installed:
Module Have
------------------- --------
CPAN 2.00
CPAN::Meta 2.140640
Cwd 3.40
ExtUtils::CBuilder 0.280216
ExtUtils::Command 1.18
ExtUtils::Install 1.64
ExtUtils::MakeMaker 6.94
ExtUtils::Manifest 1.63
ExtUtils::ParseXS 3.24
File::Spec 3.40
JSON 2.90
JSON::PP 2.27203
Module::Build 0.4205
Module::Signature 0.73
Parse::CPAN::Meta 1.4414
Test::Harness 3.30
Test::More 1.001003
YAML 0.90
YAML::Syck 1.27
version 0.9908
--
Summary of my perl5 (revision 5 version 16 subversion 3) configuration:
Platform:
osname=MSWin32, osvers=4.0, archname=MSWin32-x86-multi-thread
uname='Win32 strawberry-perl 5.16.3.1 #1 Tue Mar 12 13:55:20 2013 i386'
config_args='undef'
hint=recommended, useposix=true, d_sigaction=undef
useithreads=define, usemultiplicity=define
useperlio=define, d_sfio=undef, uselargefiles=define, usesocks=undef
use64bitint=undef, use64bitall=undef, uselongdouble=undef
usemymalloc=n, bincompat5005=undef
Compiler:
cc='gcc', ccflags =' -s -O2 -DWIN32 -DPERL_TEXTMODE_SCRIPTS -DPERL_IMPLICIT_CONTEXT -DPERL_IMPLICIT_SYS -fno-strict-aliasing -mms-bitfields',
optimize='-s -O2',
cppflags='-DWIN32'
ccversion='', gccversion='4.6.3', gccosandvers=''
intsize=4, longsize=4, ptrsize=4, doublesize=8, byteorder=1234
d_longlong=undef, longlongsize=8, d_longdbl=define, longdblsize=12
ivtype='long', ivsize=4, nvtype='double', nvsize=8, Off_t='long long', lseeksize=8
alignbytes=8, prototype=define
Linker and Libraries:
ld='g++', ldflags ='-s -L"C:\strawberry-perl-5.16-32bit\perl\lib\CORE" -L"C:\strawberry-perl-5.16-32bit\c\lib"'
libpth=C:\strawberry-perl-5.16-32bit\c\lib C:\strawberry-perl-5.16-32bit\c\i686-w64-mingw32\lib
libs=-lmoldname -lkernel32 -luser32 -lgdi32 -lwinspool -lcomdlg32 -ladvapi32 -lshell32 -lole32 -loleaut32 -lnetapi32 -luuid -lws2_32 -lmpr -lwinmm -lversion -lodbc32 -lodbccp32 -lcomctl32
perllibs=-lmoldname -lkernel32 -luser32 -lgdi32 -lwinspool -lcomdlg32 -ladvapi32 -lshell32 -lole32 -loleaut32 -lnetapi32 -luuid -lws2_32 -lmpr -lwinmm -lversion -lodbc32 -lodbccp32 -lcomctl32
libc=, so=dll, useshrplib=true, libperl=libperl516.a
gnulibc_version=''
Dynamic Linking:
dlsrc=dl_win32.xs, dlext=dll, d_dlsymun=undef, ccdlflags=' '
cccdlflags=' ', lddlflags='-mdll -s -L"C:\strawberry-perl-5.16-32bit\perl\lib\CORE" -L"C:\strawberry-perl-5.16-32bit\c\lib"'
Characteristics of this binary (from libperl):
Compile-time options: HAS_TIMES HAVE_INTERP_INTERN MULTIPLICITY
PERLIO_LAYERS PERL_DONT_CREATE_GVSV
PERL_IMPLICIT_CONTEXT PERL_IMPLICIT_SYS
PERL_MALLOC_WRAP PERL_PRESERVE_IVUV PL_OP_SLAB_ALLOC
USE_ITHREADS USE_LARGE_FILES USE_LOCALE
USE_LOCALE_COLLATE USE_LOCALE_CTYPE
USE_LOCALE_NUMERIC USE_PERLIO USE_PERL_ATOF
Built under MSWin32
Compiled at Mar 12 2013 14:01:07
%ENV:
PERL5_CPANPLUS_IS_RUNNING="5624"
PERL5_CPAN_IS_RUNNING="5624"
@INC:
C:/strawberry-perl-5.16-32bit/perl/site/lib/MSWin32-x86-multi-thread
C:/strawberry-perl-5.16-32bit/perl/site/lib
C:/strawberry-perl-5.16-32bit/perl/vendor/lib
C:/strawberry-perl-5.16-32bit/perl/lib
.