Report for SWISH-Prog-0.65

Back
From: metabase:user:320bfe00-2aae-11df-837a-5e0a49663a4f
Subject: FAIL SWISH-Prog-0.65 v5.17.7 GNU/Linux
Date: 2012-11-30T12:10:37Z

This distribution has been tested as part of the CPAN Testers
project, supporting the Perl programming language.  See
http://wiki.cpantesters.org/ for more information or email
questions to cpan-testers-discuss@perl.org


--
Dear Peter Karman,

This is a computer-generated report for SWISH-Prog-0.65
on perl 5.17.7, created by CPAN-Reporter-1.2006.

Thank you for uploading your work to CPAN.  However, there was a problem
testing your distribution.

If you think this report is invalid, please consult the CPAN Testers Wiki
for suggestions on how to avoid getting FAIL reports for missing library
or binary dependencies, unsupported operating systems, and so on:

http://wiki.cpantesters.org/wiki/CPANAuthorNotes

Sections of this report:

    * Tester comments
    * Program output
    * Prerequisites
    * Environment and other context

------------------------------
TESTER COMMENTS
------------------------------

Additional comments from tester:

this report is from an automated smoke testing program
and was not reviewed by a human for accuracy

------------------------------
PROGRAM OUTPUT
------------------------------

Output from '/usr/bin/make test':

PERL_DL_NONLAZY=1 /tmp/basesmoker-reloperl-RdRc/bin/perl "-MExtUtils::Command::MM" "-e" "test_harness(0, 'inc', 'blib/lib', 'blib/arch')" t/*.t
Unescaped left brace in regex is deprecated, passed through in regex; marked by <-- HERE in m/\${ <-- HERE ([\w.]+)}/ at /home/src/perl/repoperls/installed-perls/perl/v5.17.6-113-gdb9306a/165a/lib/site_perl/5.17.7/XML/Simple.pm line 1013, <DATA> line 1000.
Unescaped left brace in regex is deprecated, passed through in regex; marked by <-- HERE in m/\${ <-- HERE (\w+)}/ at /home/src/perl/repoperls/installed-perls/perl/v5.17.6-113-gdb9306a/165a/lib/site_perl/5.17.7/XML/Simple.pm line 1050, <DATA> line 1000.
# testing SWISH::Prog version 0.65
Can't exec "swish-e": No such file or directory at /tmp/loop_over_bdir-LKBei5/SWISH-Prog-0.65-lC_eUB/blib/lib/SWISH/Prog/Native/Indexer.pm line 120, <DATA> line 1000.
t/00_synopsis.t ........... ok
Unescaped left brace in regex is deprecated, passed through in regex; marked by <-- HERE in m/\${ <-- HERE ([\w.]+)}/ at /home/src/perl/repoperls/installed-perls/perl/v5.17.6-113-gdb9306a/165a/lib/site_perl/5.17.7/XML/Simple.pm line 1013, <DATA> line 1000.
Unescaped left brace in regex is deprecated, passed through in regex; marked by <-- HERE in m/\${ <-- HERE (\w+)}/ at /home/src/perl/repoperls/installed-perls/perl/v5.17.6-113-gdb9306a/165a/lib/site_perl/5.17.7/XML/Simple.pm line 1050, <DATA> line 1000.
Can't exec "swish-e": No such file or directory at /tmp/loop_over_bdir-LKBei5/SWISH-Prog-0.65-lC_eUB/blib/lib/SWISH/Prog/Native/Indexer.pm line 120, <DATA> line 1000.
t/01_fs.t ................. ok
Unescaped left brace in regex is deprecated, passed through in regex; marked by <-- HERE in m/\${ <-- HERE ([\w.]+)}/ at /home/src/perl/repoperls/installed-perls/perl/v5.17.6-113-gdb9306a/165a/lib/site_perl/5.17.7/XML/Simple.pm line 1013, <DATA> line 1000.
Unescaped left brace in regex is deprecated, passed through in regex; marked by <-- HERE in m/\${ <-- HERE (\w+)}/ at /home/src/perl/repoperls/installed-perls/perl/v5.17.6-113-gdb9306a/165a/lib/site_perl/5.17.7/XML/Simple.pm line 1050, <DATA> line 1000.
t/02_dbi.t ................ ok
Unescaped left brace in regex is deprecated, passed through in regex; marked by <-- HERE in m/\${ <-- HERE ([\w.]+)}/ at /home/src/perl/repoperls/installed-perls/perl/v5.17.6-113-gdb9306a/165a/lib/site_perl/5.17.7/XML/Simple.pm line 1013, <DATA> line 1000.
Unescaped left brace in regex is deprecated, passed through in regex; marked by <-- HERE in m/\${ <-- HERE (\w+)}/ at /home/src/perl/repoperls/installed-perls/perl/v5.17.6-113-gdb9306a/165a/lib/site_perl/5.17.7/XML/Simple.pm line 1050, <DATA> line 1000.
Can't exec "swish-e": No such file or directory at /tmp/loop_over_bdir-LKBei5/SWISH-Prog-0.65-lC_eUB/blib/lib/SWISH/Prog/Native/Indexer.pm line 120.
t/03_object.t ............. ok
Unescaped left brace in regex is deprecated, passed through in regex; marked by <-- HERE in m/\${ <-- HERE ([\w.]+)}/ at /home/src/perl/repoperls/installed-perls/perl/v5.17.6-113-gdb9306a/165a/lib/site_perl/5.17.7/XML/Simple.pm line 1013, <DATA> line 1000.
Unescaped left brace in regex is deprecated, passed through in regex; marked by <-- HERE in m/\${ <-- HERE (\w+)}/ at /home/src/perl/repoperls/installed-perls/perl/v5.17.6-113-gdb9306a/165a/lib/site_perl/5.17.7/XML/Simple.pm line 1050, <DATA> line 1000.
# install Mail::Box to test Mail aggregator
t/04_mail.t ............... ok
# set TEST_SPIDER env var to test the spider
t/05_spider.t ............. ok
t/06_config.t ............. ok
Unescaped left brace in regex is deprecated, passed through in regex; marked by <-- HERE in m/\${ <-- HERE ([\w.]+)}/ at /home/src/perl/repoperls/installed-perls/perl/v5.17.6-113-gdb9306a/165a/lib/site_perl/5.17.7/XML/Simple.pm line 1013, <DATA> line 1000.
Unescaped left brace in regex is deprecated, passed through in regex; marked by <-- HERE in m/\${ <-- HERE (\w+)}/ at /home/src/perl/repoperls/installed-perls/perl/v5.17.6-113-gdb9306a/165a/lib/site_perl/5.17.7/XML/Simple.pm line 1050, <DATA> line 1000.
t/08_meta.t ............... ok
Unescaped left brace in regex is deprecated, passed through in regex; marked by <-- HERE in m/\${ <-- HERE ([\w.]+)}/ at /home/src/perl/repoperls/installed-perls/perl/v5.17.6-113-gdb9306a/165a/lib/site_perl/5.17.7/XML/Simple.pm line 1013.
Unescaped left brace in regex is deprecated, passed through in regex; marked by <-- HERE in m/\${ <-- HERE (\w+)}/ at /home/src/perl/repoperls/installed-perls/perl/v5.17.6-113-gdb9306a/165a/lib/site_perl/5.17.7/XML/Simple.pm line 1050.

#   Failed test 'data1 xml'
#   at t/09_xml.t line 35.
#          got: '<data1><array><array>one</array><array>1</array><array>two</array><array>2</array></array><hash><three>3</three><four>4</four></hash><foo>bar</foo></data1>'
#     expected: '<data1><hash><three>3</three><four>4</four></hash><array><array>one</array><array>1</array><array>two</array><array>2</array></array><foo>bar</foo></data1>'
# Looks like you failed 1 test of 5.
t/09_xml.t ................ 
Dubious, test returned 1 (wstat 256, 0x100)
Failed 1/5 subtests 
t/10_config.t ............. ok
Unescaped left brace in regex is deprecated, passed through in regex; marked by <-- HERE in m/\${ <-- HERE ([\w.]+)}/ at /home/src/perl/repoperls/installed-perls/perl/v5.17.6-113-gdb9306a/165a/lib/site_perl/5.17.7/XML/Simple.pm line 1013, <DATA> line 1000.
Unescaped left brace in regex is deprecated, passed through in regex; marked by <-- HERE in m/\${ <-- HERE (\w+)}/ at /home/src/perl/repoperls/installed-perls/perl/v5.17.6-113-gdb9306a/165a/lib/site_perl/5.17.7/XML/Simple.pm line 1050, <DATA> line 1000.
Can't exec "swish-e": No such file or directory at /tmp/loop_over_bdir-LKBei5/SWISH-Prog-0.65-lC_eUB/blib/lib/SWISH/Prog/Native/Indexer.pm line 120, <DATA> line 1000.
t/11-leak-test.t .......... ok
Unescaped left brace in regex is deprecated, passed through in regex; marked by <-- HERE in m/\${ <-- HERE ([\w.]+)}/ at /home/src/perl/repoperls/installed-perls/perl/v5.17.6-113-gdb9306a/165a/lib/site_perl/5.17.7/XML/Simple.pm line 1013, <DATA> line 1000.
Unescaped left brace in regex is deprecated, passed through in regex; marked by <-- HERE in m/\${ <-- HERE (\w+)}/ at /home/src/perl/repoperls/installed-perls/perl/v5.17.6-113-gdb9306a/165a/lib/site_perl/5.17.7/XML/Simple.pm line 1050, <DATA> line 1000.
Can't exec "swish-e": No such file or directory at /tmp/loop_over_bdir-LKBei5/SWISH-Prog-0.65-lC_eUB/blib/lib/SWISH/Prog/Native/Indexer.pm line 120, <DATA> line 1000.
t/12-merge.t .............. ok
Unescaped left brace in regex is deprecated, passed through in regex; marked by <-- HERE in m/\${ <-- HERE ([\w.]+)}/ at /home/src/perl/repoperls/installed-perls/perl/v5.17.6-113-gdb9306a/165a/lib/site_perl/5.17.7/XML/Simple.pm line 1013, <DATA> line 1000.
Unescaped left brace in regex is deprecated, passed through in regex; marked by <-- HERE in m/\${ <-- HERE (\w+)}/ at /home/src/perl/repoperls/installed-perls/perl/v5.17.6-113-gdb9306a/165a/lib/site_perl/5.17.7/XML/Simple.pm line 1050, <DATA> line 1000.
# install Mail::Box to test MailFS aggregator
t/13_mail_fs.t ............ ok
Unescaped left brace in regex is deprecated, passed through in regex; marked by <-- HERE in m/\${ <-- HERE ([\w.]+)}/ at /home/src/perl/repoperls/installed-perls/perl/v5.17.6-113-gdb9306a/165a/lib/site_perl/5.17.7/XML/Simple.pm line 1013, <DATA> line 1000.
Unescaped left brace in regex is deprecated, passed through in regex; marked by <-- HERE in m/\${ <-- HERE (\w+)}/ at /home/src/perl/repoperls/installed-perls/perl/v5.17.6-113-gdb9306a/165a/lib/site_perl/5.17.7/XML/Simple.pm line 1050, <DATA> line 1000.
Can't exec "swish-e": No such file or directory at /tmp/loop_over_bdir-LKBei5/SWISH-Prog-0.65-lC_eUB/blib/lib/SWISH/Prog/Native/Indexer.pm line 120, <DATA> line 1000.
t/14-search.t ............. ok
Unescaped left brace in regex is deprecated, passed through in regex; marked by <-- HERE in m/\${ <-- HERE ([\w.]+)}/ at /home/src/perl/repoperls/installed-perls/perl/v5.17.6-113-gdb9306a/165a/lib/site_perl/5.17.7/XML/Simple.pm line 1013, <DATA> line 1000.
Unescaped left brace in regex is deprecated, passed through in regex; marked by <-- HERE in m/\${ <-- HERE (\w+)}/ at /home/src/perl/repoperls/installed-perls/perl/v5.17.6-113-gdb9306a/165a/lib/site_perl/5.17.7/XML/Simple.pm line 1050, <DATA> line 1000.
Can't exec "swish-e": No such file or directory at /tmp/loop_over_bdir-LKBei5/SWISH-Prog-0.65-lC_eUB/blib/lib/SWISH/Prog/Native/Indexer.pm line 120, <DATA> line 1000.
t/15-index-file-config.t .. ok
t/16-replace-rules.t ...... ok
Unescaped left brace in regex is deprecated, passed through in regex; marked by <-- HERE in m/\${ <-- HERE ([\w.]+)}/ at /home/src/perl/repoperls/installed-perls/perl/v5.17.6-113-gdb9306a/165a/lib/site_perl/5.17.7/XML/Simple.pm line 1013, <DATA> line 1000.
Unescaped left brace in regex is deprecated, passed through in regex; marked by <-- HERE in m/\${ <-- HERE (\w+)}/ at /home/src/perl/repoperls/installed-perls/perl/v5.17.6-113-gdb9306a/165a/lib/site_perl/5.17.7/XML/Simple.pm line 1050, <DATA> line 1000.
t/pod-coverage.t .......... ok
t/pod.t ................... ok

Test Summary Report
-------------------
t/09_xml.t              (Wstat: 256 Tests: 5 Failed: 1)
  Failed test:  3
  Non-zero exit status: 1
Files=18, Tests=237,  2 wallclock secs ( 0.08 usr  0.02 sys +  2.07 cusr  0.19 csys =  2.36 CPU)
Result: FAIL
Failed 1/18 test programs. 1/237 subtests failed.
make: *** [test_dynamic] Error 255

------------------------------
PREREQUISITES
------------------------------

Prerequisite modules loaded:

requires:

    Module              Need     Have    
    ------------------- -------- --------
    Config::General     2.31     2.51    
    Data::Dump          0        1.21    
    File::Basename      0        2.84    
    File::Rules         0        0.01    
    File::Slurp         0        9999.19 
    File::Temp          0        0.22    
    MIME::Types         0        1.36    
    Path::Class         0        0.26    
    perl                5.008003 5.017007
    Rose::DateTime      0        0.537   
    Rose::ObjectX::CAF  0        0.03    
    Scalar::Util        0        1.25    
    Search::Query       0.17     0.21    
    Search::Tools       0.82     0.84    
    SWISH::3            1.000005 1.000005
    SWISH::Filter       0.15     0.16    
    Test::More          0        0.98    
    Time::HiRes         0        1.9725  
    XML::Simple         0        2.20    

build_requires:

    Module              Need     Have    
    ------------------- -------- --------
    ExtUtils::MakeMaker 6.59     6.63_02 

configure_requires:

    Module              Need     Have    
    ------------------- -------- --------
    ExtUtils::MakeMaker 6.59     6.63_02 


------------------------------
ENVIRONMENT AND OTHER CONTEXT
------------------------------

Environment variables:

    AUTOMATED_TESTING = 1
    LANG = en_US.UTF-8
    LANGUAGE = en_US:en
    PATH = /home/sand/bin:/usr/local/bin:/usr/bin:/bin:/usr/bin/X11:/usr/games:/usr/local/perl/bin:/usr/X11/bin:/sbin:/usr/sbin
    PERL5LIB = /tmp/loop_over_bdir-LKBei5/ProjectBuilder-0.11.3-_c2bDI/blib/arch:/tmp/loop_over_bdir-LKBei5/ProjectBuilder-0.11.3-_c2bDI/blib/lib
    PERL5OPT = 
    PERL5_CPANPLUS_IS_RUNNING = 23554
    PERL5_CPAN_IS_RUNNING = 23554
    PERL_MM_USE_DEFAULT = 1
    SHELL = /usr/bin/zsh
    TERM = screen

Perl special variables (and OS-specific diagnostics, for MSWin32):

    $^X = /tmp/basesmoker-reloperl-RdRc/bin/perl
    $UID/$EUID = 1005 / 1005
    $GID = 1005 1005
    $EGID = 1005 1005

Perl module toolchain versions installed:

    Module              Have    
    ------------------- --------
    CPAN                1.9800  
    CPAN::Meta          2.120921
    Cwd                 3.39_03 
    ExtUtils::CBuilder  0.280209
    ExtUtils::Command   1.17    
    ExtUtils::Install   1.58    
    ExtUtils::MakeMaker 6.63_02 
    ExtUtils::Manifest  1.62    
    ExtUtils::ParseXS   3.18    
    File::Spec          3.39_02 
    JSON                2.53    
    JSON::PP            2.27200 
    Module::Build       0.4003  
    Module::Signature   0.70    
    Parse::CPAN::Meta   1.4404  
    Test::Harness       3.25_01 
    Test::More          0.98    
    YAML                0.84    
    YAML::Syck          1.21    
    version             0.9901  


--

Summary of my perl5 (revision 5 version 17 subversion 7) configuration:
  Commit id: db9306af4ddf47b54fb142041f8f950b1ec18f08
  Platform:
    osname=linux, osvers=3.2.0-4-amd64, archname=x86_64-linux
    uname='linux k83 3.2.0-4-amd64 #1 smp debian 3.2.32-1 x86_64 gnulinux '
    config_args='-Dprefix=/home/src/perl/repoperls/installed-perls/perl/v5.17.6-113-gdb9306a/165a -Dmyhostname=k83 -Dinstallusrbinperl=n -Uversiononly -Dusedevel -des -Ui_db -Uuseithreads -Uuselongdouble -DDEBUGGING=-g'
    hint=recommended, useposix=true, d_sigaction=define
    useithreads=undef, usemultiplicity=undef
    useperlio=define, d_sfio=undef, uselargefiles=define, usesocks=undef
    use64bitint=define, use64bitall=define, uselongdouble=undef
    usemymalloc=n, bincompat5005=undef
  Compiler:
    cc='cc', ccflags ='-fno-strict-aliasing -pipe -fstack-protector -I/usr/local/include -D_LARGEFILE_SOURCE -D_FILE_OFFSET_BITS=64',
    optimize='-O2 -g',
    cppflags='-fno-strict-aliasing -pipe -fstack-protector -I/usr/local/include'
    ccversion='', gccversion='4.7.2', gccosandvers=''
    intsize=4, longsize=8, ptrsize=8, doublesize=8, byteorder=12345678
    d_longlong=define, longlongsize=8, d_longdbl=define, longdblsize=16
    ivtype='long', ivsize=8, nvtype='double', nvsize=8, Off_t='off_t', lseeksize=8
    alignbytes=8, prototype=define
  Linker and Libraries:
    ld='cc', ldflags =' -fstack-protector -L/usr/local/lib'
    libpth=/usr/local/lib /lib/x86_64-linux-gnu /lib/../lib /usr/lib/x86_64-linux-gnu /usr/lib/../lib /lib /usr/lib
    libs=-lnsl -ldb -ldl -lm -lcrypt -lutil -lc
    perllibs=-lnsl -ldl -lm -lcrypt -lutil -lc
    libc=, so=so, useshrplib=false, libperl=libperl.a
    gnulibc_version='2.13'
  Dynamic Linking:
    dlsrc=dl_dlopen.xs, dlext=so, d_dlsymun=undef, ccdlflags='-Wl,-E'
    cccdlflags='-fPIC', lddlflags='-shared -O2 -g -L/usr/local/lib -fstack-protector'


Characteristics of this binary (from libperl): 
  Compile-time options: HAS_TIMES PERLIO_LAYERS PERL_DONT_CREATE_GVSV
                        PERL_MALLOC_WRAP PERL_NEW_COPY_ON_WRITE
                        PERL_PRESERVE_IVUV PERL_USE_DEVEL USE_64_BIT_ALL
                        USE_64_BIT_INT USE_LARGE_FILES USE_LOCALE
                        USE_LOCALE_COLLATE USE_LOCALE_CTYPE
                        USE_LOCALE_NUMERIC USE_PERLIO USE_PERL_ATOF
  Built under linux
  Compiled at Nov 29 2012 18:47:28
  %ENV:
    PERL5LIB="/tmp/loop_over_bdir-LKBei5/ProjectBuilder-0.11.3-_c2bDI/blib/arch:/tmp/loop_over_bdir-LKBei5/ProjectBuilder-0.11.3-_c2bDI/blib/lib"
    PERL5OPT=""
    PERL5_CPANPLUS_IS_RUNNING="23554"
    PERL5_CPAN_IS_RUNNING="23554"
    PERL_MM_USE_DEFAULT="1"
  @INC:
    /tmp/loop_over_bdir-LKBei5/ProjectBuilder-0.11.3-_c2bDI/blib/arch
    /tmp/loop_over_bdir-LKBei5/ProjectBuilder-0.11.3-_c2bDI/blib/lib
    /home/src/perl/repoperls/installed-perls/perl/v5.17.6-113-gdb9306a/165a/lib/site_perl/5.17.7/x86_64-linux
    /home/src/perl/repoperls/installed-perls/perl/v5.17.6-113-gdb9306a/165a/lib/site_perl/5.17.7
    /home/src/perl/repoperls/installed-perls/perl/v5.17.6-113-gdb9306a/165a/lib/5.17.7/x86_64-linux
    /home/src/perl/repoperls/installed-perls/perl/v5.17.6-113-gdb9306a/165a/lib/5.17.7
    .