Back
From: metabase:user:30f4dfbe-2aae-11df-837a-5e0a49663a4f
Subject: FAIL Palm-Magellan-NavCompanion-0.54 v5.8.8 GNU/Linux
Date: 2015-01-02T19:24:19Z
This distribution has been tested as part of the CPAN Testers
project, supporting the Perl programming language. See
http://wiki.cpantesters.org/ for more information or email
questions to cpan-testers-discuss@perl.org
--
Dear Adoptable Modules,
This is a computer-generated report for Palm-Magellan-NavCompanion-0.54
on perl 5.8.8, created by CPAN-Reporter-1.2011.
Thank you for uploading your work to CPAN. However, there was a problem
testing your distribution.
If you think this report is invalid, please consult the CPAN Testers Wiki
for suggestions on how to avoid getting FAIL reports for missing library
or binary dependencies, unsupported operating systems, and so on:
http://wiki.cpantesters.org/wiki/CPANAuthorNotes
Sections of this report:
* Tester comments
* Program output
* Prerequisites
* Environment and other context
------------------------------
TESTER COMMENTS
------------------------------
Additional comments from tester:
this report is from an automated smoke testing program
and was not reviewed by a human for accuracy
------------------------------
PROGRAM OUTPUT
------------------------------
Output from '/usr/bin/make test':
PERL_DL_NONLAZY=1 "/home/njh/perl5/perlbrew/perls/perl-5.8.8/bin/perl" "-MExtUtils::Command::MM" "-MTest::Harness" "-e" "undef *Test::Harness::Switches; test_harness(0, 'blib/lib', 'blib/arch')" t/*.t
# Failed test 'use Palm::Magellan::NavCompanion;'
# at t/compile.t line 7.
# Tried to use 'Palm::Magellan::NavCompanion'.
# Error: Can't locate Palm/Magellan/NavCompanion.pm in @INC (@INC contains: /home/njh/.cpan/build/Palm-Magellan-NavCompanion-0.54-AyC_aL/blib/lib /home/njh/.cpan/build/Palm-Magellan-NavCompanion-0.54-AyC_aL/blib/arch /home/njh/.cpan/build/Palm-1.014-4RZY5t/blib/arch /home/njh/.cpan/build/Palm-1.014-4RZY5t/blib/lib /home/njh/.cpan/build/Palm-PDB-1.015-Gx9O_4/blib/arch /home/njh/.cpan/build/Palm-PDB-1.015-Gx9O_4/blib/lib /home/njh/.cpan/build/Palm-1.014-4RZY5t/blib/arch /home/njh/.cpan/build/Palm-1.014-4RZY5t/blib/lib /home/njh/.cpan/build/Palm-PDB-1.015-Gx9O_4/blib/arch /home/njh/.cpan/build/Palm-PDB-1.015-Gx9O_4/blib/lib /home/njh/perl5/perlbrew/perls/perl-5.8.8/lib/5.8.8/x86_64-linux-thread-multi /home/njh/perl5/perlbrew/perls/perl-5.8.8/lib/5.8.8 /home/njh/perl5/perlbrew/perls/perl-5.8.8/lib/site_perl/5.8.8/x86_64-linux-thread-multi /home/njh/perl5/perlbrew/perls/perl-5.8.8/lib/site_perl/5.8.8 /home/njh/perl5/perlbrew/perls/perl-5.8.8/lib/site_perl .) at t/compile.t line 7.
# BEGIN failed--compilation aborted at t/compile.t line 7.
# Looks like you failed 1 test of 1.
t/compile.t .......
Dubious, test returned 1 (wstat 256, 0x100)
Failed 1/1 subtests
# Failed test 'use Palm::Magellan::NavCompanion;'
# at t/fields.t line 3.
# Tried to use 'Palm::Magellan::NavCompanion'.
# Error: Can't locate Palm/Magellan/NavCompanion.pm in @INC (@INC contains: /home/njh/.cpan/build/Palm-Magellan-NavCompanion-0.54-AyC_aL/blib/lib /home/njh/.cpan/build/Palm-Magellan-NavCompanion-0.54-AyC_aL/blib/arch /home/njh/.cpan/build/Palm-1.014-4RZY5t/blib/arch /home/njh/.cpan/build/Palm-1.014-4RZY5t/blib/lib /home/njh/.cpan/build/Palm-PDB-1.015-Gx9O_4/blib/arch /home/njh/.cpan/build/Palm-PDB-1.015-Gx9O_4/blib/lib /home/njh/.cpan/build/Palm-1.014-4RZY5t/blib/arch /home/njh/.cpan/build/Palm-1.014-4RZY5t/blib/lib /home/njh/.cpan/build/Palm-PDB-1.015-Gx9O_4/blib/arch /home/njh/.cpan/build/Palm-PDB-1.015-Gx9O_4/blib/lib /home/njh/perl5/perlbrew/perls/perl-5.8.8/lib/5.8.8/x86_64-linux-thread-multi /home/njh/perl5/perlbrew/perls/perl-5.8.8/lib/5.8.8 /home/njh/perl5/perlbrew/perls/perl-5.8.8/lib/site_perl/5.8.8/x86_64-linux-thread-multi /home/njh/perl5/perlbrew/perls/perl-5.8.8/lib/site_perl/5.8.8 /home/njh/perl5/perlbrew/perls/perl-5.8.8/lib/site_perl .) at t/fields.t line 3.
# BEGIN failed--compilation aborted at t/fields.t line 3.
Can't locate object method "new" via package "Palm::PDB" (perhaps you forgot to load "Palm::PDB"?) at t/fields.t line 5.
# Looks like you planned 6 tests but ran 1.
# Looks like you failed 1 test of 1 run.
# Looks like your test exited with 255 just after 1.
t/fields.t ........
Dubious, test returned 255 (wstat 65280, 0xff00)
Failed 6/6 subtests
# Failed test 'use Palm::Magellan::NavCompanion;'
# at t/Load.t line 3.
# Tried to use 'Palm::Magellan::NavCompanion'.
# Error: Can't locate Palm/Magellan/NavCompanion.pm in @INC (@INC contains: /home/njh/.cpan/build/Palm-Magellan-NavCompanion-0.54-AyC_aL/blib/lib /home/njh/.cpan/build/Palm-Magellan-NavCompanion-0.54-AyC_aL/blib/arch /home/njh/.cpan/build/Palm-1.014-4RZY5t/blib/arch /home/njh/.cpan/build/Palm-1.014-4RZY5t/blib/lib /home/njh/.cpan/build/Palm-PDB-1.015-Gx9O_4/blib/arch /home/njh/.cpan/build/Palm-PDB-1.015-Gx9O_4/blib/lib /home/njh/.cpan/build/Palm-1.014-4RZY5t/blib/arch /home/njh/.cpan/build/Palm-1.014-4RZY5t/blib/lib /home/njh/.cpan/build/Palm-PDB-1.015-Gx9O_4/blib/arch /home/njh/.cpan/build/Palm-PDB-1.015-Gx9O_4/blib/lib /home/njh/perl5/perlbrew/perls/perl-5.8.8/lib/5.8.8/x86_64-linux-thread-multi /home/njh/perl5/perlbrew/perls/perl-5.8.8/lib/5.8.8 /home/njh/perl5/perlbrew/perls/perl-5.8.8/lib/site_perl/5.8.8/x86_64-linux-thread-multi /home/njh/perl5/perlbrew/perls/perl-5.8.8/lib/site_perl/5.8.8 /home/njh/perl5/perlbrew/perls/perl-5.8.8/lib/site_perl .) at t/Load.t line 3.
# BEGIN failed--compilation aborted at t/Load.t line 3.
No handler defined for creator "MGtz", type "Twpt"
# Looks like you failed 1 test of 3.
# Looks like your test exited with 255 just after 3.
t/Load.t ..........
Dubious, test returned 255 (wstat 65280, 0xff00)
Failed 1/3 subtests
t/pod.t ........... ok
# Failed test 'Pod coverage on Palm::Magellan::NavCompanion'
# at t/pod_coverage.t line 12.
# Palm::Magellan::NavCompanion: couldn't find pod
# Looks like you failed 1 test of 1.
t/pod_coverage.t ..
Dubious, test returned 1 (wstat 256, 0x100)
Failed 1/1 subtests
t/prereq.t ........ skipped: Test::Prereq 1.00 required for testing prereqs
# Failed test 'use Palm::Magellan::NavCompanion;'
# at t/raw_records.t line 3.
# Tried to use 'Palm::Magellan::NavCompanion'.
# Error: Can't locate Palm/Magellan/NavCompanion.pm in @INC (@INC contains: /home/njh/.cpan/build/Palm-Magellan-NavCompanion-0.54-AyC_aL/blib/lib /home/njh/.cpan/build/Palm-Magellan-NavCompanion-0.54-AyC_aL/blib/arch /home/njh/.cpan/build/Palm-1.014-4RZY5t/blib/arch /home/njh/.cpan/build/Palm-1.014-4RZY5t/blib/lib /home/njh/.cpan/build/Palm-PDB-1.015-Gx9O_4/blib/arch /home/njh/.cpan/build/Palm-PDB-1.015-Gx9O_4/blib/lib /home/njh/.cpan/build/Palm-1.014-4RZY5t/blib/arch /home/njh/.cpan/build/Palm-1.014-4RZY5t/blib/lib /home/njh/.cpan/build/Palm-PDB-1.015-Gx9O_4/blib/arch /home/njh/.cpan/build/Palm-PDB-1.015-Gx9O_4/blib/lib /home/njh/perl5/perlbrew/perls/perl-5.8.8/lib/5.8.8/x86_64-linux-thread-multi /home/njh/perl5/perlbrew/perls/perl-5.8.8/lib/5.8.8 /home/njh/perl5/perlbrew/perls/perl-5.8.8/lib/site_perl/5.8.8/x86_64-linux-thread-multi /home/njh/perl5/perlbrew/perls/perl-5.8.8/lib/site_perl/5.8.8 /home/njh/perl5/perlbrew/perls/perl-5.8.8/lib/site_perl .) at t/raw_records.t line 3.
# BEGIN failed--compilation aborted at t/raw_records.t line 3.
Can't locate object method "new" via package "Palm::PDB" (perhaps you forgot to load "Palm::PDB"?) at t/raw_records.t line 5.
# Looks like you planned 5 tests but ran 1.
# Looks like you failed 1 test of 1 run.
# Looks like your test exited with 255 just after 1.
t/raw_records.t ...
Dubious, test returned 255 (wstat 65280, 0xff00)
Failed 5/5 subtests
Test Summary Report
-------------------
t/compile.t (Wstat: 256 Tests: 1 Failed: 1)
Failed test: 1
Non-zero exit status: 1
t/fields.t (Wstat: 65280 Tests: 1 Failed: 1)
Failed test: 1
Non-zero exit status: 255
Parse errors: Bad plan. You planned 6 tests but ran 1.
t/Load.t (Wstat: 65280 Tests: 3 Failed: 1)
Failed test: 1
Non-zero exit status: 255
t/pod_coverage.t (Wstat: 256 Tests: 1 Failed: 1)
Failed test: 1
Non-zero exit status: 1
t/raw_records.t (Wstat: 65280 Tests: 1 Failed: 1)
Failed test: 1
Non-zero exit status: 255
Parse errors: Bad plan. You planned 5 tests but ran 1.
Files=7, Tests=8, 0 wallclock secs ( 0.02 usr 0.02 sys + 0.15 cusr 0.00 csys = 0.19 CPU)
Result: FAIL
Failed 5/7 test programs. 5/8 subtests failed.
Makefile:849: recipe for target 'test_dynamic' failed
make: *** [test_dynamic] Error 255
------------------------------
PREREQUISITES
------------------------------
Prerequisite modules loaded:
requires:
Module Need Have
------------------- ---- --------
Palm::Raw 0 1.015
Palm::StdAppInfo 0 1.014
Test::More 0 1.001009
build_requires:
Module Need Have
------------------- ---- --------
ExtUtils::MakeMaker 0 7.04
configure_requires:
Module Need Have
------------------- ---- --------
ExtUtils::MakeMaker 0 7.04
------------------------------
ENVIRONMENT AND OTHER CONTEXT
------------------------------
Environment variables:
AUTOMATED_TESTING = 1
LANG = en_GB.UTF-8
LANGUAGE = en_GB:en
LD_LIBRARY_PATH = /usr/local/lib::
PATH = /home/njh/perl5/perlbrew/bin:/home/njh/perl5/perlbrew/perls/perl-5.8.8/bin:/home/njh/perl5/perlbrew/bin:/usr/local/bin:/usr/bin:/bin:/usr/local/games:/usr/games:/home/njh/bin:/sbin
PERL5LIB = /home/njh/.cpan/build/Palm-1.014-4RZY5t/blib/arch:/home/njh/.cpan/build/Palm-1.014-4RZY5t/blib/lib:/home/njh/.cpan/build/Palm-PDB-1.015-Gx9O_4/blib/arch:/home/njh/.cpan/build/Palm-PDB-1.015-Gx9O_4/blib/lib
PERL5OPT =
PERL5_CPANPLUS_IS_RUNNING = 20860
PERL5_CPAN_IS_RUNNING = 20860
PERL5_MINISMOKEBOX = 0.58
PERLBREW_BASHRC_VERSION = 0.71
PERLBREW_HOME = /home/njh/.perlbrew
PERLBREW_LIB =
PERLBREW_MANPATH = /home/njh/perl5/perlbrew/perls/perl-5.8.8/man
PERLBREW_PATH = /home/njh/perl5/perlbrew/bin:/home/njh/perl5/perlbrew/perls/perl-5.8.8/bin
PERLBREW_PERL = perl-5.8.8
PERLBREW_ROOT = /home/njh/perl5/perlbrew
PERLBREW_VERSION = 0.71
PERL_EXTUTILS_AUTOINSTALL = --defaultdeps
PERL_LOCAL_LIB_ROOT =
PERL_MM_USE_DEFAULT = 1
SHELL = /bin/bash
TMPDIR = /home/njh/tmp
Perl special variables (and OS-specific diagnostics, for MSWin32):
$^X = /home/njh/perl5/perlbrew/perls/perl-5.8.8/bin/perl
$UID/$EUID = 1000 / 1000
$GID = 1000 1000 112 108 46 44 30 29 25 24 4
$EGID = 1000 1000 112 108 46 44 30 29 25 24 4
Perl module toolchain versions installed:
Module Have
------------------- --------
CPAN 2.05
CPAN::Meta 2.142690
Cwd 3.40
ExtUtils::CBuilder 0.280220
ExtUtils::Command 1.16
ExtUtils::Install 1.54
ExtUtils::MakeMaker 7.04
ExtUtils::Manifest 1.65
ExtUtils::ParseXS 3.18
File::Spec 3.40
JSON 2.53
JSON::PP 2.27203
Module::Build 0.32
Module::Signature 0.70
Parse::CPAN::Meta 1.4414
Test::Harness 3.34
Test::More 1.001009
YAML 0.84
YAML::Syck 1.29
version 0.88
--
Summary of my perl5 (revision 5 version 8 subversion 8) configuration:
Platform:
osname=linux, osvers=3.2.0-4-amd64, archname=x86_64-linux-thread-multi
uname='linux nigelhorne.force9.co.uk 3.2.0-4-amd64 #1 smp debian 3.2.32-1 x86_64 gnulinux '
config_args='-de -Dprefix=/home/njh/perl5/perlbrew/perls/perl-5.8.8 -Duseithreads -Dusemultiplicity -Accflags=-O2 -W -Wformat=2 -Wswitch -Wshadow -Wwrite-strings -Wuninitialized -Wall -pipe -mtune=native -march=native -fomit-frame-pointer -mfpmath=sse -pedantic -D_FORTIFY_SOURCE=2 -Wpointer-arith -Wstrict-prototypes -fstack-protector -Wstack-protector -Wextra -Wbad-function-cast -Wcast-align -Wcast-qual -Wdisabled-optimization -Wendif-labels -Wfloat-equal -Wformat-nonliteral -Winline -Wmissing-declarations -Wmissing-prototypes -Wnested-externs -Wpointer-arith -Wundef -Wformat-security -Aeval:scriptdir=/home/njh/perl5/perlbrew/perls/perl-5.8.8/bin'
hint=recommended, useposix=true, d_sigaction=define
usethreads=define use5005threads=undef useithreads=define usemultiplicity=define
useperlio=define d_sfio=undef uselargefiles=define usesocks=undef
use64bitint=define use64bitall=define uselongdouble=undef
usemymalloc=n, bincompat5005=undef
Compiler:
cc='cc', ccflags ='-D_REENTRANT -D_GNU_SOURCE -O2 -W -Wformat=2 -Wswitch -Wshadow -Wwrite-strings -Wuninitialized -Wall -pipe -mtune=native -march=native -fomit-frame-pointer -mfpmath=sse -pedantic -D_FORTIFY_SOURCE=2 -Wpointer-arith -Wstrict-prototypes -fstack-protector -Wstack-protector -Wextra -Wbad-function-cast -Wcast-align -Wcast-qual -Wdisabled-optimization -Wendif-labels -Wfloat-equal -Wformat-nonliteral -Winline -Wmissing-declarations -Wmissing-prototypes -Wnested-externs -Wpointer-arith -Wundef -Wformat-security -fno-strict-aliasing -Wdeclaration-after-statement -I/usr/local/include -D_LARGEFILE_SOURCE -D_FILE_OFFSET_BITS=64',
optimize='-O2',
cppflags='-D_REENTRANT -D_GNU_SOURCE -O2 -W -Wformat=2 -Wswitch -Wshadow -Wwrite-strings -Wuninitialized -Wall -pipe -mtune=native -march=native -fomit-frame-pointer -mfpmath=sse -pedantic -D_FORTIFY_SOURCE=2 -Wpointer-arith -Wstrict-prototypes -fstack-protector -Wstack-protector -Wextra -Wbad-function-cast -Wcast-align -Wcast-qual -Wdisabled-optimization -Wendif-labels -Wfloat-equal -Wformat-nonliteral -Winline -Wmissing-declarations -Wmissing-prototypes -Wnested-externs -Wpointer-arith -Wundef -Wformat-security -fno-strict-aliasing -Wdeclaration-after-statement -I/usr/local/include'
ccversion='', gccversion='4.7.2', gccosandvers=''
intsize=4, longsize=8, ptrsize=8, doublesize=8, byteorder=12345678
d_longlong=define, longlongsize=8, d_longdbl=define, longdblsize=16
ivtype='long', ivsize=8, nvtype='double', nvsize=8, Off_t='off_t', lseeksize=8
alignbytes=8, prototype=define
Linker and Libraries:
ld='cc', ldflags =' -L/usr/local/lib'
libpth=/usr/local/lib /lib/x86_64-linux-gnu /lib/../lib /usr/lib/x86_64-linux-gnu /usr/lib/../lib /lib /usr/lib
libs=-lnsl -lgdbm -ldb -ldl -lm -lcrypt -lutil -lpthread -lc -lgdbm_compat
perllibs=-lnsl -ldl -lm -lcrypt -lutil -lpthread -lc -lgdbm_compat
libc=, so=so, useshrplib=false, libperl=libperl.a
gnulibc_version='2.13'
Dynamic Linking:
dlsrc=dl_dlopen.xs, dlext=so, d_dlsymun=undef, ccdlflags='-Wl,-E'
cccdlflags='-fpic', lddlflags='-shared -L/usr/local/lib'
Characteristics of this binary (from libperl):
Compile-time options: MULTIPLICITY PERL_IMPLICIT_CONTEXT
PERL_MALLOC_WRAP USE_64_BIT_ALL USE_64_BIT_INT
USE_ITHREADS USE_LARGE_FILES USE_PERLIO
USE_REENTRANT_API
Built under linux
Compiled at Mar 5 2013 01:22:32
%ENV:
PERL5LIB="/home/njh/.cpan/build/Palm-1.014-4RZY5t/blib/arch:/home/njh/.cpan/build/Palm-1.014-4RZY5t/blib/lib:/home/njh/.cpan/build/Palm-PDB-1.015-Gx9O_4/blib/arch:/home/njh/.cpan/build/Palm-PDB-1.015-Gx9O_4/blib/lib"
PERL5OPT=""
PERL5_CPANPLUS_IS_RUNNING="20860"
PERL5_CPAN_IS_RUNNING="20860"
PERL5_MINISMOKEBOX="0.58"
PERLBREW_BASHRC_VERSION="0.71"
PERLBREW_HOME="/home/njh/.perlbrew"
PERLBREW_LIB=""
PERLBREW_MANPATH="/home/njh/perl5/perlbrew/perls/perl-5.8.8/man"
PERLBREW_PATH="/home/njh/perl5/perlbrew/bin:/home/njh/perl5/perlbrew/perls/perl-5.8.8/bin"
PERLBREW_PERL="perl-5.8.8"
PERLBREW_ROOT="/home/njh/perl5/perlbrew"
PERLBREW_VERSION="0.71"
PERL_EXTUTILS_AUTOINSTALL="--defaultdeps"
PERL_LOCAL_LIB_ROOT=""
PERL_MM_USE_DEFAULT="1"
@INC:
/home/njh/.cpan/build/Palm-1.014-4RZY5t/blib/arch
/home/njh/.cpan/build/Palm-1.014-4RZY5t/blib/lib
/home/njh/.cpan/build/Palm-PDB-1.015-Gx9O_4/blib/arch
/home/njh/.cpan/build/Palm-PDB-1.015-Gx9O_4/blib/lib
/home/njh/perl5/perlbrew/perls/perl-5.8.8/lib/5.8.8/x86_64-linux-thread-multi
/home/njh/perl5/perlbrew/perls/perl-5.8.8/lib/5.8.8
/home/njh/perl5/perlbrew/perls/perl-5.8.8/lib/site_perl/5.8.8/x86_64-linux-thread-multi
/home/njh/perl5/perlbrew/perls/perl-5.8.8/lib/site_perl/5.8.8
/home/njh/perl5/perlbrew/perls/perl-5.8.8/lib/site_perl
.