Report for MongoDB-v1.6.0

Back
From: metabase:user:320bfe00-2aae-11df-837a-5e0a49663a4f
Subject: FAIL MongoDB-v1.6.0 v5.25.7 GNU/Linux
Date: 2016-11-30T20:45:37Z

This distribution has been tested as part of the CPAN Testers
project, supporting the Perl programming language.  See
http://wiki.cpantesters.org/ for more information or email
questions to cpan-testers-discuss@perl.org


--
Dear MongoDB Inc,

This is a computer-generated report for MongoDB-v1.6.0
on perl 5.25.7, created by CPAN-Reporter-1.2018.

Thank you for uploading your work to CPAN.  However, there was a problem
testing your distribution.

If you think this report is invalid, please consult the CPAN Testers Wiki
for suggestions on how to avoid getting FAIL reports for missing library
or binary dependencies, unsupported operating systems, and so on:

http://wiki.cpantesters.org/wiki/CPANAuthorNotes

Sections of this report:

    * Tester comments
    * Program output
    * Prerequisites
    * Environment and other context

------------------------------
TESTER COMMENTS
------------------------------

Additional comments from tester:

this report is from an automated smoke testing program
and was not reviewed by a human for accuracy

------------------------------
PROGRAM OUTPUT
------------------------------

Output from '/usr/bin/make test':

"/tmp/basesmoker-reloperl-QrRG/bin/perl" "-Iinc" -MExtUtils::Command::MM -e 'cp_nonempty' -- MongoDB.bs blib/arch/auto/MongoDB/MongoDB.bs 644
PERL_DL_NONLAZY=1 "/tmp/basesmoker-reloperl-QrRG/bin/perl" "-MExtUtils::Command::MM" "-MTest::Harness" "-e" "undef *Test::Harness::Switches; test_harness(0, 'inc', 'blib/lib', 'blib/arch')" t/*.t t/bson_codec/*.t t/deprecated/*.t t/threads/*.t t/unit/*.t
Moo version 2.002004 required--this is only version 2.001001 at /home/sand/src/perl/repoperls/installed-perls/host/k93x64sid/v5.25.7/f878/lib/site_perl/5.25.7/BSON/DBRef.pm line 12, <DATA> line 1.
BEGIN failed--compilation aborted at /home/sand/src/perl/repoperls/installed-perls/host/k93x64sid/v5.25.7/f878/lib/site_perl/5.25.7/BSON/DBRef.pm line 12, <DATA> line 1.
Compilation failed in require at /home/sand/src/perl/repoperls/installed-perls/host/k93x64sid/v5.25.7/f878/lib/site_perl/5.25.7/BSON/Types.pm line 38, <DATA> line 1.
BEGIN failed--compilation aborted at /home/sand/src/perl/repoperls/installed-perls/host/k93x64sid/v5.25.7/f878/lib/site_perl/5.25.7/BSON/Types.pm line 38, <DATA> line 1.
Compilation failed in require at /tmp/loop_over_bdir-15925-JH1OzP/MongoDB-v1.6.0-0/blib/lib/MongoDB.pm line 44, <DATA> line 1.
BEGIN failed--compilation aborted at /tmp/loop_over_bdir-15925-JH1OzP/MongoDB-v1.6.0-0/blib/lib/MongoDB.pm line 44, <DATA> line 1.
Compilation failed in require at t/lib/MongoDBTest.pm line 25, <DATA> line 1.
BEGIN failed--compilation aborted at t/lib/MongoDBTest.pm line 25, <DATA> line 1.
Compilation failed in require at t/00-report-mongod.t line 23, <DATA> line 1.
BEGIN failed--compilation aborted at t/00-report-mongod.t line 23, <DATA> line 1.
t/00-report-mongod.t ........ 
Dubious, test returned 255 (wstat 65280, 0xff00)
No subtests run 
Moo version 2.002004 required--this is only version 2.001001 at /home/sand/src/perl/repoperls/installed-perls/host/k93x64sid/v5.25.7/f878/lib/site_perl/5.25.7/BSON/DBRef.pm line 12, <DATA> line 1.
BEGIN failed--compilation aborted at /home/sand/src/perl/repoperls/installed-perls/host/k93x64sid/v5.25.7/f878/lib/site_perl/5.25.7/BSON/DBRef.pm line 12, <DATA> line 1.
Compilation failed in require at /home/sand/src/perl/repoperls/installed-perls/host/k93x64sid/v5.25.7/f878/lib/site_perl/5.25.7/BSON/Types.pm line 38, <DATA> line 1.
BEGIN failed--compilation aborted at /home/sand/src/perl/repoperls/installed-perls/host/k93x64sid/v5.25.7/f878/lib/site_perl/5.25.7/BSON/Types.pm line 38, <DATA> line 1.
Compilation failed in require at /tmp/loop_over_bdir-15925-JH1OzP/MongoDB-v1.6.0-0/blib/lib/MongoDB.pm line 44, <DATA> line 1.
BEGIN failed--compilation aborted at /tmp/loop_over_bdir-15925-JH1OzP/MongoDB-v1.6.0-0/blib/lib/MongoDB.pm line 44, <DATA> line 1.
Compilation failed in require at t/max_time_ms.t line 21, <DATA> line 1.
BEGIN failed--compilation aborted at t/max_time_ms.t line 21, <DATA> line 1.
t/max_time_ms.t ............. 
Dubious, test returned 255 (wstat 65280, 0xff00)
No subtests run 
# 
# Versions for all modules listed in MYMETA.json (including optional ones):
# 
# === Configure Requires ===
# 
#     Module               Want  Have
#     ------------------- ----- -----
#     Config::AutoConf     0.22 0.313
#     ExtUtils::MakeMaker   any  7.24
#     Path::Tiny          0.052 0.098
# 
# === Configure Suggests ===
# 
#     Module      Want       Have
#     -------- ------- ----------
#     JSON::PP 2.27300 2.27400_02
# 
# === Build Requires ===
# 
#     Module                  Want     Have
#     ------------------- -------- --------
#     Data::Dumper             any    2.165
#     Devel::Peek              any     1.26
#     ExtUtils::MakeMaker     6.59     7.24
#     File::Spec               any     3.66
#     File::Temp              0.17   0.2304
#     FileHandle               any     2.03
#     JSON::MaybeXS       1.002005 1.003008
#     Math::BigInt             any 1.999802
#     Path::Tiny             0.054    0.098
#     Test::Deep             0.111    1.124
#     Test::Fatal              any    0.014
#     Test::More              0.96 1.302067
#     bigint                   any     0.44
#     lib                      any     0.63
#     utf8                     any     1.19
# 
# === Test Requires ===
# 
#     Module               Want     Have
#     ------------------- ----- --------
#     Data::Dumper          any    2.165
#     ExtUtils::MakeMaker   any     7.24
#     File::Compare         any   1.1006
#     File::Spec            any     3.66
#     File::Temp            any   0.2304
#     FileHandle            any     2.03
#     JSON::MaybeXS         any 1.003008
#     Math::BigInt          any 1.999802
#     Path::Tiny          0.054    0.098
#     Test::Deep          0.111    1.124
#     Test::Fatal           any    0.014
#     Test::More           0.96 1.302067
#     bigint                any     0.44
#     lib                   any     0.63
#     threads::shared       any     1.52
#     utf8                  any     1.19
# 
# === Test Recommends ===
# 
#     Module             Want     Have
#     -------------- -------- --------
#     CPAN::Meta     2.120900 2.150010
#     DateTime::Tiny        1     1.06
#     Test::Harness      3.31  3.36_01
#     Time::Moment       0.22     0.40
# 
# === Runtime Requires ===
# 
#     Module                 Want     Have
#     --------------------- ----- --------
#     Authen::SCRAM::Client 0.003    0.005
#     BSON::Decimal128          1   v1.2.2
#     BSON::Types             any   v1.2.2
#     Carp                    any     1.42
#     Class::XSAccessor       any     1.19
#     DateTime               0.78     1.41
#     Digest::MD5             any     2.55
#     Encode                  any     2.86
#     Exporter               5.57     5.72
#     IO::File                any     1.16
#     IO::Socket              any     1.38
#     List::Util              any  1.46_02
#     MIME::Base64            any     3.15
#     Moo                       2 2.001001
#     Moo::Role               any 2.001001
#     Safe::Isa               any 1.000006
#     Scalar::Util            any  1.46_02
#     Socket                  any 2.020_03
#     Sub::Quote              any 2.001001
#     Tie::IxHash             any     1.23
#     Time::HiRes             any   1.9741
#     Try::Tiny               any     0.27
#     Type::Library           any 1.000005
#     Type::Tiny                1 1.000005
#     Type::Tiny::XS          any    0.012
#     Type::Utils             any 1.000005
#     Types::Standard         any 1.000005
#     XSLoader                any     0.24
#     boolean                0.25     0.46
#     bytes                   any     1.05
#     constant                any     1.33
#     if                      any   0.0606
#     namespace::clean        any     0.27
#     overload                any     1.27
#     re                      any     0.33
#     strict                  any     1.11
#     version                 any   0.9917
#     warnings                any     1.37
# 
# === Runtime Recommends ===
# 
#     Module              Want     Have
#     --------------- -------- --------
#     IO::Socket::IP      0.25     0.38
#     IO::Socket::SSL     1.42    2.039
#     Mozilla::CA     20130114 20160104
#     Net::SSLeay         1.49     1.78
# 
# === Runtime Suggests ===
# 
#     Module          Want  Have
#     --------------- ---- -----
#     IO::Socket::SSL 1.56 2.039
# 
t/00-report-prereqs.t ....... ok
Moo version 2.002004 required--this is only version 2.001001 at /home/sand/src/perl/repoperls/installed-perls/host/k93x64sid/v5.25.7/f878/lib/site_perl/5.25.7/BSON/DBRef.pm line 12, <DATA> line 1.
BEGIN failed--compilation aborted at /home/sand/src/perl/repoperls/installed-perls/host/k93x64sid/v5.25.7/f878/lib/site_perl/5.25.7/BSON/DBRef.pm line 12, <DATA> line 1.
Compilation failed in require at /home/sand/src/perl/repoperls/installed-perls/host/k93x64sid/v5.25.7/f878/lib/site_perl/5.25.7/BSON/Types.pm line 38, <DATA> line 1.
BEGIN failed--compilation aborted at /home/sand/src/perl/repoperls/installed-perls/host/k93x64sid/v5.25.7/f878/lib/site_perl/5.25.7/BSON/Types.pm line 38, <DATA> line 1.
Compilation failed in require at /tmp/loop_over_bdir-15925-JH1OzP/MongoDB-v1.6.0-0/blib/lib/MongoDB.pm line 44, <DATA> line 1.
BEGIN failed--compilation aborted at /tmp/loop_over_bdir-15925-JH1OzP/MongoDB-v1.6.0-0/blib/lib/MongoDB.pm line 44, <DATA> line 1.
Compilation failed in require at t/bson.t line 23, <DATA> line 1.
BEGIN failed--compilation aborted at t/bson.t line 23, <DATA> line 1.
t/bson.t .................... 
Dubious, test returned 255 (wstat 65280, 0xff00)
No subtests run 
Moo version 2.002004 required--this is only version 2.001001 at /home/sand/src/perl/repoperls/installed-perls/host/k93x64sid/v5.25.7/f878/lib/site_perl/5.25.7/BSON/DBRef.pm line 12, <DATA> line 1.
BEGIN failed--compilation aborted at /home/sand/src/perl/repoperls/installed-perls/host/k93x64sid/v5.25.7/f878/lib/site_perl/5.25.7/BSON/DBRef.pm line 12, <DATA> line 1.
Compilation failed in require at /home/sand/src/perl/repoperls/installed-perls/host/k93x64sid/v5.25.7/f878/lib/site_perl/5.25.7/BSON/Types.pm line 38, <DATA> line 1.
BEGIN failed--compilation aborted at /home/sand/src/perl/repoperls/installed-perls/host/k93x64sid/v5.25.7/f878/lib/site_perl/5.25.7/BSON/Types.pm line 38, <DATA> line 1.
Compilation failed in require at /tmp/loop_over_bdir-15925-JH1OzP/MongoDB-v1.6.0-0/blib/lib/MongoDB.pm line 44, <DATA> line 1.
BEGIN failed--compilation aborted at /tmp/loop_over_bdir-15925-JH1OzP/MongoDB-v1.6.0-0/blib/lib/MongoDB.pm line 44, <DATA> line 1.
Compilation failed in require at t/bson_codec/booleans.t line 22, <DATA> line 1.
BEGIN failed--compilation aborted at t/bson_codec/booleans.t line 22, <DATA> line 1.
t/bson_codec/booleans.t ..... 
Dubious, test returned 255 (wstat 65280, 0xff00)
No subtests run 
Moo version 2.002004 required--this is only version 2.001001 at /home/sand/src/perl/repoperls/installed-perls/host/k93x64sid/v5.25.7/f878/lib/site_perl/5.25.7/BSON/DBRef.pm line 12, <DATA> line 1.
BEGIN failed--compilation aborted at /home/sand/src/perl/repoperls/installed-perls/host/k93x64sid/v5.25.7/f878/lib/site_perl/5.25.7/BSON/DBRef.pm line 12, <DATA> line 1.
Compilation failed in require at /home/sand/src/perl/repoperls/installed-perls/host/k93x64sid/v5.25.7/f878/lib/site_perl/5.25.7/BSON/Types.pm line 38, <DATA> line 1.
BEGIN failed--compilation aborted at /home/sand/src/perl/repoperls/installed-perls/host/k93x64sid/v5.25.7/f878/lib/site_perl/5.25.7/BSON/Types.pm line 38, <DATA> line 1.
Compilation failed in require at /tmp/loop_over_bdir-15925-JH1OzP/MongoDB-v1.6.0-0/blib/lib/MongoDB.pm line 44, <DATA> line 1.
BEGIN failed--compilation aborted at /tmp/loop_over_bdir-15925-JH1OzP/MongoDB-v1.6.0-0/blib/lib/MongoDB.pm line 44, <DATA> line 1.
Compilation failed in require at t/bson_codec/containers.t line 23, <DATA> line 1.
BEGIN failed--compilation aborted at t/bson_codec/containers.t line 23, <DATA> line 1.
t/bson_codec/containers.t ... 
Dubious, test returned 255 (wstat 65280, 0xff00)
No subtests run 
Moo version 2.002004 required--this is only version 2.001001 at /home/sand/src/perl/repoperls/installed-perls/host/k93x64sid/v5.25.7/f878/lib/site_perl/5.25.7/BSON/DBRef.pm line 12, <DATA> line 1.
BEGIN failed--compilation aborted at /home/sand/src/perl/repoperls/installed-perls/host/k93x64sid/v5.25.7/f878/lib/site_perl/5.25.7/BSON/DBRef.pm line 12, <DATA> line 1.
Compilation failed in require at /home/sand/src/perl/repoperls/installed-perls/host/k93x64sid/v5.25.7/f878/lib/site_perl/5.25.7/BSON/Types.pm line 38, <DATA> line 1.
BEGIN failed--compilation aborted at /home/sand/src/perl/repoperls/installed-perls/host/k93x64sid/v5.25.7/f878/lib/site_perl/5.25.7/BSON/Types.pm line 38, <DATA> line 1.
Compilation failed in require at /tmp/loop_over_bdir-15925-JH1OzP/MongoDB-v1.6.0-0/blib/lib/MongoDB.pm line 44, <DATA> line 1.
BEGIN failed--compilation aborted at /tmp/loop_over_bdir-15925-JH1OzP/MongoDB-v1.6.0-0/blib/lib/MongoDB.pm line 44, <DATA> line 1.
Compilation failed in require at t/bson_codec/elements.t line 25, <DATA> line 1.
BEGIN failed--compilation aborted at t/bson_codec/elements.t line 25, <DATA> line 1.
t/bson_codec/elements.t ..... 
Dubious, test returned 255 (wstat 65280, 0xff00)
No subtests run 
Moo version 2.002004 required--this is only version 2.001001 at /home/sand/src/perl/repoperls/installed-perls/host/k93x64sid/v5.25.7/f878/lib/site_perl/5.25.7/BSON/DBRef.pm line 12, <DATA> line 1.
BEGIN failed--compilation aborted at /home/sand/src/perl/repoperls/installed-perls/host/k93x64sid/v5.25.7/f878/lib/site_perl/5.25.7/BSON/DBRef.pm line 12, <DATA> line 1.
Compilation failed in require at /home/sand/src/perl/repoperls/installed-perls/host/k93x64sid/v5.25.7/f878/lib/site_perl/5.25.7/BSON/Types.pm line 38, <DATA> line 1.
BEGIN failed--compilation aborted at /home/sand/src/perl/repoperls/installed-perls/host/k93x64sid/v5.25.7/f878/lib/site_perl/5.25.7/BSON/Types.pm line 38, <DATA> line 1.
Compilation failed in require at /tmp/loop_over_bdir-15925-JH1OzP/MongoDB-v1.6.0-0/blib/lib/MongoDB.pm line 44, <DATA> line 1.
BEGIN failed--compilation aborted at /tmp/loop_over_bdir-15925-JH1OzP/MongoDB-v1.6.0-0/blib/lib/MongoDB.pm line 44, <DATA> line 1.
Compilation failed in require at t/bson_codec/time_moment.t line 24, <DATA> line 1.
BEGIN failed--compilation aborted at t/bson_codec/time_moment.t line 24, <DATA> line 1.
t/bson_codec/time_moment.t .. 
Dubious, test returned 255 (wstat 65280, 0xff00)
No subtests run 
Moo version 2.002004 required--this is only version 2.001001 at /home/sand/src/perl/repoperls/installed-perls/host/k93x64sid/v5.25.7/f878/lib/site_perl/5.25.7/BSON/DBRef.pm line 12, <DATA> line 1.
BEGIN failed--compilation aborted at /home/sand/src/perl/repoperls/installed-perls/host/k93x64sid/v5.25.7/f878/lib/site_perl/5.25.7/BSON/DBRef.pm line 12, <DATA> line 1.
Compilation failed in require at /home/sand/src/perl/repoperls/installed-perls/host/k93x64sid/v5.25.7/f878/lib/site_perl/5.25.7/BSON/Types.pm line 38, <DATA> line 1.
BEGIN failed--compilation aborted at /home/sand/src/perl/repoperls/installed-perls/host/k93x64sid/v5.25.7/f878/lib/site_perl/5.25.7/BSON/Types.pm line 38, <DATA> line 1.
Compilation failed in require at /tmp/loop_over_bdir-15925-JH1OzP/MongoDB-v1.6.0-0/blib/lib/MongoDB.pm line 44, <DATA> line 1.
BEGIN failed--compilation aborted at /tmp/loop_over_bdir-15925-JH1OzP/MongoDB-v1.6.0-0/blib/lib/MongoDB.pm line 44, <DATA> line 1.
Compilation failed in require at t/bulk.t line 27, <DATA> line 1.
BEGIN failed--compilation aborted at t/bulk.t line 27, <DATA> line 1.
t/bulk.t .................... 
Dubious, test returned 255 (wstat 65280, 0xff00)
No subtests run 
Moo version 2.002004 required--this is only version 2.001001 at /home/sand/src/perl/repoperls/installed-perls/host/k93x64sid/v5.25.7/f878/lib/site_perl/5.25.7/BSON/DBRef.pm line 12, <DATA> line 1.
BEGIN failed--compilation aborted at /home/sand/src/perl/repoperls/installed-perls/host/k93x64sid/v5.25.7/f878/lib/site_perl/5.25.7/BSON/DBRef.pm line 12, <DATA> line 1.
Compilation failed in require at /home/sand/src/perl/repoperls/installed-perls/host/k93x64sid/v5.25.7/f878/lib/site_perl/5.25.7/BSON/Types.pm line 38, <DATA> line 1.
BEGIN failed--compilation aborted at /home/sand/src/perl/repoperls/installed-perls/host/k93x64sid/v5.25.7/f878/lib/site_perl/5.25.7/BSON/Types.pm line 38, <DATA> line 1.
Compilation failed in require at /tmp/loop_over_bdir-15925-JH1OzP/MongoDB-v1.6.0-0/blib/lib/MongoDB.pm line 44, <DATA> line 1.
BEGIN failed--compilation aborted at /tmp/loop_over_bdir-15925-JH1OzP/MongoDB-v1.6.0-0/blib/lib/MongoDB.pm line 44, <DATA> line 1.
Compilation failed in require at t/bypass_doc_validation.t line 25, <DATA> line 1.
BEGIN failed--compilation aborted at t/bypass_doc_validation.t line 25, <DATA> line 1.
t/bypass_doc_validation.t ... 
Dubious, test returned 255 (wstat 65280, 0xff00)
No subtests run 
Moo version 2.002004 required--this is only version 2.001001 at /home/sand/src/perl/repoperls/installed-perls/host/k93x64sid/v5.25.7/f878/lib/site_perl/5.25.7/BSON/DBRef.pm line 12, <DATA> line 1.
BEGIN failed--compilation aborted at /home/sand/src/perl/repoperls/installed-perls/host/k93x64sid/v5.25.7/f878/lib/site_perl/5.25.7/BSON/DBRef.pm line 12, <DATA> line 1.
Compilation failed in require at /home/sand/src/perl/repoperls/installed-perls/host/k93x64sid/v5.25.7/f878/lib/site_perl/5.25.7/BSON/Types.pm line 38, <DATA> line 1.
BEGIN failed--compilation aborted at /home/sand/src/perl/repoperls/installed-perls/host/k93x64sid/v5.25.7/f878/lib/site_perl/5.25.7/BSON/Types.pm line 38, <DATA> line 1.
Compilation failed in require at /tmp/loop_over_bdir-15925-JH1OzP/MongoDB-v1.6.0-0/blib/lib/MongoDB.pm line 44, <DATA> line 1.
BEGIN failed--compilation aborted at /tmp/loop_over_bdir-15925-JH1OzP/MongoDB-v1.6.0-0/blib/lib/MongoDB.pm line 44, <DATA> line 1.
Compilation failed in require at t/collection.t line 31, <DATA> line 1.
BEGIN failed--compilation aborted at t/collection.t line 31, <DATA> line 1.
t/collection.t .............. 
Dubious, test returned 255 (wstat 65280, 0xff00)
No subtests run 
Moo version 2.002004 required--this is only version 2.001001 at /home/sand/src/perl/repoperls/installed-perls/host/k93x64sid/v5.25.7/f878/lib/site_perl/5.25.7/BSON/DBRef.pm line 12, <DATA> line 1.
BEGIN failed--compilation aborted at /home/sand/src/perl/repoperls/installed-perls/host/k93x64sid/v5.25.7/f878/lib/site_perl/5.25.7/BSON/DBRef.pm line 12, <DATA> line 1.
Compilation failed in require at /home/sand/src/perl/repoperls/installed-perls/host/k93x64sid/v5.25.7/f878/lib/site_perl/5.25.7/BSON/Types.pm line 38, <DATA> line 1.
BEGIN failed--compilation aborted at /home/sand/src/perl/repoperls/installed-perls/host/k93x64sid/v5.25.7/f878/lib/site_perl/5.25.7/BSON/Types.pm line 38, <DATA> line 1.
Compilation failed in require at /tmp/loop_over_bdir-15925-JH1OzP/MongoDB-v1.6.0-0/blib/lib/MongoDB.pm line 44, <DATA> line 1.
BEGIN failed--compilation aborted at /tmp/loop_over_bdir-15925-JH1OzP/MongoDB-v1.6.0-0/blib/lib/MongoDB.pm line 44, <DATA> line 1.
Compilation failed in require at t/connection.t line 24, <DATA> line 1.
BEGIN failed--compilation aborted at t/connection.t line 24, <DATA> line 1.
t/connection.t .............. 
Dubious, test returned 255 (wstat 65280, 0xff00)
No subtests run 
t/connection_string_spec.t .. ok
Moo version 2.002004 required--this is only version 2.001001 at /home/sand/src/perl/repoperls/installed-perls/host/k93x64sid/v5.25.7/f878/lib/site_perl/5.25.7/BSON/DBRef.pm line 12, <DATA> line 1.
BEGIN failed--compilation aborted at /home/sand/src/perl/repoperls/installed-perls/host/k93x64sid/v5.25.7/f878/lib/site_perl/5.25.7/BSON/DBRef.pm line 12, <DATA> line 1.
Compilation failed in require at /home/sand/src/perl/repoperls/installed-perls/host/k93x64sid/v5.25.7/f878/lib/site_perl/5.25.7/BSON/Types.pm line 38, <DATA> line 1.
BEGIN failed--compilation aborted at /home/sand/src/perl/repoperls/installed-perls/host/k93x64sid/v5.25.7/f878/lib/site_perl/5.25.7/BSON/Types.pm line 38, <DATA> line 1.
Compilation failed in require at /tmp/loop_over_bdir-15925-JH1OzP/MongoDB-v1.6.0-0/blib/lib/MongoDB.pm line 44, <DATA> line 1.
BEGIN failed--compilation aborted at /tmp/loop_over_bdir-15925-JH1OzP/MongoDB-v1.6.0-0/blib/lib/MongoDB.pm line 44, <DATA> line 1.
Compilation failed in require at t/crud.t line 26, <DATA> line 1.
BEGIN failed--compilation aborted at t/crud.t line 26, <DATA> line 1.
t/crud.t .................... 
Dubious, test returned 255 (wstat 65280, 0xff00)
No subtests run 
Moo version 2.002004 required--this is only version 2.001001 at /home/sand/src/perl/repoperls/installed-perls/host/k93x64sid/v5.25.7/f878/lib/site_perl/5.25.7/BSON/DBRef.pm line 12, <DATA> line 1.
BEGIN failed--compilation aborted at /home/sand/src/perl/repoperls/installed-perls/host/k93x64sid/v5.25.7/f878/lib/site_perl/5.25.7/BSON/DBRef.pm line 12, <DATA> line 1.
Compilation failed in require at /home/sand/src/perl/repoperls/installed-perls/host/k93x64sid/v5.25.7/f878/lib/site_perl/5.25.7/BSON/Types.pm line 38, <DATA> line 1.
BEGIN failed--compilation aborted at /home/sand/src/perl/repoperls/installed-perls/host/k93x64sid/v5.25.7/f878/lib/site_perl/5.25.7/BSON/Types.pm line 38, <DATA> line 1.
Compilation failed in require at /tmp/loop_over_bdir-15925-JH1OzP/MongoDB-v1.6.0-0/blib/lib/MongoDB.pm line 44, <DATA> line 1.
BEGIN failed--compilation aborted at /tmp/loop_over_bdir-15925-JH1OzP/MongoDB-v1.6.0-0/blib/lib/MongoDB.pm line 44, <DATA> line 1.
Compilation failed in require at t/crud_spec.t line 25, <DATA> line 1.
BEGIN failed--compilation aborted at t/crud_spec.t line 25, <DATA> line 1.
t/crud_spec.t ............... 
Dubious, test returned 255 (wstat 65280, 0xff00)
No subtests run 
Moo version 2.002004 required--this is only version 2.001001 at /home/sand/src/perl/repoperls/installed-perls/host/k93x64sid/v5.25.7/f878/lib/site_perl/5.25.7/BSON/DBRef.pm line 12, <DATA> line 1.
BEGIN failed--compilation aborted at /home/sand/src/perl/repoperls/installed-perls/host/k93x64sid/v5.25.7/f878/lib/site_perl/5.25.7/BSON/DBRef.pm line 12, <DATA> line 1.
Compilation failed in require at /home/sand/src/perl/repoperls/installed-perls/host/k93x64sid/v5.25.7/f878/lib/site_perl/5.25.7/BSON/Types.pm line 38, <DATA> line 1.
BEGIN failed--compilation aborted at /home/sand/src/perl/repoperls/installed-perls/host/k93x64sid/v5.25.7/f878/lib/site_perl/5.25.7/BSON/Types.pm line 38, <DATA> line 1.
Compilation failed in require at /tmp/loop_over_bdir-15925-JH1OzP/MongoDB-v1.6.0-0/blib/lib/MongoDB.pm line 44, <DATA> line 1.
BEGIN failed--compilation aborted at /tmp/loop_over_bdir-15925-JH1OzP/MongoDB-v1.6.0-0/blib/lib/MongoDB.pm line 44, <DATA> line 1.
Compilation failed in require at t/cursor.t line 25, <DATA> line 1.
BEGIN failed--compilation aborted at t/cursor.t line 25, <DATA> line 1.
t/cursor.t .................. 
Dubious, test returned 255 (wstat 65280, 0xff00)
No subtests run 
Moo version 2.002004 required--this is only version 2.001001 at /home/sand/src/perl/repoperls/installed-perls/host/k93x64sid/v5.25.7/f878/lib/site_perl/5.25.7/BSON/DBRef.pm line 12, <DATA> line 1.
BEGIN failed--compilation aborted at /home/sand/src/perl/repoperls/installed-perls/host/k93x64sid/v5.25.7/f878/lib/site_perl/5.25.7/BSON/DBRef.pm line 12, <DATA> line 1.
Compilation failed in require at /home/sand/src/perl/repoperls/installed-perls/host/k93x64sid/v5.25.7/f878/lib/site_perl/5.25.7/BSON/Types.pm line 38, <DATA> line 1.
BEGIN failed--compilation aborted at /home/sand/src/perl/repoperls/installed-perls/host/k93x64sid/v5.25.7/f878/lib/site_perl/5.25.7/BSON/Types.pm line 38, <DATA> line 1.
Compilation failed in require at /tmp/loop_over_bdir-15925-JH1OzP/MongoDB-v1.6.0-0/blib/lib/MongoDB.pm line 44, <DATA> line 1.
BEGIN failed--compilation aborted at /tmp/loop_over_bdir-15925-JH1OzP/MongoDB-v1.6.0-0/blib/lib/MongoDB.pm line 44, <DATA> line 1.
Compilation failed in require at t/database.t line 28, <DATA> line 1.
BEGIN failed--compilation aborted at t/database.t line 28, <DATA> line 1.
t/database.t ................ 
Dubious, test returned 255 (wstat 65280, 0xff00)
No subtests run 
Moo version 2.002004 required--this is only version 2.001001 at /home/sand/src/perl/repoperls/installed-perls/host/k93x64sid/v5.25.7/f878/lib/site_perl/5.25.7/BSON/DBRef.pm line 12, <DATA> line 1.
BEGIN failed--compilation aborted at /home/sand/src/perl/repoperls/installed-perls/host/k93x64sid/v5.25.7/f878/lib/site_perl/5.25.7/BSON/DBRef.pm line 12, <DATA> line 1.
Compilation failed in require at /home/sand/src/perl/repoperls/installed-perls/host/k93x64sid/v5.25.7/f878/lib/site_perl/5.25.7/BSON/Types.pm line 38, <DATA> line 1.
BEGIN failed--compilation aborted at /home/sand/src/perl/repoperls/installed-perls/host/k93x64sid/v5.25.7/f878/lib/site_perl/5.25.7/BSON/Types.pm line 38, <DATA> line 1.
Compilation failed in require at /tmp/loop_over_bdir-15925-JH1OzP/MongoDB-v1.6.0-0/blib/lib/MongoDB.pm line 44, <DATA> line 1.
BEGIN failed--compilation aborted at /tmp/loop_over_bdir-15925-JH1OzP/MongoDB-v1.6.0-0/blib/lib/MongoDB.pm line 44, <DATA> line 1.
Compilation failed in require at t/dbref.t line 23, <DATA> line 1.
BEGIN failed--compilation aborted at t/dbref.t line 23, <DATA> line 1.
t/dbref.t ................... 
Dubious, test returned 255 (wstat 65280, 0xff00)
No subtests run 
Moo version 2.002004 required--this is only version 2.001001 at /home/sand/src/perl/repoperls/installed-perls/host/k93x64sid/v5.25.7/f878/lib/site_perl/5.25.7/BSON/DBRef.pm line 12, <DATA> line 1.
BEGIN failed--compilation aborted at /home/sand/src/perl/repoperls/installed-perls/host/k93x64sid/v5.25.7/f878/lib/site_perl/5.25.7/BSON/DBRef.pm line 12, <DATA> line 1.
Compilation failed in require at /home/sand/src/perl/repoperls/installed-perls/host/k93x64sid/v5.25.7/f878/lib/site_perl/5.25.7/BSON/Types.pm line 38, <DATA> line 1.
BEGIN failed--compilation aborted at /home/sand/src/perl/repoperls/installed-perls/host/k93x64sid/v5.25.7/f878/lib/site_perl/5.25.7/BSON/Types.pm line 38, <DATA> line 1.
Compilation failed in require at /tmp/loop_over_bdir-15925-JH1OzP/MongoDB-v1.6.0-0/blib/lib/MongoDB.pm line 44, <DATA> line 1.
BEGIN failed--compilation aborted at /tmp/loop_over_bdir-15925-JH1OzP/MongoDB-v1.6.0-0/blib/lib/MongoDB.pm line 44, <DATA> line 1.
Compilation failed in require at t/deprecated/bulk.t line 27, <DATA> line 1.
BEGIN failed--compilation aborted at t/deprecated/bulk.t line 27, <DATA> line 1.
t/deprecated/bulk.t ......... 
Dubious, test returned 255 (wstat 65280, 0xff00)
No subtests run 
Moo version 2.002004 required--this is only version 2.001001 at /home/sand/src/perl/repoperls/installed-perls/host/k93x64sid/v5.25.7/f878/lib/site_perl/5.25.7/BSON/DBRef.pm line 12, <DATA> line 1.
BEGIN failed--compilation aborted at /home/sand/src/perl/repoperls/installed-perls/host/k93x64sid/v5.25.7/f878/lib/site_perl/5.25.7/BSON/DBRef.pm line 12, <DATA> line 1.
Compilation failed in require at /home/sand/src/perl/repoperls/installed-perls/host/k93x64sid/v5.25.7/f878/lib/site_perl/5.25.7/BSON/Types.pm line 38, <DATA> line 1.
BEGIN failed--compilation aborted at /home/sand/src/perl/repoperls/installed-perls/host/k93x64sid/v5.25.7/f878/lib/site_perl/5.25.7/BSON/Types.pm line 38, <DATA> line 1.
Compilation failed in require at /tmp/loop_over_bdir-15925-JH1OzP/MongoDB-v1.6.0-0/blib/lib/MongoDB.pm line 44, <DATA> line 1.
BEGIN failed--compilation aborted at /tmp/loop_over_bdir-15925-JH1OzP/MongoDB-v1.6.0-0/blib/lib/MongoDB.pm line 44, <DATA> line 1.
Compilation failed in require at t/deprecated/collection.t line 32, <DATA> line 1.
BEGIN failed--compilation aborted at t/deprecated/collection.t line 32, <DATA> line 1.
t/deprecated/collection.t ... 
Dubious, test returned 255 (wstat 65280, 0xff00)
No subtests run 
Moo version 2.002004 required--this is only version 2.001001 at /home/sand/src/perl/repoperls/installed-perls/host/k93x64sid/v5.25.7/f878/lib/site_perl/5.25.7/BSON/DBRef.pm line 12, <DATA> line 1.
BEGIN failed--compilation aborted at /home/sand/src/perl/repoperls/installed-perls/host/k93x64sid/v5.25.7/f878/lib/site_perl/5.25.7/BSON/DBRef.pm line 12, <DATA> line 1.
Compilation failed in require at /home/sand/src/perl/repoperls/installed-perls/host/k93x64sid/v5.25.7/f878/lib/site_perl/5.25.7/BSON/Types.pm line 38, <DATA> line 1.
BEGIN failed--compilation aborted at /home/sand/src/perl/repoperls/installed-perls/host/k93x64sid/v5.25.7/f878/lib/site_perl/5.25.7/BSON/Types.pm line 38, <DATA> line 1.
Compilation failed in require at /tmp/loop_over_bdir-15925-JH1OzP/MongoDB-v1.6.0-0/blib/lib/MongoDB.pm line 44, <DATA> line 1.
BEGIN failed--compilation aborted at /tmp/loop_over_bdir-15925-JH1OzP/MongoDB-v1.6.0-0/blib/lib/MongoDB.pm line 44, <DATA> line 1.
Compilation failed in require at t/deprecated/cursor.t line 25, <DATA> line 1.
BEGIN failed--compilation aborted at t/deprecated/cursor.t line 25, <DATA> line 1.
t/deprecated/cursor.t ....... 
Dubious, test returned 255 (wstat 65280, 0xff00)
No subtests run 
Moo version 2.002004 required--this is only version 2.001001 at /home/sand/src/perl/repoperls/installed-perls/host/k93x64sid/v5.25.7/f878/lib/site_perl/5.25.7/BSON/DBRef.pm line 12, <DATA> line 1.
BEGIN failed--compilation aborted at /home/sand/src/perl/repoperls/installed-perls/host/k93x64sid/v5.25.7/f878/lib/site_perl/5.25.7/BSON/DBRef.pm line 12, <DATA> line 1.
Compilation failed in require at /home/sand/src/perl/repoperls/installed-perls/host/k93x64sid/v5.25.7/f878/lib/site_perl/5.25.7/BSON/Types.pm line 38, <DATA> line 1.
BEGIN failed--compilation aborted at /home/sand/src/perl/repoperls/installed-perls/host/k93x64sid/v5.25.7/f878/lib/site_perl/5.25.7/BSON/Types.pm line 38, <DATA> line 1.
Compilation failed in require at /tmp/loop_over_bdir-15925-JH1OzP/MongoDB-v1.6.0-0/blib/lib/MongoDB.pm line 44, <DATA> line 1.
BEGIN failed--compilation aborted at /tmp/loop_over_bdir-15925-JH1OzP/MongoDB-v1.6.0-0/blib/lib/MongoDB.pm line 44, <DATA> line 1.
Compilation failed in require at t/deprecated/database.t line 28, <DATA> line 1.
BEGIN failed--compilation aborted at t/deprecated/database.t line 28, <DATA> line 1.
t/deprecated/database.t ..... 
Dubious, test returned 255 (wstat 65280, 0xff00)
No subtests run 
Moo version 2.002004 required--this is only version 2.001001 at /home/sand/src/perl/repoperls/installed-perls/host/k93x64sid/v5.25.7/f878/lib/site_perl/5.25.7/BSON/DBRef.pm line 12, <DATA> line 1.
BEGIN failed--compilation aborted at /home/sand/src/perl/repoperls/installed-perls/host/k93x64sid/v5.25.7/f878/lib/site_perl/5.25.7/BSON/DBRef.pm line 12, <DATA> line 1.
Compilation failed in require at /home/sand/src/perl/repoperls/installed-perls/host/k93x64sid/v5.25.7/f878/lib/site_perl/5.25.7/BSON/Types.pm line 38, <DATA> line 1.
BEGIN failed--compilation aborted at /home/sand/src/perl/repoperls/installed-perls/host/k93x64sid/v5.25.7/f878/lib/site_perl/5.25.7/BSON/Types.pm line 38, <DATA> line 1.
Compilation failed in require at /tmp/loop_over_bdir-15925-JH1OzP/MongoDB-v1.6.0-0/blib/lib/MongoDB.pm line 44, <DATA> line 1.
BEGIN failed--compilation aborted at /tmp/loop_over_bdir-15925-JH1OzP/MongoDB-v1.6.0-0/blib/lib/MongoDB.pm line 44, <DATA> line 1.
Compilation failed in require at t/deprecated/gridfs.t line 26, <DATA> line 1.
BEGIN failed--compilation aborted at t/deprecated/gridfs.t line 26, <DATA> line 1.
t/deprecated/gridfs.t ....... 
Dubious, test returned 255 (wstat 65280, 0xff00)
No subtests run 
Moo version 2.002004 required--this is only version 2.001001 at /home/sand/src/perl/repoperls/installed-perls/host/k93x64sid/v5.25.7/f878/lib/site_perl/5.25.7/BSON/DBRef.pm line 12, <DATA> line 1.
BEGIN failed--compilation aborted at /home/sand/src/perl/repoperls/installed-perls/host/k93x64sid/v5.25.7/f878/lib/site_perl/5.25.7/BSON/DBRef.pm line 12, <DATA> line 1.
Compilation failed in require at /home/sand/src/perl/repoperls/installed-perls/host/k93x64sid/v5.25.7/f878/lib/site_perl/5.25.7/BSON/Types.pm line 38, <DATA> line 1.
BEGIN failed--compilation aborted at /home/sand/src/perl/repoperls/installed-perls/host/k93x64sid/v5.25.7/f878/lib/site_perl/5.25.7/BSON/Types.pm line 38, <DATA> line 1.
Compilation failed in require at /tmp/loop_over_bdir-15925-JH1OzP/MongoDB-v1.6.0-0/blib/lib/MongoDB.pm line 44, <DATA> line 1.
BEGIN failed--compilation aborted at /tmp/loop_over_bdir-15925-JH1OzP/MongoDB-v1.6.0-0/blib/lib/MongoDB.pm line 44, <DATA> line 1.
Compilation failed in require at t/deprecated/indexes.t line 26, <DATA> line 1.
BEGIN failed--compilation aborted at t/deprecated/indexes.t line 26, <DATA> line 1.
t/deprecated/indexes.t ...... 
Dubious, test returned 255 (wstat 65280, 0xff00)
No subtests run 
Moo version 2.002004 required--this is only version 2.001001 at /home/sand/src/perl/repoperls/installed-perls/host/k93x64sid/v5.25.7/f878/lib/site_perl/5.25.7/BSON/DBRef.pm line 12, <DATA> line 1.
BEGIN failed--compilation aborted at /home/sand/src/perl/repoperls/installed-perls/host/k93x64sid/v5.25.7/f878/lib/site_perl/5.25.7/BSON/DBRef.pm line 12, <DATA> line 1.
Compilation failed in require at /home/sand/src/perl/repoperls/installed-perls/host/k93x64sid/v5.25.7/f878/lib/site_perl/5.25.7/BSON/Types.pm line 38, <DATA> line 1.
BEGIN failed--compilation aborted at /home/sand/src/perl/repoperls/installed-perls/host/k93x64sid/v5.25.7/f878/lib/site_perl/5.25.7/BSON/Types.pm line 38, <DATA> line 1.
Compilation failed in require at /tmp/loop_over_bdir-15925-JH1OzP/MongoDB-v1.6.0-0/blib/lib/MongoDB.pm line 44, <DATA> line 1.
BEGIN failed--compilation aborted at /tmp/loop_over_bdir-15925-JH1OzP/MongoDB-v1.6.0-0/blib/lib/MongoDB.pm line 44, <DATA> line 1.
Compilation failed in require at t/dt_types.t line 24, <DATA> line 1.
BEGIN failed--compilation aborted at t/dt_types.t line 24, <DATA> line 1.
t/dt_types.t ................ 
Dubious, test returned 255 (wstat 65280, 0xff00)
No subtests run 
t/errors.t .................. ok
Moo version 2.002004 required--this is only version 2.001001 at /home/sand/src/perl/repoperls/installed-perls/host/k93x64sid/v5.25.7/f878/lib/site_perl/5.25.7/BSON/DBRef.pm line 12, <DATA> line 1.
BEGIN failed--compilation aborted at /home/sand/src/perl/repoperls/installed-perls/host/k93x64sid/v5.25.7/f878/lib/site_perl/5.25.7/BSON/DBRef.pm line 12, <DATA> line 1.
Compilation failed in require at /home/sand/src/perl/repoperls/installed-perls/host/k93x64sid/v5.25.7/f878/lib/site_perl/5.25.7/BSON/Types.pm line 38, <DATA> line 1.
BEGIN failed--compilation aborted at /home/sand/src/perl/repoperls/installed-perls/host/k93x64sid/v5.25.7/f878/lib/site_perl/5.25.7/BSON/Types.pm line 38, <DATA> line 1.
Compilation failed in require at /tmp/loop_over_bdir-15925-JH1OzP/MongoDB-v1.6.0-0/blib/lib/MongoDB.pm line 44, <DATA> line 1.
BEGIN failed--compilation aborted at /tmp/loop_over_bdir-15925-JH1OzP/MongoDB-v1.6.0-0/blib/lib/MongoDB.pm line 44, <DATA> line 1.
Compilation failed in require at t/fsync.t line 26, <DATA> line 1.
BEGIN failed--compilation aborted at t/fsync.t line 26, <DATA> line 1.
t/fsync.t ................... 
Dubious, test returned 255 (wstat 65280, 0xff00)
No subtests run 
Moo version 2.002004 required--this is only version 2.001001 at /home/sand/src/perl/repoperls/installed-perls/host/k93x64sid/v5.25.7/f878/lib/site_perl/5.25.7/BSON/DBRef.pm line 12, <DATA> line 1.
BEGIN failed--compilation aborted at /home/sand/src/perl/repoperls/installed-perls/host/k93x64sid/v5.25.7/f878/lib/site_perl/5.25.7/BSON/DBRef.pm line 12, <DATA> line 1.
Compilation failed in require at /home/sand/src/perl/repoperls/installed-perls/host/k93x64sid/v5.25.7/f878/lib/site_perl/5.25.7/BSON/Types.pm line 38, <DATA> line 1.
BEGIN failed--compilation aborted at /home/sand/src/perl/repoperls/installed-perls/host/k93x64sid/v5.25.7/f878/lib/site_perl/5.25.7/BSON/Types.pm line 38, <DATA> line 1.
Compilation failed in require at /tmp/loop_over_bdir-15925-JH1OzP/MongoDB-v1.6.0-0/blib/lib/MongoDB.pm line 44, <DATA> line 1.
BEGIN failed--compilation aborted at /tmp/loop_over_bdir-15925-JH1OzP/MongoDB-v1.6.0-0/blib/lib/MongoDB.pm line 44, <DATA> line 1.
Compilation failed in require at t/gridfs_spec.t line 24, <DATA> line 1.
BEGIN failed--compilation aborted at t/gridfs_spec.t line 24, <DATA> line 1.
t/gridfs_spec.t ............. 
Dubious, test returned 255 (wstat 65280, 0xff00)
No subtests run 
Moo version 2.002004 required--this is only version 2.001001 at /home/sand/src/perl/repoperls/installed-perls/host/k93x64sid/v5.25.7/f878/lib/site_perl/5.25.7/BSON/DBRef.pm line 12, <DATA> line 1.
BEGIN failed--compilation aborted at /home/sand/src/perl/repoperls/installed-perls/host/k93x64sid/v5.25.7/f878/lib/site_perl/5.25.7/BSON/DBRef.pm line 12, <DATA> line 1.
Compilation failed in require at /home/sand/src/perl/repoperls/installed-perls/host/k93x64sid/v5.25.7/f878/lib/site_perl/5.25.7/BSON/Types.pm line 38, <DATA> line 1.
BEGIN failed--compilation aborted at /home/sand/src/perl/repoperls/installed-perls/host/k93x64sid/v5.25.7/f878/lib/site_perl/5.25.7/BSON/Types.pm line 38, <DATA> line 1.
Compilation failed in require at /tmp/loop_over_bdir-15925-JH1OzP/MongoDB-v1.6.0-0/blib/lib/MongoDB.pm line 44, <DATA> line 1.
BEGIN failed--compilation aborted at /tmp/loop_over_bdir-15925-JH1OzP/MongoDB-v1.6.0-0/blib/lib/MongoDB.pm line 44, <DATA> line 1.
Compilation failed in require at t/gridfsbucket.t line 26, <DATA> line 1.
BEGIN failed--compilation aborted at t/gridfsbucket.t line 26, <DATA> line 1.
t/gridfsbucket.t ............ 
Dubious, test returned 255 (wstat 65280, 0xff00)
No subtests run 
Moo version 2.002004 required--this is only version 2.001001 at /home/sand/src/perl/repoperls/installed-perls/host/k93x64sid/v5.25.7/f878/lib/site_perl/5.25.7/BSON/DBRef.pm line 12, <DATA> line 1.
BEGIN failed--compilation aborted at /home/sand/src/perl/repoperls/installed-perls/host/k93x64sid/v5.25.7/f878/lib/site_perl/5.25.7/BSON/DBRef.pm line 12, <DATA> line 1.
Compilation failed in require at /home/sand/src/perl/repoperls/installed-perls/host/k93x64sid/v5.25.7/f878/lib/site_perl/5.25.7/BSON/Types.pm line 38, <DATA> line 1.
BEGIN failed--compilation aborted at /home/sand/src/perl/repoperls/installed-perls/host/k93x64sid/v5.25.7/f878/lib/site_perl/5.25.7/BSON/Types.pm line 38, <DATA> line 1.
Compilation failed in require at /tmp/loop_over_bdir-15925-JH1OzP/MongoDB-v1.6.0-0/blib/lib/MongoDB.pm line 44, <DATA> line 1.
BEGIN failed--compilation aborted at /tmp/loop_over_bdir-15925-JH1OzP/MongoDB-v1.6.0-0/blib/lib/MongoDB.pm line 44, <DATA> line 1.
Compilation failed in require at t/indexview.t line 25, <DATA> line 1.
BEGIN failed--compilation aborted at t/indexview.t line 25, <DATA> line 1.
t/indexview.t ............... 
Dubious, test returned 255 (wstat 65280, 0xff00)
No subtests run 
Moo version 2.002004 required--this is only version 2.001001 at /home/sand/src/perl/repoperls/installed-perls/host/k93x64sid/v5.25.7/f878/lib/site_perl/5.25.7/BSON/DBRef.pm line 12, <DATA> line 1.
BEGIN failed--compilation aborted at /home/sand/src/perl/repoperls/installed-perls/host/k93x64sid/v5.25.7/f878/lib/site_perl/5.25.7/BSON/DBRef.pm line 12, <DATA> line 1.
Compilation failed in require at /home/sand/src/perl/repoperls/installed-perls/host/k93x64sid/v5.25.7/f878/lib/site_perl/5.25.7/BSON/Types.pm line 38, <DATA> line 1.
BEGIN failed--compilation aborted at /home/sand/src/perl/repoperls/installed-perls/host/k93x64sid/v5.25.7/f878/lib/site_perl/5.25.7/BSON/Types.pm line 38, <DATA> line 1.
Compilation failed in require at /tmp/loop_over_bdir-15925-JH1OzP/MongoDB-v1.6.0-0/blib/lib/MongoDB.pm line 44, <DATA> line 1.
BEGIN failed--compilation aborted at /tmp/loop_over_bdir-15925-JH1OzP/MongoDB-v1.6.0-0/blib/lib/MongoDB.pm line 44, <DATA> line 1.
Compilation failed in require at t/max_staleness_spec.t line 25, <DATA> line 1.
BEGIN failed--compilation aborted at t/max_staleness_spec.t line 25, <DATA> line 1.
t/max_staleness_spec.t ...... 
Dubious, test returned 255 (wstat 65280, 0xff00)
No subtests run 
Moo version 2.002004 required--this is only version 2.001001 at /home/sand/src/perl/repoperls/installed-perls/host/k93x64sid/v5.25.7/f878/lib/site_perl/5.25.7/BSON/DBRef.pm line 12, <DATA> line 1.
BEGIN failed--compilation aborted at /home/sand/src/perl/repoperls/installed-perls/host/k93x64sid/v5.25.7/f878/lib/site_perl/5.25.7/BSON/DBRef.pm line 12, <DATA> line 1.
Compilation failed in require at /home/sand/src/perl/repoperls/installed-perls/host/k93x64sid/v5.25.7/f878/lib/site_perl/5.25.7/BSON/Types.pm line 38, <DATA> line 1.
BEGIN failed--compilation aborted at /home/sand/src/perl/repoperls/installed-perls/host/k93x64sid/v5.25.7/f878/lib/site_perl/5.25.7/BSON/Types.pm line 38, <DATA> line 1.
Compilation failed in require at /tmp/loop_over_bdir-15925-JH1OzP/MongoDB-v1.6.0-0/blib/lib/MongoDB.pm line 44, <DATA> line 1.
BEGIN failed--compilation aborted at /tmp/loop_over_bdir-15925-JH1OzP/MongoDB-v1.6.0-0/blib/lib/MongoDB.pm line 44, <DATA> line 1.
Compilation failed in require at t/oid_generation.t line 23, <DATA> line 1.
BEGIN failed--compilation aborted at t/oid_generation.t line 23, <DATA> line 1.
t/oid_generation.t .......... 
Dubious, test returned 255 (wstat 65280, 0xff00)
No subtests run 
Moo version 2.002004 required--this is only version 2.001001 at /home/sand/src/perl/repoperls/installed-perls/host/k93x64sid/v5.25.7/f878/lib/site_perl/5.25.7/BSON/DBRef.pm line 12, <DATA> line 1.
BEGIN failed--compilation aborted at /home/sand/src/perl/repoperls/installed-perls/host/k93x64sid/v5.25.7/f878/lib/site_perl/5.25.7/BSON/DBRef.pm line 12, <DATA> line 1.
Compilation failed in require at /home/sand/src/perl/repoperls/installed-perls/host/k93x64sid/v5.25.7/f878/lib/site_perl/5.25.7/BSON/Types.pm line 38, <DATA> line 1.
BEGIN failed--compilation aborted at /home/sand/src/perl/repoperls/installed-perls/host/k93x64sid/v5.25.7/f878/lib/site_perl/5.25.7/BSON/Types.pm line 38, <DATA> line 1.
Compilation failed in require at /tmp/loop_over_bdir-15925-JH1OzP/MongoDB-v1.6.0-0/blib/lib/MongoDB.pm line 44, <DATA> line 1.
BEGIN failed--compilation aborted at /tmp/loop_over_bdir-15925-JH1OzP/MongoDB-v1.6.0-0/blib/lib/MongoDB.pm line 44, <DATA> line 1.
Compilation failed in require at t/parallel_scan.t line 24, <DATA> line 1.
BEGIN failed--compilation aborted at t/parallel_scan.t line 24, <DATA> line 1.
t/parallel_scan.t ........... 
Dubious, test returned 255 (wstat 65280, 0xff00)
No subtests run 
Moo version 2.002004 required--this is only version 2.001001 at /home/sand/src/perl/repoperls/installed-perls/host/k93x64sid/v5.25.7/f878/lib/site_perl/5.25.7/BSON/DBRef.pm line 12, <DATA> line 1.
BEGIN failed--compilation aborted at /home/sand/src/perl/repoperls/installed-perls/host/k93x64sid/v5.25.7/f878/lib/site_perl/5.25.7/BSON/DBRef.pm line 12, <DATA> line 1.
Compilation failed in require at /home/sand/src/perl/repoperls/installed-perls/host/k93x64sid/v5.25.7/f878/lib/site_perl/5.25.7/BSON/Types.pm line 38, <DATA> line 1.
BEGIN failed--compilation aborted at /home/sand/src/perl/repoperls/installed-perls/host/k93x64sid/v5.25.7/f878/lib/site_perl/5.25.7/BSON/Types.pm line 38, <DATA> line 1.
Compilation failed in require at /tmp/loop_over_bdir-15925-JH1OzP/MongoDB-v1.6.0-0/blib/lib/MongoDB.pm line 44, <DATA> line 1.
BEGIN failed--compilation aborted at /tmp/loop_over_bdir-15925-JH1OzP/MongoDB-v1.6.0-0/blib/lib/MongoDB.pm line 44, <DATA> line 1.
Compilation failed in require at t/readpref.t line 23, <DATA> line 1.
BEGIN failed--compilation aborted at t/readpref.t line 23, <DATA> line 1.
t/readpref.t ................ 
Dubious, test returned 255 (wstat 65280, 0xff00)
No subtests run 
Moo version 2.002004 required--this is only version 2.001001 at /home/sand/src/perl/repoperls/installed-perls/host/k93x64sid/v5.25.7/f878/lib/site_perl/5.25.7/BSON/DBRef.pm line 12, <DATA> line 1.
BEGIN failed--compilation aborted at /home/sand/src/perl/repoperls/installed-perls/host/k93x64sid/v5.25.7/f878/lib/site_perl/5.25.7/BSON/DBRef.pm line 12, <DATA> line 1.
Compilation failed in require at /home/sand/src/perl/repoperls/installed-perls/host/k93x64sid/v5.25.7/f878/lib/site_perl/5.25.7/BSON/Types.pm line 38, <DATA> line 1.
BEGIN failed--compilation aborted at /home/sand/src/perl/repoperls/installed-perls/host/k93x64sid/v5.25.7/f878/lib/site_perl/5.25.7/BSON/Types.pm line 38, <DATA> line 1.
Compilation failed in require at /tmp/loop_over_bdir-15925-JH1OzP/MongoDB-v1.6.0-0/blib/lib/MongoDB.pm line 44, <DATA> line 1.
BEGIN failed--compilation aborted at /tmp/loop_over_bdir-15925-JH1OzP/MongoDB-v1.6.0-0/blib/lib/MongoDB.pm line 44, <DATA> line 1.
Compilation failed in require at t/regexp_obj.t line 23, <DATA> line 1.
BEGIN failed--compilation aborted at t/regexp_obj.t line 23, <DATA> line 1.
t/regexp_obj.t .............. 
Dubious, test returned 255 (wstat 65280, 0xff00)
No subtests run 
Moo version 2.002004 required--this is only version 2.001001 at /home/sand/src/perl/repoperls/installed-perls/host/k93x64sid/v5.25.7/f878/lib/site_perl/5.25.7/BSON/DBRef.pm line 12, <DATA> line 1.
BEGIN failed--compilation aborted at /home/sand/src/perl/repoperls/installed-perls/host/k93x64sid/v5.25.7/f878/lib/site_perl/5.25.7/BSON/DBRef.pm line 12, <DATA> line 1.
Compilation failed in require at /home/sand/src/perl/repoperls/installed-perls/host/k93x64sid/v5.25.7/f878/lib/site_perl/5.25.7/BSON/Types.pm line 38, <DATA> line 1.
BEGIN failed--compilation aborted at /home/sand/src/perl/repoperls/installed-perls/host/k93x64sid/v5.25.7/f878/lib/site_perl/5.25.7/BSON/Types.pm line 38, <DATA> line 1.
Compilation failed in require at /tmp/loop_over_bdir-15925-JH1OzP/MongoDB-v1.6.0-0/blib/lib/MongoDB.pm line 44, <DATA> line 1.
BEGIN failed--compilation aborted at /tmp/loop_over_bdir-15925-JH1OzP/MongoDB-v1.6.0-0/blib/lib/MongoDB.pm line 44, <DATA> line 1.
Compilation failed in require at t/sdam_spec.t line 25, <DATA> line 1.
BEGIN failed--compilation aborted at t/sdam_spec.t line 25, <DATA> line 1.
t/sdam_spec.t ............... 
Dubious, test returned 255 (wstat 65280, 0xff00)
No subtests run 
Moo version 2.002004 required--this is only version 2.001001 at /home/sand/src/perl/repoperls/installed-perls/host/k93x64sid/v5.25.7/f878/lib/site_perl/5.25.7/BSON/DBRef.pm line 12, <DATA> line 1.
BEGIN failed--compilation aborted at /home/sand/src/perl/repoperls/installed-perls/host/k93x64sid/v5.25.7/f878/lib/site_perl/5.25.7/BSON/DBRef.pm line 12, <DATA> line 1.
Compilation failed in require at /home/sand/src/perl/repoperls/installed-perls/host/k93x64sid/v5.25.7/f878/lib/site_perl/5.25.7/BSON/Types.pm line 38, <DATA> line 1.
BEGIN failed--compilation aborted at /home/sand/src/perl/repoperls/installed-perls/host/k93x64sid/v5.25.7/f878/lib/site_perl/5.25.7/BSON/Types.pm line 38, <DATA> line 1.
Compilation failed in require at /tmp/loop_over_bdir-15925-JH1OzP/MongoDB-v1.6.0-0/blib/lib/MongoDB.pm line 44, <DATA> line 1.
BEGIN failed--compilation aborted at /tmp/loop_over_bdir-15925-JH1OzP/MongoDB-v1.6.0-0/blib/lib/MongoDB.pm line 44, <DATA> line 1.
Compilation failed in require at t/ss_spec.t line 25, <DATA> line 1.
BEGIN failed--compilation aborted at t/ss_spec.t line 25, <DATA> line 1.
t/ss_spec.t ................. 
Dubious, test returned 255 (wstat 65280, 0xff00)
No subtests run 
t/threads/basic.t ........... skipped: requires threads
t/threads/bson.t ............ skipped: requires threads
t/threads/cursor.t .......... skipped: requires threads
t/threads/oid.t ............. skipped: requires threads
Moo version 2.002004 required--this is only version 2.001001 at /home/sand/src/perl/repoperls/installed-perls/host/k93x64sid/v5.25.7/f878/lib/site_perl/5.25.7/BSON/DBRef.pm line 12, <DATA> line 1.
BEGIN failed--compilation aborted at /home/sand/src/perl/repoperls/installed-perls/host/k93x64sid/v5.25.7/f878/lib/site_perl/5.25.7/BSON/DBRef.pm line 12, <DATA> line 1.
Compilation failed in require at /home/sand/src/perl/repoperls/installed-perls/host/k93x64sid/v5.25.7/f878/lib/site_perl/5.25.7/BSON/Types.pm line 38, <DATA> line 1.
BEGIN failed--compilation aborted at /home/sand/src/perl/repoperls/installed-perls/host/k93x64sid/v5.25.7/f878/lib/site_perl/5.25.7/BSON/Types.pm line 38, <DATA> line 1.
Compilation failed in require at /tmp/loop_over_bdir-15925-JH1OzP/MongoDB-v1.6.0-0/blib/lib/MongoDB.pm line 44, <DATA> line 1.
BEGIN failed--compilation aborted at /tmp/loop_over_bdir-15925-JH1OzP/MongoDB-v1.6.0-0/blib/lib/MongoDB.pm line 44, <DATA> line 1.
Compilation failed in require at t/types.t line 21, <DATA> line 1.
BEGIN failed--compilation aborted at t/types.t line 21, <DATA> line 1.
t/types.t ................... 
Dubious, test returned 255 (wstat 65280, 0xff00)
No subtests run 
Moo version 2.002004 required--this is only version 2.001001 at /home/sand/src/perl/repoperls/installed-perls/host/k93x64sid/v5.25.7/f878/lib/site_perl/5.25.7/BSON/DBRef.pm line 12, <DATA> line 1.
BEGIN failed--compilation aborted at /home/sand/src/perl/repoperls/installed-perls/host/k93x64sid/v5.25.7/f878/lib/site_perl/5.25.7/BSON/DBRef.pm line 12, <DATA> line 1.
Compilation failed in require at /home/sand/src/perl/repoperls/installed-perls/host/k93x64sid/v5.25.7/f878/lib/site_perl/5.25.7/BSON/Types.pm line 38, <DATA> line 1.
BEGIN failed--compilation aborted at /home/sand/src/perl/repoperls/installed-perls/host/k93x64sid/v5.25.7/f878/lib/site_perl/5.25.7/BSON/Types.pm line 38, <DATA> line 1.
Compilation failed in require at /tmp/loop_over_bdir-15925-JH1OzP/MongoDB-v1.6.0-0/blib/lib/MongoDB.pm line 44, <DATA> line 1.
BEGIN failed--compilation aborted at /tmp/loop_over_bdir-15925-JH1OzP/MongoDB-v1.6.0-0/blib/lib/MongoDB.pm line 44, <DATA> line 1.
Compilation failed in require at t/unit/configuration.t line 22, <DATA> line 1.
BEGIN failed--compilation aborted at t/unit/configuration.t line 22, <DATA> line 1.
t/unit/configuration.t ...... 
Dubious, test returned 255 (wstat 65280, 0xff00)
No subtests run 
t/unit/link.t ............... ok
t/unit/read_preference.t .... ok
t/unit/uri.t ................ ok
t/unit/write_concern.t ...... ok

Test Summary Report
-------------------
t/00-report-mongod.t      (Wstat: 65280 Tests: 0 Failed: 0)
  Non-zero exit status: 255
  Parse errors: No plan found in TAP output
t/max_time_ms.t           (Wstat: 65280 Tests: 0 Failed: 0)
  Non-zero exit status: 255
  Parse errors: No plan found in TAP output
t/bson.t                  (Wstat: 65280 Tests: 0 Failed: 0)
  Non-zero exit status: 255
  Parse errors: No plan found in TAP output
t/bson_codec/booleans.t   (Wstat: 65280 Tests: 0 Failed: 0)
  Non-zero exit status: 255
  Parse errors: No plan found in TAP output
t/bson_codec/containers.t (Wstat: 65280 Tests: 0 Failed: 0)
  Non-zero exit status: 255
  Parse errors: No plan found in TAP output
t/bson_codec/elements.t   (Wstat: 65280 Tests: 0 Failed: 0)
  Non-zero exit status: 255
  Parse errors: No plan found in TAP output
t/bson_codec/time_moment.t (Wstat: 65280 Tests: 0 Failed: 0)
  Non-zero exit status: 255
  Parse errors: No plan found in TAP output
t/bulk.t                  (Wstat: 65280 Tests: 0 Failed: 0)
  Non-zero exit status: 255
  Parse errors: No plan found in TAP output
t/bypass_doc_validation.t (Wstat: 65280 Tests: 0 Failed: 0)
  Non-zero exit status: 255
  Parse errors: No plan found in TAP output
t/collection.t            (Wstat: 65280 Tests: 0 Failed: 0)
  Non-zero exit status: 255
  Parse errors: No plan found in TAP output
t/connection.t            (Wstat: 65280 Tests: 0 Failed: 0)
  Non-zero exit status: 255
  Parse errors: No plan found in TAP output
t/crud.t                  (Wstat: 65280 Tests: 0 Failed: 0)
  Non-zero exit status: 255
  Parse errors: No plan found in TAP output
t/crud_spec.t             (Wstat: 65280 Tests: 0 Failed: 0)
  Non-zero exit status: 255
  Parse errors: No plan found in TAP output
t/cursor.t                (Wstat: 65280 Tests: 0 Failed: 0)
  Non-zero exit status: 255
  Parse errors: No plan found in TAP output
t/database.t              (Wstat: 65280 Tests: 0 Failed: 0)
  Non-zero exit status: 255
  Parse errors: No plan found in TAP output
t/dbref.t                 (Wstat: 65280 Tests: 0 Failed: 0)
  Non-zero exit status: 255
  Parse errors: No plan found in TAP output
t/deprecated/bulk.t       (Wstat: 65280 Tests: 0 Failed: 0)
  Non-zero exit status: 255
  Parse errors: No plan found in TAP output
t/deprecated/collection.t (Wstat: 65280 Tests: 0 Failed: 0)
  Non-zero exit status: 255
  Parse errors: No plan found in TAP output
t/deprecated/cursor.t     (Wstat: 65280 Tests: 0 Failed: 0)
  Non-zero exit status: 255
  Parse errors: No plan found in TAP output
t/deprecated/database.t   (Wstat: 65280 Tests: 0 Failed: 0)
  Non-zero exit status: 255
  Parse errors: No plan found in TAP output
t/deprecated/gridfs.t     (Wstat: 65280 Tests: 0 Failed: 0)
  Non-zero exit status: 255
  Parse errors: No plan found in TAP output
t/deprecated/indexes.t    (Wstat: 65280 Tests: 0 Failed: 0)
  Non-zero exit status: 255
  Parse errors: No plan found in TAP output
t/dt_types.t              (Wstat: 65280 Tests: 0 Failed: 0)
  Non-zero exit status: 255
  Parse errors: No plan found in TAP output
t/fsync.t                 (Wstat: 65280 Tests: 0 Failed: 0)
  Non-zero exit status: 255
  Parse errors: No plan found in TAP output
t/gridfs_spec.t           (Wstat: 65280 Tests: 0 Failed: 0)
  Non-zero exit status: 255
  Parse errors: No plan found in TAP output
t/gridfsbucket.t          (Wstat: 65280 Tests: 0 Failed: 0)
  Non-zero exit status: 255
  Parse errors: No plan found in TAP output
t/indexview.t             (Wstat: 65280 Tests: 0 Failed: 0)
  Non-zero exit status: 255
  Parse errors: No plan found in TAP output
t/max_staleness_spec.t    (Wstat: 65280 Tests: 0 Failed: 0)
  Non-zero exit status: 255
  Parse errors: No plan found in TAP output
t/oid_generation.t        (Wstat: 65280 Tests: 0 Failed: 0)
  Non-zero exit status: 255
  Parse errors: No plan found in TAP output
t/parallel_scan.t         (Wstat: 65280 Tests: 0 Failed: 0)
  Non-zero exit status: 255
  Parse errors: No plan found in TAP output
t/readpref.t              (Wstat: 65280 Tests: 0 Failed: 0)
  Non-zero exit status: 255
  Parse errors: No plan found in TAP output
t/regexp_obj.t            (Wstat: 65280 Tests: 0 Failed: 0)
  Non-zero exit status: 255
  Parse errors: No plan found in TAP output
t/sdam_spec.t             (Wstat: 65280 Tests: 0 Failed: 0)
  Non-zero exit status: 255
  Parse errors: No plan found in TAP output
t/ss_spec.t               (Wstat: 65280 Tests: 0 Failed: 0)
  Non-zero exit status: 255
  Parse errors: No plan found in TAP output
t/types.t                 (Wstat: 65280 Tests: 0 Failed: 0)
  Non-zero exit status: 255
  Parse errors: No plan found in TAP output
t/unit/configuration.t    (Wstat: 65280 Tests: 0 Failed: 0)
  Non-zero exit status: 255
  Parse errors: No plan found in TAP output
Files=47, Tests=35, 18 wallclock secs ( 0.08 usr  0.20 sys + 15.46 cusr  1.48 csys = 17.22 CPU)
Result: FAIL
Failed 36/47 test programs. 0/35 subtests failed.
Makefile:1174: recipe for target 'test_dynamic' failed
make: *** [test_dynamic] Error 255

------------------------------
PREREQUISITES
------------------------------

Prerequisite modules loaded:

requires:

    Module                Need     Have    
    --------------------- -------- --------
    Authen::SCRAM::Client 0.003    0.005   
    boolean               0.25     0.46    
    BSON::Decimal128      1        v1.2.2  
    Carp                  0        1.42    
    Class::XSAccessor     0        1.19    
    constant              0        1.33    
    DateTime              0.78     1.41    
    Digest::MD5           0        2.55    
    Encode                0        2.86    
    Exporter              5.57     5.72    
    if                    0        0.0606  
    IO::File              0        1.16    
    IO::Socket            0        1.38    
    List::Util            0        1.46_02 
    MIME::Base64          0        3.15    
    Moo                   2        2.001001
    Moo::Role             0        2.001001
    namespace::clean      0        0.27    
    overload              0        1.27    
    perl                  5.008004 5.025007
    re                    0        0.33    
    Safe::Isa             0        1.000006
    Scalar::Util          0        1.46_02 
    Socket                0        2.020_03
    strict                0        1.11    
    Tie::IxHash           0        1.23    
    Time::HiRes           0        1.9741  
    Try::Tiny             0        0.27    
    Type::Library         0        1.000005
    Type::Tiny            1        1.000005
    Type::Tiny::XS        0        0.012   
    Type::Utils           0        1.000005
    Types::Standard       0        1.000005
    version               0        0.9917  
    warnings              0        1.37    
    XSLoader              0        0.24    

build_requires:

    Module                Need     Have    
    --------------------- -------- --------
    bigint                0        0.44    
    Data::Dumper          0        2.165   
    Devel::Peek           0        1.26    
    ExtUtils::MakeMaker   6.59     7.24    
    File::Compare         0        1.1006  
    File::Spec            0        3.66    
    File::Temp            0.17     0.2304  
    FileHandle            0        2.03    
    JSON::MaybeXS         1.002005 1.003008
    lib                   0        0.63    
    Math::BigInt          0        1.999802
    Path::Tiny            0.054    0.098   
    Test::Deep            0.111    1.124   
    Test::Fatal           0        0.014   
    Test::More            0.96     1.302067
    threads::shared       0        1.52    
    utf8                  0        1.19    

configure_requires:

    Module                Need     Have    
    --------------------- -------- --------
    Config::AutoConf      0.22     0.313   
    ExtUtils::MakeMaker   0        7.24    
    Path::Tiny            0.052    0.098   


------------------------------
ENVIRONMENT AND OTHER CONTEXT
------------------------------

Environment variables:

    AUTOMATED_TESTING = 1
    LANG = C
    PATH = /home/sand/bin:/usr/local/bin:/usr/bin:/bin:/usr/games:/usr/local/perl/bin:/usr/X11/bin:/sbin:/usr/sbin
    PERL5LIB = 
    PERL5OPT = 
    PERL5_CPANPLUS_IS_RUNNING = 14894
    PERL5_CPAN_IS_RUNNING = 14894
    PERL_CANARY_STABILITY_NOPROMPT = 1
    PERL_MM_USE_DEFAULT = 1
    SHELL = /usr/bin/zsh
    TERM = screen

Perl special variables (and OS-specific diagnostics, for MSWin32):

    $^X = /tmp/basesmoker-reloperl-QrRG/bin/perl
    $UID/$EUID = 1005 / 1005
    $GID = 1005 1005
    $EGID = 1005 1005

Perl module toolchain versions installed:

    Module              Have      
    ------------------- ----------
    CPAN                2.15      
    CPAN::Meta          2.150010  
    Cwd                 3.66      
    ExtUtils::CBuilder  0.280225  
    ExtUtils::Command   7.24      
    ExtUtils::Install   2.04      
    ExtUtils::MakeMaker 7.24      
    ExtUtils::Manifest  1.70      
    ExtUtils::ParseXS   3.33      
    File::Spec          3.66      
    JSON                2.90      
    JSON::PP            2.27400_02
    Module::Build       0.4220    
    Module::Signature   0.81      
    Parse::CPAN::Meta   2.150010  
    Test::Harness       3.36_01   
    Test::More          1.302067  
    YAML                1.19      
    YAML::Syck          1.29      
    version             0.9917    


--

Summary of my perl5 (revision 5 version 25 subversion 7) configuration:
  Commit id: 28988dce93a735de38b874bd0f3087b9bd4aad0f
  Platform:
    osname=linux
    osvers=4.8.0-1-amd64
    archname=x86_64-linux
    uname='linux k93x64sid 4.8.0-1-amd64 #1 smp debian 4.8.7-1 (2016-11-13) x86_64 gnulinux '
    config_args='-Dprefix=/home/sand/src/perl/repoperls/installed-perls/host/k93x64sid/v5.25.7/f878 -Dmyhostname=k93x64sid -Dinstallusrbinperl=n -Uversiononly -Dusedevel -des -Ui_db -Dlibswanted=cl pthread socket inet nsl gdbm dbm malloc dl ld sun m crypt sec util c cposix posix ucb BSD gdbm_compat -Uuseithreads -Uuselongdouble'
    hint=recommended
    useposix=true
    d_sigaction=define
    useithreads=undef
    usemultiplicity=undef
    use64bitint=define
    use64bitall=define
    uselongdouble=undef
    usemymalloc=n
    bincompat5005=undef
  Compiler:
    cc='cc'
    ccflags ='-fwrapv -fno-strict-aliasing -pipe -fstack-protector-strong -I/usr/local/include -D_LARGEFILE_SOURCE -D_FILE_OFFSET_BITS=64'
    optimize='-O2'
    cppflags='-fwrapv -fno-strict-aliasing -pipe -fstack-protector-strong -I/usr/local/include'
    ccversion=''
    gccversion='6.2.1 20161124'
    gccosandvers=''
    intsize=4
    longsize=8
    ptrsize=8
    doublesize=8
    byteorder=12345678
    doublekind=3
    d_longlong=define
    longlongsize=8
    d_longdbl=define
    longdblsize=16
    longdblkind=3
    ivtype='long'
    ivsize=8
    nvtype='double'
    nvsize=8
    Off_t='off_t'
    lseeksize=8
    alignbytes=8
    prototype=define
  Linker and Libraries:
    ld='cc'
    ldflags =' -fstack-protector-strong -L/usr/local/lib'
    libpth=/usr/local/lib /usr/lib/gcc/x86_64-linux-gnu/6/include-fixed /usr/include/x86_64-linux-gnu /usr/lib /lib/x86_64-linux-gnu /lib/../lib /usr/lib/x86_64-linux-gnu /usr/lib/../lib /lib
    libs=-lpthread -lnsl -ldl -lm -lcrypt -lutil -lc
    perllibs=-lpthread -lnsl -ldl -lm -lcrypt -lutil -lc
    libc=libc-2.24.so
    so=so
    useshrplib=false
    libperl=libperl.a
    gnulibc_version='2.24'
  Dynamic Linking:
    dlsrc=dl_dlopen.xs
    dlext=so
    d_dlsymun=undef
    ccdlflags='-Wl,-E'
    cccdlflags='-fPIC'
    lddlflags='-shared -O2 -L/usr/local/lib -fstack-protector-strong'


Characteristics of this binary (from libperl): 
  Compile-time options:
    HAS_TIMES
    PERLIO_LAYERS
    PERL_COPY_ON_WRITE
    PERL_DONT_CREATE_GVSV
    PERL_HASH_FUNC_ONE_AT_A_TIME_HARD
    PERL_MALLOC_WRAP
    PERL_OP_PARENT
    PERL_PRESERVE_IVUV
    PERL_USE_DEVEL
    USE_64_BIT_ALL
    USE_64_BIT_INT
    USE_LARGE_FILES
    USE_LOCALE
    USE_LOCALE_COLLATE
    USE_LOCALE_CTYPE
    USE_LOCALE_NUMERIC
    USE_LOCALE_TIME
    USE_PERLIO
    USE_PERL_ATOF
  Built under linux
  Compiled at Nov 30 2016 08:17:49
  %ENV:
    PERL5LIB=""
    PERL5OPT=""
    PERL5_CPANPLUS_IS_RUNNING="14894"
    PERL5_CPAN_IS_RUNNING="14894"
    PERL_CANARY_STABILITY_NOPROMPT="1"
    PERL_MM_USE_DEFAULT="1"
  @INC:
    /home/sand/src/perl/repoperls/installed-perls/host/k93x64sid/v5.25.7/f878/lib/site_perl/5.25.7/x86_64-linux
    /home/sand/src/perl/repoperls/installed-perls/host/k93x64sid/v5.25.7/f878/lib/site_perl/5.25.7
    /home/sand/src/perl/repoperls/installed-perls/host/k93x64sid/v5.25.7/f878/lib/5.25.7/x86_64-linux
    /home/sand/src/perl/repoperls/installed-perls/host/k93x64sid/v5.25.7/f878/lib/5.25.7
    .