Report for Catalyst-Controller-Atompub-0.5.6

Back
From: metabase:user:320bfe00-2aae-11df-837a-5e0a49663a4f
Subject: FAIL Catalyst-Controller-Atompub-0.5.6 v5.21.8 GNU/Linux
Date: 2015-01-21T07:41:44Z

This distribution has been tested as part of the CPAN Testers
project, supporting the Perl programming language.  See
http://wiki.cpantesters.org/ for more information or email
questions to cpan-testers-discuss@perl.org


--
Dear Takeru INOUE,

This is a computer-generated report for Catalyst-Controller-Atompub-0.5.6
on perl 5.21.8, created by CPAN-Reporter-1.2011.

Thank you for uploading your work to CPAN.  However, there was a problem
testing your distribution.

If you think this report is invalid, please consult the CPAN Testers Wiki
for suggestions on how to avoid getting FAIL reports for missing library
or binary dependencies, unsupported operating systems, and so on:

http://wiki.cpantesters.org/wiki/CPANAuthorNotes

Sections of this report:

    * Tester comments
    * Program output
    * Prerequisites
    * Environment and other context

------------------------------
TESTER COMMENTS
------------------------------

Additional comments from tester:

this report is from an automated smoke testing program
and was not reviewed by a human for accuracy

------------------------------
PROGRAM OUTPUT
------------------------------

Output from '/usr/bin/make test':

PERL_DL_NONLAZY=1 "/tmp/basesmoker-reloperl-XlQx/bin/perl" "-MExtUtils::Command::MM" "-MTest::Harness" "-e" "undef *Test::Harness::Switches; test_harness(0, 'inc', 'blib/lib', 'blib/arch')" t/00.load.t t/01.service-default.t t/02.service.t t/03.collection.t t/perlcritic.t t/pod-coverage.t t/pod.t
# Testing Catalyst::Controller::Atompub 0.5.6
t/00.load.t ............. ok
Class::MOP::is_class_loaded is deprecated at /home/sand/src/perl/repoperls/installed-perls/perl/v5.21.7-437-g8792e55/9980/lib/site_perl/5.21.8/x86_64-linux-thread-multi/Class/MOP.pm line 87.
	Class::MOP::is_class_loaded("TestAtompub") called at /tmp/loop_over_bdir-28336-1WxmVR/Catalyst-Controller-Atompub-0.5.6-zYfIiC/inc/Test/WWW/Mechanize/Catalyst.pm line 244
	Test::WWW::Mechanize::Catalyst::import("Test::WWW::Mechanize::Catalyst", "TestAtompub") called at t/01.service-default.t line 9
	main::BEGIN() called at t/01.service-default.t line 9
	eval {...} called at t/01.service-default.t line 9
Class::MOP::load_class is deprecated at /home/sand/src/perl/repoperls/installed-perls/perl/v5.21.7-437-g8792e55/9980/lib/site_perl/5.21.8/x86_64-linux-thread-multi/Class/MOP.pm line 69.
	Class::MOP::load_class("TestAtompub") called at /tmp/loop_over_bdir-28336-1WxmVR/Catalyst-Controller-Atompub-0.5.6-zYfIiC/inc/Test/WWW/Mechanize/Catalyst.pm line 244
	Test::WWW::Mechanize::Catalyst::import("Test::WWW::Mechanize::Catalyst", "TestAtompub") called at t/01.service-default.t line 9
	main::BEGIN() called at t/01.service-default.t line 9
	eval {...} called at t/01.service-default.t line 9
[debug] Debug messages enabled
[debug] Statistics enabled
Catalyst::Controller::Atompub::Base uses NEXT, which is deprecated. Please see the Class::C3::Adopt::NEXT documentation for details. NEXT used  at /tmp/loop_over_bdir-28336-1WxmVR/Catalyst-Controller-Atompub-0.5.6-zYfIiC/blib/lib/Catalyst/Controller/Atompub/Base.pm line 18.
[debug] Loaded plugins:
.----------------------------------------------------------------------------.
| Catalyst::Plugin::ConfigLoader  0.34                                       |
'----------------------------------------------------------------------------'

[debug] Loaded PSGI Middleware:
.----------------------------------------------------------------------------.
| Catalyst::Middleware::Stash                                                |
| Plack::Middleware::HTTPExceptions                                          |
| Plack::Middleware::RemoveRedundantBody  0.04                               |
| Plack::Middleware::FixMissingBodyInRedirect  0.12                          |
| Plack::Middleware::ContentLength                                           |
| Plack::Middleware::MethodOverride  0.11                                    |
| Plack::Middleware::Head                                                    |
'----------------------------------------------------------------------------'

[debug] Loaded Request Data Handlers:
.----------------------------------------------------------------------------.
| application/json                                                           |
| application/x-www-form-urlencoded                                          |
'----------------------------------------------------------------------------'

[debug] Loaded dispatcher "Catalyst::Dispatcher"
[debug] Loaded engine "Catalyst::Engine"
[debug] Found home "/tmp/loop_over_bdir-28336-1WxmVR/Catalyst-Controller-Atompub-0.5.6-zYfIiC/t/lib/TestAtompub"
[debug] Loaded components:
.-----------------------------------------------------------------+----------.
| Class                                                           | Type     |
+-----------------------------------------------------------------+----------+
| TestAtompub::Controller::Collection                             | instance |
| TestAtompub::Controller::Service                                | instance |
'-----------------------------------------------------------------+----------'

Use of uninitialized value in lc at /tmp/loop_over_bdir-28336-1WxmVR/Catalyst-Controller-Atompub-0.5.6-zYfIiC/blib/lib/Catalyst/Controller/Atompub/Collection.pm line 457.
Catalyst::Controller::Atompub::Collection uses NEXT, which is deprecated. Please see the Class::C3::Adopt::NEXT documentation for details. NEXT used  at /tmp/loop_over_bdir-28336-1WxmVR/Catalyst-Controller-Atompub-0.5.6-zYfIiC/blib/lib/Catalyst/Controller/Atompub/Collection.pm line 467.
Use of uninitialized value in lc at /tmp/loop_over_bdir-28336-1WxmVR/Catalyst-Controller-Atompub-0.5.6-zYfIiC/blib/lib/Catalyst/Controller/Atompub/Collection.pm line 457.
Use of uninitialized value in lc at /tmp/loop_over_bdir-28336-1WxmVR/Catalyst-Controller-Atompub-0.5.6-zYfIiC/blib/lib/Catalyst/Controller/Atompub/Collection.pm line 457.
Use of uninitialized value in lc at /tmp/loop_over_bdir-28336-1WxmVR/Catalyst-Controller-Atompub-0.5.6-zYfIiC/blib/lib/Catalyst/Controller/Atompub/Collection.pm line 457.
Use of uninitialized value in lc at /tmp/loop_over_bdir-28336-1WxmVR/Catalyst-Controller-Atompub-0.5.6-zYfIiC/blib/lib/Catalyst/Controller/Atompub/Collection.pm line 457.
Use of uninitialized value in lc at /tmp/loop_over_bdir-28336-1WxmVR/Catalyst-Controller-Atompub-0.5.6-zYfIiC/blib/lib/Catalyst/Controller/Atompub/Collection.pm line 457.
Use of uninitialized value in lc at /tmp/loop_over_bdir-28336-1WxmVR/Catalyst-Controller-Atompub-0.5.6-zYfIiC/blib/lib/Catalyst/Controller/Atompub/Collection.pm line 457.
Use of uninitialized value in lc at /tmp/loop_over_bdir-28336-1WxmVR/Catalyst-Controller-Atompub-0.5.6-zYfIiC/blib/lib/Catalyst/Controller/Atompub/Collection.pm line 457.
DEPRECATION WARNING: The Regex dispatch type is deprecated.
  The standalone Catalyst::DispatchType::Regex distribution
  has been temporarily included as a prerequisite of
  Catalyst::Runtime, but will be dropped in the future. Convert
  to Chained methods or include Catalyst::DispatchType::Regex
  as a prerequisite for your application.
[debug] Loaded Private actions:
.----------------------+--------------------------------------+--------------.
| Private              | Class                                | Method       |
+----------------------+--------------------------------------+--------------+
| /service/default     | TestAtompub::Controller::Service     | default      |
| /collection/default  | TestAtompub::Controller::Collection  | default      |
| /collection/get_res- | TestAtompub::Controller::Collection  | get_resource |
| ource                |                                      |              |
| /collection/edit_uri | TestAtompub::Controller::Collection  | edit_uri     |
| /collection/auto     | TestAtompub::Controller::Collection  | auto         |
| /collection/get_feed | TestAtompub::Controller::Collection  | get_feed     |
'----------------------+--------------------------------------+--------------'

[debug] Loaded Regex actions:
.-------------------------------------+--------------------------------------.
| LocalRegex                          | Private                              |
+-------------------------------------+--------------------------------------+
| ^collection/([^-?&#][^?&#]*)        | /collection/edit_uri                 |
'-------------------------------------+--------------------------------------'

[info] AtompubServer powered by Catalyst 5.90082
[info] *** Request 1 (1.000/s) [15148] [Wed Jan 21 08:41:30 2015] ***
[debug] Arguments are "service"
[debug] "GET" request for "service" from "127.0.0.1"
[error] Caught exception in engine "Not an ARRAY reference at /home/sand/src/perl/repoperls/installed-perls/perl/v5.21.7-437-g8792e55/9980/lib/site_perl/5.21.8/HTTP/Headers.pm line 347."
Can't call method "request" on an undefined value at /home/sand/src/perl/repoperls/installed-perls/perl/v5.21.7-437-g8792e55/9980/lib/site_perl/5.21.8/Plack/Test/MockHTTP.pm line 29.
# Looks like your test exited with 2 before it could output anything.
t/01.service-default.t .. 
Dubious, test returned 2 (wstat 512, 0x200)
Failed 8/8 subtests 
Class::MOP::is_class_loaded is deprecated at /home/sand/src/perl/repoperls/installed-perls/perl/v5.21.7-437-g8792e55/9980/lib/site_perl/5.21.8/x86_64-linux-thread-multi/Class/MOP.pm line 87.
	Class::MOP::is_class_loaded("TestAtompub") called at /tmp/loop_over_bdir-28336-1WxmVR/Catalyst-Controller-Atompub-0.5.6-zYfIiC/inc/Test/WWW/Mechanize/Catalyst.pm line 244
	Test::WWW::Mechanize::Catalyst::import("Test::WWW::Mechanize::Catalyst", "TestAtompub") called at t/02.service.t line 9
	main::BEGIN() called at t/02.service.t line 9
	eval {...} called at t/02.service.t line 9
Class::MOP::load_class is deprecated at /home/sand/src/perl/repoperls/installed-perls/perl/v5.21.7-437-g8792e55/9980/lib/site_perl/5.21.8/x86_64-linux-thread-multi/Class/MOP.pm line 69.
	Class::MOP::load_class("TestAtompub") called at /tmp/loop_over_bdir-28336-1WxmVR/Catalyst-Controller-Atompub-0.5.6-zYfIiC/inc/Test/WWW/Mechanize/Catalyst.pm line 244
	Test::WWW::Mechanize::Catalyst::import("Test::WWW::Mechanize::Catalyst", "TestAtompub") called at t/02.service.t line 9
	main::BEGIN() called at t/02.service.t line 9
	eval {...} called at t/02.service.t line 9
[debug] Debug messages enabled
[debug] Statistics enabled
Catalyst::Controller::Atompub::Base uses NEXT, which is deprecated. Please see the Class::C3::Adopt::NEXT documentation for details. NEXT used  at /tmp/loop_over_bdir-28336-1WxmVR/Catalyst-Controller-Atompub-0.5.6-zYfIiC/blib/lib/Catalyst/Controller/Atompub/Base.pm line 18.
[debug] Loaded plugins:
.----------------------------------------------------------------------------.
| Catalyst::Plugin::ConfigLoader  0.34                                       |
'----------------------------------------------------------------------------'

[debug] Loaded PSGI Middleware:
.----------------------------------------------------------------------------.
| Catalyst::Middleware::Stash                                                |
| Plack::Middleware::HTTPExceptions                                          |
| Plack::Middleware::RemoveRedundantBody  0.04                               |
| Plack::Middleware::FixMissingBodyInRedirect  0.12                          |
| Plack::Middleware::ContentLength                                           |
| Plack::Middleware::MethodOverride  0.11                                    |
| Plack::Middleware::Head                                                    |
'----------------------------------------------------------------------------'

[debug] Loaded Request Data Handlers:
.----------------------------------------------------------------------------.
| application/json                                                           |
| application/x-www-form-urlencoded                                          |
'----------------------------------------------------------------------------'

[debug] Loaded dispatcher "Catalyst::Dispatcher"
[debug] Loaded engine "Catalyst::Engine"
[debug] Found home "/tmp/loop_over_bdir-28336-1WxmVR/Catalyst-Controller-Atompub-0.5.6-zYfIiC/t/lib/TestAtompub"
[debug] Loaded components:
.-----------------------------------------------------------------+----------.
| Class                                                           | Type     |
+-----------------------------------------------------------------+----------+
| TestAtompub::Controller::Collection                             | instance |
| TestAtompub::Controller::Service                                | instance |
'-----------------------------------------------------------------+----------'

Use of uninitialized value in lc at /tmp/loop_over_bdir-28336-1WxmVR/Catalyst-Controller-Atompub-0.5.6-zYfIiC/blib/lib/Catalyst/Controller/Atompub/Collection.pm line 457.
Catalyst::Controller::Atompub::Collection uses NEXT, which is deprecated. Please see the Class::C3::Adopt::NEXT documentation for details. NEXT used  at /tmp/loop_over_bdir-28336-1WxmVR/Catalyst-Controller-Atompub-0.5.6-zYfIiC/blib/lib/Catalyst/Controller/Atompub/Collection.pm line 467.
Use of uninitialized value in lc at /tmp/loop_over_bdir-28336-1WxmVR/Catalyst-Controller-Atompub-0.5.6-zYfIiC/blib/lib/Catalyst/Controller/Atompub/Collection.pm line 457.
Use of uninitialized value in lc at /tmp/loop_over_bdir-28336-1WxmVR/Catalyst-Controller-Atompub-0.5.6-zYfIiC/blib/lib/Catalyst/Controller/Atompub/Collection.pm line 457.
Use of uninitialized value in lc at /tmp/loop_over_bdir-28336-1WxmVR/Catalyst-Controller-Atompub-0.5.6-zYfIiC/blib/lib/Catalyst/Controller/Atompub/Collection.pm line 457.
Use of uninitialized value in lc at /tmp/loop_over_bdir-28336-1WxmVR/Catalyst-Controller-Atompub-0.5.6-zYfIiC/blib/lib/Catalyst/Controller/Atompub/Collection.pm line 457.
Use of uninitialized value in lc at /tmp/loop_over_bdir-28336-1WxmVR/Catalyst-Controller-Atompub-0.5.6-zYfIiC/blib/lib/Catalyst/Controller/Atompub/Collection.pm line 457.
Use of uninitialized value in lc at /tmp/loop_over_bdir-28336-1WxmVR/Catalyst-Controller-Atompub-0.5.6-zYfIiC/blib/lib/Catalyst/Controller/Atompub/Collection.pm line 457.
Use of uninitialized value in lc at /tmp/loop_over_bdir-28336-1WxmVR/Catalyst-Controller-Atompub-0.5.6-zYfIiC/blib/lib/Catalyst/Controller/Atompub/Collection.pm line 457.
DEPRECATION WARNING: The Regex dispatch type is deprecated.
  The standalone Catalyst::DispatchType::Regex distribution
  has been temporarily included as a prerequisite of
  Catalyst::Runtime, but will be dropped in the future. Convert
  to Chained methods or include Catalyst::DispatchType::Regex
  as a prerequisite for your application.
[debug] Loaded Private actions:
.----------------------+--------------------------------------+--------------.
| Private              | Class                                | Method       |
+----------------------+--------------------------------------+--------------+
| /collection/auto     | TestAtompub::Controller::Collection  | auto         |
| /collection/default  | TestAtompub::Controller::Collection  | default      |
| /collection/get_res- | TestAtompub::Controller::Collection  | get_resource |
| ource                |                                      |              |
| /collection/edit_uri | TestAtompub::Controller::Collection  | edit_uri     |
| /collection/get_feed | TestAtompub::Controller::Collection  | get_feed     |
| /service/default     | TestAtompub::Controller::Service     | default      |
'----------------------+--------------------------------------+--------------'

[debug] Loaded Regex actions:
.-------------------------------------+--------------------------------------.
| LocalRegex                          | Private                              |
+-------------------------------------+--------------------------------------+
| ^collection/([^-?&#][^?&#]*)        | /collection/edit_uri                 |
'-------------------------------------+--------------------------------------'

[info] AtompubServer powered by Catalyst 5.90082
[info] *** Request 1 (1.000/s) [15159] [Wed Jan 21 08:41:31 2015] ***
[debug] Arguments are "service"
[debug] "GET" request for "service" from "127.0.0.1"
[error] Caught exception in engine "Not an ARRAY reference at /home/sand/src/perl/repoperls/installed-perls/perl/v5.21.7-437-g8792e55/9980/lib/site_perl/5.21.8/HTTP/Headers.pm line 347."
Can't call method "request" on an undefined value at /home/sand/src/perl/repoperls/installed-perls/perl/v5.21.7-437-g8792e55/9980/lib/site_perl/5.21.8/Plack/Test/MockHTTP.pm line 29.
# Looks like your test exited with 2 before it could output anything.
t/02.service.t .......... 
Dubious, test returned 2 (wstat 512, 0x200)
Failed 18/18 subtests 
Class::MOP::is_class_loaded is deprecated at /home/sand/src/perl/repoperls/installed-perls/perl/v5.21.7-437-g8792e55/9980/lib/site_perl/5.21.8/x86_64-linux-thread-multi/Class/MOP.pm line 87.
	Class::MOP::is_class_loaded("TestAtompub") called at /tmp/loop_over_bdir-28336-1WxmVR/Catalyst-Controller-Atompub-0.5.6-zYfIiC/inc/Test/WWW/Mechanize/Catalyst.pm line 244
	Test::WWW::Mechanize::Catalyst::import("Test::WWW::Mechanize::Catalyst", "TestAtompub") called at t/03.collection.t line 9
	main::BEGIN() called at t/03.collection.t line 9
	eval {...} called at t/03.collection.t line 9
Class::MOP::load_class is deprecated at /home/sand/src/perl/repoperls/installed-perls/perl/v5.21.7-437-g8792e55/9980/lib/site_perl/5.21.8/x86_64-linux-thread-multi/Class/MOP.pm line 69.
	Class::MOP::load_class("TestAtompub") called at /tmp/loop_over_bdir-28336-1WxmVR/Catalyst-Controller-Atompub-0.5.6-zYfIiC/inc/Test/WWW/Mechanize/Catalyst.pm line 244
	Test::WWW::Mechanize::Catalyst::import("Test::WWW::Mechanize::Catalyst", "TestAtompub") called at t/03.collection.t line 9
	main::BEGIN() called at t/03.collection.t line 9
	eval {...} called at t/03.collection.t line 9
[debug] Debug messages enabled
[debug] Statistics enabled
Catalyst::Controller::Atompub::Base uses NEXT, which is deprecated. Please see the Class::C3::Adopt::NEXT documentation for details. NEXT used  at /tmp/loop_over_bdir-28336-1WxmVR/Catalyst-Controller-Atompub-0.5.6-zYfIiC/blib/lib/Catalyst/Controller/Atompub/Base.pm line 18.
[debug] Loaded plugins:
.----------------------------------------------------------------------------.
| Catalyst::Plugin::ConfigLoader  0.34                                       |
'----------------------------------------------------------------------------'

[debug] Loaded PSGI Middleware:
.----------------------------------------------------------------------------.
| Catalyst::Middleware::Stash                                                |
| Plack::Middleware::HTTPExceptions                                          |
| Plack::Middleware::RemoveRedundantBody  0.04                               |
| Plack::Middleware::FixMissingBodyInRedirect  0.12                          |
| Plack::Middleware::ContentLength                                           |
| Plack::Middleware::MethodOverride  0.11                                    |
| Plack::Middleware::Head                                                    |
'----------------------------------------------------------------------------'

[debug] Loaded Request Data Handlers:
.----------------------------------------------------------------------------.
| application/json                                                           |
| application/x-www-form-urlencoded                                          |
'----------------------------------------------------------------------------'

[debug] Loaded dispatcher "Catalyst::Dispatcher"
[debug] Loaded engine "Catalyst::Engine"
[debug] Found home "/tmp/loop_over_bdir-28336-1WxmVR/Catalyst-Controller-Atompub-0.5.6-zYfIiC/t/lib/TestAtompub"
[debug] Loaded components:
.-----------------------------------------------------------------+----------.
| Class                                                           | Type     |
+-----------------------------------------------------------------+----------+
| TestAtompub::Controller::Collection                             | instance |
| TestAtompub::Controller::Service                                | instance |
'-----------------------------------------------------------------+----------'

Use of uninitialized value in lc at /tmp/loop_over_bdir-28336-1WxmVR/Catalyst-Controller-Atompub-0.5.6-zYfIiC/blib/lib/Catalyst/Controller/Atompub/Collection.pm line 457.
Catalyst::Controller::Atompub::Collection uses NEXT, which is deprecated. Please see the Class::C3::Adopt::NEXT documentation for details. NEXT used  at /tmp/loop_over_bdir-28336-1WxmVR/Catalyst-Controller-Atompub-0.5.6-zYfIiC/blib/lib/Catalyst/Controller/Atompub/Collection.pm line 467.
Use of uninitialized value in lc at /tmp/loop_over_bdir-28336-1WxmVR/Catalyst-Controller-Atompub-0.5.6-zYfIiC/blib/lib/Catalyst/Controller/Atompub/Collection.pm line 457.
Use of uninitialized value in lc at /tmp/loop_over_bdir-28336-1WxmVR/Catalyst-Controller-Atompub-0.5.6-zYfIiC/blib/lib/Catalyst/Controller/Atompub/Collection.pm line 457.
Use of uninitialized value in lc at /tmp/loop_over_bdir-28336-1WxmVR/Catalyst-Controller-Atompub-0.5.6-zYfIiC/blib/lib/Catalyst/Controller/Atompub/Collection.pm line 457.
Use of uninitialized value in lc at /tmp/loop_over_bdir-28336-1WxmVR/Catalyst-Controller-Atompub-0.5.6-zYfIiC/blib/lib/Catalyst/Controller/Atompub/Collection.pm line 457.
Use of uninitialized value in lc at /tmp/loop_over_bdir-28336-1WxmVR/Catalyst-Controller-Atompub-0.5.6-zYfIiC/blib/lib/Catalyst/Controller/Atompub/Collection.pm line 457.
Use of uninitialized value in lc at /tmp/loop_over_bdir-28336-1WxmVR/Catalyst-Controller-Atompub-0.5.6-zYfIiC/blib/lib/Catalyst/Controller/Atompub/Collection.pm line 457.
Use of uninitialized value in lc at /tmp/loop_over_bdir-28336-1WxmVR/Catalyst-Controller-Atompub-0.5.6-zYfIiC/blib/lib/Catalyst/Controller/Atompub/Collection.pm line 457.
DEPRECATION WARNING: The Regex dispatch type is deprecated.
  The standalone Catalyst::DispatchType::Regex distribution
  has been temporarily included as a prerequisite of
  Catalyst::Runtime, but will be dropped in the future. Convert
  to Chained methods or include Catalyst::DispatchType::Regex
  as a prerequisite for your application.
[debug] Loaded Private actions:
.----------------------+--------------------------------------+--------------.
| Private              | Class                                | Method       |
+----------------------+--------------------------------------+--------------+
| /collection/auto     | TestAtompub::Controller::Collection  | auto         |
| /collection/edit_uri | TestAtompub::Controller::Collection  | edit_uri     |
| /collection/default  | TestAtompub::Controller::Collection  | default      |
| /collection/get_res- | TestAtompub::Controller::Collection  | get_resource |
| ource                |                                      |              |
| /collection/get_feed | TestAtompub::Controller::Collection  | get_feed     |
| /service/default     | TestAtompub::Controller::Service     | default      |
'----------------------+--------------------------------------+--------------'

[debug] Loaded Regex actions:
.-------------------------------------+--------------------------------------.
| LocalRegex                          | Private                              |
+-------------------------------------+--------------------------------------+
| ^collection/([^-?&#][^?&#]*)        | /collection/edit_uri                 |
'-------------------------------------+--------------------------------------'

[info] AtompubServer powered by Catalyst 5.90082
[info] *** Request 1 (1.000/s) [15165] [Wed Jan 21 08:41:32 2015] ***
[debug] Arguments are "collection"
[debug] "GET" request for "collection" from "127.0.0.1"
[error] Caught exception in engine "Not an ARRAY reference at /home/sand/src/perl/repoperls/installed-perls/perl/v5.21.7-437-g8792e55/9980/lib/site_perl/5.21.8/HTTP/Headers.pm line 347."
Can't call method "request" on an undefined value at /home/sand/src/perl/repoperls/installed-perls/perl/v5.21.7-437-g8792e55/9980/lib/site_perl/5.21.8/Plack/Test/MockHTTP.pm line 29.
# Looks like your test exited with 255 before it could output anything.
t/03.collection.t ....... 
Dubious, test returned 255 (wstat 65280, 0xff00)
Failed 14/14 subtests 
t/perlcritic.t .......... skipped: $ENV{TEST_CRITIC} must be set to enable this test
t/pod-coverage.t ........ ok
t/pod.t ................. ok

Test Summary Report
-------------------
t/01.service-default.t (Wstat: 512 Tests: 0 Failed: 0)
  Non-zero exit status: 2
  Parse errors: Bad plan.  You planned 8 tests but ran 0.
t/02.service.t        (Wstat: 512 Tests: 0 Failed: 0)
  Non-zero exit status: 2
  Parse errors: Bad plan.  You planned 18 tests but ran 0.
t/03.collection.t     (Wstat: 65280 Tests: 0 Failed: 0)
  Non-zero exit status: 255
  Parse errors: Bad plan.  You planned 14 tests but ran 0.
Files=7, Tests=9,  5 wallclock secs ( 0.04 usr  0.00 sys +  4.88 cusr  0.26 csys =  5.18 CPU)
Result: FAIL
Failed 3/7 test programs. 0/9 subtests failed.
Makefile:791: recipe for target 'test_dynamic' failed
make: *** [test_dynamic] Error 255

------------------------------
PREREQUISITES
------------------------------

Prerequisite modules loaded:

requires:

    Module                         Need  Have        
    ------------------------------ ----- ------------
    Atompub                        0.003 0.3.7       
    Catalyst::Devel                0     1.39        
    Catalyst::Plugin::ConfigLoader 0     0.34        
    Catalyst::Runtime              5.7   5.90082     
    English                        0     1.09        
    File::Slurp                    0     9999.19     
    FindBin                        0     1.51        
    HTTP::Status                   0     6.03        
    MIME::Base64                   0     3.15        
    Test::More                     0     1.301001_097
    Test::Perl::Critic             0     1.02        
    Test::WWW::Mechanize::Catalyst 0     0.60        
    Text::CSV                      0     1.32        
    Time::HiRes                    0     1.9726      
    URI::Escape                    0     3.31        
    version                        0.74  0.9911      

build_requires:

    Module                         Need  Have        
    ------------------------------ ----- ------------
    ExtUtils::MakeMaker            6.36  7.04        
    Test::More                     0     1.301001_097
    Test::Perl::Critic             0     1.02        
    Test::WWW::Mechanize::Catalyst 0     0.60        

configure_requires:

    Module                         Need  Have        
    ------------------------------ ----- ------------
    ExtUtils::MakeMaker            6.36  7.04        


------------------------------
ENVIRONMENT AND OTHER CONTEXT
------------------------------

Environment variables:

    AUTOMATED_TESTING = 1
    LANG = en_US.UTF-8
    LANGUAGE = en_US:en
    PATH = /home/sand/bin:/usr/local/bin:/usr/bin:/bin:/usr/games:/usr/local/perl/bin:/usr/X11/bin:/sbin:/usr/sbin
    PERL5LIB = /tmp/loop_over_bdir-28336-1WxmVR/FusionInventory-Agent-2.3.15-pxcK5U/blib/arch:/tmp/loop_over_bdir-28336-1WxmVR/FusionInventory-Agent-2.3.15-pxcK5U/blib/lib:/tmp/loop_over_bdir-28336-1WxmVR/Alien-ActiveMQ-0.00005-mawt2m/blib/arch:/tmp/loop_over_bdir-28336-1WxmVR/Alien-ActiveMQ-0.00005-mawt2m/blib/lib
    PERL5OPT = 
    PERL5_CPANPLUS_IS_RUNNING = 28213
    PERL5_CPAN_IS_RUNNING = 28213
    PERL_MM_USE_DEFAULT = 1
    SHELL = /usr/bin/zsh
    TERM = screen

Perl special variables (and OS-specific diagnostics, for MSWin32):

    $^X = /tmp/basesmoker-reloperl-XlQx/bin/perl
    $UID/$EUID = 1005 / 1005
    $GID = 1005 1005
    $EGID = 1005 1005

Perl module toolchain versions installed:

    Module              Have        
    ------------------- ------------
    CPAN                2.05        
    CPAN::Meta          2.143240    
    Cwd                 3.54        
    ExtUtils::CBuilder  0.280221    
    ExtUtils::Command   1.20        
    ExtUtils::Install   2.04        
    ExtUtils::MakeMaker 7.04        
    ExtUtils::Manifest  1.70        
    ExtUtils::ParseXS   3.27        
    File::Spec          3.53        
    JSON                2.90        
    JSON::PP            2.27300     
    Module::Build       0.4211      
    Module::Signature   0.73        
    Parse::CPAN::Meta   1.4414      
    Test::Harness       3.35        
    Test::More          1.301001_097
    YAML                1.14        
    YAML::Syck          1.29        
    version             0.9911      


--

Summary of my perl5 (revision 5 version 21 subversion 8) configuration:
  Commit id: 8792e55d18c9b4d24303caed70df6f78a7e5eb0a
  Platform:
    osname=linux, osvers=3.16.0-4-amd64, archname=x86_64-linux-thread-multi
    uname='linux k83 3.16.0-4-amd64 #1 smp debian 3.16.7-ckt2-1 (2014-12-08) x86_64 gnulinux '
    config_args='-Dprefix=/home/sand/src/perl/repoperls/installed-perls/perl/v5.21.7-437-g8792e55/9980 -Dmyhostname=k83 -Dinstallusrbinperl=n -Uversiononly -Dusedevel -des -Ui_db -Duseithreads -Uuselongdouble -DDEBUGGING=-g'
    hint=recommended, useposix=true, d_sigaction=define
    useithreads=define, usemultiplicity=define
    use64bitint=define, use64bitall=define, uselongdouble=undef
    usemymalloc=n, bincompat5005=undef
  Compiler:
    cc='cc', ccflags ='-D_REENTRANT -D_GNU_SOURCE -fwrapv -fno-strict-aliasing -pipe -fstack-protector-strong -I/usr/local/include -D_LARGEFILE_SOURCE -D_FILE_OFFSET_BITS=64 -D_FORTIFY_SOURCE=2',
    optimize='-O2 -g',
    cppflags='-D_REENTRANT -D_GNU_SOURCE -fwrapv -fno-strict-aliasing -pipe -fstack-protector-strong -I/usr/local/include'
    ccversion='', gccversion='4.9.2', gccosandvers=''
    intsize=4, longsize=8, ptrsize=8, doublesize=8, byteorder=12345678, doublekind=3
    d_longlong=define, longlongsize=8, d_longdbl=define, longdblsize=16, longdblkind=3
    ivtype='long', ivsize=8, nvtype='double', nvsize=8, Off_t='off_t', lseeksize=8
    alignbytes=8, prototype=define
  Linker and Libraries:
    ld='cc', ldflags =' -fstack-protector-strong -L/usr/local/lib'
    libpth=/usr/local/lib /usr/lib/gcc/x86_64-linux-gnu/4.9/include-fixed /usr/include/x86_64-linux-gnu /usr/lib /lib/x86_64-linux-gnu /lib/../lib /usr/lib/x86_64-linux-gnu /usr/lib/../lib /lib
    libs=-lpthread -lnsl -lgdbm -ldb -ldl -lm -lcrypt -lutil -lc -lgdbm_compat
    perllibs=-lpthread -lnsl -ldl -lm -lcrypt -lutil -lc
    libc=libc-2.19.so, so=so, useshrplib=false, libperl=libperl.a
    gnulibc_version='2.19'
  Dynamic Linking:
    dlsrc=dl_dlopen.xs, dlext=so, d_dlsymun=undef, ccdlflags='-Wl,-E'
    cccdlflags='-fPIC', lddlflags='-shared -O2 -g -L/usr/local/lib -fstack-protector-strong'


Characteristics of this binary (from libperl): 
  Compile-time options: HAS_TIMES MULTIPLICITY PERLIO_LAYERS
                        PERL_DONT_CREATE_GVSV
                        PERL_HASH_FUNC_ONE_AT_A_TIME_HARD
                        PERL_IMPLICIT_CONTEXT PERL_MALLOC_WRAP
                        PERL_NEW_COPY_ON_WRITE PERL_PRESERVE_IVUV
                        PERL_USE_DEVEL USE_64_BIT_ALL USE_64_BIT_INT
                        USE_ITHREADS USE_LARGE_FILES USE_LOCALE
                        USE_LOCALE_COLLATE USE_LOCALE_CTYPE
                        USE_LOCALE_NUMERIC USE_LOCALE_TIME USE_PERLIO
                        USE_PERL_ATOF USE_REENTRANT_API
  Built under linux
  Compiled at Jan 20 2015 18:35:58
  %ENV:
    PERL5LIB="/tmp/loop_over_bdir-28336-1WxmVR/FusionInventory-Agent-2.3.15-pxcK5U/blib/arch:/tmp/loop_over_bdir-28336-1WxmVR/FusionInventory-Agent-2.3.15-pxcK5U/blib/lib:/tmp/loop_over_bdir-28336-1WxmVR/Alien-ActiveMQ-0.00005-mawt2m/blib/arch:/tmp/loop_over_bdir-28336-1WxmVR/Alien-ActiveMQ-0.00005-mawt2m/blib/lib"
    PERL5OPT=""
    PERL5_CPANPLUS_IS_RUNNING="28213"
    PERL5_CPAN_IS_RUNNING="28213"
    PERL_MM_USE_DEFAULT="1"
  @INC:
    /tmp/loop_over_bdir-28336-1WxmVR/FusionInventory-Agent-2.3.15-pxcK5U/blib/arch
    /tmp/loop_over_bdir-28336-1WxmVR/FusionInventory-Agent-2.3.15-pxcK5U/blib/lib
    /tmp/loop_over_bdir-28336-1WxmVR/Alien-ActiveMQ-0.00005-mawt2m/blib/arch
    /tmp/loop_over_bdir-28336-1WxmVR/Alien-ActiveMQ-0.00005-mawt2m/blib/lib
    /home/sand/src/perl/repoperls/installed-perls/perl/v5.21.7-437-g8792e55/9980/lib/site_perl/5.21.8/x86_64-linux-thread-multi
    /home/sand/src/perl/repoperls/installed-perls/perl/v5.21.7-437-g8792e55/9980/lib/site_perl/5.21.8
    /home/sand/src/perl/repoperls/installed-perls/perl/v5.21.7-437-g8792e55/9980/lib/5.21.8/x86_64-linux-thread-multi
    /home/sand/src/perl/repoperls/installed-perls/perl/v5.21.7-437-g8792e55/9980/lib/5.21.8
    .