Report for Lvalue-0.21

Back
From: metabase:user:320bfe00-2aae-11df-837a-5e0a49663a4f
Subject: FAIL Lvalue-0.21 v5.19.12 GNU/Linux
Date: 2014-04-29T08:33:31Z

This distribution has been tested as part of the CPAN Testers
project, supporting the Perl programming language.  See
http://wiki.cpantesters.org/ for more information or email
questions to cpan-testers-discuss@perl.org


--
Dear Eric Strom,

This is a computer-generated report for Lvalue-0.21
on perl 5.19.12, created by CPAN-Reporter-1.2011.

Thank you for uploading your work to CPAN.  However, there was a problem
testing your distribution.

If you think this report is invalid, please consult the CPAN Testers Wiki
for suggestions on how to avoid getting FAIL reports for missing library
or binary dependencies, unsupported operating systems, and so on:

http://wiki.cpantesters.org/wiki/CPANAuthorNotes

Sections of this report:

    * Tester comments
    * Program output
    * Prerequisites
    * Environment and other context

------------------------------
TESTER COMMENTS
------------------------------

Additional comments from tester:

this report is from an automated smoke testing program
and was not reviewed by a human for accuracy

------------------------------
PROGRAM OUTPUT
------------------------------

Output from './Build test':


#   Failed test 'use Lvalue;'
#   at t/00-load.t line 6.
#     Tried to use 'Lvalue'.
#     Error:  syntax error at /tmp/loop_over_bdir-17495-OiNyV6/Lvalue-0.21-iD42U9/blib/lib/Lvalue.pm line 198, near "$method qw(can isa DOES VERSION)"
# Global symbol "$method" requires explicit package name at /tmp/loop_over_bdir-17495-OiNyV6/Lvalue-0.21-iD42U9/blib/lib/Lvalue.pm line 200.
# Global symbol "$method" requires explicit package name at /tmp/loop_over_bdir-17495-OiNyV6/Lvalue-0.21-iD42U9/blib/lib/Lvalue.pm line 203.
# Global symbol "$method" requires explicit package name at /tmp/loop_over_bdir-17495-OiNyV6/Lvalue-0.21-iD42U9/blib/lib/Lvalue.pm line 204.
# syntax error at /tmp/loop_over_bdir-17495-OiNyV6/Lvalue-0.21-iD42U9/blib/lib/Lvalue.pm line 207, near "}"
# BEGIN not safe after errors--compilation aborted at /tmp/loop_over_bdir-17495-OiNyV6/Lvalue-0.21-iD42U9/blib/lib/Lvalue.pm line 211.
# Compilation failed in require at t/00-load.t line 6.
# BEGIN failed--compilation aborted at t/00-load.t line 6.
# Testing Lvalue , Perl 5.019012, /tmp/basesmoker-reloperl-9OF4/bin/perl
# Looks like you failed 1 test of 1.
t/00-load.t ....... 
Dubious, test returned 1 (wstat 256, 0x100)
Failed 1/1 subtests 
syntax error at /tmp/loop_over_bdir-17495-OiNyV6/Lvalue-0.21-iD42U9/blib/lib/Lvalue.pm line 198, near "$method qw(can isa DOES VERSION)"
Global symbol "$method" requires explicit package name at /tmp/loop_over_bdir-17495-OiNyV6/Lvalue-0.21-iD42U9/blib/lib/Lvalue.pm line 200.
Global symbol "$method" requires explicit package name at /tmp/loop_over_bdir-17495-OiNyV6/Lvalue-0.21-iD42U9/blib/lib/Lvalue.pm line 203.
Global symbol "$method" requires explicit package name at /tmp/loop_over_bdir-17495-OiNyV6/Lvalue-0.21-iD42U9/blib/lib/Lvalue.pm line 204.
syntax error at /tmp/loop_over_bdir-17495-OiNyV6/Lvalue-0.21-iD42U9/blib/lib/Lvalue.pm line 207, near "}"
BEGIN not safe after errors--compilation aborted at /tmp/loop_over_bdir-17495-OiNyV6/Lvalue-0.21-iD42U9/blib/lib/Lvalue.pm line 211.
Compilation failed in require at t/lvalue.t line 6.
BEGIN failed--compilation aborted at t/lvalue.t line 6.
# Looks like your test exited with 2 before it could output anything.
t/lvalue.t ........ 
Dubious, test returned 2 (wstat 512, 0x200)
Failed 15/15 subtests 

#   Failed test 'Pod coverage on Lvalue'
#   at /home/sand/src/perl/repoperls/installed-perls/perl/v5.19.11-14-gff0f0af/127e/lib/site_perl/5.19.12/Test/Pod/Coverage.pm line 126.
# Lvalue: requiring 'Lvalue' failed
# Looks like you failed 1 test of 1.
t/pod-coverage.t .. 
Dubious, test returned 1 (wstat 256, 0x100)
Failed 1/1 subtests 
t/pod.t ........... ok

Test Summary Report
-------------------
t/00-load.t     (Wstat: 256 Tests: 1 Failed: 1)
  Failed test:  1
  Non-zero exit status: 1
t/lvalue.t      (Wstat: 512 Tests: 0 Failed: 0)
  Non-zero exit status: 2
  Parse errors: Bad plan.  You planned 15 tests but ran 0.
t/pod-coverage.t (Wstat: 256 Tests: 1 Failed: 1)
  Failed test:  1
  Non-zero exit status: 1
Files=4, Tests=3,  0 wallclock secs ( 0.02 usr  0.00 sys +  0.16 cusr  0.00 csys =  0.18 CPU)
Result: FAIL
Failed 3/4 test programs. 2/3 subtests failed.

------------------------------
PREREQUISITES
------------------------------

Prerequisite modules loaded:

requires:

    Module        Need Have    
    ------------- ---- --------
    Carp          0    1.3301  
    overload      0    1.22    
    Scalar::Util  0    1.38    
    strict        0    1.08    
    warnings      0    1.23    

build_requires:

    Module        Need Have    
    ------------- ---- --------
    Test::More    0    1.001003

configure_requires:

    Module        Need Have    
    ------------- ---- --------
    Module::Build 0.36 0.4205  


------------------------------
ENVIRONMENT AND OTHER CONTEXT
------------------------------

Environment variables:

    AUTOMATED_TESTING = 1
    LANG = en_US.UTF-8
    LANGUAGE = en_US:en
    PATH = /usr/lib/ccache:/home/sand/bin:/usr/local/bin:/usr/bin:/bin:/usr/games:/usr/local/perl/bin:/usr/X11/bin:/sbin:/usr/sbin
    PERL5LIB = 
    PERL5OPT = 
    PERL5_CPANPLUS_IS_RUNNING = 27124
    PERL5_CPAN_IS_RUNNING = 27124
    PERL_MM_USE_DEFAULT = 1
    SHELL = /usr/bin/zsh
    TERM = screen

Perl special variables (and OS-specific diagnostics, for MSWin32):

    $^X = /tmp/basesmoker-reloperl-9OF4/bin/perl
    $UID/$EUID = 1005 / 1005
    $GID = 1005 1005
    $EGID = 1005 1005

Perl module toolchain versions installed:

    Module              Have    
    ------------------- --------
    CPAN                2.05    
    CPAN::Meta          2.141170
    Cwd                 3.47    
    ExtUtils::CBuilder  0.280216
    ExtUtils::Command   1.18    
    ExtUtils::Install   1.67    
    ExtUtils::MakeMaker 6.96    
    ExtUtils::Manifest  1.63    
    ExtUtils::ParseXS   3.24    
    File::Spec          3.47    
    JSON                2.90    
    JSON::PP            2.27203 
    Module::Build       0.4205  
    Module::Signature   0.73    
    Parse::CPAN::Meta   1.4414  
    Test::Harness       3.30    
    Test::More          1.001003
    YAML                0.90    
    YAML::Syck          1.27    
    version             0.9908  


--

Summary of my perl5 (revision 5 version 19 subversion 12) configuration:
  Commit id: ff0f0afd310f2278d5aafe2eb57ebeb0fda278b2
  Platform:
    osname=linux, osvers=3.13-1-amd64, archname=x86_64-linux-ld
    uname='linux k83 3.13-1-amd64 #1 smp debian 3.13.7-1 (2014-03-25) x86_64 gnulinux '
    config_args='-Dprefix=/home/sand/src/perl/repoperls/installed-perls/perl/v5.19.11-14-gff0f0af/127e -Dmyhostname=k83 -Dinstallusrbinperl=n -Uversiononly -Dusedevel -des -Ui_db -Uuseithreads -Duselongdouble -DDEBUGGING=-g'
    hint=recommended, useposix=true, d_sigaction=define
    useithreads=undef, usemultiplicity=undef
    use64bitint=define, use64bitall=define, uselongdouble=define
    usemymalloc=n, bincompat5005=undef
  Compiler:
    cc='cc', ccflags ='-fwrapv -fno-strict-aliasing -pipe -fstack-protector -I/usr/local/include -D_LARGEFILE_SOURCE -D_FILE_OFFSET_BITS=64',
    optimize='-O2 -g',
    cppflags='-fwrapv -fno-strict-aliasing -pipe -fstack-protector -I/usr/local/include'
    ccversion='', gccversion='4.8.2', gccosandvers=''
    intsize=4, longsize=8, ptrsize=8, doublesize=8, byteorder=12345678
    d_longlong=define, longlongsize=8, d_longdbl=define, longdblsize=16
    ivtype='long', ivsize=8, nvtype='long double', nvsize=16, Off_t='off_t', lseeksize=8
    alignbytes=16, prototype=define
  Linker and Libraries:
    ld='cc', ldflags =' -fstack-protector -L/usr/local/lib'
    libpth=/usr/local/lib /usr/lib/gcc/x86_64-linux-gnu/4.8/include-fixed /usr/include/x86_64-linux-gnu /usr/lib /lib/x86_64-linux-gnu /lib/../lib /usr/lib/x86_64-linux-gnu /usr/lib/../lib /lib
    libs=-lnsl -lgdbm -ldb -ldl -lm -lcrypt -lutil -lc -lgdbm_compat
    perllibs=-lnsl -ldl -lm -lcrypt -lutil -lc
    libc=libc-2.18.so, so=so, useshrplib=false, libperl=libperl.a
    gnulibc_version='2.18'
  Dynamic Linking:
    dlsrc=dl_dlopen.xs, dlext=so, d_dlsymun=undef, ccdlflags='-Wl,-E'
    cccdlflags='-fPIC', lddlflags='-shared -O2 -g -L/usr/local/lib -fstack-protector'


Characteristics of this binary (from libperl): 
  Compile-time options: HAS_TIMES PERLIO_LAYERS PERL_DONT_CREATE_GVSV
                        PERL_HASH_FUNC_ONE_AT_A_TIME_HARD PERL_MALLOC_WRAP
                        PERL_NEW_COPY_ON_WRITE PERL_PRESERVE_IVUV
                        PERL_USE_DEVEL USE_64_BIT_ALL USE_64_BIT_INT
                        USE_LARGE_FILES USE_LOCALE USE_LOCALE_COLLATE
                        USE_LOCALE_CTYPE USE_LOCALE_NUMERIC USE_LONG_DOUBLE
                        USE_PERLIO USE_PERL_ATOF
  Built under linux
  Compiled at Apr 28 2014 08:30:30
  %ENV:
    PERL5LIB=""
    PERL5OPT=""
    PERL5_CPANPLUS_IS_RUNNING="27124"
    PERL5_CPAN_IS_RUNNING="27124"
    PERL_MM_USE_DEFAULT="1"
  @INC:
    /home/sand/src/perl/repoperls/installed-perls/perl/v5.19.11-14-gff0f0af/127e/lib/site_perl/5.19.12/x86_64-linux-ld
    /home/sand/src/perl/repoperls/installed-perls/perl/v5.19.11-14-gff0f0af/127e/lib/site_perl/5.19.12
    /home/sand/src/perl/repoperls/installed-perls/perl/v5.19.11-14-gff0f0af/127e/lib/5.19.12/x86_64-linux-ld
    /home/sand/src/perl/repoperls/installed-perls/perl/v5.19.11-14-gff0f0af/127e/lib/5.19.12
    .