Back
From: metabase:user:320bfe00-2aae-11df-837a-5e0a49663a4f
Subject: FAIL Net-DNS-SEC-0.16 v5.17.7 GNU/Linux
Date: 2012-12-11T06:21:02Z
This distribution has been tested as part of the CPAN Testers
project, supporting the Perl programming language. See
http://wiki.cpantesters.org/ for more information or email
questions to cpan-testers-discuss@perl.org
--
Dear OLAF,
This is a computer-generated report for Net-DNS-SEC-0.16
on perl 5.17.7, created by CPAN-Reporter-1.2007.
Thank you for uploading your work to CPAN. However, there was a problem
testing your distribution.
If you think this report is invalid, please consult the CPAN Testers Wiki
for suggestions on how to avoid getting FAIL reports for missing library
or binary dependencies, unsupported operating systems, and so on:
http://wiki.cpantesters.org/wiki/CPANAuthorNotes
Sections of this report:
* Tester comments
* Program output
* Prerequisites
* Environment and other context
------------------------------
TESTER COMMENTS
------------------------------
Additional comments from tester:
this report is from an automated smoke testing program
and was not reviewed by a human for accuracy
------------------------------
PROGRAM OUTPUT
------------------------------
Output from '/usr/bin/make test':
PERL_DL_NONLAZY=1 /tmp/basesmoker-reloperl-QSpY/bin/perl "-MExtUtils::Command::MM" "-e" "test_harness(0, 'blib/lib', 'blib/arch')" t/*.t
#
# These tests were ran with:
# Net::DNS::VERSION: 0.70
# Net::DNS (SVN) Version 1068
# Net::DNS::SEC::VERSION: 0.16
# Net::DNS::SEC::SVNVERSION: 850
# Net::DNS::RR::RRSIG::VERSION: 814.
# Net::DNS::RR::DNSKEY::VERSION: 847.
# Net::DNS::RR::NSEC::VERSION: 813.
# Net::DNS::RR::NSEC3::VERSION: 510.
# Net::DNS::RR::NSEC3PARAM::VERSION: 510.
# Net::DNS::RR::DS::VERSION: 728.
# Net::DNS::RR::DLV::VERSION: 580
# Crypt::OpenSSL::DSA::VERSION: 0.14
# Crypt::OpenSSL::RSA::VERSION: 0.28
# Crypt::OpenSSL::Bignum::VERSION: 0.04
# Net::DNS::SEC::Private::VERSION: 816.
# File::Basename::VERSION: 2.84
# MIME::Base64::VERSION: 3.13
# MIME::Base32::VERSION: 1.02
# Math::BigInt::VERSION: 1.998
# Time::Local::VERSION: 1.2300
# Digest::SHA::VERSION: 5.74
t/00-load.t ....... ok
t/00-pod.t ........ ok
# Ignore the two error messages
FOOO does not map to a valid digest at /tmp/loop_over_bdir-U2j95d/Net-DNS-SEC-0.16-rLjLhS/blib/lib/Net/DNS/RR/DS.pm line 79.
t/01-parse.t ...... ok
# Testing the algorithm method
# Do not worry about the warning
t/07-sec.t ........ ok
t/09-dnssec.t ..... ok
t/10-keyset.t ..... ok
t/10-typeroll.t ... ok
t/11-sep.t ........ ok
# This may take a while, do not worry.
t/11-sigstress.t .. ok
t/12-nsec++.t ..... ok
t/13-utilities.t .. ok
t/14-misc.t ....... ok
# Failed test 'Digestbin calculation correct'
# at t/15-ds.t line 71.
# got: 'test1dom1.se. 43200 IN DS 123 3 5 ; xexax'
# expected: 'test1dom1.se. 43200 IN DS 123 3 5 1234567890ABCDEF ; xegif-guhil-megip-refev-zixax'
# Looks like you failed 1 test of 3.
t/15-ds.t .........
Dubious, test returned 1 (wstat 256, 0x100)
Failed 1/3 subtests
t/16-dlv.t ........ ok
Test Summary Report
-------------------
t/15-ds.t (Wstat: 256 Tests: 3 Failed: 1)
Failed test: 3
Non-zero exit status: 1
Files=14, Tests=676, 2 wallclock secs ( 0.10 usr 0.02 sys + 2.18 cusr 0.17 csys = 2.47 CPU)
Result: FAIL
Failed 1/14 test programs. 1/676 subtests failed.
make: *** [test_dynamic] Error 255
------------------------------
PREREQUISITES
------------------------------
Prerequisite modules loaded:
requires:
Module Need Have
---------------------- ---- -------
Crypt::OpenSSL::Bignum 0.03 0.04
Crypt::OpenSSL::DSA 0.1 0.14
Crypt::OpenSSL::RSA 0.19 0.28
Digest::BubbleBabble 0.01 0.02
Digest::SHA 5.23 5.74
Digest::SHA1 0 2.13
File::Basename 0 2.84
Math::BigInt 0 1.998
MIME::Base32 0 1.02
MIME::Base64 0 3.13
Net::DNS 0.64 0.70
Test::More 0.47 0.98
Time::Local 0 1.2300
build_requires:
Module Need Have
---------------------- ---- -------
ExtUtils::MakeMaker 0 6.63_02
configure_requires:
Module Need Have
---------------------- ---- -------
ExtUtils::MakeMaker 0 6.63_02
------------------------------
ENVIRONMENT AND OTHER CONTEXT
------------------------------
Environment variables:
AUTOMATED_TESTING = 1
LANG = en_US.UTF-8
LANGUAGE = en_US:en
PATH = /usr/lib/ccache:/home/sand/bin:/usr/local/bin:/usr/bin:/bin:/usr/bin/X11:/usr/games:/usr/local/perl/bin:/usr/X11/bin:/sbin:/usr/sbin
PERL5LIB = /tmp/loop_over_bdir-U2j95d/Mail-SpamAssassin-2.43-W8u9fp/blib/arch:/tmp/loop_over_bdir-U2j95d/Mail-SpamAssassin-2.43-W8u9fp/blib/lib
PERL5OPT =
PERL5_CPANPLUS_IS_RUNNING = 4324
PERL5_CPAN_IS_RUNNING = 4324
PERL_MM_USE_DEFAULT = 1
SHELL = /usr/bin/zsh
TERM = screen
Perl special variables (and OS-specific diagnostics, for MSWin32):
$^X = /tmp/basesmoker-reloperl-QSpY/bin/perl
$UID/$EUID = 1005 / 1005
$GID = 1005 1005
$EGID = 1005 1005
Perl module toolchain versions installed:
Module Have
------------------- --------
CPAN 1.9800
CPAN::Meta 2.120921
Cwd 3.39_03
ExtUtils::CBuilder 0.280209
ExtUtils::Command 1.17
ExtUtils::Install 1.58
ExtUtils::MakeMaker 6.63_02
ExtUtils::Manifest 1.62
ExtUtils::ParseXS 3.18
File::Spec 3.39_02
JSON 2.53
JSON::PP 2.27200
Module::Build 0.4003
Module::Signature 0.70
Parse::CPAN::Meta 1.4404
Test::Harness 3.25_01
Test::More 0.98
YAML 0.84
YAML::Syck 1.22
version 0.9901
--
Summary of my perl5 (revision 5 version 17 subversion 7) configuration:
Commit id: 01f449739adb09a21772a83e939e5c96152d636c
Platform:
osname=linux, osvers=3.2.0-4-amd64, archname=x86_64-linux-thread-multi-ld
uname='linux k83 3.2.0-4-amd64 #1 smp debian 3.2.32-1 x86_64 gnulinux '
config_args='-Dprefix=/home/src/perl/repoperls/installed-perls/perl/v5.17.6-281-g01f4497/a2da -Dmyhostname=k83 -Dinstallusrbinperl=n -Uversiononly -Dusedevel -des -Ui_db -Duseithreads -Duselongdouble -DDEBUGGING=-g'
hint=recommended, useposix=true, d_sigaction=define
useithreads=define, usemultiplicity=define
useperlio=define, d_sfio=undef, uselargefiles=define, usesocks=undef
use64bitint=define, use64bitall=define, uselongdouble=define
usemymalloc=n, bincompat5005=undef
Compiler:
cc='cc', ccflags ='-D_REENTRANT -D_GNU_SOURCE -fno-strict-aliasing -pipe -fstack-protector -I/usr/local/include -D_LARGEFILE_SOURCE -D_FILE_OFFSET_BITS=64',
optimize='-O2 -g',
cppflags='-D_REENTRANT -D_GNU_SOURCE -fno-strict-aliasing -pipe -fstack-protector -I/usr/local/include'
ccversion='', gccversion='4.7.2', gccosandvers=''
intsize=4, longsize=8, ptrsize=8, doublesize=8, byteorder=12345678
d_longlong=define, longlongsize=8, d_longdbl=define, longdblsize=16
ivtype='long', ivsize=8, nvtype='long double', nvsize=16, Off_t='off_t', lseeksize=8
alignbytes=16, prototype=define
Linker and Libraries:
ld='cc', ldflags =' -fstack-protector -L/usr/local/lib'
libpth=/usr/local/lib /lib/x86_64-linux-gnu /lib/../lib /usr/lib/x86_64-linux-gnu /usr/lib/../lib /lib /usr/lib
libs=-lnsl -ldb -ldl -lm -lcrypt -lutil -lpthread -lc
perllibs=-lnsl -ldl -lm -lcrypt -lutil -lpthread -lc
libc=, so=so, useshrplib=false, libperl=libperl.a
gnulibc_version='2.13'
Dynamic Linking:
dlsrc=dl_dlopen.xs, dlext=so, d_dlsymun=undef, ccdlflags='-Wl,-E'
cccdlflags='-fPIC', lddlflags='-shared -O2 -g -L/usr/local/lib -fstack-protector'
Characteristics of this binary (from libperl):
Compile-time options: HAS_TIMES MULTIPLICITY PERLIO_LAYERS
PERL_DONT_CREATE_GVSV PERL_IMPLICIT_CONTEXT
PERL_MALLOC_WRAP PERL_NEW_COPY_ON_WRITE
PERL_PRESERVE_IVUV PERL_USE_DEVEL USE_64_BIT_ALL
USE_64_BIT_INT USE_ITHREADS USE_LARGE_FILES
USE_LOCALE USE_LOCALE_COLLATE USE_LOCALE_CTYPE
USE_LOCALE_NUMERIC USE_LONG_DOUBLE USE_PERLIO
USE_PERL_ATOF USE_REENTRANT_API
Built under linux
Compiled at Dec 10 2012 18:11:15
%ENV:
PERL5LIB="/tmp/loop_over_bdir-U2j95d/Mail-SpamAssassin-2.43-W8u9fp/blib/arch:/tmp/loop_over_bdir-U2j95d/Mail-SpamAssassin-2.43-W8u9fp/blib/lib"
PERL5OPT=""
PERL5_CPANPLUS_IS_RUNNING="4324"
PERL5_CPAN_IS_RUNNING="4324"
PERL_MM_USE_DEFAULT="1"
@INC:
/tmp/loop_over_bdir-U2j95d/Mail-SpamAssassin-2.43-W8u9fp/blib/arch
/tmp/loop_over_bdir-U2j95d/Mail-SpamAssassin-2.43-W8u9fp/blib/lib
/home/src/perl/repoperls/installed-perls/perl/v5.17.6-281-g01f4497/a2da/lib/site_perl/5.17.7/x86_64-linux-thread-multi-ld
/home/src/perl/repoperls/installed-perls/perl/v5.17.6-281-g01f4497/a2da/lib/site_perl/5.17.7
/home/src/perl/repoperls/installed-perls/perl/v5.17.6-281-g01f4497/a2da/lib/5.17.7/x86_64-linux-thread-multi-ld
/home/src/perl/repoperls/installed-perls/perl/v5.17.6-281-g01f4497/a2da/lib/5.17.7
.