Report for Catalyst-Controller-Resources-0.08

Back
From: metabase:user:9820532a-708b-1014-9a05-b18a96298da1
Subject: FAIL Catalyst-Controller-Resources-0.08 v5.12.3 GNU/Linux
Date: 2011-06-02T08:54:32Z

This distribution has been tested as part of the CPAN Testers
project, supporting the Perl programming language.  See
http://wiki.cpantesters.org/ for more information or email
questions to cpan-testers-discuss@perl.org


--
Dear NAKAGAWA Masaki,

This is a computer-generated report for Catalyst-Controller-Resources-0.08
on perl 5.12.3, created by CPAN-Reporter-1.1902.

Thank you for uploading your work to CPAN.  However, there was a problem
testing your distribution.

If you think this report is invalid, please consult the CPAN Testers Wiki
for suggestions on how to avoid getting FAIL reports for missing library
or binary dependencies, unsupported operating systems, and so on:

http://wiki.cpantesters.org/wiki/CPANAuthorNotes

Sections of this report:

    * Tester comments
    * Program output
    * Prerequisites
    * Environment and other context

------------------------------
TESTER COMMENTS
------------------------------

Additional comments from tester:

this report is from an automated smoke testing program
and was not reviewed by a human for accuracy

------------------------------
PROGRAM OUTPUT
------------------------------

Output from '/usr/bin/make test':

PERL_DL_NONLAZY=1 /home/test/perl5/perlbrew/perls/perl-5.12.3/bin/perl "-MExtUtils::Command::MM" "-e" "test_harness(0, 'inc', 'blib/lib', 'blib/arch')" t/*.t
t/00_compile.t ..................... ok

#   Failed test 'request success: list'
#   at t/10_resources.t line 13.

#   Failed test 'valid contents: list'
#   at t/10_resources.t line 14.
#          got: '404 Not Found'
#     expected: 'users/list'

#   Failed test 'request success: create'
#   at t/10_resources.t line 13.

#   Failed test 'valid contents: create'
#   at t/10_resources.t line 14.
#          got: '404 Not Found'
#     expected: 'users/create'

#   Failed test 'request success: post'
#   at t/10_resources.t line 13.

#   Failed test 'valid contents: post'
#   at t/10_resources.t line 14.
#          got: '404 Not Found'
#     expected: 'users/post'

#   Failed test 'request success: show'
#   at t/10_resources.t line 13.

#   Failed test 'valid contents: show'
#   at t/10_resources.t line 14.
#          got: '404 Not Found'
#     expected: 'users/show'

#   Failed test 'request success: update'
#   at t/10_resources.t line 13.

#   Failed test 'valid contents: update'
#   at t/10_resources.t line 14.
#          got: '404 Not Found'
#     expected: 'users/update'

#   Failed test 'request success: destroy'
#   at t/10_resources.t line 13.

#   Failed test 'valid contents: destroy'
#   at t/10_resources.t line 14.
#          got: '404 Not Found'
#     expected: 'users/destroy'

#   Failed test 'request success: edit'
#   at t/10_resources.t line 13.

#   Failed test 'valid contents: edit'
#   at t/10_resources.t line 14.
#          got: '404 Not Found'
#     expected: 'users/edit'

#   Failed test 'request success: delete'
#   at t/10_resources.t line 13.

#   Failed test 'valid contents: delete'
#   at t/10_resources.t line 14.
#          got: '404 Not Found'
#     expected: 'users/delete'

#   Failed test 'request success: extra collection'
#   at t/10_resources.t line 13.

#   Failed test 'valid contents: extra collection'
#   at t/10_resources.t line 14.
#          got: '404 Not Found'
#     expected: 'users/login'

#   Failed test 'request success: extra member'
#   at t/10_resources.t line 13.

#   Failed test 'valid contents: extra member'
#   at t/10_resources.t line 14.
#          got: '404 Not Found'
#     expected: 'users/feed'
# Looks like you failed 20 tests of 20.
t/10_resources.t ................... 
Dubious, test returned 20 (wstat 5120, 0x1400)
Failed 20/20 subtests 

#   Failed test 'request success: list'
#   at t/11_nested_resources.t line 13.

#   Failed test 'valid contents: list'
#   at t/11_nested_resources.t line 14.
#          got: '404 Not Found'
#     expected: 'pages/list'

#   Failed test 'request success: create'
#   at t/11_nested_resources.t line 13.

#   Failed test 'valid contents: create'
#   at t/11_nested_resources.t line 14.
#          got: '404 Not Found'
#     expected: 'pages/create'

#   Failed test 'request success: post'
#   at t/11_nested_resources.t line 13.

#   Failed test 'valid contents: post'
#   at t/11_nested_resources.t line 14.
#          got: '404 Not Found'
#     expected: 'pages/post'

#   Failed test 'request success: show'
#   at t/11_nested_resources.t line 13.

#   Failed test 'valid contents: show'
#   at t/11_nested_resources.t line 14.
#          got: '404 Not Found'
#     expected: 'pages/show'

#   Failed test 'request success: update'
#   at t/11_nested_resources.t line 13.

#   Failed test 'valid contents: update'
#   at t/11_nested_resources.t line 14.
#          got: '404 Not Found'
#     expected: 'pages/update'

#   Failed test 'request success: destroy'
#   at t/11_nested_resources.t line 13.

#   Failed test 'valid contents: destroy'
#   at t/11_nested_resources.t line 14.
#          got: '404 Not Found'
#     expected: 'pages/destroy'

#   Failed test 'request success: edit'
#   at t/11_nested_resources.t line 13.

#   Failed test 'valid contents: edit'
#   at t/11_nested_resources.t line 14.
#          got: '404 Not Found'
#     expected: 'pages/edit'

#   Failed test 'request success: delete'
#   at t/11_nested_resources.t line 13.

#   Failed test 'valid contents: delete'
#   at t/11_nested_resources.t line 14.
#          got: '404 Not Found'
#     expected: 'pages/delete'
# Looks like you failed 16 tests of 16.
t/11_nested_resources.t ............ 
Dubious, test returned 16 (wstat 4096, 0x1000)
Failed 16/16 subtests 

#   Failed test 'request success: nested list'
#   at t/12_namespace_nested_resources.t line 13.

#   Failed test 'valid contents: nested list'
#   at t/12_namespace_nested_resources.t line 14.
#          got: '404 Not Found'
#     expected: 'users/articles/list'

#   Failed test 'request success: nested create'
#   at t/12_namespace_nested_resources.t line 13.

#   Failed test 'valid contents: nested create'
#   at t/12_namespace_nested_resources.t line 14.
#          got: '404 Not Found'
#     expected: 'users/articles/create'

#   Failed test 'request success: nested show'
#   at t/12_namespace_nested_resources.t line 13.

#   Failed test 'valid contents: nested show'
#   at t/12_namespace_nested_resources.t line 14.
#          got: '404 Not Found'
#     expected: 'users/articles/show'

#   Failed test 'request success: nested update'
#   at t/12_namespace_nested_resources.t line 13.

#   Failed test 'valid contents: nested update'
#   at t/12_namespace_nested_resources.t line 14.
#          got: '404 Not Found'
#     expected: 'users/articles/update'

#   Failed test 'request success: nested destroy'
#   at t/12_namespace_nested_resources.t line 13.

#   Failed test 'valid contents: nested destroy'
#   at t/12_namespace_nested_resources.t line 14.
#          got: '404 Not Found'
#     expected: 'users/articles/destroy'

#   Failed test 'request success: complex nested list'
#   at t/12_namespace_nested_resources.t line 13.

#   Failed test 'valid contents: complex nested list'
#   at t/12_namespace_nested_resources.t line 14.
#          got: '404 Not Found'
#     expected: 'users/articles/comments/list'

#   Failed test 'request success: complex nested create'
#   at t/12_namespace_nested_resources.t line 13.

#   Failed test 'valid contents: complex nested create'
#   at t/12_namespace_nested_resources.t line 14.
#          got: '404 Not Found'
#     expected: 'users/articles/comments/create'

#   Failed test 'request success: complex nested show'
#   at t/12_namespace_nested_resources.t line 13.

#   Failed test 'valid contents: complex nested show'
#   at t/12_namespace_nested_resources.t line 14.
#          got: '404 Not Found'
#     expected: 'users/articles/comments/show'

#   Failed test 'request success: complex nested update'
#   at t/12_namespace_nested_resources.t line 13.

#   Failed test 'valid contents: complex nested update'
#   at t/12_namespace_nested_resources.t line 14.
#          got: '404 Not Found'
#     expected: 'users/articles/comments/update'

#   Failed test 'request success: complex nested destroy'
#   at t/12_namespace_nested_resources.t line 13.

#   Failed test 'valid contents: complex nested destroy'
#   at t/12_namespace_nested_resources.t line 14.
#          got: '404 Not Found'
#     expected: 'users/articles/comments/destroy'
# Looks like you failed 20 tests of 20.
t/12_namespace_nested_resources.t .. 
Dubious, test returned 20 (wstat 5120, 0x1400)
Failed 20/20 subtests 

#   Failed test 'request success: create'
#   at t/20_singleton_resource.t line 13.

#   Failed test 'valid contents: create'
#   at t/20_singleton_resource.t line 14.
#          got: '404 Not Found'
#     expected: 'account/create'

#   Failed test 'request success: post'
#   at t/20_singleton_resource.t line 13.

#   Failed test 'valid contents: post'
#   at t/20_singleton_resource.t line 14.
#          got: '404 Not Found'
#     expected: 'account/post'

#   Failed test 'request success: show'
#   at t/20_singleton_resource.t line 13.

#   Failed test 'valid contents: show'
#   at t/20_singleton_resource.t line 14.
#          got: '404 Not Found'
#     expected: 'account/show'

#   Failed test 'request success: update'
#   at t/20_singleton_resource.t line 13.

#   Failed test 'valid contents: update'
#   at t/20_singleton_resource.t line 14.
#          got: '404 Not Found'
#     expected: 'account/update'

#   Failed test 'request success: destroy'
#   at t/20_singleton_resource.t line 13.

#   Failed test 'valid contents: destroy'
#   at t/20_singleton_resource.t line 14.
#          got: '404 Not Found'
#     expected: 'account/destroy'

#   Failed test 'request success: edit'
#   at t/20_singleton_resource.t line 13.

#   Failed test 'valid contents: edit'
#   at t/20_singleton_resource.t line 14.
#          got: '404 Not Found'
#     expected: 'account/edit'

#   Failed test 'request success: delete'
#   at t/20_singleton_resource.t line 13.

#   Failed test 'valid contents: delete'
#   at t/20_singleton_resource.t line 14.
#          got: '404 Not Found'
#     expected: 'account/delete'
# Looks like you failed 14 tests of 14.
t/20_singleton_resource.t .......... 
Dubious, test returned 14 (wstat 3584, 0xe00)
Failed 14/14 subtests 

#   Failed test 'request success: index'
#   at t/21_nested_singleton_resource.t line 13.

#   Failed test 'valid contents: index'
#   at t/21_nested_singleton_resource.t line 14.
#          got: '404 Not Found'
#     expected: 'messages/list'

#   Failed test 'request success: create'
#   at t/21_nested_singleton_resource.t line 13.

#   Failed test 'valid contents: create'
#   at t/21_nested_singleton_resource.t line 14.
#          got: '404 Not Found'
#     expected: 'messages/create'

#   Failed test 'request success: post'
#   at t/21_nested_singleton_resource.t line 13.

#   Failed test 'valid contents: post'
#   at t/21_nested_singleton_resource.t line 14.
#          got: '404 Not Found'
#     expected: 'messages/post'

#   Failed test 'request success: show'
#   at t/21_nested_singleton_resource.t line 13.

#   Failed test 'valid contents: show'
#   at t/21_nested_singleton_resource.t line 14.
#          got: '404 Not Found'
#     expected: 'messages/show'

#   Failed test 'request success: update'
#   at t/21_nested_singleton_resource.t line 13.

#   Failed test 'valid contents: update'
#   at t/21_nested_singleton_resource.t line 14.
#          got: '404 Not Found'
#     expected: 'messages/update'

#   Failed test 'request success: destroy'
#   at t/21_nested_singleton_resource.t line 13.

#   Failed test 'valid contents: destroy'
#   at t/21_nested_singleton_resource.t line 14.
#          got: '404 Not Found'
#     expected: 'messages/destroy'

#   Failed test 'request success: edit'
#   at t/21_nested_singleton_resource.t line 13.

#   Failed test 'valid contents: edit'
#   at t/21_nested_singleton_resource.t line 14.
#          got: '404 Not Found'
#     expected: 'messages/edit'

#   Failed test 'request success: delete'
#   at t/21_nested_singleton_resource.t line 13.

#   Failed test 'valid contents: delete'
#   at t/21_nested_singleton_resource.t line 14.
#          got: '404 Not Found'
#     expected: 'messages/delete'
# Looks like you failed 16 tests of 16.
t/21_nested_singleton_resource.t ... 
Dubious, test returned 16 (wstat 4096, 0x1000)
Failed 16/16 subtests 

#   Failed test 'request success: index'
#   at t/30_deep_endpoint.t line 13.

#   Failed test 'valid contents: index'
#   at t/30_deep_endpoint.t line 14.
#          got: '404 Not Found'
#     expected: 'foo/bar/list'

#   Failed test 'request success: create'
#   at t/30_deep_endpoint.t line 13.

#   Failed test 'valid contents: create'
#   at t/30_deep_endpoint.t line 14.
#          got: '404 Not Found'
#     expected: 'foo/bar/create'

#   Failed test 'request success: post'
#   at t/30_deep_endpoint.t line 13.

#   Failed test 'valid contents: post'
#   at t/30_deep_endpoint.t line 14.
#          got: '404 Not Found'
#     expected: 'foo/bar/post'

#   Failed test 'request success: show'
#   at t/30_deep_endpoint.t line 13.

#   Failed test 'valid contents: show'
#   at t/30_deep_endpoint.t line 14.
#          got: '404 Not Found'
#     expected: 'foo/bar/show'

#   Failed test 'request success: update'
#   at t/30_deep_endpoint.t line 13.

#   Failed test 'valid contents: update'
#   at t/30_deep_endpoint.t line 14.
#          got: '404 Not Found'
#     expected: 'foo/bar/update'

#   Failed test 'request success: destroy'
#   at t/30_deep_endpoint.t line 13.

#   Failed test 'valid contents: destroy'
#   at t/30_deep_endpoint.t line 14.
#          got: '404 Not Found'
#     expected: 'foo/bar/destroy'

#   Failed test 'request success: edit'
#   at t/30_deep_endpoint.t line 13.

#   Failed test 'valid contents: edit'
#   at t/30_deep_endpoint.t line 14.
#          got: '404 Not Found'
#     expected: 'foo/bar/edit'

#   Failed test 'request success: delete'
#   at t/30_deep_endpoint.t line 13.

#   Failed test 'valid contents: delete'
#   at t/30_deep_endpoint.t line 14.
#          got: '404 Not Found'
#     expected: 'foo/bar/delete'

#   Failed test 'request success: more deep index'
#   at t/30_deep_endpoint.t line 13.

#   Failed test 'valid contents: more deep index'
#   at t/30_deep_endpoint.t line 14.
#          got: '404 Not Found'
#     expected: 'foo/bar/buz/list'

#   Failed test 'request success: more deep create'
#   at t/30_deep_endpoint.t line 13.

#   Failed test 'valid contents: more deep create'
#   at t/30_deep_endpoint.t line 14.
#          got: '404 Not Found'
#     expected: 'foo/bar/buz/create'

#   Failed test 'request success: more deep post'
#   at t/30_deep_endpoint.t line 13.

#   Failed test 'valid contents: more deep post'
#   at t/30_deep_endpoint.t line 14.
#          got: '404 Not Found'
#     expected: 'foo/bar/buz/post'

#   Failed test 'request success: more deep show'
#   at t/30_deep_endpoint.t line 13.

#   Failed test 'valid contents: more deep show'
#   at t/30_deep_endpoint.t line 14.
#          got: '404 Not Found'
#     expected: 'foo/bar/buz/show'

#   Failed test 'request success: more deep update'
#   at t/30_deep_endpoint.t line 13.

#   Failed test 'valid contents: more deep update'
#   at t/30_deep_endpoint.t line 14.
#          got: '404 Not Found'
#     expected: 'foo/bar/buz/update'

#   Failed test 'request success: more deep destroy'
#   at t/30_deep_endpoint.t line 13.

#   Failed test 'valid contents: more deep destroy'
#   at t/30_deep_endpoint.t line 14.
#          got: '404 Not Found'
#     expected: 'foo/bar/buz/destroy'

#   Failed test 'request success: more deep edit'
#   at t/30_deep_endpoint.t line 13.

#   Failed test 'valid contents: more deep edit'
#   at t/30_deep_endpoint.t line 14.
#          got: '404 Not Found'
#     expected: 'foo/bar/buz/edit'

#   Failed test 'request success: more deep delete'
#   at t/30_deep_endpoint.t line 13.

#   Failed test 'valid contents: more deep delete'
#   at t/30_deep_endpoint.t line 14.
#          got: '404 Not Found'
#     expected: 'foo/bar/buz/delete'
# Looks like you failed 32 tests of 32.
t/30_deep_endpoint.t ............... 
Dubious, test returned 32 (wstat 8192, 0x2000)
Failed 32/32 subtests 

#   Failed test at t/31_path_prefix.t line 7.

#   Failed test at t/31_path_prefix.t line 8.
#                   '404 Not Found'
#     doesn't match '(?-xism:users/show)'

#   Failed test at t/31_path_prefix.t line 10.

#   Failed test at t/31_path_prefix.t line 11.
#          got: '404 Not Found'
#     expected: '(user, date) = (masaki, 20080401)'
# Looks like you failed 4 tests of 4.
t/31_path_prefix.t ................. 
Dubious, test returned 4 (wstat 1024, 0x400)
Failed 4/4 subtests 
t/32_action_class.t ................ ok

Test Summary Report
-------------------
t/10_resources.t                 (Wstat: 5120 Tests: 20 Failed: 20)
  Failed tests:  1-20
  Non-zero exit status: 20
t/11_nested_resources.t          (Wstat: 4096 Tests: 16 Failed: 16)
  Failed tests:  1-16
  Non-zero exit status: 16
t/12_namespace_nested_resources.t (Wstat: 5120 Tests: 20 Failed: 20)
  Failed tests:  1-20
  Non-zero exit status: 20
t/20_singleton_resource.t        (Wstat: 3584 Tests: 14 Failed: 14)
  Failed tests:  1-14
  Non-zero exit status: 14
t/21_nested_singleton_resource.t (Wstat: 4096 Tests: 16 Failed: 16)
  Failed tests:  1-16
  Non-zero exit status: 16
t/30_deep_endpoint.t             (Wstat: 8192 Tests: 32 Failed: 32)
  Failed tests:  1-32
  Non-zero exit status: 32
t/31_path_prefix.t               (Wstat: 1024 Tests: 4 Failed: 4)
  Failed tests:  1-4
  Non-zero exit status: 4
Files=9, Tests=134, 12 wallclock secs ( 0.03 usr  0.07 sys +  9.55 cusr  1.62 csys = 11.27 CPU)
Result: FAIL
Failed 7/9 test programs. 122/134 subtests failed.
make: *** [test_dynamic] Error 255

------------------------------
PREREQUISITES
------------------------------

Prerequisite modules loaded:

requires:

    Module                           Need    Have   
    -------------------------------- ------- -------
    Catalyst::Controller::ActionRole 0.12    0.15   
    Catalyst::Runtime                5.80011 5.80032
    Class::MOP                       0.84    2.0007 
    ExtUtils::MakeMaker              6.42    6.56   
    Filter::Util::Call               0       1.08   
    HTTP::Request                    0       6.00   
    Moose                            0.79    2.0007 
    MRO::Compat                      0       0.11   
    namespace::clean                 0       0.20   
    Test::More                       0       0.98   
    Test::UseAllModules              0       0.13   

configure_requires:

    Module                           Need    Have   
    -------------------------------- ------- -------
    ExtUtils::MakeMaker              6.42    6.56   


------------------------------
ENVIRONMENT AND OTHER CONTEXT
------------------------------

Environment variables:

    AUTOMATED_TESTING = 1
    LANG = C
    LC_ALL = C
    PATH = /home/test/bin:/home/test/perl5/perlbrew/bin:/home/test/perl5/perlbrew/perls/perl-5.12.3/bin:~/bin:/usr/bin:/bin
    PATH_WITHOUT_PERLBREW = ~/bin:/usr/bin:/bin
    PERL5LIB = /home/test/.cpan/build/Catalyst-Controller-ActionRole-0.15-q2VM5Y/blib/arch:/home/test/.cpan/build/Catalyst-Controller-ActionRole-0.15-q2VM5Y/blib/lib:/home/test/.cpan/build/Catalyst-Action-REST-0.90-y45j73/blib/arch:/home/test/.cpan/build/Catalyst-Action-REST-0.90-y45j73/blib/lib:/home/test/.cpan/build/URI-Find-20100505-UQqbuo/blib/arch:/home/test/.cpan/build/URI-Find-20100505-UQqbuo/blib/lib:/home/test/.cpan/build/Data-Serializer-0.57-wvgbQ6/blib/arch:/home/test/.cpan/build/Data-Serializer-0.57-wvgbQ6/blib/lib:/home/test/.cpan/build/Digest-SHA1-2.13-nBHbZE/blib/arch:/home/test/.cpan/build/Digest-SHA1-2.13-nBHbZE/blib/lib:/home/test/.cpan/build/Crypt-CBC-2.30-luL1cb/blib/arch:/home/test/.cpan/build/Crypt-CBC-2.30-luL1cb/blib/lib:/home/test/.cpan/build/Crypt-Blowfish-2.12-ZTPZ4G/blib/arch:/home/test/.cpan/build/Crypt-Blowfish-2.12-ZTPZ4G/blib/lib:/home/test/.cpan/build/Catalyst-Runtime-5.80032-4V2mI5/blib/arch:/home/test/.cpan/build/Catalyst-Runtime-5.80032-4V2mI5/blib/lib:/home/test/.cpan/build/Text-SimpleTable-2.03-wKWld7/blib/arch:/home/test/.cpan/build/Text-SimpleTable-2.03-wKWld7/blib/lib:/home/test/.cpan/build/Class-C3-Adopt-NEXT-0.13-G183qV/blib/arch:/home/test/.cpan/build/Class-C3-Adopt-NEXT-0.13-G183qV/blib/lib:/home/test/.cpan/build/MooseX-MethodAttributes-0.24-ZmcdvD/blib/arch:/home/test/.cpan/build/MooseX-MethodAttributes-0.24-ZmcdvD/blib/lib:/home/test/.cpan/build/MooseX-Types-Common-0.001002-To6Mhr/blib/arch:/home/test/.cpan/build/MooseX-Types-Common-0.001002-To6Mhr/blib/lib:/home/test/.cpan/build/HTTP-Request-AsCGI-1.2-g1bXKj/blib/arch:/home/test/.cpan/build/HTTP-Request-AsCGI-1.2-g1bXKj/blib/lib:/home/test/.cpan/build/Class-Accessor-0.34-Gbw3tD/blib/arch:/home/test/.cpan/build/Class-Accessor-0.34-Gbw3tD/blib/lib:/home/test/.cpan/build/MooseX-Getopt-0.37-oIjnu8/blib/arch:/home/test/.cpan/build/MooseX-Getopt-0.37-oIjnu8/blib/lib:/home/test/.cpan/build/Tree-Simple-VisitorFactory-0.10-3q6Q2N/blib/arch:/home/test/.cpan/build/Tree-Simple-VisitorFactory-0.10-3q6Q2N/blib/lib:/home/test/.cpan/build/Tree-Simple-1.18-wUZPCU/blib/arch:/home/test/.cpan/build/Tree-Simple-1.18-wUZPCU/blib/lib:/home/test/.cpan/build/CGI-Simple-1.113-eOV91G/blib/arch:/home/test/.cpan/build/CGI-Simple-1.113-eOV91G/blib/lib:/home/test/.cpan/build/IO-stringy-2.110-qZgQTW/blib/arch:/home/test/.cpan/build/IO-stringy-2.110-qZgQTW/blib/lib:/home/test/.cpan/build/HTTP-Body-1.12-9Gmr9q/blib/arch:/home/test/.cpan/build/HTTP-Body-1.12-9Gmr9q/blib/lib:/home/test/.cpan/build/Data-Dump-1.19-1z_sZ_/blib/arch:/home/test/.cpan/build/Data-Dump-1.19-1z_sZ_/blib/lib:/home/test/.cpan/build/MooseX-Role-WithOverloading-0.09-drFCzw/blib/arch:/home/test/.cpan/build/MooseX-Role-WithOverloading-0.09-drFCzw/blib/lib:/home/test/.cpan/build/MooseX-Emulate-Class-Accessor-Fast-0.00903-MTg34K/blib/arch:/home/test/.cpan/build/MooseX-Emulate-Class-Accessor-Fast-0.00903-MTg34K/blib/lib:/home/test/.cpan/build/Test-UseAllModules-0.13-v0TGMk/blib/arch:/home/test/.cpan/build/Test-UseAllModules-0.13-v0TGMk/blib/lib
    PERL5OPT = 
    PERL5_CPANPLUS_IS_RUNNING = 1188
    PERL5_CPAN_IS_RUNNING = 1188
    PERL5_CPAN_IS_RUNNING_IN_RECURSION = 17949,1188
    PERLBREW_PATH = /home/test/perl5/perlbrew/bin:/home/test/perl5/perlbrew/perls/perl-5.12.3/bin
    PERLBREW_PERL = perl-5.12.3
    PERLBREW_ROOT = /home/test/perl5/perlbrew
    PERLBREW_VERSION = 0.21
    PERL_CR_SMOKER_CURRENT = Catalyst-Controller-Resources-0.08
    PERL_EXTUTILS_AUTOINSTALL = --defaultdeps
    PERL_MM_USE_DEFAULT = 1
    SHELL = /bin/bash
    TERM = linux

Perl special variables (and OS-specific diagnostics, for MSWin32):

    $^X = /home/test/perl5/perlbrew/perls/perl-5.12.3/bin/perl
    $UID/$EUID = 1001 / 1001
    $GID = 1001 1001
    $EGID = 1001 1001

Perl module toolchain versions installed:

    Module              Have   
    ------------------- -------
    CPAN                1.94_56
    Cwd                 3.31   
    ExtUtils::CBuilder  0.27   
    ExtUtils::Command   1.16   
    ExtUtils::Install   1.55   
    ExtUtils::MakeMaker 6.56   
    ExtUtils::Manifest  1.57   
    ExtUtils::ParseXS   2.21   
    File::Spec          3.31_01
    Module::Build       0.3603 
    Module::Signature   n/a    
    Test::Harness       3.17   
    Test::More          0.98   
    YAML                0.73   
    YAML::Syck          1.17   
    version             0.82   


--

Summary of my perl5 (revision 5 version 12 subversion 3) configuration:
   
  Platform:
    osname=linux, osvers=2.6.35-28-generic, archname=x86_64-linux-thread-multi-ld
    uname='linux zippy 2.6.35-28-generic #50-ubuntu smp fri mar 18 18:42:20 utc 2011 x86_64 gnulinux '
    config_args='-de -Dprefix=/home/test/perl5/perlbrew/perls/perl-5.12.3 -Duselongdouble -Duse64bitall -Dusethreads'
    hint=recommended, useposix=true, d_sigaction=define
    useithreads=define, usemultiplicity=define
    useperlio=define, d_sfio=undef, uselargefiles=define, usesocks=undef
    use64bitint=define, use64bitall=define, uselongdouble=define
    usemymalloc=n, bincompat5005=undef
  Compiler:
    cc='cc', ccflags ='-D_REENTRANT -D_GNU_SOURCE -fno-strict-aliasing -pipe -fstack-protector -I/usr/local/include -D_LARGEFILE_SOURCE -D_FILE_OFFSET_BITS=64',
    optimize='-O2',
    cppflags='-D_REENTRANT -D_GNU_SOURCE -fno-strict-aliasing -pipe -fstack-protector -I/usr/local/include'
    ccversion='', gccversion='4.4.5', gccosandvers=''
    intsize=4, longsize=8, ptrsize=8, doublesize=8, byteorder=12345678
    d_longlong=define, longlongsize=8, d_longdbl=define, longdblsize=16
    ivtype='long', ivsize=8, nvtype='long double', nvsize=16, Off_t='off_t', lseeksize=8
    alignbytes=16, prototype=define
  Linker and Libraries:
    ld='cc', ldflags =' -fstack-protector -L/usr/local/lib'
    libpth=/usr/local/lib /lib/../lib /usr/lib/../lib /lib /usr/lib /usr/lib/x86_64-linux-gnu /lib64 /usr/lib64
    libs=-lnsl -ldl -lm -lcrypt -lutil -lpthread -lc
    perllibs=-lnsl -ldl -lm -lcrypt -lutil -lpthread -lc
    libc=/lib/libc-2.12.1.so, so=so, useshrplib=false, libperl=libperl.a
    gnulibc_version='2.12.1'
  Dynamic Linking:
    dlsrc=dl_dlopen.xs, dlext=so, d_dlsymun=undef, ccdlflags='-Wl,-E'
    cccdlflags='-fPIC', lddlflags='-shared -O2 -L/usr/local/lib -fstack-protector'


Characteristics of this binary (from libperl): 
  Compile-time options: MULTIPLICITY PERL_DONT_CREATE_GVSV
                        PERL_IMPLICIT_CONTEXT PERL_MALLOC_WRAP USE_64_BIT_ALL
                        USE_64_BIT_INT USE_ITHREADS USE_LARGE_FILES
                        USE_LONG_DOUBLE USE_PERLIO USE_PERL_ATOF
                        USE_REENTRANT_API
  Built under linux
  Compiled at May 25 2011 13:43:35
  %ENV:
    PERL5LIB="/home/test/.cpan/build/Catalyst-Controller-ActionRole-0.15-q2VM5Y/blib/arch:/home/test/.cpan/build/Catalyst-Controller-ActionRole-0.15-q2VM5Y/blib/lib:/home/test/.cpan/build/Catalyst-Action-REST-0.90-y45j73/blib/arch:/home/test/.cpan/build/Catalyst-Action-REST-0.90-y45j73/blib/lib:/home/test/.cpan/build/URI-Find-20100505-UQqbuo/blib/arch:/home/test/.cpan/build/URI-Find-20100505-UQqbuo/blib/lib:/home/test/.cpan/build/Data-Serializer-0.57-wvgbQ6/blib/arch:/home/test/.cpan/build/Data-Serializer-0.57-wvgbQ6/blib/lib:/home/test/.cpan/build/Digest-SHA1-2.13-nBHbZE/blib/arch:/home/test/.cpan/build/Digest-SHA1-2.13-nBHbZE/blib/lib:/home/test/.cpan/build/Crypt-CBC-2.30-luL1cb/blib/arch:/home/test/.cpan/build/Crypt-CBC-2.30-luL1cb/blib/lib:/home/test/.cpan/build/Crypt-Blowfish-2.12-ZTPZ4G/blib/arch:/home/test/.cpan/build/Crypt-Blowfish-2.12-ZTPZ4G/blib/lib:/home/test/.cpan/build/Catalyst-Runtime-5.80032-4V2mI5/blib/arch:/home/test/.cpan/build/Catalyst-Runtime-5.80032-4V2mI5/blib/lib:/home/test/.cpan/build/Text-SimpleTable-2.03-wKWld7/blib/arch:/home/test/.cpan/build/Text-SimpleTable-2.03-wKWld7/blib/lib:/home/test/.cpan/build/Class-C3-Adopt-NEXT-0.13-G183qV/blib/arch:/home/test/.cpan/build/Class-C3-Adopt-NEXT-0.13-G183qV/blib/lib:/home/test/.cpan/build/MooseX-MethodAttributes-0.24-ZmcdvD/blib/arch:/home/test/.cpan/build/MooseX-MethodAttributes-0.24-ZmcdvD/blib/lib:/home/test/.cpan/build/MooseX-Types-Common-0.001002-To6Mhr/blib/arch:/home/test/.cpan/build/MooseX-Types-Common-0.001002-To6Mhr/blib/lib:/home/test/.cpan/build/HTTP-Request-AsCGI-1.2-g1bXKj/blib/arch:/home/test/.cpan/build/HTTP-Request-AsCGI-1.2-g1bXKj/blib/lib:/home/test/.cpan/build/Class-Accessor-0.34-Gbw3tD/blib/arch:/home/test/.cpan/build/Class-Accessor-0.34-Gbw3tD/blib/lib:/home/test/.cpan/build/MooseX-Getopt-0.37-oIjnu8/blib/arch:/home/test/.cpan/build/MooseX-Getopt-0.37-oIjnu8/blib/lib:/home/test/.cpan/build/Tree-Simple-VisitorFactory-0.10-3q6Q2N/blib/arch:/home/test/.cpan/build/Tree-Simple-VisitorFactory-0.10-3q6Q2N/blib/lib:/home/test/.cpan/build/Tree-Simple-1.18-wUZPCU/blib/arch:/home/test/.cpan/build/Tree-Simple-1.18-wUZPCU/blib/lib:/home/test/.cpan/build/CGI-Simple-1.113-eOV91G/blib/arch:/home/test/.cpan/build/CGI-Simple-1.113-eOV91G/blib/lib:/home/test/.cpan/build/IO-stringy-2.110-qZgQTW/blib/arch:/home/test/.cpan/build/IO-stringy-2.110-qZgQTW/blib/lib:/home/test/.cpan/build/HTTP-Body-1.12-9Gmr9q/blib/arch:/home/test/.cpan/build/HTTP-Body-1.12-9Gmr9q/blib/lib:/home/test/.cpan/build/Data-Dump-1.19-1z_sZ_/blib/arch:/home/test/.cpan/build/Data-Dump-1.19-1z_sZ_/blib/lib:/home/test/.cpan/build/MooseX-Role-WithOverloading-0.09-drFCzw/blib/arch:/home/test/.cpan/build/MooseX-Role-WithOverloading-0.09-drFCzw/blib/lib:/home/test/.cpan/build/MooseX-Emulate-Class-Accessor-Fast-0.00903-MTg34K/blib/arch:/home/test/.cpan/build/MooseX-Emulate-Class-Accessor-Fast-0.00903-MTg34K/blib/lib:/home/test/.cpan/build/Test-UseAllModules-0.13-v0TGMk/blib/arch:/home/test/.cpan/build/Test-UseAllModules-0.13-v0TGMk/blib/lib"
    PERL5OPT=""
    PERL5_CPANPLUS_IS_RUNNING="1188"
    PERL5_CPAN_IS_RUNNING="1188"
    PERL5_CPAN_IS_RUNNING_IN_RECURSION="17949,1188"
    PERLBREW_PATH="/home/test/perl5/perlbrew/bin:/home/test/perl5/perlbrew/perls/perl-5.12.3/bin"
    PERLBREW_PERL="perl-5.12.3"
    PERLBREW_ROOT="/home/test/perl5/perlbrew"
    PERLBREW_VERSION="0.21"
    PERL_CR_SMOKER_CURRENT="Catalyst-Controller-Resources-0.08"
    PERL_EXTUTILS_AUTOINSTALL="--defaultdeps"
    PERL_MM_USE_DEFAULT="1"
  @INC:
    /home/test/.cpan/build/Catalyst-Controller-ActionRole-0.15-q2VM5Y/blib/arch
    /home/test/.cpan/build/Catalyst-Controller-ActionRole-0.15-q2VM5Y/blib/lib
    /home/test/.cpan/build/Catalyst-Action-REST-0.90-y45j73/blib/arch
    /home/test/.cpan/build/Catalyst-Action-REST-0.90-y45j73/blib/lib
    /home/test/.cpan/build/URI-Find-20100505-UQqbuo/blib/arch
    /home/test/.cpan/build/URI-Find-20100505-UQqbuo/blib/lib
    /home/test/.cpan/build/Data-Serializer-0.57-wvgbQ6/blib/arch
    /home/test/.cpan/build/Data-Serializer-0.57-wvgbQ6/blib/lib
    /home/test/.cpan/build/Digest-SHA1-2.13-nBHbZE/blib/arch
    /home/test/.cpan/build/Digest-SHA1-2.13-nBHbZE/blib/lib
    /home/test/.cpan/build/Crypt-CBC-2.30-luL1cb/blib/arch
    /home/test/.cpan/build/Crypt-CBC-2.30-luL1cb/blib/lib
    /home/test/.cpan/build/Crypt-Blowfish-2.12-ZTPZ4G/blib/arch
    /home/test/.cpan/build/Crypt-Blowfish-2.12-ZTPZ4G/blib/lib
    /home/test/.cpan/build/Catalyst-Runtime-5.80032-4V2mI5/blib/arch
    /home/test/.cpan/build/Catalyst-Runtime-5.80032-4V2mI5/blib/lib
    /home/test/.cpan/build/Text-SimpleTable-2.03-wKWld7/blib/arch
    /home/test/.cpan/build/Text-SimpleTable-2.03-wKWld7/blib/lib
    /home/test/.cpan/build/Class-C3-Adopt-NEXT-0.13-G183qV/blib/arch
    /home/test/.cpan/build/Class-C3-Adopt-NEXT-0.13-G183qV/blib/lib
    /home/test/.cpan/build/MooseX-MethodAttributes-0.24-ZmcdvD/blib/arch
    /home/test/.cpan/build/MooseX-MethodAttributes-0.24-ZmcdvD/blib/lib
    /home/test/.cpan/build/MooseX-Types-Common-0.001002-To6Mhr/blib/arch
    /home/test/.cpan/build/MooseX-Types-Common-0.001002-To6Mhr/blib/lib
    /home/test/.cpan/build/HTTP-Request-AsCGI-1.2-g1bXKj/blib/arch
    /home/test/.cpan/build/HTTP-Request-AsCGI-1.2-g1bXKj/blib/lib
    /home/test/.cpan/build/Class-Accessor-0.34-Gbw3tD/blib/arch
    /home/test/.cpan/build/Class-Accessor-0.34-Gbw3tD/blib/lib
    /home/test/.cpan/build/MooseX-Getopt-0.37-oIjnu8/blib/arch
    /home/test/.cpan/build/MooseX-Getopt-0.37-oIjnu8/blib/lib
    /home/test/.cpan/build/Tree-Simple-VisitorFactory-0.10-3q6Q2N/blib/arch
    /home/test/.cpan/build/Tree-Simple-VisitorFactory-0.10-3q6Q2N/blib/lib
    /home/test/.cpan/build/Tree-Simple-1.18-wUZPCU/blib/arch
    /home/test/.cpan/build/Tree-Simple-1.18-wUZPCU/blib/lib
    /home/test/.cpan/build/CGI-Simple-1.113-eOV91G/blib/arch
    /home/test/.cpan/build/CGI-Simple-1.113-eOV91G/blib/lib
    /home/test/.cpan/build/IO-stringy-2.110-qZgQTW/blib/arch
    /home/test/.cpan/build/IO-stringy-2.110-qZgQTW/blib/lib
    /home/test/.cpan/build/HTTP-Body-1.12-9Gmr9q/blib/arch
    /home/test/.cpan/build/HTTP-Body-1.12-9Gmr9q/blib/lib
    /home/test/.cpan/build/Data-Dump-1.19-1z_sZ_/blib/arch
    /home/test/.cpan/build/Data-Dump-1.19-1z_sZ_/blib/lib
    /home/test/.cpan/build/MooseX-Role-WithOverloading-0.09-drFCzw/blib/arch
    /home/test/.cpan/build/MooseX-Role-WithOverloading-0.09-drFCzw/blib/lib
    /home/test/.cpan/build/MooseX-Emulate-Class-Accessor-Fast-0.00903-MTg34K/blib/arch
    /home/test/.cpan/build/MooseX-Emulate-Class-Accessor-Fast-0.00903-MTg34K/blib/lib
    /home/test/.cpan/build/Test-UseAllModules-0.13-v0TGMk/blib/arch
    /home/test/.cpan/build/Test-UseAllModules-0.13-v0TGMk/blib/lib
    /home/test/perl5/perlbrew/perls/perl-5.12.3/lib/site_perl/5.12.3/x86_64-linux-thread-multi-ld
    /home/test/perl5/perlbrew/perls/perl-5.12.3/lib/site_perl/5.12.3
    /home/test/perl5/perlbrew/perls/perl-5.12.3/lib/5.12.3/x86_64-linux-thread-multi-ld
    /home/test/perl5/perlbrew/perls/perl-5.12.3/lib/5.12.3
    .