Report for Mojito-0.17

Back
From: metabase:user:320bfe00-2aae-11df-837a-5e0a49663a4f
Subject: FAIL Mojito-0.17 v5.15.7 GNU/Linux
Date: 2012-04-14T08:43:39Z

This distribution has been tested as part of the CPAN Testers
project, supporting the Perl programming language.  See
http://wiki.cpantesters.org/ for more information or email
questions to cpan-testers-discuss@perl.org


--
Dear Mateu X. Hunter,

This is a computer-generated report for Mojito-0.17
on perl 5.15.7, created by CPAN-Reporter-1.2006.

Thank you for uploading your work to CPAN.  However, there was a problem
testing your distribution.

If you think this report is invalid, please consult the CPAN Testers Wiki
for suggestions on how to avoid getting FAIL reports for missing library
or binary dependencies, unsupported operating systems, and so on:

http://wiki.cpantesters.org/wiki/CPANAuthorNotes

Sections of this report:

    * Tester comments
    * Program output
    * Prerequisites
    * Environment and other context

------------------------------
TESTER COMMENTS
------------------------------

Additional comments from tester:

this report is from an automated smoke testing program
and was not reviewed by a human for accuracy

------------------------------
PROGRAM OUTPUT
------------------------------

Output from '/usr/bin/make test':

PERL_DL_NONLAZY=1 /home/sand/src/perl/repoperls/installed-perls/perl/v5.15.7/9980/bin/perl "-MExtUtils::Command::MM" "-e" "test_harness(0, 'blib/lib', 'blib/arch')" t/*.t
"all" is not defined in %MooX::Types::MooseLike::EXPORT_TAGS at lib/Mojito/Page/Parse.pm line 8.
Can't continue after import errors at lib/Mojito/Page/Parse.pm line 8.
BEGIN failed--compilation aborted at lib/Mojito/Page/Parse.pm line 8.
Compilation failed in require at lib/Mojito/Page.pm line 29.
BEGIN failed--compilation aborted at lib/Mojito/Page.pm line 29.
Compilation failed in require at /home/src/perl/repoperls/installed-perls/perl/v5.15.7/9980/lib/site_perl/5.15.7/Module/Runtime.pm line 317.
Compilation failed in require at -e line 1.

#   Failed test 'Mojito loaded ok'
#   at t/00-compile.t line 62.
#                   ''
#     doesn't match '(?^s:^\s*Mojito ok)'
"all" is not defined in %MooX::Types::MooseLike::EXPORT_TAGS at lib/Mojito/Auth/Role.pm line 8.
Can't continue after import errors at lib/Mojito/Auth/Role.pm line 8.
BEGIN failed--compilation aborted at lib/Mojito/Auth/Role.pm line 8.
Compilation failed in require at /home/src/perl/repoperls/installed-perls/perl/v5.15.7/9980/lib/site_perl/5.15.7/Module/Runtime.pm line 317.
Compilation failed in require at lib/Mojito/Auth.pm line 6.
BEGIN failed--compilation aborted at lib/Mojito/Auth.pm line 6.
Compilation failed in require at -e line 1.

#   Failed test 'Mojito::Auth loaded ok'
#   at t/00-compile.t line 62.
#                   ''
#     doesn't match '(?^s:^\s*Mojito::Auth ok)'
"HashRef" is not exported by the MooX::Types::MooseLike module
Can't continue after import errors at lib/Mojito/Role/Config.pm line 7.
BEGIN failed--compilation aborted at lib/Mojito/Role/Config.pm line 7.
Compilation failed in require at /home/src/perl/repoperls/installed-perls/perl/v5.15.7/9980/lib/site_perl/5.15.7/Module/Runtime.pm line 317.
Compilation failed in require at lib/Mojito/Role/DB/Deep.pm line 7.
BEGIN failed--compilation aborted at lib/Mojito/Role/DB/Deep.pm line 7.
Compilation failed in require at /home/src/perl/repoperls/installed-perls/perl/v5.15.7/9980/lib/site_perl/5.15.7/Module/Runtime.pm line 317.
Compilation failed in require at lib/Mojito/Auth/Deep.pm line 7.
BEGIN failed--compilation aborted at lib/Mojito/Auth/Deep.pm line 7.
Compilation failed in require at -e line 1.

#   Failed test 'Mojito::Auth::Deep loaded ok'
#   at t/00-compile.t line 62.
#                   ''
#     doesn't match '(?^s:^\s*Mojito::Auth::Deep ok)'
"all" is not defined in %MooX::Types::MooseLike::EXPORT_TAGS at lib/Mojito/Auth/Role.pm line 8.
Can't continue after import errors at lib/Mojito/Auth/Role.pm line 8.
BEGIN failed--compilation aborted at lib/Mojito/Auth/Role.pm line 8.
Compilation failed in require at /home/src/perl/repoperls/installed-perls/perl/v5.15.7/9980/lib/site_perl/5.15.7/Module/Runtime.pm line 317.
Compilation failed in require at -e line 1.

#   Failed test 'Mojito::Auth::Mongo loaded ok'
#   at t/00-compile.t line 62.
#                   ''
#     doesn't match '(?^s:^\s*Mojito::Auth::Mongo ok)'
"all" is not defined in %MooX::Types::MooseLike::EXPORT_TAGS at lib/Mojito/Auth/Role.pm line 8.
Can't continue after import errors at lib/Mojito/Auth/Role.pm line 8.
BEGIN failed--compilation aborted at lib/Mojito/Auth/Role.pm line 8.
Compilation failed in require at -e line 1.

#   Failed test 'Mojito::Auth::Role loaded ok'
#   at t/00-compile.t line 62.
#                   ''
#     doesn't match '(?^s:^\s*Mojito::Auth::Role ok)'
"HashRef" is not exported by the MooX::Types::MooseLike module
Can't continue after import errors at lib/Mojito/Role/Config.pm line 7.
BEGIN failed--compilation aborted at lib/Mojito/Role/Config.pm line 7.
Compilation failed in require at /home/src/perl/repoperls/installed-perls/perl/v5.15.7/9980/lib/site_perl/5.15.7/Module/Runtime.pm line 317.
Compilation failed in require at lib/Mojito/Role/DB/Deep.pm line 7.
BEGIN failed--compilation aborted at lib/Mojito/Role/DB/Deep.pm line 7.
Compilation failed in require at /home/src/perl/repoperls/installed-perls/perl/v5.15.7/9980/lib/site_perl/5.15.7/Module/Runtime.pm line 317.
Compilation failed in require at lib/Mojito/Collection/CRUD.pm line 7.
BEGIN failed--compilation aborted at lib/Mojito/Collection/CRUD.pm line 7.
Compilation failed in require at -e line 1.

#   Failed test 'Mojito::Collection::CRUD loaded ok'
#   at t/00-compile.t line 62.
#                   ''
#     doesn't match '(?^s:^\s*Mojito::Collection::CRUD ok)'
"HashRef" is not exported by the MooX::Types::MooseLike module
Can't continue after import errors at lib/Mojito/Role/Config.pm line 7.
BEGIN failed--compilation aborted at lib/Mojito/Role/Config.pm line 7.
Compilation failed in require at /home/src/perl/repoperls/installed-perls/perl/v5.15.7/9980/lib/site_perl/5.15.7/Module/Runtime.pm line 317.
Compilation failed in require at lib/Mojito/Role/DB/Deep.pm line 7.
BEGIN failed--compilation aborted at lib/Mojito/Role/DB/Deep.pm line 7.
Compilation failed in require at /home/src/perl/repoperls/installed-perls/perl/v5.15.7/9980/lib/site_perl/5.15.7/Module/Runtime.pm line 317.
Compilation failed in require at -e line 1.

#   Failed test 'Mojito::Collection::CRUD::Deep loaded ok'
#   at t/00-compile.t line 62.
#                   ''
#     doesn't match '(?^s:^\s*Mojito::Collection::CRUD::Deep ok)'
"all" is not defined in %MooX::Types::MooseLike::EXPORT_TAGS at lib/Mojito/Collection/Present.pm line 7.
Can't continue after import errors at lib/Mojito/Collection/Present.pm line 7.
BEGIN failed--compilation aborted at lib/Mojito/Collection/Present.pm line 7.
Compilation failed in require at -e line 1.

#   Failed test 'Mojito::Collection::Present loaded ok'
#   at t/00-compile.t line 62.
#                   ''
#     doesn't match '(?^s:^\s*Mojito::Collection::Present ok)'
"all" is not defined in %MooX::Types::MooseLike::EXPORT_TAGS at lib/Mojito/Filter/Shortcuts.pm line 7.
Can't continue after import errors at lib/Mojito/Filter/Shortcuts.pm line 7.
BEGIN failed--compilation aborted at lib/Mojito/Filter/Shortcuts.pm line 7.
Compilation failed in require at -e line 1.

#   Failed test 'Mojito::Filter::Shortcuts loaded ok'
#   at t/00-compile.t line 62.
#                   ''
#     doesn't match '(?^s:^\s*Mojito::Filter::Shortcuts ok)'
"all" is not defined in %MooX::Types::MooseLike::EXPORT_TAGS at lib/Mojito/Page/Parse.pm line 8.
Can't continue after import errors at lib/Mojito/Page/Parse.pm line 8.
BEGIN failed--compilation aborted at lib/Mojito/Page/Parse.pm line 8.
Compilation failed in require at lib/Mojito/Page.pm line 29.
BEGIN failed--compilation aborted at lib/Mojito/Page.pm line 29.
Compilation failed in require at /home/src/perl/repoperls/installed-perls/perl/v5.15.7/9980/lib/site_perl/5.15.7/Module/Runtime.pm line 317.
Compilation failed in require at lib/Mojito/Middleware.pm line 8.
BEGIN failed--compilation aborted at lib/Mojito/Middleware.pm line 8.
Compilation failed in require at -e line 1.

#   Failed test 'Mojito::Middleware loaded ok'
#   at t/00-compile.t line 62.
#                   ''
#     doesn't match '(?^s:^\s*Mojito::Middleware ok)'
"HashRef" is not exported by the MooX::Types::MooseLike module
Can't continue after import errors at lib/Mojito/Role/Config.pm line 7.
BEGIN failed--compilation aborted at lib/Mojito/Role/Config.pm line 7.
Compilation failed in require at /home/src/perl/repoperls/installed-perls/perl/v5.15.7/9980/lib/site_perl/5.15.7/Module/Runtime.pm line 317.
Compilation failed in require at -e line 1.

#   Failed test 'Mojito::Model::Config loaded ok'
#   at t/00-compile.t line 62.
#                   ''
#     doesn't match '(?^s:^\s*Mojito::Model::Config ok)'
"HashRef" is not exported by the MooX::Types::MooseLike module
Can't continue after import errors at lib/Mojito/Role/Config.pm line 7.
BEGIN failed--compilation aborted at lib/Mojito/Role/Config.pm line 7.
Compilation failed in require at /home/src/perl/repoperls/installed-perls/perl/v5.15.7/9980/lib/site_perl/5.15.7/Module/Runtime.pm line 317.
Compilation failed in require at lib/Mojito/Role/DB.pm line 7.
BEGIN failed--compilation aborted at lib/Mojito/Role/DB.pm line 7.
Compilation failed in require at /home/src/perl/repoperls/installed-perls/perl/v5.15.7/9980/lib/site_perl/5.15.7/Module/Runtime.pm line 317.
Compilation failed in require at -e line 1.

#   Failed test 'Mojito::Model::DB loaded ok'
#   at t/00-compile.t line 62.
#                   ''
#     doesn't match '(?^s:^\s*Mojito::Model::DB ok)'
"HashRef" is not exported by the MooX::Types::MooseLike module
Can't continue after import errors at lib/Mojito/Role/Config.pm line 7.
BEGIN failed--compilation aborted at lib/Mojito/Role/Config.pm line 7.
Compilation failed in require at /home/src/perl/repoperls/installed-perls/perl/v5.15.7/9980/lib/site_perl/5.15.7/Module/Runtime.pm line 317.
Compilation failed in require at lib/Mojito/Role/DB/Deep.pm line 7.
BEGIN failed--compilation aborted at lib/Mojito/Role/DB/Deep.pm line 7.
Compilation failed in require at /home/src/perl/repoperls/installed-perls/perl/v5.15.7/9980/lib/site_perl/5.15.7/Module/Runtime.pm line 317.
Compilation failed in require at lib/Mojito/Model/Doc.pm line 7.
BEGIN failed--compilation aborted at lib/Mojito/Model/Doc.pm line 7.
Compilation failed in require at -e line 1.

#   Failed test 'Mojito::Model::Doc loaded ok'
#   at t/00-compile.t line 62.
#                   ''
#     doesn't match '(?^s:^\s*Mojito::Model::Doc ok)'
"HashRef" is not exported by the MooX::Types::MooseLike module
Can't continue after import errors at lib/Mojito/Role/Config.pm line 7.
BEGIN failed--compilation aborted at lib/Mojito/Role/Config.pm line 7.
Compilation failed in require at /home/src/perl/repoperls/installed-perls/perl/v5.15.7/9980/lib/site_perl/5.15.7/Module/Runtime.pm line 317.
Compilation failed in require at lib/Mojito/Role/DB/Deep.pm line 7.
BEGIN failed--compilation aborted at lib/Mojito/Role/DB/Deep.pm line 7.
Compilation failed in require at /home/src/perl/repoperls/installed-perls/perl/v5.15.7/9980/lib/site_perl/5.15.7/Module/Runtime.pm line 317.
Compilation failed in require at -e line 1.

#   Failed test 'Mojito::Model::Doc::Deep loaded ok'
#   at t/00-compile.t line 62.
#                   ''
#     doesn't match '(?^s:^\s*Mojito::Model::Doc::Deep ok)'
"HashRef" is not exported by the MooX::Types::MooseLike module
Can't continue after import errors at lib/Mojito/Role/Config.pm line 7.
BEGIN failed--compilation aborted at lib/Mojito/Role/Config.pm line 7.
Compilation failed in require at /home/src/perl/repoperls/installed-perls/perl/v5.15.7/9980/lib/site_perl/5.15.7/Module/Runtime.pm line 317.
Compilation failed in require at lib/Mojito/Role/DB/Deep.pm line 7.
BEGIN failed--compilation aborted at lib/Mojito/Role/DB/Deep.pm line 7.
Compilation failed in require at /home/src/perl/repoperls/installed-perls/perl/v5.15.7/9980/lib/site_perl/5.15.7/Module/Runtime.pm line 317.
Compilation failed in require at lib/Mojito/Model/Doc.pm line 7.
BEGIN failed--compilation aborted at lib/Mojito/Model/Doc.pm line 7.
Compilation failed in require at lib/Mojito/Model/Link.pm line 7.
BEGIN failed--compilation aborted at lib/Mojito/Model/Link.pm line 7.
Compilation failed in require at -e line 1.

#   Failed test 'Mojito::Model::Link loaded ok'
#   at t/00-compile.t line 62.
#                   ''
#     doesn't match '(?^s:^\s*Mojito::Model::Link ok)'
"all" is not defined in %MooX::Types::MooseLike::EXPORT_TAGS at lib/Mojito/Filter/Shortcuts.pm line 7.
Can't continue after import errors at lib/Mojito/Filter/Shortcuts.pm line 7.
BEGIN failed--compilation aborted at lib/Mojito/Filter/Shortcuts.pm line 7.
Compilation failed in require at /home/src/perl/repoperls/installed-perls/perl/v5.15.7/9980/lib/site_perl/5.15.7/Module/Runtime.pm line 317.
Compilation failed in require at -e line 1.

#   Failed test 'Mojito::Model::Shortcuts loaded ok'
#   at t/00-compile.t line 62.
#                   ''
#     doesn't match '(?^s:^\s*Mojito::Model::Shortcuts ok)'
"Object" is not exported by the MooX::Types::MooseLike module
 "ArrayRef" is not exported by the MooX::Types::MooseLike module
Can't continue after import errors at lib/Mojito/Model/Transform.pm line 7.
BEGIN failed--compilation aborted at lib/Mojito/Model/Transform.pm line 7.
Compilation failed in require at -e line 1.

#   Failed test 'Mojito::Model::Transform loaded ok'
#   at t/00-compile.t line 62.
#                   ''
#     doesn't match '(?^s:^\s*Mojito::Model::Transform ok)'
"all" is not defined in %MooX::Types::MooseLike::EXPORT_TAGS at lib/Mojito/Page/Parse.pm line 8.
Can't continue after import errors at lib/Mojito/Page/Parse.pm line 8.
BEGIN failed--compilation aborted at lib/Mojito/Page/Parse.pm line 8.
Compilation failed in require at lib/Mojito/Page.pm line 29.
BEGIN failed--compilation aborted at lib/Mojito/Page.pm line 29.
Compilation failed in require at -e line 1.

#   Failed test 'Mojito::Page loaded ok'
#   at t/00-compile.t line 62.
#                   ''
#     doesn't match '(?^s:^\s*Mojito::Page ok)'
"HashRef" is not exported by the MooX::Types::MooseLike module
Can't continue after import errors at lib/Mojito/Role/Config.pm line 7.
BEGIN failed--compilation aborted at lib/Mojito/Role/Config.pm line 7.
Compilation failed in require at /home/src/perl/repoperls/installed-perls/perl/v5.15.7/9980/lib/site_perl/5.15.7/Module/Runtime.pm line 317.
Compilation failed in require at lib/Mojito/Role/DB/Deep.pm line 7.
BEGIN failed--compilation aborted at lib/Mojito/Role/DB/Deep.pm line 7.
Compilation failed in require at /home/src/perl/repoperls/installed-perls/perl/v5.15.7/9980/lib/site_perl/5.15.7/Module/Runtime.pm line 317.
Compilation failed in require at lib/Mojito/Page/CRUD.pm line 7.
BEGIN failed--compilation aborted at lib/Mojito/Page/CRUD.pm line 7.
Compilation failed in require at -e line 1.

#   Failed test 'Mojito::Page::CRUD loaded ok'
#   at t/00-compile.t line 62.
#                   ''
#     doesn't match '(?^s:^\s*Mojito::Page::CRUD ok)'
"HashRef" is not exported by the MooX::Types::MooseLike module
Can't continue after import errors at lib/Mojito/Role/Config.pm line 7.
BEGIN failed--compilation aborted at lib/Mojito/Role/Config.pm line 7.
Compilation failed in require at /home/src/perl/repoperls/installed-perls/perl/v5.15.7/9980/lib/site_perl/5.15.7/Module/Runtime.pm line 317.
Compilation failed in require at lib/Mojito/Role/DB/Deep.pm line 7.
BEGIN failed--compilation aborted at lib/Mojito/Role/DB/Deep.pm line 7.
Compilation failed in require at /home/src/perl/repoperls/installed-perls/perl/v5.15.7/9980/lib/site_perl/5.15.7/Module/Runtime.pm line 317.
Compilation failed in require at -e line 1.

#   Failed test 'Mojito::Page::CRUD::Deep loaded ok'
#   at t/00-compile.t line 62.
#                   ''
#     doesn't match '(?^s:^\s*Mojito::Page::CRUD::Deep ok)'
"all" is not defined in %MooX::Types::MooseLike::EXPORT_TAGS at lib/Mojito/Auth/Role.pm line 8.
Can't continue after import errors at lib/Mojito/Auth/Role.pm line 8.
BEGIN failed--compilation aborted at lib/Mojito/Auth/Role.pm line 8.
Compilation failed in require at /home/src/perl/repoperls/installed-perls/perl/v5.15.7/9980/lib/site_perl/5.15.7/Module/Runtime.pm line 317.
Compilation failed in require at lib/Mojito/Auth.pm line 6.
BEGIN failed--compilation aborted at lib/Mojito/Auth.pm line 6.
Compilation failed in require at lib/Mojito/Page/Git.pm line 12.
BEGIN failed--compilation aborted at lib/Mojito/Page/Git.pm line 12.
Compilation failed in require at -e line 1.

#   Failed test 'Mojito::Page::Git loaded ok'
#   at t/00-compile.t line 62.
#                   ''
#     doesn't match '(?^s:^\s*Mojito::Page::Git ok)'
"all" is not defined in %MooX::Types::MooseLike::EXPORT_TAGS at lib/Mojito/Page/Parse.pm line 8.
Can't continue after import errors at lib/Mojito/Page/Parse.pm line 8.
BEGIN failed--compilation aborted at lib/Mojito/Page/Parse.pm line 8.
Compilation failed in require at -e line 1.

#   Failed test 'Mojito::Page::Parse loaded ok'
#   at t/00-compile.t line 62.
#                   ''
#     doesn't match '(?^s:^\s*Mojito::Page::Parse ok)'
"HashRef" is not exported by the MooX::Types::MooseLike module
Can't continue after import errors at lib/Mojito/Role/Config.pm line 7.
BEGIN failed--compilation aborted at lib/Mojito/Role/Config.pm line 7.
Compilation failed in require at /home/src/perl/repoperls/installed-perls/perl/v5.15.7/9980/lib/site_perl/5.15.7/Module/Runtime.pm line 317.
Compilation failed in require at lib/Mojito/Role/DB.pm line 7.
BEGIN failed--compilation aborted at lib/Mojito/Role/DB.pm line 7.
Compilation failed in require at /home/src/perl/repoperls/installed-perls/perl/v5.15.7/9980/lib/site_perl/5.15.7/Module/Runtime.pm line 317.
Compilation failed in require at -e line 1.

#   Failed test 'Mojito::Page::Publish loaded ok'
#   at t/00-compile.t line 62.
#                   ''
#     doesn't match '(?^s:^\s*Mojito::Page::Publish ok)'
"all" is not defined in %MooX::Types::MooseLike::EXPORT_TAGS at lib/Mojito/Template.pm line 8.
Can't continue after import errors at lib/Mojito/Template.pm line 8.
BEGIN failed--compilation aborted at lib/Mojito/Template.pm line 8.
Compilation failed in require at lib/Mojito/Page/Render.pm line 8.
BEGIN failed--compilation aborted at lib/Mojito/Page/Render.pm line 8.
Compilation failed in require at -e line 1.

#   Failed test 'Mojito::Page::Render loaded ok'
#   at t/00-compile.t line 62.
#                   ''
#     doesn't match '(?^s:^\s*Mojito::Page::Render ok)'
"HashRef" is not exported by the MooX::Types::MooseLike module
Can't continue after import errors at lib/Mojito/Role/Config.pm line 7.
BEGIN failed--compilation aborted at lib/Mojito/Role/Config.pm line 7.
Compilation failed in require at -e line 1.

#   Failed test 'Mojito::Role::Config loaded ok'
#   at t/00-compile.t line 62.
#                   ''
#     doesn't match '(?^s:^\s*Mojito::Role::Config ok)'
"HashRef" is not exported by the MooX::Types::MooseLike module
Can't continue after import errors at lib/Mojito/Role/Config.pm line 7.
BEGIN failed--compilation aborted at lib/Mojito/Role/Config.pm line 7.
Compilation failed in require at /home/src/perl/repoperls/installed-perls/perl/v5.15.7/9980/lib/site_perl/5.15.7/Module/Runtime.pm line 317.
Compilation failed in require at lib/Mojito/Role/DB.pm line 7.
BEGIN failed--compilation aborted at lib/Mojito/Role/DB.pm line 7.
Compilation failed in require at -e line 1.

#   Failed test 'Mojito::Role::DB loaded ok'
#   at t/00-compile.t line 62.
#                   ''
#     doesn't match '(?^s:^\s*Mojito::Role::DB ok)'
"HashRef" is not exported by the MooX::Types::MooseLike module
Can't continue after import errors at lib/Mojito/Role/Config.pm line 7.
BEGIN failed--compilation aborted at lib/Mojito/Role/Config.pm line 7.
Compilation failed in require at /home/src/perl/repoperls/installed-perls/perl/v5.15.7/9980/lib/site_perl/5.15.7/Module/Runtime.pm line 317.
Compilation failed in require at lib/Mojito/Role/DB/Deep.pm line 7.
BEGIN failed--compilation aborted at lib/Mojito/Role/DB/Deep.pm line 7.
Compilation failed in require at -e line 1.

#   Failed test 'Mojito::Role::DB::Deep loaded ok'
#   at t/00-compile.t line 62.
#                   ''
#     doesn't match '(?^s:^\s*Mojito::Role::DB::Deep ok)'
"all" is not defined in %MooX::Types::MooseLike::EXPORT_TAGS at lib/Mojito/Template.pm line 8.
Can't continue after import errors at lib/Mojito/Template.pm line 8.
BEGIN failed--compilation aborted at lib/Mojito/Template.pm line 8.
Compilation failed in require at -e line 1.

#   Failed test 'Mojito::Template loaded ok'
#   at t/00-compile.t line 62.
#                   ''
#     doesn't match '(?^s:^\s*Mojito::Template ok)'
"all" is not defined in %MooX::Types::MooseLike::EXPORT_TAGS at lib/Mojito/Template/Role/CSS.pm line 7.
Can't continue after import errors at lib/Mojito/Template/Role/CSS.pm line 7.
BEGIN failed--compilation aborted at lib/Mojito/Template/Role/CSS.pm line 7.
Compilation failed in require at -e line 1.

#   Failed test 'Mojito::Template::Role::CSS loaded ok'
#   at t/00-compile.t line 62.
#                   ''
#     doesn't match '(?^s:^\s*Mojito::Template::Role::CSS ok)'
"all" is not defined in %MooX::Types::MooseLike::EXPORT_TAGS at lib/Mojito/Template/Role/Javascript.pm line 7.
Can't continue after import errors at lib/Mojito/Template/Role/Javascript.pm line 7.
BEGIN failed--compilation aborted at lib/Mojito/Template/Role/Javascript.pm line 7.
Compilation failed in require at -e line 1.

#   Failed test 'Mojito::Template::Role::Javascript loaded ok'
#   at t/00-compile.t line 62.
#                   ''
#     doesn't match '(?^s:^\s*Mojito::Template::Role::Javascript ok)'

#   Failed test 'list_feeds_for.pl script compiles'
#   at t/00-compile.t line 70.
# 255 - "HashRef" is not exported by the MooX::Types::MooseLike module
# Can't continue after import errors at /tmp/loop_over_bdir-XX57HF/Mojito-0.17-x10SbF/blib/lib/Mojito/Role/Config.pm line 7.
# BEGIN failed--compilation aborted at /tmp/loop_over_bdir-XX57HF/Mojito-0.17-x10SbF/blib/lib/Mojito/Role/Config.pm line 7.
# Compilation failed in require at /home/src/perl/repoperls/installed-perls/perl/v5.15.7/9980/lib/site_perl/5.15.7/Module/Runtime.pm line 317.
# Compilation failed in require at /tmp/loop_over_bdir-XX57HF/Mojito-0.17-x10SbF/blib/lib/Mojito/Role/DB.pm line 7.
# BEGIN failed--compilation aborted at /tmp/loop_over_bdir-XX57HF/Mojito-0.17-x10SbF/blib/lib/Mojito/Role/DB.pm line 7.
# Compilation failed in require at /home/src/perl/repoperls/installed-perls/perl/v5.15.7/9980/lib/site_perl/5.15.7/Module/Runtime.pm line 317.
# Compilation failed in require at script/list_feeds_for.pl line 2.
# BEGIN failed--compilation aborted at script/list_feeds_for.pl line 2.
# Looks like you failed 31 tests of 39.
t/00-compile.t ............... 
Dubious, test returned 31 (wstat 7936, 0x1f00)
Failed 31/39 subtests 
t/app.t ...................... skipped: these tests are for release candidate testing
t/author-critic.t ............ skipped: these tests are for testing by the author
"all" is not defined in %MooX::Types::MooseLike::EXPORT_TAGS at /tmp/loop_over_bdir-XX57HF/Mojito-0.17-x10SbF/blib/lib/Mojito/Page/Parse.pm line 8.
Can't continue after import errors at /tmp/loop_over_bdir-XX57HF/Mojito-0.17-x10SbF/blib/lib/Mojito/Page/Parse.pm line 8.
BEGIN failed--compilation aborted at /tmp/loop_over_bdir-XX57HF/Mojito-0.17-x10SbF/blib/lib/Mojito/Page/Parse.pm line 8.
Compilation failed in require at t/build_page_structure.t line 8.
BEGIN failed--compilation aborted at t/build_page_structure.t line 8.
t/build_page_structure.t ..... 
Dubious, test returned 2 (wstat 512, 0x200)
No subtests run 
"all" is not defined in %MooX::Types::MooseLike::EXPORT_TAGS at /tmp/loop_over_bdir-XX57HF/Mojito-0.17-x10SbF/blib/lib/Mojito/Page/Parse.pm line 8.
Can't continue after import errors at /tmp/loop_over_bdir-XX57HF/Mojito-0.17-x10SbF/blib/lib/Mojito/Page/Parse.pm line 8.
BEGIN failed--compilation aborted at /tmp/loop_over_bdir-XX57HF/Mojito-0.17-x10SbF/blib/lib/Mojito/Page/Parse.pm line 8.
Compilation failed in require at t/build_sections.t line 8.
BEGIN failed--compilation aborted at t/build_sections.t line 8.
t/build_sections.t ........... 
Dubious, test returned 2 (wstat 512, 0x200)
No subtests run 
t/cpan.t ..................... skipped: these tests are for testing by the author
"HashRef" is not exported by the MooX::Types::MooseLike module
Can't continue after import errors at /tmp/loop_over_bdir-XX57HF/Mojito-0.17-x10SbF/blib/lib/Mojito/Role/Config.pm line 7.
BEGIN failed--compilation aborted at /tmp/loop_over_bdir-XX57HF/Mojito-0.17-x10SbF/blib/lib/Mojito/Role/Config.pm line 7.
Compilation failed in require at /home/src/perl/repoperls/installed-perls/perl/v5.15.7/9980/lib/site_perl/5.15.7/Module/Runtime.pm line 317.
Compilation failed in require at /tmp/loop_over_bdir-XX57HF/Mojito-0.17-x10SbF/blib/lib/Mojito/Role/DB/Deep.pm line 7.
BEGIN failed--compilation aborted at /tmp/loop_over_bdir-XX57HF/Mojito-0.17-x10SbF/blib/lib/Mojito/Role/DB/Deep.pm line 7.
Compilation failed in require at /home/src/perl/repoperls/installed-perls/perl/v5.15.7/9980/lib/site_perl/5.15.7/Module/Runtime.pm line 317.
Compilation failed in require at /tmp/loop_over_bdir-XX57HF/Mojito-0.17-x10SbF/blib/lib/Mojito/Page/CRUD.pm line 7.
BEGIN failed--compilation aborted at /tmp/loop_over_bdir-XX57HF/Mojito-0.17-x10SbF/blib/lib/Mojito/Page/CRUD.pm line 7.
Compilation failed in require at t/data_schema.t line 3.
BEGIN failed--compilation aborted at t/data_schema.t line 3.
t/data_schema.t .............. 
Dubious, test returned 2 (wstat 512, 0x200)
No subtests run 
"all" is not defined in %MooX::Types::MooseLike::EXPORT_TAGS at /tmp/loop_over_bdir-XX57HF/Mojito-0.17-x10SbF/blib/lib/Mojito/Page/Parse.pm line 8.
Can't continue after import errors at /tmp/loop_over_bdir-XX57HF/Mojito-0.17-x10SbF/blib/lib/Mojito/Page/Parse.pm line 8.
BEGIN failed--compilation aborted at /tmp/loop_over_bdir-XX57HF/Mojito-0.17-x10SbF/blib/lib/Mojito/Page/Parse.pm line 8.
Compilation failed in require at /tmp/loop_over_bdir-XX57HF/Mojito-0.17-x10SbF/blib/lib/Mojito/Page.pm line 29.
BEGIN failed--compilation aborted at /tmp/loop_over_bdir-XX57HF/Mojito-0.17-x10SbF/blib/lib/Mojito/Page.pm line 29.
Compilation failed in require at t/diff.t line 3.
BEGIN failed--compilation aborted at t/diff.t line 3.
t/diff.t ..................... 
Dubious, test returned 255 (wstat 65280, 0xff00)
No subtests run 
"all" is not defined in %MooX::Types::MooseLike::EXPORT_TAGS at /tmp/loop_over_bdir-XX57HF/Mojito-0.17-x10SbF/blib/lib/Mojito/Page/Parse.pm line 8.
Can't continue after import errors at /tmp/loop_over_bdir-XX57HF/Mojito-0.17-x10SbF/blib/lib/Mojito/Page/Parse.pm line 8.
BEGIN failed--compilation aborted at /tmp/loop_over_bdir-XX57HF/Mojito-0.17-x10SbF/blib/lib/Mojito/Page/Parse.pm line 8.
Compilation failed in require at /tmp/loop_over_bdir-XX57HF/Mojito-0.17-x10SbF/blib/lib/Mojito/Page.pm line 29.
BEGIN failed--compilation aborted at /tmp/loop_over_bdir-XX57HF/Mojito-0.17-x10SbF/blib/lib/Mojito/Page.pm line 29.
Compilation failed in require at t/page.t line 3.
BEGIN failed--compilation aborted at t/page.t line 3.
t/page.t ..................... 
Dubious, test returned 255 (wstat 65280, 0xff00)
No subtests run 
"all" is not defined in %MooX::Types::MooseLike::EXPORT_TAGS at /tmp/loop_over_bdir-XX57HF/Mojito-0.17-x10SbF/blib/lib/Mojito/Page/Parse.pm line 8.
Can't continue after import errors at /tmp/loop_over_bdir-XX57HF/Mojito-0.17-x10SbF/blib/lib/Mojito/Page/Parse.pm line 8.
BEGIN failed--compilation aborted at /tmp/loop_over_bdir-XX57HF/Mojito-0.17-x10SbF/blib/lib/Mojito/Page/Parse.pm line 8.
Compilation failed in require at t/parse_page.t line 9.
BEGIN failed--compilation aborted at t/parse_page.t line 9.
t/parse_page.t ............... 
Dubious, test returned 2 (wstat 512, 0x200)
No subtests run 
"HashRef" is not exported by the MooX::Types::MooseLike module
Can't continue after import errors at /tmp/loop_over_bdir-XX57HF/Mojito-0.17-x10SbF/blib/lib/Mojito/Role/Config.pm line 7.
BEGIN failed--compilation aborted at /tmp/loop_over_bdir-XX57HF/Mojito-0.17-x10SbF/blib/lib/Mojito/Role/Config.pm line 7.
Compilation failed in require at /home/src/perl/repoperls/installed-perls/perl/v5.15.7/9980/lib/site_perl/5.15.7/Module/Runtime.pm line 317.
Compilation failed in require at /tmp/loop_over_bdir-XX57HF/Mojito-0.17-x10SbF/blib/lib/Mojito/Role/DB.pm line 7.
BEGIN failed--compilation aborted at /tmp/loop_over_bdir-XX57HF/Mojito-0.17-x10SbF/blib/lib/Mojito/Role/DB.pm line 7.
Compilation failed in require at /home/src/perl/repoperls/installed-perls/perl/v5.15.7/9980/lib/site_perl/5.15.7/Module/Runtime.pm line 317.
Compilation failed in require at t/publish.t line 4.
BEGIN failed--compilation aborted at t/publish.t line 4.
t/publish.t .................. 
Dubious, test returned 2 (wstat 512, 0x200)
No subtests run 
t/release-cpan-changes.t ..... skipped: these tests are for release candidate testing
t/release-distmeta.t ......... skipped: these tests are for release candidate testing
t/release-minimum-version.t .. skipped: these tests are for release candidate testing
t/release-mojibake.t ......... skipped: these tests are for release candidate testing
t/release-no-tabs.t .......... skipped: these tests are for release candidate testing
t/release-pod-linkcheck.t .... skipped: these tests are for release candidate testing
t/release-pod-syntax.t ....... skipped: these tests are for release candidate testing
t/release-synopsis.t ......... skipped: these tests are for release candidate testing
t/release-test-version.t ..... skipped: these tests are for release candidate testing
t/release-unused-vars.t ...... skipped: these tests are for release candidate testing
"all" is not defined in %MooX::Types::MooseLike::EXPORT_TAGS at /tmp/loop_over_bdir-XX57HF/Mojito-0.17-x10SbF/blib/lib/Mojito/Filter/Shortcuts.pm line 7.
Can't continue after import errors at /tmp/loop_over_bdir-XX57HF/Mojito-0.17-x10SbF/blib/lib/Mojito/Filter/Shortcuts.pm line 7.
BEGIN failed--compilation aborted at /tmp/loop_over_bdir-XX57HF/Mojito-0.17-x10SbF/blib/lib/Mojito/Filter/Shortcuts.pm line 7.
Compilation failed in require at /home/src/perl/repoperls/installed-perls/perl/v5.15.7/9980/lib/site_perl/5.15.7/Module/Runtime.pm line 317.
Compilation failed in require at t/shortcuts.t line 3.
BEGIN failed--compilation aborted at t/shortcuts.t line 3.
t/shortcuts.t ................ 
Dubious, test returned 255 (wstat 65280, 0xff00)
No subtests run 
"all" is not defined in %MooX::Types::MooseLike::EXPORT_TAGS at /tmp/loop_over_bdir-XX57HF/Mojito-0.17-x10SbF/blib/lib/Mojito/Template.pm line 8.
Can't continue after import errors at /tmp/loop_over_bdir-XX57HF/Mojito-0.17-x10SbF/blib/lib/Mojito/Template.pm line 8.
BEGIN failed--compilation aborted at /tmp/loop_over_bdir-XX57HF/Mojito-0.17-x10SbF/blib/lib/Mojito/Template.pm line 8.
Compilation failed in require at t/template.t line 2.
BEGIN failed--compilation aborted at t/template.t line 2.
t/template.t ................. 
Dubious, test returned 255 (wstat 65280, 0xff00)
No subtests run 
"all" is not defined in %MooX::Types::MooseLike::EXPORT_TAGS at /tmp/loop_over_bdir-XX57HF/Mojito-0.17-x10SbF/blib/lib/Mojito/Auth/Role.pm line 8.
Can't continue after import errors at /tmp/loop_over_bdir-XX57HF/Mojito-0.17-x10SbF/blib/lib/Mojito/Auth/Role.pm line 8.
BEGIN failed--compilation aborted at /tmp/loop_over_bdir-XX57HF/Mojito-0.17-x10SbF/blib/lib/Mojito/Auth/Role.pm line 8.
Compilation failed in require at /home/src/perl/repoperls/installed-perls/perl/v5.15.7/9980/lib/site_perl/5.15.7/Module/Runtime.pm line 317.
Compilation failed in require at /tmp/loop_over_bdir-XX57HF/Mojito-0.17-x10SbF/blib/lib/Mojito/Auth.pm line 6.
BEGIN failed--compilation aborted at /tmp/loop_over_bdir-XX57HF/Mojito-0.17-x10SbF/blib/lib/Mojito/Auth.pm line 6.
Compilation failed in require at t/user.t line 3.
BEGIN failed--compilation aborted at t/user.t line 3.
t/user.t ..................... 
Dubious, test returned 2 (wstat 512, 0x200)
No subtests run 

Test Summary Report
-------------------
t/00-compile.t             (Wstat: 7936 Tests: 39 Failed: 31)
  Failed tests:  1-7, 9, 11-16, 18, 20-24, 26-32, 35-37
                39
  Non-zero exit status: 31
t/build_page_structure.t   (Wstat: 512 Tests: 0 Failed: 0)
  Non-zero exit status: 2
  Parse errors: No plan found in TAP output
t/build_sections.t         (Wstat: 512 Tests: 0 Failed: 0)
  Non-zero exit status: 2
  Parse errors: No plan found in TAP output
t/data_schema.t            (Wstat: 512 Tests: 0 Failed: 0)
  Non-zero exit status: 2
  Parse errors: No plan found in TAP output
t/diff.t                   (Wstat: 65280 Tests: 0 Failed: 0)
  Non-zero exit status: 255
  Parse errors: No plan found in TAP output
t/page.t                   (Wstat: 65280 Tests: 0 Failed: 0)
  Non-zero exit status: 255
  Parse errors: No plan found in TAP output
t/parse_page.t             (Wstat: 512 Tests: 0 Failed: 0)
  Non-zero exit status: 2
  Parse errors: No plan found in TAP output
t/publish.t                (Wstat: 512 Tests: 0 Failed: 0)
  Non-zero exit status: 2
  Parse errors: No plan found in TAP output
t/shortcuts.t              (Wstat: 65280 Tests: 0 Failed: 0)
  Non-zero exit status: 255
  Parse errors: No plan found in TAP output
t/template.t               (Wstat: 65280 Tests: 0 Failed: 0)
  Non-zero exit status: 255
  Parse errors: No plan found in TAP output
t/user.t                   (Wstat: 512 Tests: 0 Failed: 0)
  Non-zero exit status: 2
  Parse errors: No plan found in TAP output
Files=24, Tests=39,  5 wallclock secs ( 0.09 usr  0.03 sys +  3.48 cusr  0.58 csys =  4.18 CPU)
Result: FAIL
Failed 11/24 test programs. 31/39 subtests failed.
make: *** [test_dynamic] Error 2

------------------------------
PREREQUISITES
------------------------------

Prerequisite modules loaded:

requires:

    Module                          Need Have     
    ------------------------------- ---- ---------
    CHI                             0    0.52     
    Cwd                             0    3.39_01  
    Data::Dumper::Concise           0    2.020    
    DateTime                        0    0.74     
    DBM::Deep                       0    2.0006   
    Digest::MD5                     0    2.51     
    Dir::Self                       0    0.10     
    File::Spec                      0    3.39_01  
    Git::Wrapper                    0    0.017    
    HTML::Strip                     0    1.06     
    HTML::Toc                       0    1.12     
    HTML::TocInsertor               0    1.12     
    HTML::Zoom                      0    0.009006 
    HTTP::Tiny                      0    0.017    
    IO::File                        0    1.14     
    List::MoreUtils                 0    0.33     
    List::Util                      0    1.25     
    MetaCPAN::API                   0    0.43     
    MongoDB                         0    0.45     
    MongoDB::OID                    0    0.45     
    Moo                             0    0.009_016
    Moo::Role                       0    0        
    MooX::Types::MooseLike          0.02 0.03     
    parent                          0    0.225    
    Path::Class                     0    0.25     
    Plack::Middleware               0    0        
    Plack::Util::Accessor           0    0        
    Pod::Simple::XHTML              0    3.19     
    strictures                      1    1.003001 
    Sub::Quote                      0    0        
    Text::MultiMarkdown             0    1.000034 
    Text::Textile                   0    2.12     
    Text::WikiCreole                0    0.07     
    Try::Tiny                       0    0.11     
    utf8                            0    1.09     
    WWW::Mechanize                  0    1.72_01  

build_requires:

    Module                          Need Have     
    ------------------------------- ---- ---------
    Data::Schema                    0    0.133    
    English                         0    1.04     
    File::Find                      0    1.20     
    File::Temp                      0    0.22     
    FindBin                         0    1.51     
    HTTP::Request                   0    6.00     
    HTTP::Request::Common           0    6.03     
    JSON                            0    2.53     
    Plack::Middleware::Auth::Digest 0    0.04     
    Plack::Test                     0    0        
    Plack::Util                     0    0        
    strict                          0    1.06     
    Test::Deep                      0    0.109    
    Test::Differences               0    0.61     
    Test::Exception                 0    0.31     
    Test::More                      0    0.98     
    warnings                        0    1.12     

configure_requires:

    Module                          Need Have     
    ------------------------------- ---- ---------
    ExtUtils::MakeMaker             6.30 6.63_02  


------------------------------
ENVIRONMENT AND OTHER CONTEXT
------------------------------

Environment variables:

    AUTOMATED_TESTING = 1
    LANG = en_US.UTF-8
    LANGUAGE = en_US:en
    PATH = /home/sand/bin:/usr/local/bin:/usr/bin:/bin:/usr/bin/X11:/usr/games:/usr/local/perl/bin:/usr/X11/bin:/sbin:/usr/sbin
    PERL5LIB = 
    PERL5OPT = 
    PERL5_CPANPLUS_IS_RUNNING = 22255
    PERL5_CPAN_IS_RUNNING = 22255
    PERL_MM_USE_DEFAULT = 1
    SHELL = /usr/bin/zsh
    TERM = screen

Perl special variables (and OS-specific diagnostics, for MSWin32):

    $^X = /home/sand/src/perl/repoperls/installed-perls/perl/v5.15.7/9980/bin/perl
    $UID/$EUID = 1005 / 1005
    $GID = 1005 123 1005
    $EGID = 1005 123 1005

Perl module toolchain versions installed:

    Module              Have    
    ------------------- --------
    CPAN                1.9800  
    CPAN::Meta          2.120920
    Cwd                 3.39_01 
    ExtUtils::CBuilder  0.280205
    ExtUtils::Command   1.17    
    ExtUtils::Install   1.57    
    ExtUtils::MakeMaker 6.63_02 
    ExtUtils::Manifest  1.60    
    ExtUtils::ParseXS   3.15    
    File::Spec          3.39_01 
    JSON                2.53    
    JSON::PP            2.27200 
    Module::Build       0.40    
    Module::Signature   0.68    
    Parse::CPAN::Meta   1.4404  
    Test::Harness       3.23    
    Test::More          0.98    
    YAML                0.80    
    YAML::Syck          1.20    
    version             0.97    


--

Summary of my perl5 (revision 5 version 15 subversion 7) configuration:
  Commit id: 75ae21a085ad289d479c9d541163599ff4c70f3b
  Platform:
    osname=linux, osvers=2.6.32-5-amd64, archname=x86_64-linux-thread-multi
    uname='linux k83 2.6.32-5-amd64 #1 smp thu nov 3 03:41:26 utc 2011 x86_64 gnulinux '
    config_args='-Dprefix=/home/src/perl/repoperls/installed-perls/perl/v5.15.7/9980 -Dmyhostname=k83 -Dinstallusrbinperl=n -Uversiononly -Dusedevel -des -Ui_db -Duseithreads -Uuselongdouble -DDEBUGGING=-g'
    hint=recommended, useposix=true, d_sigaction=define
    useithreads=define, usemultiplicity=define
    useperlio=define, d_sfio=undef, uselargefiles=define, usesocks=undef
    use64bitint=define, use64bitall=define, uselongdouble=undef
    usemymalloc=n, bincompat5005=undef
  Compiler:
    cc='cc', ccflags ='-D_REENTRANT -D_GNU_SOURCE -fno-strict-aliasing -pipe -fstack-protector -I/usr/local/include -D_LARGEFILE_SOURCE -D_FILE_OFFSET_BITS=64',
    optimize='-O2 -g',
    cppflags='-D_REENTRANT -D_GNU_SOURCE -fno-strict-aliasing -pipe -fstack-protector -I/usr/local/include'
    ccversion='', gccversion='4.4.5', gccosandvers=''
    intsize=4, longsize=8, ptrsize=8, doublesize=8, byteorder=12345678
    d_longlong=define, longlongsize=8, d_longdbl=define, longdblsize=16
    ivtype='long', ivsize=8, nvtype='double', nvsize=8, Off_t='off_t', lseeksize=8
    alignbytes=8, prototype=define
  Linker and Libraries:
    ld='cc', ldflags =' -fstack-protector -L/usr/local/lib'
    libpth=/usr/local/lib /lib/../lib /usr/lib/../lib /lib /usr/lib /lib64 /usr/lib64
    libs=-lnsl -ldb -ldl -lm -lcrypt -lutil -lpthread -lc
    perllibs=-lnsl -ldl -lm -lcrypt -lutil -lpthread -lc
    libc=/lib/libc-2.11.2.so, so=so, useshrplib=false, libperl=libperl.a
    gnulibc_version='2.11.2'
  Dynamic Linking:
    dlsrc=dl_dlopen.xs, dlext=so, d_dlsymun=undef, ccdlflags='-Wl,-E'
    cccdlflags='-fPIC', lddlflags='-shared -O2 -g -L/usr/local/lib -fstack-protector'


Characteristics of this binary (from libperl): 
  Compile-time options: HAS_TIMES MULTIPLICITY PERLIO_LAYERS
                        PERL_DONT_CREATE_GVSV PERL_IMPLICIT_CONTEXT
                        PERL_MALLOC_WRAP PERL_PRESERVE_IVUV PERL_USE_DEVEL
                        USE_64_BIT_ALL USE_64_BIT_INT USE_ITHREADS
                        USE_LARGE_FILES USE_LOCALE USE_LOCALE_COLLATE
                        USE_LOCALE_CTYPE USE_LOCALE_NUMERIC USE_PERLIO
                        USE_PERL_ATOF USE_REENTRANT_API
  Built under linux
  Compiled at Jan 21 2012 13:04:20
  %ENV:
    PERL5LIB=""
    PERL5OPT=""
    PERL5_CPANPLUS_IS_RUNNING="22255"
    PERL5_CPAN_IS_RUNNING="22255"
    PERL_MM_USE_DEFAULT="1"
  @INC:
    /home/src/perl/repoperls/installed-perls/perl/v5.15.7/9980/lib/site_perl/5.15.7/x86_64-linux-thread-multi
    /home/src/perl/repoperls/installed-perls/perl/v5.15.7/9980/lib/site_perl/5.15.7
    /home/src/perl/repoperls/installed-perls/perl/v5.15.7/9980/lib/5.15.7/x86_64-linux-thread-multi
    /home/src/perl/repoperls/installed-perls/perl/v5.15.7/9980/lib/5.15.7
    .