Report for IO-Socket-SSL-1.39

Back
From: metabase:user:529686f2-1f60-11e0-ac1e-7ac35d21cbeb
Subject: FAIL IO-Socket-SSL-1.39 v5.12.2 Mac OS X
Date: 2011-03-06T09:55:52Z

This distribution has been tested as part of the CPAN Testers
project, supporting the Perl programming language.  See
http://wiki.cpantesters.org/ for more information or email
questions to cpan-testers-discuss@perl.org


--
Dear Steffen Ullrich,

This is a computer-generated report for IO-Socket-SSL-1.39
on perl 5.12.2, created by CPAN-Reporter-1.1902.

Thank you for uploading your work to CPAN.  However, there was a problem
testing your distribution.

If you think this report is invalid, please consult the CPAN Testers Wiki
for suggestions on how to avoid getting FAIL reports for missing library
or binary dependencies, unsupported operating systems, and so on:

http://wiki.cpantesters.org/wiki/CPANAuthorNotes

Sections of this report:

    * Tester comments
    * Program output
    * Prerequisites
    * Environment and other context

------------------------------
TESTER COMMENTS
------------------------------

Additional comments from tester:

none provided

------------------------------
PROGRAM OUTPUT
------------------------------

Output from '/usr/bin/make test':

PERL_DL_NONLAZY=1 /opt/local/bin/perl "-MExtUtils::Command::MM" "-e" "test_harness(0, 'blib/lib', 'blib/arch')" t/*.t
t/01loadmodule.t ........... ok
t/02settings.t ............. ok
t/acceptSSL-timeout.t ...... ok
t/auto_verify_hostname.t ... ok
t/cert_no_file.t ........... ok
t/compatibility.t .......... ok
t/connectSSL-timeout.t ..... ok
t/core.t ................... ok
t/dhe.t .................... ok
t/inet6.t .................. skipped: no IO::Socket::INET6 available
t/memleak_bad_handshake.t .. ok
Can't locate object method "errstr" via package "IO::Socket::INET" at t/nonblock.t line 317.
Can't locate object method "errstr" via package "IO::Socket::INET" at t/nonblock.t line 152.
t/nonblock.t ............... 
Dubious, test returned 255 (wstat 65280, 0xff00)
Failed 9/27 subtests 
t/readline.t ............... ok
t/sessions.t ............... ok
t/start-stopssl.t .......... ok
t/startssl-failed.t ........ ok
t/startssl.t ............... ok
t/sysread_write.t .......... ok
t/verify_hostname.t ........ ok

Test Summary Report
-------------------
t/nonblock.t             (Wstat: 65280 Tests: 20 Failed: 2)
  Failed tests:  16, 19
  Non-zero exit status: 255
  Parse errors: Bad plan.  You planned 27 tests but ran 20.
Files=19, Tests=297, 30 wallclock secs ( 0.30 usr  0.06 sys +  2.57 cusr  0.50 csys =  3.43 CPU)
Result: FAIL
Failed 1/19 test programs. 2/297 subtests failed.
make: *** [test_dynamic] Error 255

------------------------------
PREREQUISITES
------------------------------

Prerequisite modules loaded:

requires:

    Module              Need Have
    ------------------- ---- ----
    Net::SSLeay         1.21 1.36
    Scalar::Util        0    1.23

configure_requires:

    Module              Need Have
    ------------------- ---- ----
    ExtUtils::MakeMaker 0    6.56


------------------------------
ENVIRONMENT AND OTHER CONTEXT
------------------------------

Environment variables:

    LANG = de_DE.utf-8
    LC_ALL = de_DE.UTF-8
    LC_COLLATE = de_DE.utf-8
    LC_CTYPE = de_DE.UTF-8
    LC_MESSAGES = de_DE.utf-8
    LC_MONETARY = de_DE.utf-8
    LC_NUMERIC = de_DE.utf-8
    LC_TIME = de_DE.utf-8
    PATH = /Users/droste/perl5/bin:/Users/droste/bin:/opt/local/bin:/opt/local/sbin:/opt/local/bin:/usr/bin:/bin:/usr/sbin:/sbin:/usr/local/bin:/opt/X11/bin:/usr/local/git/bin:/usr/X11/bin:/Users/droste/Development/android-sdk-mac_x86/tools
    PERL5LIB = /Users/droste/perl5/lib/perl5/darwin-multi-2level:/Users/droste/perl5/lib/perl5
    PERL5OPT = 
    PERL5_CPANPLUS_IS_RUNNING = 5148
    PERL5_CPAN_IS_RUNNING = 5148
    PERL_LOCAL_LIB_ROOT = /Users/droste/perl5
    PERL_MB_OPT = --install_base /Users/droste/perl5
    PERL_MM_OPT = INSTALL_BASE=/Users/droste/perl5
    SHELL = /bin/bash
    TERM = xterm
    TMPDIR = /var/folders/7s/7sPFRWspHJyfDfpahWfIwE+++TI/-Tmp-/

Perl special variables (and OS-specific diagnostics, for MSWin32):

    $^X = /opt/local/bin/perl
    $UID/$EUID = 501 / 501
    $GID = 20 20 402 204 100 98 81 80 79 61 12 401
    $EGID = 20 20 402 204 100 98 81 80 79 61 12 401

Perl module toolchain versions installed:

    Module              Have    
    ------------------- --------
    CPAN                1.94_56 
    Cwd                 3.33    
    ExtUtils::CBuilder  0.280202
    ExtUtils::Command   1.17    
    ExtUtils::Install   1.55    
    ExtUtils::MakeMaker 6.56    
    ExtUtils::Manifest  1.58    
    ExtUtils::ParseXS   2.2206  
    File::Spec          3.33    
    Module::Build       0.3624  
    Module::Signature   n/a     
    Test::Harness       3.23    
    Test::More          0.98    
    YAML                0.72    
    YAML::Syck          1.17    
    version             0.88    


--

Summary of my perl5 (revision 5 version 12 subversion 2) configuration:
   
  Platform:
    osname=darwin, osvers=10.5.0, archname=darwin-multi-2level
    uname='darwin localhost 10.5.0 darwin kernel version 10.5.0: fri nov 5 23:20:39 pdt 2010; root:xnu-1504.9.17~1release_i386 i386 '
    config_args='-des -Dprefix=/opt/local -Dscriptdir=/opt/local/bin -Dcppflags=-I/opt/local/include -Dccflags=-pipe -O2 -arch x86_64 -Dldflags=-L/opt/local/lib -arch x86_64 -Dvendorprefix=/opt/local -Dusemultiplicity=y -D cc=/usr/bin/gcc-4.2 -D ld=/usr/bin/gcc-4.2 -D man1ext=1pm -D man3ext=3pm -D man1dir=/opt/local/share/man/man1p -D man3dir=/opt/local/share/man/man3p -D siteman1dir=/opt/local/share/man/man1 -D siteman3dir=/opt/local/share/man/man3 -D vendorman1dir=/opt/local/share/man/man1 -D vendorman3dir=/opt/local/share/man/man3 -D pager=/usr/bin/less -sR'
    hint=recommended, useposix=true, d_sigaction=define
    useithreads=undef, usemultiplicity=define
    useperlio=define, d_sfio=undef, uselargefiles=define, usesocks=undef
    use64bitint=define, use64bitall=define, uselongdouble=undef
    usemymalloc=n, bincompat5005=undef
  Compiler:
    cc='/usr/bin/gcc-4.2', ccflags ='-pipe -O2 -arch x86_64 -fno-common -DPERL_DARWIN -I/opt/local/include -no-cpp-precomp -fno-strict-aliasing -fstack-protector -I/opt/local/include',
    optimize='-O3',
    cppflags='-I/opt/local/include -no-cpp-precomp -pipe -O2 -arch x86_64 -fno-common -DPERL_DARWIN -I/opt/local/include -no-cpp-precomp -fno-strict-aliasing -fstack-protector -I/opt/local/include'
    ccversion='', gccversion='4.2.1 (Apple Inc. build 5664)', gccosandvers=''
    intsize=4, longsize=8, ptrsize=8, doublesize=8, byteorder=12345678
    d_longlong=define, longlongsize=8, d_longdbl=define, longdblsize=16
    ivtype='long', ivsize=8, nvtype='double', nvsize=8, Off_t='off_t', lseeksize=8
    alignbytes=8, prototype=define
  Linker and Libraries:
    ld='env MACOSX_DEPLOYMENT_TARGET=10.6 /usr/bin/gcc-4.2', ldflags ='-L/opt/local/lib -arch x86_64 -fstack-protector'
    libpth=/opt/local/lib /usr/lib
    libs=-lgdbm -ldbm -ldl -lm -lutil -lc
    perllibs=-ldl -lm -lutil -lc
    libc=/usr/lib/libc.dylib, so=dylib, useshrplib=false, libperl=libperl.a
    gnulibc_version=''
  Dynamic Linking:
    dlsrc=dl_dlopen.xs, dlext=bundle, d_dlsymun=undef, ccdlflags=' '
    cccdlflags=' ', lddlflags='-L/opt/local/lib -arch x86_64 -bundle -undefined dynamic_lookup -fstack-protector'


Characteristics of this binary (from libperl): 
  Compile-time options: MULTIPLICITY PERL_DONT_CREATE_GVSV
                        PERL_IMPLICIT_CONTEXT PERL_MALLOC_WRAP USE_64_BIT_ALL
                        USE_64_BIT_INT USE_LARGE_FILES USE_PERLIO
                        USE_PERL_ATOF
  Built under darwin
  Compiled at Dec  7 2010 22:02:16
  %ENV:
    PERL5LIB="/Users/droste/perl5/lib/perl5/darwin-multi-2level:/Users/droste/perl5/lib/perl5"
    PERL5OPT=""
    PERL5_CPANPLUS_IS_RUNNING="5148"
    PERL5_CPAN_IS_RUNNING="5148"
    PERL_LOCAL_LIB_ROOT="/Users/droste/perl5"
    PERL_MB_OPT="--install_base /Users/droste/perl5"
    PERL_MM_OPT="INSTALL_BASE=/Users/droste/perl5"
  @INC:
    /Users/droste/perl5/lib/perl5/darwin-multi-2level
    /Users/droste/perl5/lib/perl5/darwin-multi-2level
    /Users/droste/perl5/lib/perl5
    /opt/local/lib/perl5/site_perl/5.12.2/darwin-multi-2level
    /opt/local/lib/perl5/site_perl/5.12.2
    /opt/local/lib/perl5/vendor_perl/5.12.2/darwin-multi-2level
    /opt/local/lib/perl5/vendor_perl/5.12.2
    /opt/local/lib/perl5/5.12.2/darwin-multi-2level
    /opt/local/lib/perl5/5.12.2
    .