Report for Log-Dispatch-File-Stamped-0.15

Back
From: metabase:user:320bfe00-2aae-11df-837a-5e0a49663a4f
Subject: FAIL Log-Dispatch-File-Stamped-0.15 v5.23.7 GNU/Linux
Date: 2016-01-15T21:28:26Z

This distribution has been tested as part of the CPAN Testers
project, supporting the Perl programming language.  See
http://wiki.cpantesters.org/ for more information or email
questions to cpan-testers-discuss@perl.org


--
Dear Karen Etheridge,

This is a computer-generated report for Log-Dispatch-File-Stamped-0.15
on perl 5.23.7, created by CPAN-Reporter-1.2015.

Thank you for uploading your work to CPAN.  However, there was a problem
testing your distribution.

If you think this report is invalid, please consult the CPAN Testers Wiki
for suggestions on how to avoid getting FAIL reports for missing library
or binary dependencies, unsupported operating systems, and so on:

http://wiki.cpantesters.org/wiki/CPANAuthorNotes

Sections of this report:

    * Tester comments
    * Program output
    * Prerequisites
    * Environment and other context

------------------------------
TESTER COMMENTS
------------------------------

Additional comments from tester:

this report is from an automated smoke testing program
and was not reviewed by a human for accuracy

------------------------------
PROGRAM OUTPUT
------------------------------

Output from './Build test':

# 
# Versions for all modules listed in MYMETA.json (including optional ones):
# 
# === Configure Requires ===
# 
#     Module               Want  Have
#     ------------------- ----- -----
#     ExtUtils::MakeMaker   any  7.10
#     Module::Build::Tiny 0.039 0.039
# 
# === Test Requires ===
# 
#     Module              Want     Have
#     ------------------- ---- --------
#     ExtUtils::MakeMaker  any     7.10
#     File::Spec           any     3.62
#     Log::Dispatch        any     2.53
#     Path::Tiny           any    0.076
#     Test::Deep           any    1.120
#     Test::More          0.88 1.001014
# 
# === Test Recommends ===
# 
#     Module         Want     Have
#     ---------- -------- --------
#     CPAN::Meta 2.120900 2.150005
# 
# === Runtime Requires ===
# 
#     Module                Want  Have
#     --------------------- ---- -----
#     File::Basename         any  2.85
#     File::Spec::Functions  any  3.62
#     Log::Dispatch::File   2.38  2.53
#     POSIX                  any  1.59
#     Params::Validate       any  1.21
#     namespace::clean       any  0.26
#     parent                 any 0.234
#     strict                 any  1.10
#     warnings               any  1.35
# 
t/00-report-prereqs.t .. ok
t/basic.t .............. ok
t/binmode.t ............ ok

#   Failed test 'handle has changed when using CAW'
#   at t/close-after-write.t line 85.
#          got: undef
#     expected: anything else

#   Failed test 'handle has changed when using CAW, for new day'
#   at t/close-after-write.t line 113.
#          got: undef
#     expected: anything else
# Looks like you failed 2 tests of 16.
t/close-after-write.t .. 
Dubious, test returned 2 (wstat 512, 0x200)
Failed 2/16 subtests 
t/log_to.t ............. ok
t/other_options.t ...... ok
t/perms.t .............. ok

Test Summary Report
-------------------
t/close-after-write.t (Wstat: 512 Tests: 16 Failed: 2)
  Failed tests:  10, 16
  Non-zero exit status: 2
Files=7, Tests=50,  1 wallclock secs ( 0.03 usr  0.06 sys +  0.79 cusr  0.08 csys =  0.96 CPU)
Result: FAIL

------------------------------
PREREQUISITES
------------------------------

Prerequisite modules loaded:

requires:

    Module                Need  Have    
    --------------------- ----- --------
    File::Basename        0     2.85    
    File::Spec::Functions 0     3.62    
    Log::Dispatch::File   2.38  2.53    
    namespace::clean      0     0.26    
    Params::Validate      0     1.21    
    parent                0     0.234   
    perl                  5.006 5.023007
    POSIX                 0     1.59    
    strict                0     1.10    
    warnings              0     1.35    

build_requires:

    Module                Need  Have    
    --------------------- ----- --------
    ExtUtils::MakeMaker   0     7.10    
    File::Spec            0     3.62    
    Log::Dispatch         0     2.53    
    Path::Tiny            0     0.076   
    perl                  5.006 5.023007
    Test::Deep            0     1.120   
    Test::More            0.88  1.001014

configure_requires:

    Module                Need  Have    
    --------------------- ----- --------
    ExtUtils::MakeMaker   0     7.10    
    Module::Build::Tiny   0.039 0.039   
    perl                  5.006 5.023007


------------------------------
ENVIRONMENT AND OTHER CONTEXT
------------------------------

Environment variables:

    AUTOMATED_TESTING = 1
    LANG = en_US.UTF-8
    LANGUAGE = en_US:en
    PATH = /home/sand/bin:/usr/local/bin:/usr/bin:/bin:/usr/games:/usr/local/perl/bin:/usr/X11/bin:/sbin:/usr/sbin
    PERL5LIB = /tmp/loop_over_bdir-20827-2FMQAx/FusionInventory-Agent-2.3.17-2Jrd9M/blib/arch:/tmp/loop_over_bdir-20827-2FMQAx/FusionInventory-Agent-2.3.17-2Jrd9M/blib/lib
    PERL5OPT = 
    PERL5_CPANPLUS_IS_RUNNING = 19032
    PERL5_CPAN_IS_RUNNING = 19032
    PERL_MM_USE_DEFAULT = 1
    SHELL = /usr/bin/zsh
    TERM = screen

Perl special variables (and OS-specific diagnostics, for MSWin32):

    $^X = /tmp/basesmoker-reloperl-eR8N/bin/perl
    $UID/$EUID = 1005 / 1005
    $GID = 1005 1005
    $EGID = 1005 1005

Perl module toolchain versions installed:

    Module              Have    
    ------------------- --------
    CPAN                2.10    
    CPAN::Meta          2.150005
    Cwd                 3.62    
    ExtUtils::CBuilder  0.280224
    ExtUtils::Command   7.10    
    ExtUtils::Install   2.04    
    ExtUtils::MakeMaker 7.10    
    ExtUtils::Manifest  1.70    
    ExtUtils::ParseXS   3.31    
    File::Spec          3.62    
    JSON                2.90    
    JSON::PP            2.27300 
    Module::Build       0.4214  
    Module::Signature   0.79    
    Parse::CPAN::Meta   1.4417  
    Test::Harness       3.36    
    Test::More          1.001014
    YAML                1.15    
    YAML::Syck          1.29    
    version             0.9909  


--

Summary of my perl5 (revision 5 version 23 subversion 7) configuration:
  Derived from: dff8a39d0194aa70bc091208b6a62bffe2148f0a
  Platform:
    osname=linux, osvers=4.3.0-1-amd64, archname=x86_64-linux-ld
    uname='linux k83 4.3.0-1-amd64 #1 smp debian 4.3.3-2 (2015-12-17) x86_64 gnulinux '
    config_args='-Dprefix=/home/sand/src/perl/repoperls/installed-perls/perl/v5.23.6-113-gdff8a39/8942 -Dmyhostname=k83 -Dinstallusrbinperl=n -Uversiononly -Dusedevel -des -Ui_db -Dlibswanted=cl pthread socket inet nsl gdbm dbm malloc dl ld sun m crypt sec util c cposix posix ucb BSD gdbm_compat -Uuseithreads -Duselongdouble -DDEBUGGING=-g'
    hint=recommended, useposix=true, d_sigaction=define
    useithreads=undef, usemultiplicity=undef
    use64bitint=define, use64bitall=define, uselongdouble=define
    usemymalloc=n, bincompat5005=undef
  Compiler:
    cc='cc', ccflags ='-fwrapv -fno-strict-aliasing -pipe -fstack-protector-strong -I/usr/local/include -D_LARGEFILE_SOURCE -D_FILE_OFFSET_BITS=64 -D_FORTIFY_SOURCE=2',
    optimize='-O2 -g',
    cppflags='-fwrapv -fno-strict-aliasing -pipe -fstack-protector-strong -I/usr/local/include'
    ccversion='', gccversion='5.3.1 20160101', gccosandvers=''
    intsize=4, longsize=8, ptrsize=8, doublesize=8, byteorder=12345678, doublekind=3
    d_longlong=define, longlongsize=8, d_longdbl=define, longdblsize=16, longdblkind=3
    ivtype='long', ivsize=8, nvtype='long double', nvsize=16, Off_t='off_t', lseeksize=8
    alignbytes=16, prototype=define
  Linker and Libraries:
    ld='cc', ldflags =' -fstack-protector-strong -L/usr/local/lib'
    libpth=/usr/local/lib /usr/lib/gcc/x86_64-linux-gnu/5/include-fixed /usr/include/x86_64-linux-gnu /usr/lib /lib/x86_64-linux-gnu /lib/../lib /usr/lib/x86_64-linux-gnu /usr/lib/../lib /lib
    libs=-lpthread -lnsl -lgdbm -ldl -lm -lcrypt -lutil -lc -lgdbm_compat
    perllibs=-lpthread -lnsl -ldl -lm -lcrypt -lutil -lc
    libc=libc-2.21.so, so=so, useshrplib=false, libperl=libperl.a
    gnulibc_version='2.21'
  Dynamic Linking:
    dlsrc=dl_dlopen.xs, dlext=so, d_dlsymun=undef, ccdlflags='-Wl,-E'
    cccdlflags='-fPIC', lddlflags='-shared -O2 -g -L/usr/local/lib -fstack-protector-strong'


Characteristics of this binary (from libperl): 
  Compile-time options: HAS_TIMES PERLIO_LAYERS PERL_COPY_ON_WRITE
                        PERL_DONT_CREATE_GVSV
                        PERL_HASH_FUNC_ONE_AT_A_TIME_HARD PERL_MALLOC_WRAP
                        PERL_PRESERVE_IVUV PERL_USE_DEVEL USE_64_BIT_ALL
                        USE_64_BIT_INT USE_LARGE_FILES USE_LOCALE
                        USE_LOCALE_COLLATE USE_LOCALE_CTYPE
                        USE_LOCALE_NUMERIC USE_LOCALE_TIME USE_LONG_DOUBLE
                        USE_PERLIO USE_PERL_ATOF
  Locally applied patches:
	uncommitted-changes
	Devel::PatchPerl 1.38
  Built under linux
  Compiled at Jan 14 2016 19:37:41
  %ENV:
    PERL5LIB="/tmp/loop_over_bdir-20827-2FMQAx/FusionInventory-Agent-2.3.17-2Jrd9M/blib/arch:/tmp/loop_over_bdir-20827-2FMQAx/FusionInventory-Agent-2.3.17-2Jrd9M/blib/lib"
    PERL5OPT=""
    PERL5_CPANPLUS_IS_RUNNING="19032"
    PERL5_CPAN_IS_RUNNING="19032"
    PERL_MM_USE_DEFAULT="1"
  @INC:
    /tmp/loop_over_bdir-20827-2FMQAx/FusionInventory-Agent-2.3.17-2Jrd9M/blib/arch
    /tmp/loop_over_bdir-20827-2FMQAx/FusionInventory-Agent-2.3.17-2Jrd9M/blib/lib
    /home/sand/src/perl/repoperls/installed-perls/perl/v5.23.6-113-gdff8a39/8942/lib/site_perl/5.23.7/x86_64-linux-ld
    /home/sand/src/perl/repoperls/installed-perls/perl/v5.23.6-113-gdff8a39/8942/lib/site_perl/5.23.7
    /home/sand/src/perl/repoperls/installed-perls/perl/v5.23.6-113-gdff8a39/8942/lib/5.23.7/x86_64-linux-ld
    /home/sand/src/perl/repoperls/installed-perls/perl/v5.23.6-113-gdff8a39/8942/lib/5.23.7
    .