Report for Pod-Simple-3.16

Back
From: metabase:user:322078bc-2aae-11df-837a-5e0a49663a4f
Subject: FAIL Pod-Simple-3.16 v5.12.1 FreeBSD
Date: 2011-03-27T17:51:52Z

This distribution has been tested as part of the CPAN Testers
project, supporting the Perl programming language.  See
http://wiki.cpantesters.org/ for more information or email
questions to cpan-testers-discuss@perl.org


--

Dear David E. Wheeler,
    
This is a computer-generated error report created automatically by
CPANPLUS, version 0.9101. Testers personal comments may appear 
at the end of this report.


Thank you for uploading your work to CPAN.  However, it appears that
there were some problems testing your distribution.

TEST RESULTS:

Below is the error stack from stage 'make test':

[MSG] [Sun Mar 27 18:51:34 2011] cp lib/Pod/Simple/DumpAsText.pm blib/lib/Pod/Simple/DumpAsText.pm
cp lib/Pod/Simple/LinkSection.pm blib/lib/Pod/Simple/LinkSection.pm
cp lib/Pod/Simple/Progress.pm blib/lib/Pod/Simple/Progress.pm
cp lib/Pod/Simple/XMLOutStream.pm blib/lib/Pod/Simple/XMLOutStream.pm
cp lib/Pod/Simple/TextContent.pm blib/lib/Pod/Simple/TextContent.pm
cp lib/Pod/Simple/Search.pm blib/lib/Pod/Simple/Search.pm
cp lib/Pod/Simple/Text.pm blib/lib/Pod/Simple/Text.pm
cp lib/Pod/Simple/TranscodeSmart.pm blib/lib/Pod/Simple/TranscodeSmart.pm
cp lib/Pod/Simple/Debug.pm blib/lib/Pod/Simple/Debug.pm
cp lib/Pod/Simple/PullParserStartToken.pm blib/lib/Pod/Simple/PullParserStartToken.pm
cp lib/Pod/Simple/Methody.pm blib/lib/Pod/Simple/Methody.pm
cp lib/Pod/Simple/PullParserEndToken.pm blib/lib/Pod/Simple/PullParserEndToken.pm
cp lib/Pod/Simple/PullParserTextToken.pm blib/lib/Pod/Simple/PullParserTextToken.pm
cp lib/Pod/Simple.pm blib/lib/Pod/Simple.pm
cp lib/Pod/Simple/HTMLBatch.pm blib/lib/Pod/Simple/HTMLBatch.pm
cp lib/Pod/Simple/TranscodeDumb.pm blib/lib/Pod/Simple/TranscodeDumb.pm
cp lib/Pod/Simple/RTF.pm blib/lib/Pod/Simple/RTF.pm
cp lib/Pod/Simple/Checker.pm blib/lib/Pod/Simple/Checker.pm
cp lib/Pod/Simple/PullParser.pm blib/lib/Pod/Simple/PullParser.pm
cp lib/Pod/Simple/PullParserToken.pm blib/lib/Pod/Simple/PullParserToken.pm
cp lib/Pod/Simple/SimpleTree.pm blib/lib/Pod/Simple/SimpleTree.pm
cp lib/Pod/Simple/TiedOutFH.pm blib/lib/Pod/Simple/TiedOutFH.pm
cp lib/Pod/Simple/XHTML.pm blib/lib/Pod/Simple/XHTML.pm
cp lib/Pod/Simple/HTML.pm blib/lib/Pod/Simple/HTML.pm
cp lib/Pod/Simple.pod blib/lib/Pod/Simple.pod
cp lib/Pod/Simple/Subclassing.pod blib/lib/Pod/Simple/Subclassing.pod
cp lib/Pod/Simple/BlackBox.pm blib/lib/Pod/Simple/BlackBox.pm
cp lib/Pod/Simple/DumpAsXML.pm blib/lib/Pod/Simple/DumpAsXML.pm
cp lib/Pod/Simple/HTMLLegacy.pm blib/lib/Pod/Simple/HTMLLegacy.pm
cp lib/Pod/Simple/Transcode.pm blib/lib/Pod/Simple/Transcode.pm
Manifying blib/man3/Pod::Simple::LinkSection.3
Manifying blib/man3/Pod::Simple::DumpAsText.3
Manifying blib/man3/Pod::Simple::XMLOutStream.3
Manifying blib/man3/Pod::Simple::TextContent.3
Manifying blib/man3/Pod::Simple::Text.3
Manifying blib/man3/Pod::Simple::Search.3
Manifying blib/man3/Pod::Simple::PullParserStartToken.3
Manifying blib/man3/Pod::Simple::Debug.3
Manifying blib/man3/Pod::Simple::Methody.3
Manifying blib/man3/Pod::Simple::PullParserTextToken.3
Manifying blib/man3/Pod::Simple::PullParserEndToken.3
Manifying blib/man3/Pod::Simple::HTMLBatch.3
Manifying blib/man3/Pod::Simple::RTF.3
Manifying blib/man3/Pod::Simple::Checker.3
Manifying blib/man3/Pod::Simple::PullParser.3
Manifying blib/man3/Pod::Simple::SimpleTree.3
Manifying blib/man3/Pod::Simple::PullParserToken.3
Manifying blib/man3/Pod::Simple::XHTML.3
Manifying blib/man3/Pod::Simple::HTML.3
Manifying blib/man3/Pod::Simple::Subclassing.3
Manifying blib/man3/Pod::Simple.3
Manifying blib/man3/Pod::Simple::DumpAsXML.3

[ERROR] [Sun Mar 27 18:51:51 2011] MAKE TEST failed: PERL_DL_NONLAZY=1 /opt/perl-5.12.1/bin/perl "-MExtUtils::Command::MM" "-e" "test_harness(0, 'blib/lib', 'blib/arch')" t/*.t
t/00about.t ... ok
t/20_skip.t ... ok
t/ac_d.t ...... ok
t/accept01.t .. ok
t/accept05.t .. ok
t/basic.t ..... ok
t/begin.t ..... ok
t/cbacks.t .... ok
t/chunking.t .. ok
t/closeys.t ... ok
t/corpus.t .... ok
t/encod01.t ... ok
t/encod02.t ... ok
t/encod03.t ... ok
t/end_over.t .. ok
t/fcodes.t .... ok
t/fcodes_e.t .. ok
t/fcodes_l.t .. ok
t/fcodes_s.t .. ok
t/for.t ....... ok
t/fornot.t .... ok
t/heads.t ..... ok
t/html01.t .... ok
t/html02.t .... ok
t/html03.t .... ok
t/htmlbat.t ... ok
t/items.t ..... ok
t/items02.t ... ok
t/itemstar.t .. ok
t/linkclas.t .. ok
t/output.t .... ok
t/puller.t .... ok
t/pulltitl.t .. ok
t/reinit.t .... ok
t/render.t .... ok
t/search05.t .. ok
t/search10.t .. ok
t/search12.t .. ok
t/search20.t .. ok
t/search22.t .. ok
t/search25.t .. ok
t/search26.t .. ok
t/search27.t .. ok
t/search28.t .. ok
t/search29.t .. ok
# Test 7 got: "/opt/perl-5.12.1/lib/site_perl/5.12.1/capture/tiny.pod" (t/search50.t at line 80)
#   Expected: "/opt/perl-5.12.1/lib/site_perl/5.12.1/capture/tiny.pm" ( find('Capture::Tiny') should match survey's name2where{Capture::Tiny})
#  t/search50.t line 80 is:   ok
t/search50.t .. 
Failed 1/8 subtests 
t/stree.t ..... ok
t/strpvbtm.t .. ok
t/tiedfh.t .... ok
t/verb_fmt.t .. ok
t/verbatim.t .. ok
t/x_nixer.t ... ok
t/xhtml01.t ... ok
t/xhtml05.t ... ok
t/xhtml10.t ... ok

Test Summary Report
-------------------
t/search50.t (Wstat: 0 Tests: 8 Failed: 1)
  Failed test:  7
Files=55, Tests=1369, 16 wallclock secs ( 0.93 usr  1.50 sys +  5.67 cusr  3.95 csys = 12.05 CPU)
Result: FAIL
Failed 1/55 test programs. 1/1369 subtests failed.
*** Error code 255

Stop in /opt/perl-5.12.1/.cpanplus/5.12.1/build/Pod-Simple-3.16.

[MSG] [Sun Mar 27 18:51:51 2011] DEFAULT 'proceed_on_test_failure' HANDLER RETURNING 'sub return value'

PREREQUISITES:

Here is a list of prerequisites you specified and versions we 
managed to load:
                                
	  Module Name                        Have     Want
	  Carp                               1.16        0
	  Cwd                                3.33        0
	  File::Basename                     2.78        0
	  File::Find                         1.15        0
	  File::Spec                         3.33        0
	  Pod::Escapes                       1.04     1.04
	  Symbol                             1.07        0
	  Test                            1.25_02     1.25
	  Test::More                         0.96        0
	  Text::Wrap                     2009.0305 98.112902
	  constant                           1.20        0
	  integer                            1.00        0
	  overload                           1.10        0
	  strict                             1.04        0

Perl module toolchain versions installed:
	Module Name                        Have
	CPANPLUS                         0.9103
	CPANPLUS::Dist::Build              0.54
	Cwd                                3.33
	ExtUtils::CBuilder             0.280202
	ExtUtils::Command                  1.17
	ExtUtils::Install                  1.55
	ExtUtils::MakeMaker                6.56
	ExtUtils::Manifest                 1.58
	ExtUtils::ParseXS                2.2206
	File::Spec                         3.33
	Module::Build                    0.3800
	Test::Harness                      3.23
	Test::More                         0.96
	version                            0.88

******************************** NOTE ********************************
The comments above are created mechanically, possibly without manual
checking by the sender.  As there are many people performing automatic
tests on each upload to CPAN, it is likely that you will receive 
identical messages about the same problem.

If you believe that the message is mistaken, please reply to the first
one with correction and/or additional informations, and do not take
it personally.  We appreciate your patience. :)
**********************************************************************

Additional comments:
 

This report was machine-generated by CPANPLUS::Dist::YACSmoke 0.62.

------------------------------
ENVIRONMENT AND OTHER CONTEXT
------------------------------

Environment variables:

    AUTOMATED_TESTING = 1
    PATH = /sbin:/bin:/usr/sbin:/usr/bin:/usr/games:/usr/local/sbin:/usr/local/bin:/root/bin
    PERL5LIB = :/opt/perl-5.12.1/.cpanplus/5.12.1/build/Pod-Simple-3.16/blib/lib:/opt/perl-5.12.1/.cpanplus/5.12.1/build/Pod-Simple-3.16/blib/arch
    PERL5_CPANIDX_URL = http://conker.bingosnet.co.uk/cpanidx/
    PERL5_CPANPLUS_IS_RUNNING = 1096
    PERL5_CPANPLUS_IS_VERSION = 0.9101
    PERL_EXTUTILS_AUTOINSTALL = --defaultdeps
    PERL_MM_USE_DEFAULT = 1
    SHELL = /bin/csh
    TERM = xterm

Perl special variables (and OS-specific diagnostics, for MSWin32):

    Perl: $^X = /opt/perl-5.12.1/bin/perl
    UID:  $<  = 0
    EUID: $>  = 0
    GID:  $(  = 0 0 5
    EGID: $)  = 0 0 5


-------------------------------


--

Summary of my perl5 (revision 5 version 12 subversion 1) configuration:
   
  Platform:
    osname=freebsd, osvers=8.1-release, archname=amd64-freebsd
    uname='freebsd frenzy.bingosnet.co.uk 8.1-release freebsd 8.1-release #0: mon jul 19 02:36:49 utc 2010 root@mason.cse.buffalo.edu:usrobjusrsrcsysgeneric amd64 '
    config_args='-des -Dprefix=/opt/perl-5.12.1'
    hint=recommended, useposix=true, d_sigaction=define
    useithreads=undef, usemultiplicity=undef
    useperlio=define, d_sfio=undef, uselargefiles=define, usesocks=undef
    use64bitint=define, use64bitall=define, uselongdouble=undef
    usemymalloc=n, bincompat5005=undef
  Compiler:
    cc='cc', ccflags ='-DHAS_FPSETMASK -DHAS_FLOATINGPOINT_H -fno-strict-aliasing -pipe -fstack-protector -I/usr/local/include',
    optimize='-O',
    cppflags='-DHAS_FPSETMASK -DHAS_FLOATINGPOINT_H -fno-strict-aliasing -pipe -fstack-protector -I/usr/local/include'
    ccversion='', gccversion='4.2.1 20070719  [FreeBSD]', gccosandvers=''
    intsize=4, longsize=8, ptrsize=8, doublesize=8, byteorder=12345678
    d_longlong=define, longlongsize=8, d_longdbl=define, longdblsize=16
    ivtype='long', ivsize=8, nvtype='double', nvsize=8, Off_t='off_t', lseeksize=8
    alignbytes=8, prototype=define
  Linker and Libraries:
    ld='cc', ldflags ='-Wl,-E  -fstack-protector -L/usr/local/lib'
    libpth=/usr/lib /usr/local/lib
    libs=-lgdbm -lm -lcrypt -lutil -lc
    perllibs=-lm -lcrypt -lutil -lc
    libc=, so=so, useshrplib=false, libperl=libperl.a
    gnulibc_version=''
  Dynamic Linking:
    dlsrc=dl_dlopen.xs, dlext=so, d_dlsymun=undef, ccdlflags=' '
    cccdlflags='-DPIC -fPIC', lddlflags='-shared  -L/usr/local/lib -fstack-protector'


Characteristics of this binary (from libperl): 
  Compile-time options: PERL_DONT_CREATE_GVSV PERL_MALLOC_WRAP USE_64_BIT_ALL
                        USE_64_BIT_INT USE_LARGE_FILES USE_PERLIO
                        USE_PERL_ATOF
  Built under freebsd
  Compiled at Jul 29 2010 15:05:41
  %ENV:
    PERL5LIB=":/opt/perl-5.12.1/.cpanplus/5.12.1/build/Pod-Simple-3.16/blib/lib:/opt/perl-5.12.1/.cpanplus/5.12.1/build/Pod-Simple-3.16/blib/arch"
    PERL5_CPANIDX_URL="http://conker.bingosnet.co.uk/cpanidx/"
    PERL5_CPANPLUS_IS_RUNNING="1096"
    PERL5_CPANPLUS_IS_VERSION="0.9101"
    PERL_EXTUTILS_AUTOINSTALL="--defaultdeps"
    PERL_MM_USE_DEFAULT="1"
  @INC:
    /opt/perl-5.12.1/.cpanplus/5.12.1/build/Pod-Simple-3.16/blib/lib
    /opt/perl-5.12.1/.cpanplus/5.12.1/build/Pod-Simple-3.16/blib/arch
    /opt/perl-5.12.1/lib/site_perl/5.12.1/amd64-freebsd
    /opt/perl-5.12.1/lib/site_perl/5.12.1
    /opt/perl-5.12.1/lib/5.12.1/amd64-freebsd
    /opt/perl-5.12.1/lib/5.12.1
    .